Aug 19 10:04:35.529956 np0000007763 devstack@g-api.service[103051]: DEBUG glance.api.middleware.version_negotiation [None req-d7a0cc0e-9e5a-4367-9f45-277e5b8f14e2 tempest-TaggedBootDevicesTest_v242-1169327884 tempest-TaggedBootDevicesTest_v242-1169327884-project-member] Matched version: v2 {{(pid=103051) process_request /opt/stack/glance/glance/api/middleware/version_negotiation.py:69}}
Aug 19 10:04:35.530136 np0000007763 devstack@g-api.service[103051]: DEBUG glance.api.middleware.version_negotiation [None req-d7a0cc0e-9e5a-4367-9f45-277e5b8f14e2 tempest-TaggedBootDevicesTest_v242-1169327884 tempest-TaggedBootDevicesTest_v242-1169327884-project-member] new path /v2/schemas/image {{(pid=103051) process_request /opt/stack/glance/glance/api/middleware/version_negotiation.py:70}}
Aug 19 10:04:35.533098 np0000007763 devstack@g-api.service[103051]: [pid: 103051|app: 0|req: 10/37] 127.0.0.1 () {44 vars in 1055 bytes} [Wed Aug 19 10:04:35 2026] GET /v2/schemas/image => generated 6083 bytes in 4 msecs (HTTP/1.1 200) 4 headers in 158 bytes (1 switches on core 0)
Aug 19 10:04:35.570607 np0000007763 devstack@g-api.service[103052]: DEBUG glance.api.middleware.version_negotiation [None req-d7a0cc0e-9e5a-4367-9f45-277e5b8f14e2 tempest-TaggedBootDevicesTest_v242-1169327884 tempest-TaggedBootDevicesTest_v242-1169327884-project-member] Determining version of request: GET /v2/images/c6198aa4-777e-417a-87d9-c39fe70c3113 Accept: */* {{(pid=103052) process_request /opt/stack/glance/glance/api/middleware/version_negotiation.py:44}}
Aug 19 10:04:35.570774 np0000007763 devstack@g-api.service[103052]: DEBUG glance.api.middleware.version_negotiation [None req-d7a0cc0e-9e5a-4367-9f45-277e5b8f14e2 tempest-TaggedBootDevicesTest_v242-1169327884 tempest-TaggedBootDevicesTest_v242-1169327884-project-member] Using url versioning {{(pid=103052) process_request /opt/stack/glance/glance/api/middleware/version_negotiation.py:57}}
Aug 19 10:04:35.572477 np0000007763 devstack@g-api.service[103052]: DEBUG glance.api.middleware.version_negotiation [None req-d7a0cc0e-9e5a-4367-9f45-277e5b8f14e2 tempest-TaggedBootDevicesTest_v242-1169327884 tempest-TaggedBootDevicesTest_v242-1169327884-project-member] Matched version: v2 {{(pid=103052) process_request /opt/stack/glance/glance/api/middleware/version_negotiation.py:69}}
Aug 19 10:04:35.572477 np0000007763 devstack@g-api.service[103052]: DEBUG glance.api.middleware.version_negotiation [None req-d7a0cc0e-9e5a-4367-9f45-277e5b8f14e2 tempest-TaggedBootDevicesTest_v242-1169327884 tempest-TaggedBootDevicesTest_v242-1169327884-project-member] new path /v2/images/c6198aa4-777e-417a-87d9-c39fe70c3113 {{(pid=103052) process_request /opt/stack/glance/glance/api/middleware/version_negotiation.py:70}}
Aug 19 10:04:35.592205 np0000007763 devstack@g-api.service[103052]: [pid: 103052|app: 0|req: 10/38] 127.0.0.1 () {44 vars in 1115 bytes} [Wed Aug 19 10:04:35 2026] GET /v2/images/c6198aa4-777e-417a-87d9-c39fe70c3113 => generated 1044 bytes in 22 msecs (HTTP/1.1 200) 4 headers in 158 bytes (1 switches on core 0)
Aug 19 10:04:35.602337 np0000007763 devstack@g-api.service[103051]: DEBUG glance.api.middleware.version_negotiation [None req-d7a0cc0e-9e5a-4367-9f45-277e5b8f14e2 tempest-TaggedBootDevicesTest_v242-1169327884 tempest-TaggedBootDevicesTest_v242-1169327884-project-member] Determining version of request: GET /v2/images/c6198aa4-777e-417a-87d9-c39fe70c3113/file Accept: */* {{(pid=103051) process_request /opt/stack/glance/glance/api/middleware/version_negotiation.py:44}}
Aug 19 10:04:35.605240 np0000007763 devstack@g-api.service[103051]: DEBUG glance.api.middleware.version_negotiation [None req-d7a0cc0e-9e5a-4367-9f45-277e5b8f14e2 tempest-TaggedBootDevicesTest_v242-1169327884 tempest-TaggedBootDevicesTest_v242-1169327884-project-member] Using url versioning {{(pid=103051) process_request /opt/stack/glance/glance/api/middleware/version_negotiation.py:57}}
Aug 19 10:04:35.605240 np0000007763 devstack@g-api.service[103051]: DEBUG glance.api.middleware.version_negotiation [None req-d7a0cc0e-9e5a-4367-9f45-277e5b8f14e2 tempest-TaggedBootDevicesTest_v242-1169327884 tempest-TaggedBootDevicesTest_v242-1169327884-project-member] Matched version: v2 {{(pid=103051) process_request /opt/stack/glance/glance/api/middleware/version_negotiation.py:69}}
Aug 19 10:04:35.605240 np0000007763 devstack@g-api.service[103051]: DEBUG glance.api.middleware.version_negotiation [None req-d7a0cc0e-9e5a-4367-9f45-277e5b8f14e2 tempest-TaggedBootDevicesTest_v242-1169327884 tempest-TaggedBootDevicesTest_v242-1169327884-project-member] new path /v2/images/c6198aa4-777e-417a-87d9-c39fe70c3113/file {{(pid=103051) process_request /opt/stack/glance/glance/api/middleware/version_negotiation.py:70}}
Aug 19 10:04:35.617427 np0000007763 devstack@g-api.service[103051]: DEBUG glance_store.backend [None req-d7a0cc0e-9e5a-4367-9f45-277e5b8f14e2 tempest-TaggedBootDevicesTest_v242-1169327884 tempest-TaggedBootDevicesTest_v242-1169327884-project-member] Attempting to import store swift {{(pid=103051) _load_store /opt/stack/data/venv/lib/python3.12/site-packages/glance_store/backend.py:215}}
Aug 19 10:04:35.618880 np0000007763 devstack@g-api.service[103051]: DEBUG glance_store.capabilities [None req-d7a0cc0e-9e5a-4367-9f45-277e5b8f14e2 tempest-TaggedBootDevicesTest_v242-1169327884 tempest-TaggedBootDevicesTest_v242-1169327884-project-member] Store glance_store._drivers.swift.store.SingleTenantStore doesn't support updating dynamic storage capabilities. Please overwrite 'update_capabilities' method of the store to implement updating logics if needed. {{(pid=103051) update_capabilities /opt/stack/data/venv/lib/python3.12/site-packages/glance_store/capabilities.py:91}}
Aug 19 10:04:35.618880 np0000007763 devstack@g-api.service[103051]: DEBUG glance_store.driver [None req-d7a0cc0e-9e5a-4367-9f45-277e5b8f14e2 tempest-TaggedBootDevicesTest_v242-1169327884 tempest-TaggedBootDevicesTest_v242-1169327884-project-member] Late loading location class glance_store._drivers.swift.store.StoreLocation {{(pid=103051) get_store_location_class /opt/stack/data/venv/lib/python3.12/site-packages/glance_store/driver.py:134}}
Aug 19 10:04:35.619003 np0000007763 devstack@g-api.service[103051]: DEBUG glance_store.location [None req-d7a0cc0e-9e5a-4367-9f45-277e5b8f14e2 tempest-TaggedBootDevicesTest_v242-1169327884 tempest-TaggedBootDevicesTest_v242-1169327884-project-member] Registering scheme swift+https with {'store': , 'location_class': , 'store_entry': 'swift'} {{(pid=103051) register_scheme_map /opt/stack/data/venv/lib/python3.12/site-packages/glance_store/location.py:146}}
Aug 19 10:04:35.619003 np0000007763 devstack@g-api.service[103051]: DEBUG glance_store.location [None req-d7a0cc0e-9e5a-4367-9f45-277e5b8f14e2 tempest-TaggedBootDevicesTest_v242-1169327884 tempest-TaggedBootDevicesTest_v242-1169327884-project-member] Registering scheme swift+https with {'store': , 'location_class': , 'store_entry': 'swift'} {{(pid=103051) register_scheme_map /opt/stack/data/venv/lib/python3.12/site-packages/glance_store/location.py:146}}
Aug 19 10:04:35.619129 np0000007763 devstack@g-api.service[103051]: DEBUG glance_store.location [None req-d7a0cc0e-9e5a-4367-9f45-277e5b8f14e2 tempest-TaggedBootDevicesTest_v242-1169327884 tempest-TaggedBootDevicesTest_v242-1169327884-project-member] Registering scheme swift with {'store': , 'location_class': , 'store_entry': 'swift'} {{(pid=103051) register_scheme_map /opt/stack/data/venv/lib/python3.12/site-packages/glance_store/location.py:146}}
Aug 19 10:04:35.619181 np0000007763 devstack@g-api.service[103051]: DEBUG glance_store.location [None req-d7a0cc0e-9e5a-4367-9f45-277e5b8f14e2 tempest-TaggedBootDevicesTest_v242-1169327884 tempest-TaggedBootDevicesTest_v242-1169327884-project-member] Registering scheme swift+https with {'store': , 'location_class': , 'store_entry': 'swift'} {{(pid=103051) register_scheme_map /opt/stack/data/venv/lib/python3.12/site-packages/glance_store/location.py:146}}
Aug 19 10:04:35.620555 np0000007763 devstack@g-api.service[103051]: DEBUG glance_store.location [None req-d7a0cc0e-9e5a-4367-9f45-277e5b8f14e2 tempest-TaggedBootDevicesTest_v242-1169327884 tempest-TaggedBootDevicesTest_v242-1169327884-project-member] Registering scheme swift with {'store': , 'location_class': , 'store_entry': 'swift'} {{(pid=103051) register_scheme_map /opt/stack/data/venv/lib/python3.12/site-packages/glance_store/location.py:146}}
Aug 19 10:04:35.620555 np0000007763 devstack@g-api.service[103051]: DEBUG glance_store.location [None req-d7a0cc0e-9e5a-4367-9f45-277e5b8f14e2 tempest-TaggedBootDevicesTest_v242-1169327884 tempest-TaggedBootDevicesTest_v242-1169327884-project-member] Registering scheme swift+http with {'store': , 'location_class': , 'store_entry': 'swift'} {{(pid=103051) register_scheme_map /opt/stack/data/venv/lib/python3.12/site-packages/glance_store/location.py:146}}
Aug 19 10:04:35.620555 np0000007763 devstack@g-api.service[103051]: DEBUG glance_store.location [None req-d7a0cc0e-9e5a-4367-9f45-277e5b8f14e2 tempest-TaggedBootDevicesTest_v242-1169327884 tempest-TaggedBootDevicesTest_v242-1169327884-project-member] Registering scheme swift+https with {'store': , 'location_class': , 'store_entry': 'swift'} {{(pid=103051) register_scheme_map /opt/stack/data/venv/lib/python3.12/site-packages/glance_store/location.py:146}}
Aug 19 10:04:35.620721 np0000007763 devstack@g-api.service[103051]: DEBUG glance_store.location [None req-d7a0cc0e-9e5a-4367-9f45-277e5b8f14e2 tempest-TaggedBootDevicesTest_v242-1169327884 tempest-TaggedBootDevicesTest_v242-1169327884-project-member] Registering scheme swift with {'store': , 'location_class': , 'store_entry': 'swift'} {{(pid=103051) register_scheme_map /opt/stack/data/venv/lib/python3.12/site-packages/glance_store/location.py:146}}
Aug 19 10:04:35.620721 np0000007763 devstack@g-api.service[103051]: DEBUG glance_store.location [None req-d7a0cc0e-9e5a-4367-9f45-277e5b8f14e2 tempest-TaggedBootDevicesTest_v242-1169327884 tempest-TaggedBootDevicesTest_v242-1169327884-project-member] Registering scheme swift+http with {'store': , 'location_class': , 'store_entry': 'swift'} {{(pid=103051) register_scheme_map /opt/stack/data/venv/lib/python3.12/site-packages/glance_store/location.py:146}}
Aug 19 10:04:35.620721 np0000007763 devstack@g-api.service[103051]: DEBUG glance_store.location [None req-d7a0cc0e-9e5a-4367-9f45-277e5b8f14e2 tempest-TaggedBootDevicesTest_v242-1169327884 tempest-TaggedBootDevicesTest_v242-1169327884-project-member] Registering scheme swift+config with {'store': , 'location_class': , 'store_entry': 'swift'} {{(pid=103051) register_scheme_map /opt/stack/data/venv/lib/python3.12/site-packages/glance_store/location.py:146}}
Aug 19 10:04:35.719957 np0000007763 devstack@g-api.service[103053]: [pid: 103053|app: 0|req: 11/39] 127.0.0.1 () {44 vars in 1115 bytes} [Wed Aug 19 10:04:35 2026] GET /v2/images/c6198aa4-777e-417a-87d9-c39fe70c3113 => generated 1044 bytes in 349 msecs (HTTP/1.1 200) 4 headers in 158 bytes (1 switches on core 0)
Aug 19 10:04:35.756328 np0000007763 devstack@g-api.service[103050]: DEBUG swiftclient [None req-6624e688-1b55-453b-93e4-4b1fd0f83f52 tempest-AttachSCSIVolumeTestJSON-1547498755 tempest-AttachSCSIVolumeTestJSON-1547498755-project-admin] REQ: curl -i https://10.4.3.220:8080/v1/AUTH_46c599b639bb4e0c99c26030473bf7e6/glance/c6198aa4-777e-417a-87d9-c39fe70c3113 -X GET -H "X-Auth-Token: gAAAAABqhX-zfU0C..." {{(pid=103050) http_log /opt/stack/data/venv/lib/python3.12/site-packages/swiftclient/client.py:160}}
Aug 19 10:04:35.756328 np0000007763 devstack@g-api.service[103050]: DEBUG swiftclient [None req-6624e688-1b55-453b-93e4-4b1fd0f83f52 tempest-AttachSCSIVolumeTestJSON-1547498755 tempest-AttachSCSIVolumeTestJSON-1547498755-project-admin] RESP STATUS: 200 OK {{(pid=103050) http_log /opt/stack/data/venv/lib/python3.12/site-packages/swiftclient/client.py:161}}
Aug 19 10:04:35.756328 np0000007763 devstack@g-api.service[103050]: DEBUG swiftclient [None req-6624e688-1b55-453b-93e4-4b1fd0f83f52 tempest-AttachSCSIVolumeTestJSON-1547498755 tempest-AttachSCSIVolumeTestJSON-1547498755-project-admin] RESP HEADERS: {'Date': 'Wed, 19 Aug 2026 10:04:35 GMT', 'Server': 'Apache/2.4.58 (Ubuntu)', 'Content-Type': 'application/octet-stream', 'Etag': '87617e24a5e30cb3b87fda8c0764838f', 'Last-Modified': 'Wed, 19 Aug 2026 10:02:54 GMT', 'X-Timestamp': '1787133773.66130', 'Accept-Ranges': 'bytes', 'Content-Length': '21692416', 'X-Trans-Id': 'txe23212d257204f0ca5499-006a857fb3', 'X-Openstack-Request-Id': 'txe23212d257204f0ca5499-006a857fb3', 'Connection': 'close'} {{(pid=103050) http_log /opt/stack/data/venv/lib/python3.12/site-packages/swiftclient/client.py:162}}
Aug 19 10:04:35.762500 np0000007763 devstack@g-api.service[103052]: DEBUG glance.api.middleware.version_negotiation [None req-d7a0cc0e-9e5a-4367-9f45-277e5b8f14e2 tempest-TaggedBootDevicesTest_v242-1169327884 tempest-TaggedBootDevicesTest_v242-1169327884-project-member] Determining version of request: GET / Accept: application/json {{(pid=103052) process_request /opt/stack/glance/glance/api/middleware/version_negotiation.py:44}}
Aug 19 10:04:35.762622 np0000007763 devstack@g-api.service[103053]: DEBUG glance.api.middleware.version_negotiation [None req-a8cb9ce1-d827-4e4b-9282-f003673c3ce8 tempest-ServerActionsTestOtherB-1249803825 tempest-ServerActionsTestOtherB-1249803825-project-member] Determining version of request: GET /v2/schemas/image Accept: */* {{(pid=103053) process_request /opt/stack/glance/glance/api/middleware/version_negotiation.py:44}}
Aug 19 10:04:35.762823 np0000007763 devstack@g-api.service[103052]: DEBUG glance.api.middleware.version_negotiation [None req-d7a0cc0e-9e5a-4367-9f45-277e5b8f14e2 tempest-TaggedBootDevicesTest_v242-1169327884 tempest-TaggedBootDevicesTest_v242-1169327884-project-member] Using url versioning {{(pid=103052) process_request /opt/stack/glance/glance/api/middleware/version_negotiation.py:57}}
Aug 19 10:04:35.762875 np0000007763 devstack@g-api.service[103053]: DEBUG glance.api.middleware.version_negotiation [None req-a8cb9ce1-d827-4e4b-9282-f003673c3ce8 tempest-ServerActionsTestOtherB-1249803825 tempest-ServerActionsTestOtherB-1249803825-project-member] Using url versioning {{(pid=103053) process_request /opt/stack/glance/glance/api/middleware/version_negotiation.py:57}}
Aug 19 10:04:35.762939 np0000007763 devstack@g-api.service[103052]: DEBUG glance.api.middleware.version_negotiation [None req-d7a0cc0e-9e5a-4367-9f45-277e5b8f14e2 tempest-TaggedBootDevicesTest_v242-1169327884 tempest-TaggedBootDevicesTest_v242-1169327884-project-member] Unknown version. Returning version choices. {{(pid=103052) process_request /opt/stack/glance/glance/api/middleware/version_negotiation.py:64}}
Aug 19 10:04:35.762992 np0000007763 devstack@g-api.service[103053]: DEBUG glance.api.middleware.version_negotiation [None req-a8cb9ce1-d827-4e4b-9282-f003673c3ce8 tempest-ServerActionsTestOtherB-1249803825 tempest-ServerActionsTestOtherB-1249803825-project-member] Matched version: v2 {{(pid=103053) process_request /opt/stack/glance/glance/api/middleware/version_negotiation.py:69}}
Aug 19 10:04:35.763614 np0000007763 devstack@g-api.service[103053]: DEBUG glance.api.middleware.version_negotiation [None req-a8cb9ce1-d827-4e4b-9282-f003673c3ce8 tempest-ServerActionsTestOtherB-1249803825 tempest-ServerActionsTestOtherB-1249803825-project-member] new path /v2/schemas/image {{(pid=103053) process_request /opt/stack/glance/glance/api/middleware/version_negotiation.py:70}}
Aug 19 10:04:35.763729 np0000007763 devstack@g-api.service[103052]: [pid: 103052|app: 0|req: 11/40] 127.0.0.1 () {36 vars in 559 bytes} [Wed Aug 19 10:04:35 2026] GET / => generated 1515 bytes in 1 msecs (HTTP/1.1 300) 3 headers in 106 bytes (1 switches on core 0)
Aug 19 10:04:35.765997 np0000007763 devstack@g-api.service[103053]: [pid: 103053|app: 0|req: 12/41] 127.0.0.1 () {44 vars in 1055 bytes} [Wed Aug 19 10:04:35 2026] GET /v2/schemas/image => generated 6083 bytes in 4 msecs (HTTP/1.1 200) 4 headers in 158 bytes (1 switches on core 0)
Aug 19 10:04:35.767677 np0000007763 devstack@g-api.service[103050]: DEBUG glance.image_cache [None req-6624e688-1b55-453b-93e4-4b1fd0f83f52 tempest-AttachSCSIVolumeTestJSON-1547498755 tempest-AttachSCSIVolumeTestJSON-1547498755-project-admin] Tee'ing image 'c6198aa4-777e-417a-87d9-c39fe70c3113' into cache {{(pid=103050) get_caching_iter /opt/stack/glance/glance/image_cache/__init__.py:356}}
Aug 19 10:04:35.778085 np0000007763 devstack@g-api.service[103052]: DEBUG glance.api.middleware.version_negotiation [None req-d7a0cc0e-9e5a-4367-9f45-277e5b8f14e2 tempest-TaggedBootDevicesTest_v242-1169327884 tempest-TaggedBootDevicesTest_v242-1169327884-project-member] Determining version of request: POST /v2/images Accept: application/json {{(pid=103052) process_request /opt/stack/glance/glance/api/middleware/version_negotiation.py:44}}
Aug 19 10:04:35.778085 np0000007763 devstack@g-api.service[103052]: DEBUG glance.api.middleware.version_negotiation [None req-d7a0cc0e-9e5a-4367-9f45-277e5b8f14e2 tempest-TaggedBootDevicesTest_v242-1169327884 tempest-TaggedBootDevicesTest_v242-1169327884-project-member] Using url versioning {{(pid=103052) process_request /opt/stack/glance/glance/api/middleware/version_negotiation.py:57}}
Aug 19 10:04:35.778085 np0000007763 devstack@g-api.service[103052]: DEBUG glance.api.middleware.version_negotiation [None req-d7a0cc0e-9e5a-4367-9f45-277e5b8f14e2 tempest-TaggedBootDevicesTest_v242-1169327884 tempest-TaggedBootDevicesTest_v242-1169327884-project-member] Matched version: v2 {{(pid=103052) process_request /opt/stack/glance/glance/api/middleware/version_negotiation.py:69}}
Aug 19 10:04:35.778085 np0000007763 devstack@g-api.service[103052]: DEBUG glance.api.middleware.version_negotiation [None req-d7a0cc0e-9e5a-4367-9f45-277e5b8f14e2 tempest-TaggedBootDevicesTest_v242-1169327884 tempest-TaggedBootDevicesTest_v242-1169327884-project-member] new path /v2/images {{(pid=103052) process_request /opt/stack/glance/glance/api/middleware/version_negotiation.py:70}}
Aug 19 10:04:36.067376 np0000007763 devstack@g-api.service[103051]: DEBUG swiftclient [None req-d7a0cc0e-9e5a-4367-9f45-277e5b8f14e2 tempest-TaggedBootDevicesTest_v242-1169327884 tempest-TaggedBootDevicesTest_v242-1169327884-project-member] REQ: curl -i https://10.4.3.220:8080/v1/AUTH_46c599b639bb4e0c99c26030473bf7e6/glance/c6198aa4-777e-417a-87d9-c39fe70c3113 -X GET -H "X-Auth-Token: gAAAAABqhX-zsv-Z..." {{(pid=103051) http_log /opt/stack/data/venv/lib/python3.12/site-packages/swiftclient/client.py:160}}
Aug 19 10:04:36.067661 np0000007763 devstack@g-api.service[103051]: DEBUG swiftclient [None req-d7a0cc0e-9e5a-4367-9f45-277e5b8f14e2 tempest-TaggedBootDevicesTest_v242-1169327884 tempest-TaggedBootDevicesTest_v242-1169327884-project-member] RESP STATUS: 200 OK {{(pid=103051) http_log /opt/stack/data/venv/lib/python3.12/site-packages/swiftclient/client.py:161}}
Aug 19 10:04:36.067661 np0000007763 devstack@g-api.service[103051]: DEBUG swiftclient [None req-d7a0cc0e-9e5a-4367-9f45-277e5b8f14e2 tempest-TaggedBootDevicesTest_v242-1169327884 tempest-TaggedBootDevicesTest_v242-1169327884-project-member] RESP HEADERS: {'Date': 'Wed, 19 Aug 2026 10:04:36 GMT', 'Server': 'Apache/2.4.58 (Ubuntu)', 'Content-Type': 'application/octet-stream', 'Etag': '87617e24a5e30cb3b87fda8c0764838f', 'Last-Modified': 'Wed, 19 Aug 2026 10:02:54 GMT', 'X-Timestamp': '1787133773.66130', 'Accept-Ranges': 'bytes', 'Content-Length': '21692416', 'X-Trans-Id': 'tx93b362afb5264a2685ff5-006a857fb3', 'X-Openstack-Request-Id': 'tx93b362afb5264a2685ff5-006a857fb3', 'Connection': 'close'} {{(pid=103051) http_log /opt/stack/data/venv/lib/python3.12/site-packages/swiftclient/client.py:162}}
Aug 19 10:04:36.077889 np0000007763 devstack@g-api.service[103053]: DEBUG glance.api.middleware.version_negotiation [None req-a8cb9ce1-d827-4e4b-9282-f003673c3ce8 tempest-ServerActionsTestOtherB-1249803825 tempest-ServerActionsTestOtherB-1249803825-project-member] Determining version of request: GET /v2/images/c6198aa4-777e-417a-87d9-c39fe70c3113 Accept: */* {{(pid=103053) process_request /opt/stack/glance/glance/api/middleware/version_negotiation.py:44}}
Aug 19 10:04:36.078260 np0000007763 devstack@g-api.service[103053]: DEBUG glance.api.middleware.version_negotiation [None req-a8cb9ce1-d827-4e4b-9282-f003673c3ce8 tempest-ServerActionsTestOtherB-1249803825 tempest-ServerActionsTestOtherB-1249803825-project-member] Using url versioning {{(pid=103053) process_request /opt/stack/glance/glance/api/middleware/version_negotiation.py:57}}
Aug 19 10:04:36.078850 np0000007763 devstack@g-api.service[103053]: DEBUG glance.api.middleware.version_negotiation [None req-a8cb9ce1-d827-4e4b-9282-f003673c3ce8 tempest-ServerActionsTestOtherB-1249803825 tempest-ServerActionsTestOtherB-1249803825-project-member] Matched version: v2 {{(pid=103053) process_request /opt/stack/glance/glance/api/middleware/version_negotiation.py:69}}
Aug 19 10:04:36.078850 np0000007763 devstack@g-api.service[103053]: DEBUG glance.api.middleware.version_negotiation [None req-a8cb9ce1-d827-4e4b-9282-f003673c3ce8 tempest-ServerActionsTestOtherB-1249803825 tempest-ServerActionsTestOtherB-1249803825-project-member] new path /v2/images/c6198aa4-777e-417a-87d9-c39fe70c3113 {{(pid=103053) process_request /opt/stack/glance/glance/api/middleware/version_negotiation.py:70}}
Aug 19 10:04:36.389566 np0000007763 devstack@g-api.service[103053]: [pid: 103053|app: 0|req: 13/42] 127.0.0.1 () {44 vars in 1115 bytes} [Wed Aug 19 10:04:36 2026] GET /v2/images/c6198aa4-777e-417a-87d9-c39fe70c3113 => generated 1044 bytes in 312 msecs (HTTP/1.1 200) 4 headers in 158 bytes (1 switches on core 0)
Aug 19 10:04:36.395504 np0000007763 devstack@g-api.service[103053]: DEBUG glance.api.middleware.version_negotiation [None req-31f6c54f-7e35-4ee7-9ed6-2a1f89f3b332 tempest-ServerRescueNegativeTestJSON-583552159 tempest-ServerRescueNegativeTestJSON-583552159-project-member] Determining version of request: GET /v2/images/c6198aa4-777e-417a-87d9-c39fe70c3113 Accept: */* {{(pid=103053) process_request /opt/stack/glance/glance/api/middleware/version_negotiation.py:44}}
Aug 19 10:04:36.395699 np0000007763 devstack@g-api.service[103053]: DEBUG glance.api.middleware.version_negotiation [None req-31f6c54f-7e35-4ee7-9ed6-2a1f89f3b332 tempest-ServerRescueNegativeTestJSON-583552159 tempest-ServerRescueNegativeTestJSON-583552159-project-member] Using url versioning {{(pid=103053) process_request /opt/stack/glance/glance/api/middleware/version_negotiation.py:57}}
Aug 19 10:04:36.395862 np0000007763 devstack@g-api.service[103053]: DEBUG glance.api.middleware.version_negotiation [None req-31f6c54f-7e35-4ee7-9ed6-2a1f89f3b332 tempest-ServerRescueNegativeTestJSON-583552159 tempest-ServerRescueNegativeTestJSON-583552159-project-member] Matched version: v2 {{(pid=103053) process_request /opt/stack/glance/glance/api/middleware/version_negotiation.py:69}}
Aug 19 10:04:36.396000 np0000007763 devstack@g-api.service[103053]: DEBUG glance.api.middleware.version_negotiation [None req-31f6c54f-7e35-4ee7-9ed6-2a1f89f3b332 tempest-ServerRescueNegativeTestJSON-583552159 tempest-ServerRescueNegativeTestJSON-583552159-project-member] new path /v2/images/c6198aa4-777e-417a-87d9-c39fe70c3113 {{(pid=103053) process_request /opt/stack/glance/glance/api/middleware/version_negotiation.py:70}}
Aug 19 10:04:36.484999 np0000007763 devstack@g-api.service[103051]: [pid: 103051|app: 0|req: 11/43] 127.0.0.1 () {44 vars in 1125 bytes} [Wed Aug 19 10:04:35 2026] GET /v2/images/c6198aa4-777e-417a-87d9-c39fe70c3113/file => generated 21692416 bytes in 883 msecs (HTTP/1.1 200) 4 headers in 191 bytes (335 switches on core 0)
Aug 19 10:04:36.486889 np0000007763 devstack@g-api.service[103051]: DEBUG glance.api.middleware.version_negotiation [None req-d7a0cc0e-9e5a-4367-9f45-277e5b8f14e2 tempest-TaggedBootDevicesTest_v242-1169327884 tempest-TaggedBootDevicesTest_v242-1169327884-project-member] Determining version of request: GET /v2/schemas/image Accept: */* {{(pid=103051) process_request /opt/stack/glance/glance/api/middleware/version_negotiation.py:44}}
Aug 19 10:04:36.486889 np0000007763 devstack@g-api.service[103051]: DEBUG glance.api.middleware.version_negotiation [None req-d7a0cc0e-9e5a-4367-9f45-277e5b8f14e2 tempest-TaggedBootDevicesTest_v242-1169327884 tempest-TaggedBootDevicesTest_v242-1169327884-project-member] Using url versioning {{(pid=103051) process_request /opt/stack/glance/glance/api/middleware/version_negotiation.py:57}}
Aug 19 10:04:36.486889 np0000007763 devstack@g-api.service[103051]: DEBUG glance.api.middleware.version_negotiation [None req-d7a0cc0e-9e5a-4367-9f45-277e5b8f14e2 tempest-TaggedBootDevicesTest_v242-1169327884 tempest-TaggedBootDevicesTest_v242-1169327884-project-member] Matched version: v2 {{(pid=103051) process_request /opt/stack/glance/glance/api/middleware/version_negotiation.py:69}}
Aug 19 10:04:36.486889 np0000007763 devstack@g-api.service[103051]: DEBUG glance.api.middleware.version_negotiation [None req-d7a0cc0e-9e5a-4367-9f45-277e5b8f14e2 tempest-TaggedBootDevicesTest_v242-1169327884 tempest-TaggedBootDevicesTest_v242-1169327884-project-member] new path /v2/schemas/image {{(pid=103051) process_request /opt/stack/glance/glance/api/middleware/version_negotiation.py:70}}
Aug 19 10:04:36.489569 np0000007763 devstack@g-api.service[103051]: [pid: 103051|app: 0|req: 12/44] 127.0.0.1 () {44 vars in 1055 bytes} [Wed Aug 19 10:04:36 2026] GET /v2/schemas/image => generated 6083 bytes in 4 msecs (HTTP/1.1 200) 4 headers in 158 bytes (1 switches on core 0)
Aug 19 10:04:36.508607 np0000007763 devstack@g-api.service[103052]: [pid: 103052|app: 0|req: 12/45] 127.0.0.1 () {42 vars in 786 bytes} [Wed Aug 19 10:04:35 2026] POST /v2/images => generated 690 bytes in 732 msecs (HTTP/1.1 201) 6 headers in 315 bytes (1 switches on core 0)
Aug 19 10:04:36.516748 np0000007763 devstack@g-api.service[103051]: DEBUG glance.api.middleware.version_negotiation [None req-31f6c54f-7e35-4ee7-9ed6-2a1f89f3b332 tempest-ServerRescueNegativeTestJSON-583552159 tempest-ServerRescueNegativeTestJSON-583552159-project-member] Determining version of request: PUT /v2/images/f06bb916-d559-4f5c-a7fa-356078ecddbd/file Accept: {{(pid=103051) process_request /opt/stack/glance/glance/api/middleware/version_negotiation.py:44}}
Aug 19 10:04:36.516868 np0000007763 devstack@g-api.service[103051]: DEBUG glance.api.middleware.version_negotiation [None req-31f6c54f-7e35-4ee7-9ed6-2a1f89f3b332 tempest-ServerRescueNegativeTestJSON-583552159 tempest-ServerRescueNegativeTestJSON-583552159-project-member] Using url versioning {{(pid=103051) process_request /opt/stack/glance/glance/api/middleware/version_negotiation.py:57}}
Aug 19 10:04:36.517011 np0000007763 devstack@g-api.service[103051]: DEBUG glance.api.middleware.version_negotiation [None req-31f6c54f-7e35-4ee7-9ed6-2a1f89f3b332 tempest-ServerRescueNegativeTestJSON-583552159 tempest-ServerRescueNegativeTestJSON-583552159-project-member] Matched version: v2 {{(pid=103051) process_request /opt/stack/glance/glance/api/middleware/version_negotiation.py:69}}
Aug 19 10:04:36.517091 np0000007763 devstack@g-api.service[103051]: DEBUG glance.api.middleware.version_negotiation [None req-31f6c54f-7e35-4ee7-9ed6-2a1f89f3b332 tempest-ServerRescueNegativeTestJSON-583552159 tempest-ServerRescueNegativeTestJSON-583552159-project-member] new path /v2/images/f06bb916-d559-4f5c-a7fa-356078ecddbd/file {{(pid=103051) process_request /opt/stack/glance/glance/api/middleware/version_negotiation.py:70}}
Aug 19 10:04:36.563211 np0000007763 devstack@g-api.service[103050]: DEBUG glance.image_cache.drivers.centralized_db [None req-6624e688-1b55-453b-93e4-4b1fd0f83f52 tempest-AttachSCSIVolumeTestJSON-1547498755 tempest-AttachSCSIVolumeTestJSON-1547498755-project-admin] Fetch finished, moving '/opt/stack/data/glance/cache/incomplete/c6198aa4-777e-417a-87d9-c39fe70c3113' to '/opt/stack/data/glance/cache/c6198aa4-777e-417a-87d9-c39fe70c3113' {{(pid=103050) commit /opt/stack/glance/glance/image_cache/drivers/centralized_db.py:243}}
Aug 19 10:04:36.598323 np0000007763 devstack@g-api.service[103050]: DEBUG glance.image_cache.drivers.centralized_db [None req-6624e688-1b55-453b-93e4-4b1fd0f83f52 tempest-AttachSCSIVolumeTestJSON-1547498755 tempest-AttachSCSIVolumeTestJSON-1547498755-project-admin] Image cached successfully. {{(pid=103050) commit /opt/stack/glance/glance/image_cache/drivers/centralized_db.py:258}}
Aug 19 10:04:36.598527 np0000007763 devstack@g-api.service[103050]: [pid: 103050|app: 0|req: 9/46] 127.0.0.1 () {40 vars in 848 bytes} [Wed Aug 19 10:04:35 2026] GET /v2/images/c6198aa4-777e-417a-87d9-c39fe70c3113/file => generated 21692416 bytes in 1548 msecs (HTTP/1.1 200) 4 headers in 191 bytes (334 switches on core 0)
Aug 19 10:04:36.764455 np0000007763 devstack@g-api.service[103053]: [pid: 103053|app: 0|req: 14/47] 127.0.0.1 () {44 vars in 1115 bytes} [Wed Aug 19 10:04:36 2026] GET /v2/images/c6198aa4-777e-417a-87d9-c39fe70c3113 => generated 1044 bytes in 368 msecs (HTTP/1.1 200) 4 headers in 158 bytes (1 switches on core 0)
Aug 19 10:04:36.804720 np0000007763 devstack@g-api.service[103052]: DEBUG glance.api.middleware.version_negotiation [None req-5124ccc8-3018-4b70-ba84-94ff687f6ece tempest-AttachSCSIVolumeTestJSON-1547498755 tempest-AttachSCSIVolumeTestJSON-1547498755-project-admin] Determining version of request: GET /v2/images/c6198aa4-777e-417a-87d9-c39fe70c3113/file Accept: */* {{(pid=103052) process_request /opt/stack/glance/glance/api/middleware/version_negotiation.py:44}}
Aug 19 10:04:36.805117 np0000007763 devstack@g-api.service[103052]: DEBUG glance.api.middleware.version_negotiation [None req-5124ccc8-3018-4b70-ba84-94ff687f6ece tempest-AttachSCSIVolumeTestJSON-1547498755 tempest-AttachSCSIVolumeTestJSON-1547498755-project-admin] Using url versioning {{(pid=103052) process_request /opt/stack/glance/glance/api/middleware/version_negotiation.py:57}}
Aug 19 10:04:36.805751 np0000007763 devstack@g-api.service[103052]: DEBUG glance.api.middleware.version_negotiation [None req-5124ccc8-3018-4b70-ba84-94ff687f6ece tempest-AttachSCSIVolumeTestJSON-1547498755 tempest-AttachSCSIVolumeTestJSON-1547498755-project-admin] Matched version: v2 {{(pid=103052) process_request /opt/stack/glance/glance/api/middleware/version_negotiation.py:69}}
Aug 19 10:04:36.806716 np0000007763 devstack@g-api.service[103052]: DEBUG glance.api.middleware.version_negotiation [None req-5124ccc8-3018-4b70-ba84-94ff687f6ece tempest-AttachSCSIVolumeTestJSON-1547498755 tempest-AttachSCSIVolumeTestJSON-1547498755-project-admin] new path /v2/images/c6198aa4-777e-417a-87d9-c39fe70c3113/file {{(pid=103052) process_request /opt/stack/glance/glance/api/middleware/version_negotiation.py:70}}
Aug 19 10:04:36.817281 np0000007763 devstack@g-api.service[103052]: DEBUG glance.api.middleware.cache [None req-6ed6ad9a-b12e-4c06-8e7f-19f51c55ef71 tempest-ServerRescueNegativeTestJSON-583552159 tempest-ServerRescueNegativeTestJSON-583552159-project-member] Cache hit for image 'c6198aa4-777e-417a-87d9-c39fe70c3113' {{(pid=103052) process_request /opt/stack/glance/glance/api/middleware/cache.py:160}}
Aug 19 10:04:36.893656 np0000007763 devstack@g-api.service[103052]: [pid: 103052|app: 0|req: 13/48] 127.0.0.1 () {44 vars in 1125 bytes} [Wed Aug 19 10:04:36 2026] GET /v2/images/c6198aa4-777e-417a-87d9-c39fe70c3113/file => generated 21692416 bytes in 89 msecs (HTTP/1.1 200) 5 headers in 217 bytes (339 switches on core 0)
Aug 19 10:04:37.012900 np0000007763 devstack@g-api.service[103050]: DEBUG glance.api.middleware.version_negotiation [None req-6624e688-1b55-453b-93e4-4b1fd0f83f52 tempest-AttachSCSIVolumeTestJSON-1547498755 tempest-AttachSCSIVolumeTestJSON-1547498755-project-admin] Determining version of request: GET /v2/images/c6198aa4-777e-417a-87d9-c39fe70c3113 Accept: */* {{(pid=103050) process_request /opt/stack/glance/glance/api/middleware/version_negotiation.py:44}}
Aug 19 10:04:37.013132 np0000007763 devstack@g-api.service[103050]: DEBUG glance.api.middleware.version_negotiation [None req-6624e688-1b55-453b-93e4-4b1fd0f83f52 tempest-AttachSCSIVolumeTestJSON-1547498755 tempest-AttachSCSIVolumeTestJSON-1547498755-project-admin] Using url versioning {{(pid=103050) process_request /opt/stack/glance/glance/api/middleware/version_negotiation.py:57}}
Aug 19 10:04:37.013379 np0000007763 devstack@g-api.service[103050]: DEBUG glance.api.middleware.version_negotiation [None req-6624e688-1b55-453b-93e4-4b1fd0f83f52 tempest-AttachSCSIVolumeTestJSON-1547498755 tempest-AttachSCSIVolumeTestJSON-1547498755-project-admin] Matched version: v2 {{(pid=103050) process_request /opt/stack/glance/glance/api/middleware/version_negotiation.py:69}}
Aug 19 10:04:37.013556 np0000007763 devstack@g-api.service[103050]: DEBUG glance.api.middleware.version_negotiation [None req-6624e688-1b55-453b-93e4-4b1fd0f83f52 tempest-AttachSCSIVolumeTestJSON-1547498755 tempest-AttachSCSIVolumeTestJSON-1547498755-project-admin] new path /v2/images/c6198aa4-777e-417a-87d9-c39fe70c3113 {{(pid=103050) process_request /opt/stack/glance/glance/api/middleware/version_negotiation.py:70}}
Aug 19 10:04:37.028366 np0000007763 devstack@g-api.service[103050]: [pid: 103050|app: 0|req: 10/49] 127.0.0.1 () {44 vars in 1115 bytes} [Wed Aug 19 10:04:37 2026] GET /v2/images/c6198aa4-777e-417a-87d9-c39fe70c3113 => generated 1044 bytes in 16 msecs (HTTP/1.1 200) 4 headers in 158 bytes (1 switches on core 0)
Aug 19 10:04:37.089520 np0000007763 devstack@g-api.service[103053]: DEBUG glance.api.middleware.version_negotiation [None req-6ed6ad9a-b12e-4c06-8e7f-19f51c55ef71 tempest-ServerRescueNegativeTestJSON-583552159 tempest-ServerRescueNegativeTestJSON-583552159-project-member] Determining version of request: GET /v2/schemas/image Accept: */* {{(pid=103053) process_request /opt/stack/glance/glance/api/middleware/version_negotiation.py:44}}
Aug 19 10:04:37.089884 np0000007763 devstack@g-api.service[103053]: DEBUG glance.api.middleware.version_negotiation [None req-6ed6ad9a-b12e-4c06-8e7f-19f51c55ef71 tempest-ServerRescueNegativeTestJSON-583552159 tempest-ServerRescueNegativeTestJSON-583552159-project-member] Using url versioning {{(pid=103053) process_request /opt/stack/glance/glance/api/middleware/version_negotiation.py:57}}
Aug 19 10:04:37.089884 np0000007763 devstack@g-api.service[103053]: DEBUG glance.api.middleware.version_negotiation [None req-6ed6ad9a-b12e-4c06-8e7f-19f51c55ef71 tempest-ServerRescueNegativeTestJSON-583552159 tempest-ServerRescueNegativeTestJSON-583552159-project-member] Matched version: v2 {{(pid=103053) process_request /opt/stack/glance/glance/api/middleware/version_negotiation.py:69}}
Aug 19 10:04:37.089949 np0000007763 devstack@g-api.service[103053]: DEBUG glance.api.middleware.version_negotiation [None req-6ed6ad9a-b12e-4c06-8e7f-19f51c55ef71 tempest-ServerRescueNegativeTestJSON-583552159 tempest-ServerRescueNegativeTestJSON-583552159-project-member] new path /v2/schemas/image {{(pid=103053) process_request /opt/stack/glance/glance/api/middleware/version_negotiation.py:70}}
Aug 19 10:04:37.092743 np0000007763 devstack@g-api.service[103053]: [pid: 103053|app: 0|req: 15/50] 127.0.0.1 () {44 vars in 1055 bytes} [Wed Aug 19 10:04:37 2026] GET /v2/schemas/image => generated 6083 bytes in 3 msecs (HTTP/1.1 200) 4 headers in 158 bytes (1 switches on core 0)
Aug 19 10:04:37.251253 np0000007763 devstack@g-api.service[103051]: INFO glance.api.v2.image_data [None req-28b8db6e-5d07-420a-8b51-4c3aae884ddd tempest-AttachSCSIVolumeTestJSON-1547498755 tempest-AttachSCSIVolumeTestJSON-1547498755-project-admin] Unable to create trust: no such option collect_timing in group [keystone_authtoken] Use the existing user token.
Aug 19 10:04:37.707899 np0000007763 devstack@g-api.service[103052]: DEBUG glance.api.middleware.version_negotiation [None req-6ed6ad9a-b12e-4c06-8e7f-19f51c55ef71 tempest-ServerRescueNegativeTestJSON-583552159 tempest-ServerRescueNegativeTestJSON-583552159-project-member] Determining version of request: GET /v2/images/c6198aa4-777e-417a-87d9-c39fe70c3113 Accept: */* {{(pid=103052) process_request /opt/stack/glance/glance/api/middleware/version_negotiation.py:44}}
Aug 19 10:04:37.708206 np0000007763 devstack@g-api.service[103052]: DEBUG glance.api.middleware.version_negotiation [None req-6ed6ad9a-b12e-4c06-8e7f-19f51c55ef71 tempest-ServerRescueNegativeTestJSON-583552159 tempest-ServerRescueNegativeTestJSON-583552159-project-member] Using url versioning {{(pid=103052) process_request /opt/stack/glance/glance/api/middleware/version_negotiation.py:57}}
Aug 19 10:04:37.708206 np0000007763 devstack@g-api.service[103052]: DEBUG glance.api.middleware.version_negotiation [None req-6ed6ad9a-b12e-4c06-8e7f-19f51c55ef71 tempest-ServerRescueNegativeTestJSON-583552159 tempest-ServerRescueNegativeTestJSON-583552159-project-member] Matched version: v2 {{(pid=103052) process_request /opt/stack/glance/glance/api/middleware/version_negotiation.py:69}}
Aug 19 10:04:37.708321 np0000007763 devstack@g-api.service[103052]: DEBUG glance.api.middleware.version_negotiation [None req-6ed6ad9a-b12e-4c06-8e7f-19f51c55ef71 tempest-ServerRescueNegativeTestJSON-583552159 tempest-ServerRescueNegativeTestJSON-583552159-project-member] new path /v2/images/c6198aa4-777e-417a-87d9-c39fe70c3113 {{(pid=103052) process_request /opt/stack/glance/glance/api/middleware/version_negotiation.py:70}}
Aug 19 10:04:37.723336 np0000007763 devstack@g-api.service[103052]: [pid: 103052|app: 0|req: 14/51] 127.0.0.1 () {44 vars in 1115 bytes} [Wed Aug 19 10:04:37 2026] GET /v2/images/c6198aa4-777e-417a-87d9-c39fe70c3113 => generated 1044 bytes in 16 msecs (HTTP/1.1 200) 4 headers in 158 bytes (1 switches on core 0)
Aug 19 10:04:37.733329 np0000007763 devstack@g-api.service[103050]: DEBUG glance.api.middleware.version_negotiation [None req-6ed6ad9a-b12e-4c06-8e7f-19f51c55ef71 tempest-ServerRescueNegativeTestJSON-583552159 tempest-ServerRescueNegativeTestJSON-583552159-project-member] Determining version of request: GET /v2/schemas/image Accept: */* {{(pid=103050) process_request /opt/stack/glance/glance/api/middleware/version_negotiation.py:44}}
Aug 19 10:04:37.733731 np0000007763 devstack@g-api.service[103050]: DEBUG glance.api.middleware.version_negotiation [None req-6ed6ad9a-b12e-4c06-8e7f-19f51c55ef71 tempest-ServerRescueNegativeTestJSON-583552159 tempest-ServerRescueNegativeTestJSON-583552159-project-member] Using url versioning {{(pid=103050) process_request /opt/stack/glance/glance/api/middleware/version_negotiation.py:57}}
Aug 19 10:04:37.733731 np0000007763 devstack@g-api.service[103050]: DEBUG glance.api.middleware.version_negotiation [None req-6ed6ad9a-b12e-4c06-8e7f-19f51c55ef71 tempest-ServerRescueNegativeTestJSON-583552159 tempest-ServerRescueNegativeTestJSON-583552159-project-member] Matched version: v2 {{(pid=103050) process_request /opt/stack/glance/glance/api/middleware/version_negotiation.py:69}}
Aug 19 10:04:37.733731 np0000007763 devstack@g-api.service[103050]: DEBUG glance.api.middleware.version_negotiation [None req-6ed6ad9a-b12e-4c06-8e7f-19f51c55ef71 tempest-ServerRescueNegativeTestJSON-583552159 tempest-ServerRescueNegativeTestJSON-583552159-project-member] new path /v2/schemas/image {{(pid=103050) process_request /opt/stack/glance/glance/api/middleware/version_negotiation.py:70}}
Aug 19 10:04:37.740320 np0000007763 devstack@g-api.service[103050]: [pid: 103050|app: 0|req: 11/52] 127.0.0.1 () {44 vars in 1055 bytes} [Wed Aug 19 10:04:37 2026] GET /v2/schemas/image => generated 6083 bytes in 7 msecs (HTTP/1.1 200) 4 headers in 158 bytes (1 switches on core 0)
Aug 19 10:04:38.028386 np0000007763 devstack@g-api.service[103051]: DEBUG glance.location [None req-28b8db6e-5d07-420a-8b51-4c3aae884ddd tempest-AttachSCSIVolumeTestJSON-1547498755 tempest-AttachSCSIVolumeTestJSON-1547498755-project-admin] Enabling in-flight format inspection for qcow2 {{(pid=103051) set_data /opt/stack/glance/glance/location.py:596}}
Aug 19 10:04:38.028771 np0000007763 devstack@g-api.service[103051]: DEBUG glance_store.backend [None req-28b8db6e-5d07-420a-8b51-4c3aae884ddd tempest-AttachSCSIVolumeTestJSON-1547498755 tempest-AttachSCSIVolumeTestJSON-1547498755-project-admin] Attempting to import store swift {{(pid=103051) _load_store /opt/stack/data/venv/lib/python3.12/site-packages/glance_store/backend.py:215}}
Aug 19 10:04:38.030207 np0000007763 devstack@g-api.service[103051]: DEBUG glance_store.capabilities [None req-28b8db6e-5d07-420a-8b51-4c3aae884ddd tempest-AttachSCSIVolumeTestJSON-1547498755 tempest-AttachSCSIVolumeTestJSON-1547498755-project-admin] Store glance_store._drivers.swift.store.SingleTenantStore doesn't support updating dynamic storage capabilities. Please overwrite 'update_capabilities' method of the store to implement updating logics if needed. {{(pid=103051) update_capabilities /opt/stack/data/venv/lib/python3.12/site-packages/glance_store/capabilities.py:91}}
Aug 19 10:04:38.030344 np0000007763 devstack@g-api.service[103051]: DEBUG glance_store.driver [None req-28b8db6e-5d07-420a-8b51-4c3aae884ddd tempest-AttachSCSIVolumeTestJSON-1547498755 tempest-AttachSCSIVolumeTestJSON-1547498755-project-admin] Late loading location class glance_store._drivers.swift.store.StoreLocation {{(pid=103051) get_store_location_class /opt/stack/data/venv/lib/python3.12/site-packages/glance_store/driver.py:134}}
Aug 19 10:04:38.030428 np0000007763 devstack@g-api.service[103051]: DEBUG glance_store.location [None req-28b8db6e-5d07-420a-8b51-4c3aae884ddd tempest-AttachSCSIVolumeTestJSON-1547498755 tempest-AttachSCSIVolumeTestJSON-1547498755-project-admin] Registering scheme swift+https with {'store': , 'location_class': , 'store_entry': 'swift'} {{(pid=103051) register_scheme_map /opt/stack/data/venv/lib/python3.12/site-packages/glance_store/location.py:146}}
Aug 19 10:04:38.030509 np0000007763 devstack@g-api.service[103051]: DEBUG glance_store.location [None req-28b8db6e-5d07-420a-8b51-4c3aae884ddd tempest-AttachSCSIVolumeTestJSON-1547498755 tempest-AttachSCSIVolumeTestJSON-1547498755-project-admin] Registering scheme swift+https with {'store': , 'location_class': , 'store_entry': 'swift'} {{(pid=103051) register_scheme_map /opt/stack/data/venv/lib/python3.12/site-packages/glance_store/location.py:146}}
Aug 19 10:04:38.030577 np0000007763 devstack@g-api.service[103051]: DEBUG glance_store.location [None req-28b8db6e-5d07-420a-8b51-4c3aae884ddd tempest-AttachSCSIVolumeTestJSON-1547498755 tempest-AttachSCSIVolumeTestJSON-1547498755-project-admin] Registering scheme swift with {'store': , 'location_class': , 'store_entry': 'swift'} {{(pid=103051) register_scheme_map /opt/stack/data/venv/lib/python3.12/site-packages/glance_store/location.py:146}}
Aug 19 10:04:38.030647 np0000007763 devstack@g-api.service[103051]: DEBUG glance_store.location [None req-28b8db6e-5d07-420a-8b51-4c3aae884ddd tempest-AttachSCSIVolumeTestJSON-1547498755 tempest-AttachSCSIVolumeTestJSON-1547498755-project-admin] Registering scheme swift+https with {'store': , 'location_class': , 'store_entry': 'swift'} {{(pid=103051) register_scheme_map /opt/stack/data/venv/lib/python3.12/site-packages/glance_store/location.py:146}}
Aug 19 10:04:38.030706 np0000007763 devstack@g-api.service[103051]: DEBUG glance_store.location [None req-28b8db6e-5d07-420a-8b51-4c3aae884ddd tempest-AttachSCSIVolumeTestJSON-1547498755 tempest-AttachSCSIVolumeTestJSON-1547498755-project-admin] Registering scheme swift with {'store': , 'location_class': , 'store_entry': 'swift'} {{(pid=103051) register_scheme_map /opt/stack/data/venv/lib/python3.12/site-packages/glance_store/location.py:146}}
Aug 19 10:04:38.030763 np0000007763 devstack@g-api.service[103051]: DEBUG glance_store.location [None req-28b8db6e-5d07-420a-8b51-4c3aae884ddd tempest-AttachSCSIVolumeTestJSON-1547498755 tempest-AttachSCSIVolumeTestJSON-1547498755-project-admin] Registering scheme swift+http with {'store': , 'location_class': , 'store_entry': 'swift'} {{(pid=103051) register_scheme_map /opt/stack/data/venv/lib/python3.12/site-packages/glance_store/location.py:146}}
Aug 19 10:04:38.030829 np0000007763 devstack@g-api.service[103051]: DEBUG glance_store.location [None req-28b8db6e-5d07-420a-8b51-4c3aae884ddd tempest-AttachSCSIVolumeTestJSON-1547498755 tempest-AttachSCSIVolumeTestJSON-1547498755-project-admin] Registering scheme swift+https with {'store': , 'location_class': , 'store_entry': 'swift'} {{(pid=103051) register_scheme_map /opt/stack/data/venv/lib/python3.12/site-packages/glance_store/location.py:146}}
Aug 19 10:04:38.030919 np0000007763 devstack@g-api.service[103051]: DEBUG glance_store.location [None req-28b8db6e-5d07-420a-8b51-4c3aae884ddd tempest-AttachSCSIVolumeTestJSON-1547498755 tempest-AttachSCSIVolumeTestJSON-1547498755-project-admin] Registering scheme swift with {'store': , 'location_class': , 'store_entry': 'swift'} {{(pid=103051) register_scheme_map /opt/stack/data/venv/lib/python3.12/site-packages/glance_store/location.py:146}}
Aug 19 10:04:38.031052 np0000007763 devstack@g-api.service[103051]: DEBUG glance_store.location [None req-28b8db6e-5d07-420a-8b51-4c3aae884ddd tempest-AttachSCSIVolumeTestJSON-1547498755 tempest-AttachSCSIVolumeTestJSON-1547498755-project-admin] Registering scheme swift+http with {'store': , 'location_class': , 'store_entry': 'swift'} {{(pid=103051) register_scheme_map /opt/stack/data/venv/lib/python3.12/site-packages/glance_store/location.py:146}}
Aug 19 10:04:38.031124 np0000007763 devstack@g-api.service[103051]: DEBUG glance_store.location [None req-28b8db6e-5d07-420a-8b51-4c3aae884ddd tempest-AttachSCSIVolumeTestJSON-1547498755 tempest-AttachSCSIVolumeTestJSON-1547498755-project-admin] Registering scheme swift+config with {'store': , 'location_class': , 'store_entry': 'swift'} {{(pid=103051) register_scheme_map /opt/stack/data/venv/lib/python3.12/site-packages/glance_store/location.py:146}}
Aug 19 10:04:38.489052 np0000007763 devstack@g-api.service[103051]: DEBUG swiftclient [None req-28b8db6e-5d07-420a-8b51-4c3aae884ddd tempest-AttachSCSIVolumeTestJSON-1547498755 tempest-AttachSCSIVolumeTestJSON-1547498755-project-admin] REQ: curl -i https://10.4.3.220:8080/v1/AUTH_46c599b639bb4e0c99c26030473bf7e6/glance -I -H "X-Auth-Token: gAAAAABqhX-2QJ2x..." {{(pid=103051) http_log /opt/stack/data/venv/lib/python3.12/site-packages/swiftclient/client.py:160}}
Aug 19 10:04:38.489052 np0000007763 devstack@g-api.service[103051]: DEBUG swiftclient [None req-28b8db6e-5d07-420a-8b51-4c3aae884ddd tempest-AttachSCSIVolumeTestJSON-1547498755 tempest-AttachSCSIVolumeTestJSON-1547498755-project-admin] RESP STATUS: 204 No Content {{(pid=103051) http_log /opt/stack/data/venv/lib/python3.12/site-packages/swiftclient/client.py:161}}
Aug 19 10:04:38.489711 np0000007763 devstack@g-api.service[103051]: DEBUG swiftclient [None req-28b8db6e-5d07-420a-8b51-4c3aae884ddd tempest-AttachSCSIVolumeTestJSON-1547498755 tempest-AttachSCSIVolumeTestJSON-1547498755-project-admin] RESP HEADERS: {'Date': 'Wed, 19 Aug 2026 10:04:38 GMT', 'Server': 'Apache/2.4.58 (Ubuntu)', 'Content-Type': 'text/plain; charset=utf-8', 'X-Container-Object-Count': '3', 'X-Container-Bytes-Used': '64356352', 'X-Timestamp': '1787133767.37281', 'Last-Modified': 'Wed, 19 Aug 2026 10:02:48 GMT', 'Accept-Ranges': 'bytes', 'X-Storage-Policy': 'Policy-0', 'X-Container-Sharding': 'False', 'Vary': 'Accept', 'X-Trans-Id': 'tx19abe4c768d74fcc9c342-006a857fb6', 'X-Openstack-Request-Id': 'tx19abe4c768d74fcc9c342-006a857fb6', 'Connection': 'close'} {{(pid=103051) http_log /opt/stack/data/venv/lib/python3.12/site-packages/swiftclient/client.py:162}}
Aug 19 10:04:38.489711 np0000007763 devstack@g-api.service[103051]: DEBUG glance_store._drivers.swift.store [None req-28b8db6e-5d07-420a-8b51-4c3aae884ddd tempest-AttachSCSIVolumeTestJSON-1547498755 tempest-AttachSCSIVolumeTestJSON-1547498755-project-admin] Adding image object 'f06bb916-d559-4f5c-a7fa-356078ecddbd' to Swift {{(pid=103051) add /opt/stack/data/venv/lib/python3.12/site-packages/glance_store/_drivers/swift/store.py:970}}
Aug 19 10:04:38.489711 np0000007763 devstack@g-api.service[103051]: DEBUG glance_store._drivers.swift.store [None req-28b8db6e-5d07-420a-8b51-4c3aae884ddd tempest-AttachSCSIVolumeTestJSON-1547498755 tempest-AttachSCSIVolumeTestJSON-1547498755-project-admin] Cannot determine image size because it is either not provided in the request or chunked-transfer encoding is used. Adding image as a segmented object to Swift. {{(pid=103051) add /opt/stack/data/venv/lib/python3.12/site-packages/glance_store/_drivers/swift/store.py:994}}
Aug 19 10:04:38.497453 np0000007763 devstack@g-api.service[103051]: DEBUG oslo_utils.imageutils.format_inspector [None req-28b8db6e-5d07-420a-8b51-4c3aae884ddd tempest-AttachSCSIVolumeTestJSON-1547498755 tempest-AttachSCSIVolumeTestJSON-1547498755-project-admin] Format inspector for vmdk does not match, excluding from consideration (Signature KDMV not found: b'QFI\xfb') {{(pid=103051) _process_chunk /opt/stack/data/venv/lib/python3.12/site-packages/oslo_utils/imageutils/format_inspector.py:1758}}
Aug 19 10:04:38.501421 np0000007763 devstack@g-api.service[103051]: DEBUG oslo_utils.imageutils.format_inspector [None req-28b8db6e-5d07-420a-8b51-4c3aae884ddd tempest-AttachSCSIVolumeTestJSON-1547498755 tempest-AttachSCSIVolumeTestJSON-1547498755-project-admin] Format inspector for vhdx does not match, excluding from consideration (Region signature not found at 30000) {{(pid=103051) _process_chunk /opt/stack/data/venv/lib/python3.12/site-packages/oslo_utils/imageutils/format_inspector.py:1758}}
