Aug 19 10:09:38.209002 np0000007763 devstack@g-api.service[103051]: DEBUG glance.api.middleware.version_negotiation [None req-5b2a024e-0292-4902-80fb-93af31a36d2b tempest-AttachVolumeTestJSON-759710062 tempest-AttachVolumeTestJSON-759710062-project-member] Matched version: v2 {{(pid=103051) process_request /opt/stack/glance/glance/api/middleware/version_negotiation.py:69}}
Aug 19 10:09:38.209159 np0000007763 devstack@g-api.service[103051]: DEBUG glance.api.middleware.version_negotiation [None req-5b2a024e-0292-4902-80fb-93af31a36d2b tempest-AttachVolumeTestJSON-759710062 tempest-AttachVolumeTestJSON-759710062-project-member] new path /v2/schemas/image {{(pid=103051) process_request /opt/stack/glance/glance/api/middleware/version_negotiation.py:70}}
Aug 19 10:09:38.214143 np0000007763 devstack@g-api.service[103051]: [pid: 103051|app: 0|req: 87/358] 127.0.0.1 () {44 vars in 1055 bytes} [Wed Aug 19 10:09:38 2026] GET /v2/schemas/image => generated 6083 bytes in 6 msecs (HTTP/1.1 200) 4 headers in 158 bytes (1 switches on core 0)
Aug 19 10:09:38.400594 np0000007763 devstack@g-api.service[103050]: DEBUG glance.api.middleware.version_negotiation [None req-476a3421-6b2c-4acb-a9a7-1081da89eb8f tempest-ServerActionsTestOtherA-1000292492 tempest-ServerActionsTestOtherA-1000292492-project-member] Determining version of request: DELETE /v2/images/1ca2b1c3-fa33-4941-9c3d-bbd02b05e062 Accept: */* {{(pid=103050) process_request /opt/stack/glance/glance/api/middleware/version_negotiation.py:44}}
Aug 19 10:09:38.400744 np0000007763 devstack@g-api.service[103050]: DEBUG glance.api.middleware.version_negotiation [None req-476a3421-6b2c-4acb-a9a7-1081da89eb8f tempest-ServerActionsTestOtherA-1000292492 tempest-ServerActionsTestOtherA-1000292492-project-member] Using url versioning {{(pid=103050) process_request /opt/stack/glance/glance/api/middleware/version_negotiation.py:57}}
Aug 19 10:09:38.400854 np0000007763 devstack@g-api.service[103050]: DEBUG glance.api.middleware.version_negotiation [None req-476a3421-6b2c-4acb-a9a7-1081da89eb8f tempest-ServerActionsTestOtherA-1000292492 tempest-ServerActionsTestOtherA-1000292492-project-member] Matched version: v2 {{(pid=103050) process_request /opt/stack/glance/glance/api/middleware/version_negotiation.py:69}}
Aug 19 10:09:38.400979 np0000007763 devstack@g-api.service[103050]: DEBUG glance.api.middleware.version_negotiation [None req-476a3421-6b2c-4acb-a9a7-1081da89eb8f tempest-ServerActionsTestOtherA-1000292492 tempest-ServerActionsTestOtherA-1000292492-project-member] new path /v2/images/1ca2b1c3-fa33-4941-9c3d-bbd02b05e062 {{(pid=103050) process_request /opt/stack/glance/glance/api/middleware/version_negotiation.py:70}}
Aug 19 10:09:38.424106 np0000007763 devstack@g-api.service[103050]: WARNING glance.api.v2.images [None req-37ccc8cd-3cac-43e1-87eb-bdea77f7eafd tempest-AttachVolumeShelveTestJSON-1331431145 tempest-AttachVolumeShelveTestJSON-1331431145-project-member] After upload to backend, deletion of staged image data has failed because it cannot be found at /tmp/staging//1ca2b1c3-fa33-4941-9c3d-bbd02b05e062
Aug 19 10:09:38.424711 np0000007763 devstack@g-api.service[103050]: DEBUG glance_store.backend [None req-37ccc8cd-3cac-43e1-87eb-bdea77f7eafd tempest-AttachVolumeShelveTestJSON-1331431145 tempest-AttachVolumeShelveTestJSON-1331431145-project-member] Attempting to import store swift {{(pid=103050) _load_store /opt/stack/data/venv/lib/python3.12/site-packages/glance_store/backend.py:215}}
Aug 19 10:09:38.426309 np0000007763 devstack@g-api.service[103050]: DEBUG glance_store.capabilities [None req-37ccc8cd-3cac-43e1-87eb-bdea77f7eafd tempest-AttachVolumeShelveTestJSON-1331431145 tempest-AttachVolumeShelveTestJSON-1331431145-project-member] Store glance_store._drivers.swift.store.SingleTenantStore doesn't support updating dynamic storage capabilities. Please overwrite 'update_capabilities' method of the store to implement updating logics if needed. {{(pid=103050) update_capabilities /opt/stack/data/venv/lib/python3.12/site-packages/glance_store/capabilities.py:91}}
Aug 19 10:09:38.426421 np0000007763 devstack@g-api.service[103050]: DEBUG glance_store.driver [None req-37ccc8cd-3cac-43e1-87eb-bdea77f7eafd tempest-AttachVolumeShelveTestJSON-1331431145 tempest-AttachVolumeShelveTestJSON-1331431145-project-member] Late loading location class glance_store._drivers.swift.store.StoreLocation {{(pid=103050) get_store_location_class /opt/stack/data/venv/lib/python3.12/site-packages/glance_store/driver.py:134}}
Aug 19 10:09:38.426558 np0000007763 devstack@g-api.service[103050]: DEBUG glance_store.location [None req-37ccc8cd-3cac-43e1-87eb-bdea77f7eafd tempest-AttachVolumeShelveTestJSON-1331431145 tempest-AttachVolumeShelveTestJSON-1331431145-project-member] Registering scheme swift+https with {'store': , 'location_class': , 'store_entry': 'swift'} {{(pid=103050) register_scheme_map /opt/stack/data/venv/lib/python3.12/site-packages/glance_store/location.py:146}}
Aug 19 10:09:38.426643 np0000007763 devstack@g-api.service[103050]: DEBUG glance_store.location [None req-37ccc8cd-3cac-43e1-87eb-bdea77f7eafd tempest-AttachVolumeShelveTestJSON-1331431145 tempest-AttachVolumeShelveTestJSON-1331431145-project-member] Registering scheme swift+https with {'store': , 'location_class': , 'store_entry': 'swift'} {{(pid=103050) register_scheme_map /opt/stack/data/venv/lib/python3.12/site-packages/glance_store/location.py:146}}
Aug 19 10:09:38.426690 np0000007763 devstack@g-api.service[103050]: DEBUG glance_store.location [None req-37ccc8cd-3cac-43e1-87eb-bdea77f7eafd tempest-AttachVolumeShelveTestJSON-1331431145 tempest-AttachVolumeShelveTestJSON-1331431145-project-member] Registering scheme swift with {'store': , 'location_class': , 'store_entry': 'swift'} {{(pid=103050) register_scheme_map /opt/stack/data/venv/lib/python3.12/site-packages/glance_store/location.py:146}}
Aug 19 10:09:38.426732 np0000007763 devstack@g-api.service[103050]: DEBUG glance_store.location [None req-37ccc8cd-3cac-43e1-87eb-bdea77f7eafd tempest-AttachVolumeShelveTestJSON-1331431145 tempest-AttachVolumeShelveTestJSON-1331431145-project-member] Registering scheme swift+https with {'store': , 'location_class': , 'store_entry': 'swift'} {{(pid=103050) register_scheme_map /opt/stack/data/venv/lib/python3.12/site-packages/glance_store/location.py:146}}
Aug 19 10:09:38.426798 np0000007763 devstack@g-api.service[103050]: DEBUG glance_store.location [None req-37ccc8cd-3cac-43e1-87eb-bdea77f7eafd tempest-AttachVolumeShelveTestJSON-1331431145 tempest-AttachVolumeShelveTestJSON-1331431145-project-member] Registering scheme swift with {'store': , 'location_class': , 'store_entry': 'swift'} {{(pid=103050) register_scheme_map /opt/stack/data/venv/lib/python3.12/site-packages/glance_store/location.py:146}}
Aug 19 10:09:38.426900 np0000007763 devstack@g-api.service[103050]: DEBUG glance_store.location [None req-37ccc8cd-3cac-43e1-87eb-bdea77f7eafd tempest-AttachVolumeShelveTestJSON-1331431145 tempest-AttachVolumeShelveTestJSON-1331431145-project-member] Registering scheme swift+http with {'store': , 'location_class': , 'store_entry': 'swift'} {{(pid=103050) register_scheme_map /opt/stack/data/venv/lib/python3.12/site-packages/glance_store/location.py:146}}
Aug 19 10:09:38.426970 np0000007763 devstack@g-api.service[103050]: DEBUG glance_store.location [None req-37ccc8cd-3cac-43e1-87eb-bdea77f7eafd tempest-AttachVolumeShelveTestJSON-1331431145 tempest-AttachVolumeShelveTestJSON-1331431145-project-member] Registering scheme swift+https with {'store': , 'location_class': , 'store_entry': 'swift'} {{(pid=103050) register_scheme_map /opt/stack/data/venv/lib/python3.12/site-packages/glance_store/location.py:146}}
Aug 19 10:09:38.427036 np0000007763 devstack@g-api.service[103050]: DEBUG glance_store.location [None req-37ccc8cd-3cac-43e1-87eb-bdea77f7eafd tempest-AttachVolumeShelveTestJSON-1331431145 tempest-AttachVolumeShelveTestJSON-1331431145-project-member] Registering scheme swift with {'store': , 'location_class': , 'store_entry': 'swift'} {{(pid=103050) register_scheme_map /opt/stack/data/venv/lib/python3.12/site-packages/glance_store/location.py:146}}
Aug 19 10:09:38.427254 np0000007763 devstack@g-api.service[103050]: DEBUG glance_store.location [None req-37ccc8cd-3cac-43e1-87eb-bdea77f7eafd tempest-AttachVolumeShelveTestJSON-1331431145 tempest-AttachVolumeShelveTestJSON-1331431145-project-member] Registering scheme swift+http with {'store': , 'location_class': , 'store_entry': 'swift'} {{(pid=103050) register_scheme_map /opt/stack/data/venv/lib/python3.12/site-packages/glance_store/location.py:146}}
Aug 19 10:09:38.427254 np0000007763 devstack@g-api.service[103050]: DEBUG glance_store.location [None req-37ccc8cd-3cac-43e1-87eb-bdea77f7eafd tempest-AttachVolumeShelveTestJSON-1331431145 tempest-AttachVolumeShelveTestJSON-1331431145-project-member] Registering scheme swift+config with {'store': , 'location_class': , 'store_entry': 'swift'} {{(pid=103050) register_scheme_map /opt/stack/data/venv/lib/python3.12/site-packages/glance_store/location.py:146}}
Aug 19 10:09:38.427760 np0000007763 devstack@g-api.service[103050]: DEBUG keystoneclient.auth.identity.v3.base [None req-37ccc8cd-3cac-43e1-87eb-bdea77f7eafd tempest-AttachVolumeShelveTestJSON-1331431145 tempest-AttachVolumeShelveTestJSON-1331431145-project-member] Making authentication request to https://10.4.3.220/identity/v3/auth/tokens {{(pid=103050) get_auth_ref /opt/stack/data/venv/lib/python3.12/site-packages/keystoneclient/auth/identity/v3/base.py:185}}
Aug 19 10:09:38.504113 np0000007763 devstack@g-api.service[103050]: DEBUG keystoneclient.auth.identity.v3.base [None req-37ccc8cd-3cac-43e1-87eb-bdea77f7eafd tempest-AttachVolumeShelveTestJSON-1331431145 tempest-AttachVolumeShelveTestJSON-1331431145-project-member] {"token": {"methods": ["password"], "user": {"domain": {"id": "default", "name": "Default"}, "id": "42a212b45dcf44d0b9cbfc39ba4bfeac", "name": "glance-swift", "password_expires_at": null}, "audit_ids": ["57Sq5u3eTb6vdE_uEukrig"], "expires_at": "2026-08-19T11:09:38.000000Z", "issued_at": "2026-08-19T10:09:38.000000Z", "project": {"domain": {"id": "default", "name": "Default"}, "id": "46c599b639bb4e0c99c26030473bf7e6", "name": "service"}, "is_domain": false, "roles": [{"id": "8d91a49b5f474980a6b856596a98cc48", "name": "service"}, {"id": "1ff06265657e41e384678f29f939100a", "name": "ResellerAdmin"}], "catalog": [{"endpoints": [{"id": "728d977d2b0a4cb5b24ee7a5ebc4beca", "interface": "public", "region_id": "RegionOne", "url": "https://10.4.3.220/volume/v3", "region": "RegionOne"}], "id": "41ca1f33d03c4f8883cf05c68ed78f6f", "type": "block-storage", "name": "cinder"}, {"endpoints": [{"id": "0f17f7d6c39b418580f9af36b8682278", "interface": "public", "region_id": "RegionOne", "url": "https://10.4.3.220/identity", "region": "RegionOne"}], "id": "66f592bdd01b4f9fa7c7e674850ab381", "type": "identity", "name": "keystone"}, {"endpoints": [{"id": "7cd0fda0b8884182b533855d8614d639", "interface": "public", "region_id": "RegionOne", "url": "https://10.4.3.220/placement", "region": "RegionOne"}], "id": "80aaee8b3ec64eba970579d8c54d7553", "type": "placement", "name": "placement"}, {"endpoints": [{"id": "bacde001b7c842b1a896b866c41dec48", "interface": "public", "region_id": "RegionOne", "url": "https://10.4.3.220/compute/v2/46c599b639bb4e0c99c26030473bf7e6", "region": "RegionOne"}], "id": "a50de2bb656b4d51afce3fe3ac4d7a92", "type": "compute_legacy", "name": "nova_legacy"}, {"endpoints": [{"id": "b650e7270a4d4ac9ad545639c3b4f572", "interface": "public", "region_id": "RegionOne", "url": "https://10.4.3.220/compute/v2.1", "region": "RegionOne"}], "id": "b83b278ce0164ff6a4bfcb48e4c4fb27", "type": "compute", "name": "nova"}, {"endpoints": [{"id": "bd81781fcdb84cf6b83cda1c7e81feeb", "interface": "public", "region_id": "RegionOne", "url": "https://10.4.3.220/networking", "region": "RegionOne"}], "id": "e2bb26e8d17b49bf8ad462cfef09b47d", "type": "network", "name": "neutron"}, {"endpoints": [{"id": "480f3288ab0f4866ae1cb6194cd00190", "interface": "public", "region_id": "RegionOne", "url": "https://10.4.3.220:8080/v1/AUTH_46c599b639bb4e0c99c26030473bf7e6", "region": "RegionOne"}, {"id": "daaf5a46315b4bd499b4d476b3ad65c3", "interface": "admin", "region_id": "RegionOne", "url": "https://10.4.3.220:8080", "region": "RegionOne"}], "id": "e7c434de0c5a45c28ee2a0dd32dbabde", "type": "object-store", "name": "swift"}, {"endpoints": [{"id": "f0ceb2f043d6408faabfb9c0aa1591a6", "interface": "public", "region_id": "RegionOne", "url": "https://10.4.3.220/image", "region": "RegionOne"}], "id": "f65e2880f6264fc799beb65a77cedfe4", "type": "image", "name": "glance"}]}} {{(pid=103050) get_auth_ref /opt/stack/data/venv/lib/python3.12/site-packages/keystoneclient/auth/identity/v3/base.py:190}}
Aug 19 10:09:38.504113 np0000007763 devstack@g-api.service[103050]: DEBUG keystoneclient.httpclient [None req-37ccc8cd-3cac-43e1-87eb-bdea77f7eafd tempest-AttachVolumeShelveTestJSON-1331431145 tempest-AttachVolumeShelveTestJSON-1331431145-project-member] Failed to find endpoint for management url admin endpoint for identity service not found {{(pid=103050) _process_management_url /opt/stack/data/venv/lib/python3.12/site-packages/keystoneclient/httpclient.py:670}}
Aug 19 10:09:38.578245 np0000007763 devstack@g-api.service[103052]: DEBUG glance.api.middleware.version_negotiation [None req-5b2a024e-0292-4902-80fb-93af31a36d2b tempest-AttachVolumeTestJSON-759710062 tempest-AttachVolumeTestJSON-759710062-project-member] Determining version of request: GET /versions Accept: */* {{(pid=103052) process_request /opt/stack/glance/glance/api/middleware/version_negotiation.py:44}}
Aug 19 10:09:38.578920 np0000007763 devstack@g-api.service[103052]: [pid: 103052|app: 0|req: 92/359] 127.0.0.1 () {44 vars in 1039 bytes} [Wed Aug 19 10:09:38 2026] GET /versions => generated 1515 bytes in 1 msecs (HTTP/1.1 200) 3 headers in 92 bytes (1 switches on core 0)
Aug 19 10:09:38.588249 np0000007763 devstack@g-api.service[103053]: DEBUG glance.api.middleware.version_negotiation [None req-476a3421-6b2c-4acb-a9a7-1081da89eb8f tempest-ServerActionsTestOtherA-1000292492 tempest-ServerActionsTestOtherA-1000292492-project-member] Determining version of request: GET /v2/images/c6198aa4-777e-417a-87d9-c39fe70c3113/locations Accept: */* {{(pid=103053) process_request /opt/stack/glance/glance/api/middleware/version_negotiation.py:44}}
Aug 19 10:09:38.588249 np0000007763 devstack@g-api.service[103053]: DEBUG glance.api.middleware.version_negotiation [None req-476a3421-6b2c-4acb-a9a7-1081da89eb8f tempest-ServerActionsTestOtherA-1000292492 tempest-ServerActionsTestOtherA-1000292492-project-member] Using url versioning {{(pid=103053) process_request /opt/stack/glance/glance/api/middleware/version_negotiation.py:57}}
Aug 19 10:09:38.588249 np0000007763 devstack@g-api.service[103053]: DEBUG glance.api.middleware.version_negotiation [None req-476a3421-6b2c-4acb-a9a7-1081da89eb8f tempest-ServerActionsTestOtherA-1000292492 tempest-ServerActionsTestOtherA-1000292492-project-member] Matched version: v2 {{(pid=103053) process_request /opt/stack/glance/glance/api/middleware/version_negotiation.py:69}}
Aug 19 10:09:38.588249 np0000007763 devstack@g-api.service[103053]: DEBUG glance.api.middleware.version_negotiation [None req-476a3421-6b2c-4acb-a9a7-1081da89eb8f tempest-ServerActionsTestOtherA-1000292492 tempest-ServerActionsTestOtherA-1000292492-project-member] new path /v2/images/c6198aa4-777e-417a-87d9-c39fe70c3113/locations {{(pid=103053) process_request /opt/stack/glance/glance/api/middleware/version_negotiation.py:70}}
Aug 19 10:09:38.616443 np0000007763 devstack@g-api.service[103050]: DEBUG swiftclient [None req-37ccc8cd-3cac-43e1-87eb-bdea77f7eafd tempest-AttachVolumeShelveTestJSON-1331431145 tempest-AttachVolumeShelveTestJSON-1331431145-project-member] REQ: curl -i https://10.4.3.220:8080/v1/AUTH_46c599b639bb4e0c99c26030473bf7e6/glance/1ca2b1c3-fa33-4941-9c3d-bbd02b05e062 -I -H "X-Auth-Token: gAAAAABqhYDifo4e..." {{(pid=103050) http_log /opt/stack/data/venv/lib/python3.12/site-packages/swiftclient/client.py:160}}
Aug 19 10:09:38.616634 np0000007763 devstack@g-api.service[103050]: DEBUG swiftclient [None req-37ccc8cd-3cac-43e1-87eb-bdea77f7eafd tempest-AttachVolumeShelveTestJSON-1331431145 tempest-AttachVolumeShelveTestJSON-1331431145-project-member] RESP STATUS: 200 OK {{(pid=103050) http_log /opt/stack/data/venv/lib/python3.12/site-packages/swiftclient/client.py:161}}
Aug 19 10:09:38.616870 np0000007763 devstack@g-api.service[103050]: DEBUG swiftclient [None req-37ccc8cd-3cac-43e1-87eb-bdea77f7eafd tempest-AttachVolumeShelveTestJSON-1331431145 tempest-AttachVolumeShelveTestJSON-1331431145-project-member] RESP HEADERS: {'Date': 'Wed, 19 Aug 2026 10:09:38 GMT', 'Server': 'Apache/2.4.58 (Ubuntu)', 'Content-Type': 'application/octet-stream', 'Content-Length': '53542912', 'X-Object-Manifest': 'glance/1ca2b1c3-fa33-4941-9c3d-bbd02b05e062-', 'Last-Modified': 'Wed, 19 Aug 2026 10:09:28 GMT', 'X-Timestamp': '1787134167.21455', 'Accept-Ranges': 'bytes', 'Etag': '"5b4e32ba1e81912d8ad1d9174b5b159d"', 'X-Trans-Id': 'txac48c618c570429688864-006a8580e2', 'X-Openstack-Request-Id': 'txac48c618c570429688864-006a8580e2', 'Connection': 'close'} {{(pid=103050) http_log /opt/stack/data/venv/lib/python3.12/site-packages/swiftclient/client.py:162}}
Aug 19 10:09:38.629667 np0000007763 devstack@g-api.service[103053]: [pid: 103053|app: 0|req: 94/360] 127.0.0.1 () {44 vars in 1135 bytes} [Wed Aug 19 10:09:38 2026] GET /v2/images/c6198aa4-777e-417a-87d9-c39fe70c3113/locations => generated 92 bytes in 43 msecs (HTTP/1.1 200) 4 headers in 156 bytes (1 switches on core 0)
Aug 19 10:09:38.641697 np0000007763 devstack@g-api.service[103051]: DEBUG glance.api.middleware.version_negotiation [None req-476a3421-6b2c-4acb-a9a7-1081da89eb8f tempest-ServerActionsTestOtherA-1000292492 tempest-ServerActionsTestOtherA-1000292492-project-member] Determining version of request: GET /v2/images/c6198aa4-777e-417a-87d9-c39fe70c3113 Accept: */* {{(pid=103051) process_request /opt/stack/glance/glance/api/middleware/version_negotiation.py:44}}
Aug 19 10:09:38.641995 np0000007763 devstack@g-api.service[103051]: DEBUG glance.api.middleware.version_negotiation [None req-476a3421-6b2c-4acb-a9a7-1081da89eb8f tempest-ServerActionsTestOtherA-1000292492 tempest-ServerActionsTestOtherA-1000292492-project-member] Using url versioning {{(pid=103051) process_request /opt/stack/glance/glance/api/middleware/version_negotiation.py:57}}
Aug 19 10:09:38.642060 np0000007763 devstack@g-api.service[103051]: DEBUG glance.api.middleware.version_negotiation [None req-476a3421-6b2c-4acb-a9a7-1081da89eb8f tempest-ServerActionsTestOtherA-1000292492 tempest-ServerActionsTestOtherA-1000292492-project-member] Matched version: v2 {{(pid=103051) process_request /opt/stack/glance/glance/api/middleware/version_negotiation.py:69}}
Aug 19 10:09:38.642124 np0000007763 devstack@g-api.service[103051]: DEBUG glance.api.middleware.version_negotiation [None req-476a3421-6b2c-4acb-a9a7-1081da89eb8f tempest-ServerActionsTestOtherA-1000292492 tempest-ServerActionsTestOtherA-1000292492-project-member] new path /v2/images/c6198aa4-777e-417a-87d9-c39fe70c3113 {{(pid=103051) process_request /opt/stack/glance/glance/api/middleware/version_negotiation.py:70}}
Aug 19 10:09:38.645390 np0000007763 devstack@g-api.service[103050]: DEBUG swiftclient [None req-37ccc8cd-3cac-43e1-87eb-bdea77f7eafd tempest-AttachVolumeShelveTestJSON-1331431145 tempest-AttachVolumeShelveTestJSON-1331431145-project-member] REQ: curl -i https://10.4.3.220:8080/v1/AUTH_46c599b639bb4e0c99c26030473bf7e6/glance?format=json&prefix=1ca2b1c3-fa33-4941-9c3d-bbd02b05e062- -X GET -H "X-Auth-Token: gAAAAABqhYDifo4e..." -H "Accept-Encoding: gzip" {{(pid=103050) http_log /opt/stack/data/venv/lib/python3.12/site-packages/swiftclient/client.py:160}}
Aug 19 10:09:38.645564 np0000007763 devstack@g-api.service[103050]: DEBUG swiftclient [None req-37ccc8cd-3cac-43e1-87eb-bdea77f7eafd tempest-AttachVolumeShelveTestJSON-1331431145 tempest-AttachVolumeShelveTestJSON-1331431145-project-member] RESP STATUS: 200 OK {{(pid=103050) http_log /opt/stack/data/venv/lib/python3.12/site-packages/swiftclient/client.py:161}}
Aug 19 10:09:38.645814 np0000007763 devstack@g-api.service[103050]: DEBUG swiftclient [None req-37ccc8cd-3cac-43e1-87eb-bdea77f7eafd tempest-AttachVolumeShelveTestJSON-1331431145 tempest-AttachVolumeShelveTestJSON-1331431145-project-member] RESP HEADERS: {'Date': 'Wed, 19 Aug 2026 10:09:38 GMT', 'Server': 'Apache/2.4.58 (Ubuntu)', 'Content-Type': 'application/json; charset=utf-8', 'Content-Length': '210', 'X-Container-Object-Count': '5', 'X-Container-Bytes-Used': '117899264', 'X-Timestamp': '1787133767.37281', 'Last-Modified': 'Wed, 19 Aug 2026 10:02:48 GMT', 'Accept-Ranges': 'bytes', 'X-Storage-Policy': 'Policy-0', 'X-Container-Sharding': 'False', 'X-Trans-Id': 'txd81de6569ad24d2e9f085-006a8580e2', 'X-Openstack-Request-Id': 'txd81de6569ad24d2e9f085-006a8580e2', 'Connection': 'close'} {{(pid=103050) http_log /opt/stack/data/venv/lib/python3.12/site-packages/swiftclient/client.py:162}}
Aug 19 10:09:38.646035 np0000007763 devstack@g-api.service[103050]: DEBUG swiftclient [None req-37ccc8cd-3cac-43e1-87eb-bdea77f7eafd tempest-AttachVolumeShelveTestJSON-1331431145 tempest-AttachVolumeShelveTestJSON-1331431145-project-member] RESP BODY: b'[{"bytes": 53542912, "hash": "dd9c173d6f5fe74b59e66a22989aed1c", "name": "1ca2b1c3-fa33-4941-9c3d-bbd02b05e062-00001", "content_type": "application/octet-stream", "last_modified": "2026-08-19T10:09:26.732320"}]' {{(pid=103050) http_log /opt/stack/data/venv/lib/python3.12/site-packages/swiftclient/client.py:166}}
Aug 19 10:09:38.665548 np0000007763 devstack@g-api.service[103051]: [pid: 103051|app: 0|req: 88/361] 127.0.0.1 () {44 vars in 1115 bytes} [Wed Aug 19 10:09:38 2026] GET /v2/images/c6198aa4-777e-417a-87d9-c39fe70c3113 => generated 1044 bytes in 24 msecs (HTTP/1.1 200) 4 headers in 158 bytes (1 switches on core 0)
Aug 19 10:09:38.674531 np0000007763 devstack@g-api.service[103052]: DEBUG glance.api.middleware.version_negotiation [None req-5b2a024e-0292-4902-80fb-93af31a36d2b tempest-AttachVolumeTestJSON-759710062 tempest-AttachVolumeTestJSON-759710062-project-member] Determining version of request: GET /v2/schemas/image Accept: */* {{(pid=103052) process_request /opt/stack/glance/glance/api/middleware/version_negotiation.py:44}}
Aug 19 10:09:38.674853 np0000007763 devstack@g-api.service[103052]: DEBUG glance.api.middleware.version_negotiation [None req-5b2a024e-0292-4902-80fb-93af31a36d2b tempest-AttachVolumeTestJSON-759710062 tempest-AttachVolumeTestJSON-759710062-project-member] Using url versioning {{(pid=103052) process_request /opt/stack/glance/glance/api/middleware/version_negotiation.py:57}}
Aug 19 10:09:38.674979 np0000007763 devstack@g-api.service[103052]: DEBUG glance.api.middleware.version_negotiation [None req-5b2a024e-0292-4902-80fb-93af31a36d2b tempest-AttachVolumeTestJSON-759710062 tempest-AttachVolumeTestJSON-759710062-project-member] Matched version: v2 {{(pid=103052) process_request /opt/stack/glance/glance/api/middleware/version_negotiation.py:69}}
Aug 19 10:09:38.674979 np0000007763 devstack@g-api.service[103052]: DEBUG glance.api.middleware.version_negotiation [None req-5b2a024e-0292-4902-80fb-93af31a36d2b tempest-AttachVolumeTestJSON-759710062 tempest-AttachVolumeTestJSON-759710062-project-member] new path /v2/schemas/image {{(pid=103052) process_request /opt/stack/glance/glance/api/middleware/version_negotiation.py:70}}
Aug 19 10:09:38.679535 np0000007763 devstack@g-api.service[103052]: [pid: 103052|app: 0|req: 93/362] 127.0.0.1 () {44 vars in 1055 bytes} [Wed Aug 19 10:09:38 2026] GET /v2/schemas/image => generated 6083 bytes in 5 msecs (HTTP/1.1 200) 4 headers in 158 bytes (1 switches on core 0)
Aug 19 10:09:38.686079 np0000007763 devstack@g-api.service[103050]: DEBUG swiftclient [None req-37ccc8cd-3cac-43e1-87eb-bdea77f7eafd tempest-AttachVolumeShelveTestJSON-1331431145 tempest-AttachVolumeShelveTestJSON-1331431145-project-member] REQ: curl -i https://10.4.3.220:8080/v1/AUTH_46c599b639bb4e0c99c26030473bf7e6/glance/1ca2b1c3-fa33-4941-9c3d-bbd02b05e062-00001 DELETE -H "X-Auth-Token: gAAAAABqhYDifo4e..." {{(pid=103050) http_log /opt/stack/data/venv/lib/python3.12/site-packages/swiftclient/client.py:160}}
Aug 19 10:09:38.687370 np0000007763 devstack@g-api.service[103050]: DEBUG swiftclient [None req-37ccc8cd-3cac-43e1-87eb-bdea77f7eafd tempest-AttachVolumeShelveTestJSON-1331431145 tempest-AttachVolumeShelveTestJSON-1331431145-project-member] RESP STATUS: 204 No Content {{(pid=103050) http_log /opt/stack/data/venv/lib/python3.12/site-packages/swiftclient/client.py:161}}
Aug 19 10:09:38.688212 np0000007763 devstack@g-api.service[103050]: DEBUG swiftclient [None req-37ccc8cd-3cac-43e1-87eb-bdea77f7eafd tempest-AttachVolumeShelveTestJSON-1331431145 tempest-AttachVolumeShelveTestJSON-1331431145-project-member] RESP HEADERS: {'Date': 'Wed, 19 Aug 2026 10:09:38 GMT', 'Server': 'Apache/2.4.58 (Ubuntu)', 'Content-Type': 'text/html; charset=UTF-8', 'X-Trans-Id': 'tx4f60a485240640a886c10-006a8580e2', 'X-Openstack-Request-Id': 'tx4f60a485240640a886c10-006a8580e2', 'Connection': 'close'} {{(pid=103050) http_log /opt/stack/data/venv/lib/python3.12/site-packages/swiftclient/client.py:162}}
Aug 19 10:09:38.692792 np0000007763 devstack@g-api.service[103053]: DEBUG glance.api.middleware.version_negotiation [None req-476a3421-6b2c-4acb-a9a7-1081da89eb8f service glance] Determining version of request: GET /v2/schemas/image Accept: */* {{(pid=103053) process_request /opt/stack/glance/glance/api/middleware/version_negotiation.py:44}}
Aug 19 10:09:38.692935 np0000007763 devstack@g-api.service[103053]: DEBUG glance.api.middleware.version_negotiation [None req-476a3421-6b2c-4acb-a9a7-1081da89eb8f service glance] Using url versioning {{(pid=103053) process_request /opt/stack/glance/glance/api/middleware/version_negotiation.py:57}}
Aug 19 10:09:38.693084 np0000007763 devstack@g-api.service[103053]: DEBUG glance.api.middleware.version_negotiation [None req-476a3421-6b2c-4acb-a9a7-1081da89eb8f service glance] Matched version: v2 {{(pid=103053) process_request /opt/stack/glance/glance/api/middleware/version_negotiation.py:69}}
Aug 19 10:09:38.693261 np0000007763 devstack@g-api.service[103053]: DEBUG glance.api.middleware.version_negotiation [None req-476a3421-6b2c-4acb-a9a7-1081da89eb8f service glance] new path /v2/schemas/image {{(pid=103053) process_request /opt/stack/glance/glance/api/middleware/version_negotiation.py:70}}
Aug 19 10:09:38.695477 np0000007763 devstack@g-api.service[103053]: [pid: 103053|app: 0|req: 95/363] 127.0.0.1 () {44 vars in 1055 bytes} [Wed Aug 19 10:09:38 2026] GET /v2/schemas/image => generated 6083 bytes in 3 msecs (HTTP/1.1 200) 4 headers in 158 bytes (1 switches on core 0)
Aug 19 10:09:38.733658 np0000007763 devstack@g-api.service[103050]: DEBUG swiftclient [None req-37ccc8cd-3cac-43e1-87eb-bdea77f7eafd tempest-AttachVolumeShelveTestJSON-1331431145 tempest-AttachVolumeShelveTestJSON-1331431145-project-member] REQ: curl -i https://10.4.3.220:8080/v1/AUTH_46c599b639bb4e0c99c26030473bf7e6/glance/1ca2b1c3-fa33-4941-9c3d-bbd02b05e062 DELETE -H "X-Auth-Token: gAAAAABqhYDifo4e..." {{(pid=103050) http_log /opt/stack/data/venv/lib/python3.12/site-packages/swiftclient/client.py:160}}
Aug 19 10:09:38.733873 np0000007763 devstack@g-api.service[103050]: DEBUG swiftclient [None req-37ccc8cd-3cac-43e1-87eb-bdea77f7eafd tempest-AttachVolumeShelveTestJSON-1331431145 tempest-AttachVolumeShelveTestJSON-1331431145-project-member] RESP STATUS: 204 No Content {{(pid=103050) http_log /opt/stack/data/venv/lib/python3.12/site-packages/swiftclient/client.py:161}}
Aug 19 10:09:38.734098 np0000007763 devstack@g-api.service[103050]: DEBUG swiftclient [None req-37ccc8cd-3cac-43e1-87eb-bdea77f7eafd tempest-AttachVolumeShelveTestJSON-1331431145 tempest-AttachVolumeShelveTestJSON-1331431145-project-member] RESP HEADERS: {'Date': 'Wed, 19 Aug 2026 10:09:38 GMT', 'Server': 'Apache/2.4.58 (Ubuntu)', 'Content-Type': 'text/html; charset=UTF-8', 'X-Trans-Id': 'tx0d0a3ecec4384e49bd46d-006a8580e2', 'X-Openstack-Request-Id': 'tx0d0a3ecec4384e49bd46d-006a8580e2', 'Connection': 'close'} {{(pid=103050) http_log /opt/stack/data/venv/lib/python3.12/site-packages/swiftclient/client.py:162}}
Aug 19 10:09:38.858128 np0000007763 devstack@g-api.service[103050]: DEBUG glance.api.middleware.cache [None req-37ccc8cd-3cac-43e1-87eb-bdea77f7eafd tempest-AttachVolumeShelveTestJSON-1331431145 tempest-AttachVolumeShelveTestJSON-1331431145-project-member] Removing image 1ca2b1c3-fa33-4941-9c3d-bbd02b05e062 from cache {{(pid=103050) _process_DELETE_response /opt/stack/glance/glance/api/middleware/cache.py:264}}
Aug 19 10:09:38.858384 np0000007763 devstack@g-api.service[103050]: DEBUG glance.image_cache.drivers.centralized_db [None req-37ccc8cd-3cac-43e1-87eb-bdea77f7eafd tempest-AttachVolumeShelveTestJSON-1331431145 tempest-AttachVolumeShelveTestJSON-1331431145-project-member] Deleting image cache file '/opt/stack/data/glance/cache/1ca2b1c3-fa33-4941-9c3d-bbd02b05e062' {{(pid=103050) delete_cached_file /opt/stack/glance/glance/image_cache/drivers/centralized_db.py:400}}
Aug 19 10:09:38.890018 np0000007763 devstack@g-api.service[103050]: [pid: 103050|app: 0|req: 88/364] 127.0.0.1 () {46 vars in 1137 bytes} [Wed Aug 19 10:09:38 2026] DELETE /v2/images/1ca2b1c3-fa33-4941-9c3d-bbd02b05e062 => generated 0 bytes in 489 msecs (HTTP/1.1 204) 4 headers in 171 bytes (1 switches on core 0)
Aug 19 10:09:44.032858 np0000007763 devstack@g-api.service[103051]: DEBUG glance.api.middleware.version_negotiation [None req-476a3421-6b2c-4acb-a9a7-1081da89eb8f tempest-ServerActionsTestOtherA-1000292492 tempest-ServerActionsTestOtherA-1000292492-project-member] Determining version of request: GET /v2/images/c6198aa4-777e-417a-87d9-c39fe70c3113 Accept: */* {{(pid=103051) process_request /opt/stack/glance/glance/api/middleware/version_negotiation.py:44}}
Aug 19 10:09:44.033176 np0000007763 devstack@g-api.service[103051]: DEBUG glance.api.middleware.version_negotiation [None req-476a3421-6b2c-4acb-a9a7-1081da89eb8f tempest-ServerActionsTestOtherA-1000292492 tempest-ServerActionsTestOtherA-1000292492-project-member] Using url versioning {{(pid=103051) process_request /opt/stack/glance/glance/api/middleware/version_negotiation.py:57}}
Aug 19 10:09:44.033176 np0000007763 devstack@g-api.service[103051]: DEBUG glance.api.middleware.version_negotiation [None req-476a3421-6b2c-4acb-a9a7-1081da89eb8f tempest-ServerActionsTestOtherA-1000292492 tempest-ServerActionsTestOtherA-1000292492-project-member] Matched version: v2 {{(pid=103051) process_request /opt/stack/glance/glance/api/middleware/version_negotiation.py:69}}
Aug 19 10:09:44.033273 np0000007763 devstack@g-api.service[103051]: DEBUG glance.api.middleware.version_negotiation [None req-476a3421-6b2c-4acb-a9a7-1081da89eb8f tempest-ServerActionsTestOtherA-1000292492 tempest-ServerActionsTestOtherA-1000292492-project-member] new path /v2/images/c6198aa4-777e-417a-87d9-c39fe70c3113 {{(pid=103051) process_request /opt/stack/glance/glance/api/middleware/version_negotiation.py:70}}
Aug 19 10:09:44.048623 np0000007763 devstack@g-api.service[103051]: [pid: 103051|app: 0|req: 89/365] 127.0.0.1 () {44 vars in 1115 bytes} [Wed Aug 19 10:09:44 2026] GET /v2/images/c6198aa4-777e-417a-87d9-c39fe70c3113 => generated 1044 bytes in 13 msecs (HTTP/1.1 200) 4 headers in 158 bytes (1 switches on core 0)
Aug 19 10:09:44.100482 np0000007763 devstack@g-api.service[103052]: DEBUG glance.api.middleware.version_negotiation [None req-476a3421-6b2c-4acb-a9a7-1081da89eb8f tempest-ServerActionsTestOtherA-1000292492 tempest-ServerActionsTestOtherA-1000292492-project-member] Determining version of request: GET /v2/schemas/image Accept: */* {{(pid=103052) process_request /opt/stack/glance/glance/api/middleware/version_negotiation.py:44}}
Aug 19 10:09:44.100924 np0000007763 devstack@g-api.service[103052]: DEBUG glance.api.middleware.version_negotiation [None req-476a3421-6b2c-4acb-a9a7-1081da89eb8f tempest-ServerActionsTestOtherA-1000292492 tempest-ServerActionsTestOtherA-1000292492-project-member] Using url versioning {{(pid=103052) process_request /opt/stack/glance/glance/api/middleware/version_negotiation.py:57}}
Aug 19 10:09:44.100924 np0000007763 devstack@g-api.service[103052]: DEBUG glance.api.middleware.version_negotiation [None req-476a3421-6b2c-4acb-a9a7-1081da89eb8f tempest-ServerActionsTestOtherA-1000292492 tempest-ServerActionsTestOtherA-1000292492-project-member] Matched version: v2 {{(pid=103052) process_request /opt/stack/glance/glance/api/middleware/version_negotiation.py:69}}
Aug 19 10:09:44.100924 np0000007763 devstack@g-api.service[103052]: DEBUG glance.api.middleware.version_negotiation [None req-476a3421-6b2c-4acb-a9a7-1081da89eb8f tempest-ServerActionsTestOtherA-1000292492 tempest-ServerActionsTestOtherA-1000292492-project-member] new path /v2/schemas/image {{(pid=103052) process_request /opt/stack/glance/glance/api/middleware/version_negotiation.py:70}}
Aug 19 10:09:44.103307 np0000007763 devstack@g-api.service[103052]: [pid: 103052|app: 0|req: 94/366] 127.0.0.1 () {44 vars in 1055 bytes} [Wed Aug 19 10:09:44 2026] GET /v2/schemas/image => generated 6083 bytes in 3 msecs (HTTP/1.1 200) 4 headers in 158 bytes (1 switches on core 0)
Aug 19 10:09:46.720697 np0000007763 devstack@g-api.service[103053]: DEBUG glance.api.middleware.version_negotiation [None req-476a3421-6b2c-4acb-a9a7-1081da89eb8f tempest-ServerActionsTestOtherA-1000292492 tempest-ServerActionsTestOtherA-1000292492-project-member] Determining version of request: GET /v2/images/c6198aa4-777e-417a-87d9-c39fe70c3113 Accept: application/json {{(pid=103053) process_request /opt/stack/glance/glance/api/middleware/version_negotiation.py:44}}
Aug 19 10:09:46.721020 np0000007763 devstack@g-api.service[103053]: DEBUG glance.api.middleware.version_negotiation [None req-476a3421-6b2c-4acb-a9a7-1081da89eb8f tempest-ServerActionsTestOtherA-1000292492 tempest-ServerActionsTestOtherA-1000292492-project-member] Using url versioning {{(pid=103053) process_request /opt/stack/glance/glance/api/middleware/version_negotiation.py:57}}
Aug 19 10:09:46.721110 np0000007763 devstack@g-api.service[103053]: DEBUG glance.api.middleware.version_negotiation [None req-476a3421-6b2c-4acb-a9a7-1081da89eb8f tempest-ServerActionsTestOtherA-1000292492 tempest-ServerActionsTestOtherA-1000292492-project-member] Matched version: v2 {{(pid=103053) process_request /opt/stack/glance/glance/api/middleware/version_negotiation.py:69}}
Aug 19 10:09:46.721238 np0000007763 devstack@g-api.service[103053]: DEBUG glance.api.middleware.version_negotiation [None req-476a3421-6b2c-4acb-a9a7-1081da89eb8f tempest-ServerActionsTestOtherA-1000292492 tempest-ServerActionsTestOtherA-1000292492-project-member] new path /v2/images/c6198aa4-777e-417a-87d9-c39fe70c3113 {{(pid=103053) process_request /opt/stack/glance/glance/api/middleware/version_negotiation.py:70}}
Aug 19 10:09:46.730710 np0000007763 devstack@g-api.service[103053]: [pid: 103053|app: 0|req: 96/367] 127.0.0.1 () {40 vars in 838 bytes} [Wed Aug 19 10:09:46 2026] GET /v2/images/c6198aa4-777e-417a-87d9-c39fe70c3113 => generated 1044 bytes in 10 msecs (HTTP/1.1 200) 4 headers in 158 bytes (1 switches on core 0)
Aug 19 10:09:46.738774 np0000007763 devstack@g-api.service[103050]: DEBUG glance.api.middleware.version_negotiation [None req-37ccc8cd-3cac-43e1-87eb-bdea77f7eafd tempest-AttachVolumeShelveTestJSON-1331431145 tempest-AttachVolumeShelveTestJSON-1331431145-project-member] Determining version of request: GET /v2/images/c6198aa4-777e-417a-87d9-c39fe70c3113 Accept: application/json {{(pid=103050) process_request /opt/stack/glance/glance/api/middleware/version_negotiation.py:44}}
Aug 19 10:09:46.739062 np0000007763 devstack@g-api.service[103050]: DEBUG glance.api.middleware.version_negotiation [None req-37ccc8cd-3cac-43e1-87eb-bdea77f7eafd tempest-AttachVolumeShelveTestJSON-1331431145 tempest-AttachVolumeShelveTestJSON-1331431145-project-member] Using url versioning {{(pid=103050) process_request /opt/stack/glance/glance/api/middleware/version_negotiation.py:57}}
Aug 19 10:09:46.739142 np0000007763 devstack@g-api.service[103050]: DEBUG glance.api.middleware.version_negotiation [None req-37ccc8cd-3cac-43e1-87eb-bdea77f7eafd tempest-AttachVolumeShelveTestJSON-1331431145 tempest-AttachVolumeShelveTestJSON-1331431145-project-member] Matched version: v2 {{(pid=103050) process_request /opt/stack/glance/glance/api/middleware/version_negotiation.py:69}}
Aug 19 10:09:46.739180 np0000007763 devstack@g-api.service[103050]: DEBUG glance.api.middleware.version_negotiation [None req-37ccc8cd-3cac-43e1-87eb-bdea77f7eafd tempest-AttachVolumeShelveTestJSON-1331431145 tempest-AttachVolumeShelveTestJSON-1331431145-project-member] new path /v2/images/c6198aa4-777e-417a-87d9-c39fe70c3113 {{(pid=103050) process_request /opt/stack/glance/glance/api/middleware/version_negotiation.py:70}}
Aug 19 10:09:46.748091 np0000007763 devstack@g-api.service[103050]: [pid: 103050|app: 0|req: 89/368] 127.0.0.1 () {40 vars in 838 bytes} [Wed Aug 19 10:09:46 2026] GET /v2/images/c6198aa4-777e-417a-87d9-c39fe70c3113 => generated 1044 bytes in 9 msecs (HTTP/1.1 200) 4 headers in 158 bytes (1 switches on core 0)
Aug 19 10:09:48.116469 np0000007763 devstack@g-api.service[103052]: DEBUG dbcounter [-] [103052] Writing DB stats glance:SELECT=12 {{(pid=103052) stat_writer /opt/stack/data/venv/lib/python3.12/site-packages/dbcounter.py:115}}
Aug 19 10:09:48.131464 np0000007763 devstack@g-api.service[103051]: DEBUG glance.api.middleware.version_negotiation [None req-99263a06-aa01-4830-896f-8e71c0ce44d4 tempest-VolumesBackupsTest-120001523 tempest-VolumesBackupsTest-120001523-project-member] Determining version of request: GET /v2/images/c6198aa4-777e-417a-87d9-c39fe70c3113 Accept: */* {{(pid=103051) process_request /opt/stack/glance/glance/api/middleware/version_negotiation.py:44}}
Aug 19 10:09:48.131763 np0000007763 devstack@g-api.service[103051]: DEBUG glance.api.middleware.version_negotiation [None req-99263a06-aa01-4830-896f-8e71c0ce44d4 tempest-VolumesBackupsTest-120001523 tempest-VolumesBackupsTest-120001523-project-member] Using url versioning {{(pid=103051) process_request /opt/stack/glance/glance/api/middleware/version_negotiation.py:57}}
Aug 19 10:09:48.131763 np0000007763 devstack@g-api.service[103051]: DEBUG glance.api.middleware.version_negotiation [None req-99263a06-aa01-4830-896f-8e71c0ce44d4 tempest-VolumesBackupsTest-120001523 tempest-VolumesBackupsTest-120001523-project-member] Matched version: v2 {{(pid=103051) process_request /opt/stack/glance/glance/api/middleware/version_negotiation.py:69}}
Aug 19 10:09:48.131827 np0000007763 devstack@g-api.service[103051]: DEBUG glance.api.middleware.version_negotiation [None req-99263a06-aa01-4830-896f-8e71c0ce44d4 tempest-VolumesBackupsTest-120001523 tempest-VolumesBackupsTest-120001523-project-member] new path /v2/images/c6198aa4-777e-417a-87d9-c39fe70c3113 {{(pid=103051) process_request /opt/stack/glance/glance/api/middleware/version_negotiation.py:70}}
Aug 19 10:09:48.149341 np0000007763 devstack@g-api.service[103051]: [pid: 103051|app: 0|req: 90/369] 127.0.0.1 () {44 vars in 1115 bytes} [Wed Aug 19 10:09:48 2026] GET /v2/images/c6198aa4-777e-417a-87d9-c39fe70c3113 => generated 1044 bytes in 17 msecs (HTTP/1.1 200) 4 headers in 158 bytes (1 switches on core 0)
Aug 19 10:09:48.203249 np0000007763 devstack@g-api.service[103052]: DEBUG glance.api.middleware.version_negotiation [None req-99263a06-aa01-4830-896f-8e71c0ce44d4 tempest-VolumesBackupsTest-120001523 tempest-VolumesBackupsTest-120001523-project-member] Determining version of request: GET /v2/schemas/image Accept: */* {{(pid=103052) process_request /opt/stack/glance/glance/api/middleware/version_negotiation.py:44}}
Aug 19 10:09:48.203249 np0000007763 devstack@g-api.service[103052]: DEBUG glance.api.middleware.version_negotiation [None req-99263a06-aa01-4830-896f-8e71c0ce44d4 tempest-VolumesBackupsTest-120001523 tempest-VolumesBackupsTest-120001523-project-member] Using url versioning {{(pid=103052) process_request /opt/stack/glance/glance/api/middleware/version_negotiation.py:57}}
Aug 19 10:09:48.203249 np0000007763 devstack@g-api.service[103052]: DEBUG glance.api.middleware.version_negotiation [None req-99263a06-aa01-4830-896f-8e71c0ce44d4 tempest-VolumesBackupsTest-120001523 tempest-VolumesBackupsTest-120001523-project-member] Matched version: v2 {{(pid=103052) process_request /opt/stack/glance/glance/api/middleware/version_negotiation.py:69}}
Aug 19 10:09:48.203249 np0000007763 devstack@g-api.service[103052]: DEBUG glance.api.middleware.version_negotiation [None req-99263a06-aa01-4830-896f-8e71c0ce44d4 tempest-VolumesBackupsTest-120001523 tempest-VolumesBackupsTest-120001523-project-member] new path /v2/schemas/image {{(pid=103052) process_request /opt/stack/glance/glance/api/middleware/version_negotiation.py:70}}
Aug 19 10:09:48.206389 np0000007763 devstack@g-api.service[103052]: [pid: 103052|app: 0|req: 95/370] 127.0.0.1 () {44 vars in 1055 bytes} [Wed Aug 19 10:09:48 2026] GET /v2/schemas/image => generated 6083 bytes in 4 msecs (HTTP/1.1 200) 4 headers in 158 bytes (1 switches on core 0)
Aug 19 10:09:50.265232 np0000007763 devstack@g-api.service[103053]: DEBUG glance.api.middleware.version_negotiation [None req-6cc9e5f7-bc5f-4ff7-bd97-243216f3561b tempest-AttachVolumeMultiAttachTest-2052858419 tempest-AttachVolumeMultiAttachTest-2052858419-project-member] Determining version of request: GET /v2/images/c6198aa4-777e-417a-87d9-c39fe70c3113 Accept: application/json {{(pid=103053) process_request /opt/stack/glance/glance/api/middleware/version_negotiation.py:44}}
Aug 19 10:09:50.265500 np0000007763 devstack@g-api.service[103053]: DEBUG glance.api.middleware.version_negotiation [None req-6cc9e5f7-bc5f-4ff7-bd97-243216f3561b tempest-AttachVolumeMultiAttachTest-2052858419 tempest-AttachVolumeMultiAttachTest-2052858419-project-member] Using url versioning {{(pid=103053) process_request /opt/stack/glance/glance/api/middleware/version_negotiation.py:57}}
Aug 19 10:09:50.265555 np0000007763 devstack@g-api.service[103053]: DEBUG glance.api.middleware.version_negotiation [None req-6cc9e5f7-bc5f-4ff7-bd97-243216f3561b tempest-AttachVolumeMultiAttachTest-2052858419 tempest-AttachVolumeMultiAttachTest-2052858419-project-member] Matched version: v2 {{(pid=103053) process_request /opt/stack/glance/glance/api/middleware/version_negotiation.py:69}}
Aug 19 10:09:50.266038 np0000007763 devstack@g-api.service[103053]: DEBUG glance.api.middleware.version_negotiation [None req-6cc9e5f7-bc5f-4ff7-bd97-243216f3561b tempest-AttachVolumeMultiAttachTest-2052858419 tempest-AttachVolumeMultiAttachTest-2052858419-project-member] new path /v2/images/c6198aa4-777e-417a-87d9-c39fe70c3113 {{(pid=103053) process_request /opt/stack/glance/glance/api/middleware/version_negotiation.py:70}}
Aug 19 10:09:50.278176 np0000007763 devstack@g-api.service[103053]: [pid: 103053|app: 0|req: 97/371] 127.0.0.1 () {40 vars in 838 bytes} [Wed Aug 19 10:09:50 2026] GET /v2/images/c6198aa4-777e-417a-87d9-c39fe70c3113 => generated 1044 bytes in 13 msecs (HTTP/1.1 200) 4 headers in 158 bytes (1 switches on core 0)
Aug 19 10:09:50.301620 np0000007763 devstack@g-api.service[103050]: DEBUG glance.api.middleware.version_negotiation [None req-fd565339-ea11-4caf-bc20-3f12e1f5e8c8 tempest-AttachVolumeMultiAttachTest-2052858419 tempest-AttachVolumeMultiAttachTest-2052858419-project-member] Determining version of request: GET /v2/images/c6198aa4-777e-417a-87d9-c39fe70c3113 Accept: */* {{(pid=103050) process_request /opt/stack/glance/glance/api/middleware/version_negotiation.py:44}}
Aug 19 10:09:50.301990 np0000007763 devstack@g-api.service[103050]: DEBUG glance.api.middleware.version_negotiation [None req-fd565339-ea11-4caf-bc20-3f12e1f5e8c8 tempest-AttachVolumeMultiAttachTest-2052858419 tempest-AttachVolumeMultiAttachTest-2052858419-project-member] Using url versioning {{(pid=103050) process_request /opt/stack/glance/glance/api/middleware/version_negotiation.py:57}}
Aug 19 10:09:50.301990 np0000007763 devstack@g-api.service[103050]: DEBUG glance.api.middleware.version_negotiation [None req-fd565339-ea11-4caf-bc20-3f12e1f5e8c8 tempest-AttachVolumeMultiAttachTest-2052858419 tempest-AttachVolumeMultiAttachTest-2052858419-project-member] Matched version: v2 {{(pid=103050) process_request /opt/stack/glance/glance/api/middleware/version_negotiation.py:69}}
Aug 19 10:09:50.301990 np0000007763 devstack@g-api.service[103050]: DEBUG glance.api.middleware.version_negotiation [None req-fd565339-ea11-4caf-bc20-3f12e1f5e8c8 tempest-AttachVolumeMultiAttachTest-2052858419 tempest-AttachVolumeMultiAttachTest-2052858419-project-member] new path /v2/images/c6198aa4-777e-417a-87d9-c39fe70c3113 {{(pid=103050) process_request /opt/stack/glance/glance/api/middleware/version_negotiation.py:70}}
Aug 19 10:09:50.314971 np0000007763 devstack@g-api.service[103050]: [pid: 103050|app: 0|req: 90/372] 127.0.0.1 () {44 vars in 1115 bytes} [Wed Aug 19 10:09:50 2026] GET /v2/images/c6198aa4-777e-417a-87d9-c39fe70c3113 => generated 1044 bytes in 13 msecs (HTTP/1.1 200) 4 headers in 158 bytes (1 switches on core 0)
Aug 19 10:09:50.322713 np0000007763 devstack@g-api.service[103051]: DEBUG glance.api.middleware.version_negotiation [None req-cf550922-501f-479a-91b1-5932e96c3208 tempest-AttachVolumeMultiAttachTest-2052858419 tempest-AttachVolumeMultiAttachTest-2052858419-project-member] Determining version of request: GET /v2/schemas/image Accept: */* {{(pid=103051) process_request /opt/stack/glance/glance/api/middleware/version_negotiation.py:44}}
Aug 19 10:09:50.323035 np0000007763 devstack@g-api.service[103051]: DEBUG glance.api.middleware.version_negotiation [None req-cf550922-501f-479a-91b1-5932e96c3208 tempest-AttachVolumeMultiAttachTest-2052858419 tempest-AttachVolumeMultiAttachTest-2052858419-project-member] Using url versioning {{(pid=103051) process_request /opt/stack/glance/glance/api/middleware/version_negotiation.py:57}}
Aug 19 10:09:50.323035 np0000007763 devstack@g-api.service[103051]: DEBUG glance.api.middleware.version_negotiation [None req-cf550922-501f-479a-91b1-5932e96c3208 tempest-AttachVolumeMultiAttachTest-2052858419 tempest-AttachVolumeMultiAttachTest-2052858419-project-member] Matched version: v2 {{(pid=103051) process_request /opt/stack/glance/glance/api/middleware/version_negotiation.py:69}}
Aug 19 10:09:50.323035 np0000007763 devstack@g-api.service[103051]: DEBUG glance.api.middleware.version_negotiation [None req-cf550922-501f-479a-91b1-5932e96c3208 tempest-AttachVolumeMultiAttachTest-2052858419 tempest-AttachVolumeMultiAttachTest-2052858419-project-member] new path /v2/schemas/image {{(pid=103051) process_request /opt/stack/glance/glance/api/middleware/version_negotiation.py:70}}
Aug 19 10:09:50.325064 np0000007763 devstack@g-api.service[103051]: [pid: 103051|app: 0|req: 91/373] 127.0.0.1 () {44 vars in 1055 bytes} [Wed Aug 19 10:09:50 2026] GET /v2/schemas/image => generated 6083 bytes in 2 msecs (HTTP/1.1 200) 4 headers in 158 bytes (1 switches on core 0)
Aug 19 10:09:50.333552 np0000007763 devstack@g-api.service[103052]: DEBUG glance.api.middleware.version_negotiation [None req-cf550922-501f-479a-91b1-5932e96c3208 tempest-AttachVolumeMultiAttachTest-2052858419 tempest-AttachVolumeMultiAttachTest-2052858419-project-member] Determining version of request: GET /v2/schemas/image Accept: */* {{(pid=103052) process_request /opt/stack/glance/glance/api/middleware/version_negotiation.py:44}}
Aug 19 10:09:50.333962 np0000007763 devstack@g-api.service[103052]: DEBUG glance.api.middleware.version_negotiation [None req-cf550922-501f-479a-91b1-5932e96c3208 tempest-AttachVolumeMultiAttachTest-2052858419 tempest-AttachVolumeMultiAttachTest-2052858419-project-member] Using url versioning {{(pid=103052) process_request /opt/stack/glance/glance/api/middleware/version_negotiation.py:57}}
Aug 19 10:09:50.333962 np0000007763 devstack@g-api.service[103052]: DEBUG glance.api.middleware.version_negotiation [None req-cf550922-501f-479a-91b1-5932e96c3208 tempest-AttachVolumeMultiAttachTest-2052858419 tempest-AttachVolumeMultiAttachTest-2052858419-project-member] Matched version: v2 {{(pid=103052) process_request /opt/stack/glance/glance/api/middleware/version_negotiation.py:69}}
Aug 19 10:09:50.333962 np0000007763 devstack@g-api.service[103052]: DEBUG glance.api.middleware.version_negotiation [None req-cf550922-501f-479a-91b1-5932e96c3208 tempest-AttachVolumeMultiAttachTest-2052858419 tempest-AttachVolumeMultiAttachTest-2052858419-project-member] new path /v2/schemas/image {{(pid=103052) process_request /opt/stack/glance/glance/api/middleware/version_negotiation.py:70}}
Aug 19 10:09:50.336560 np0000007763 devstack@g-api.service[103052]: [pid: 103052|app: 0|req: 96/374] 127.0.0.1 () {44 vars in 1055 bytes} [Wed Aug 19 10:09:50 2026] GET /v2/schemas/image => generated 6083 bytes in 3 msecs (HTTP/1.1 200) 4 headers in 158 bytes (1 switches on core 0)
Aug 19 10:09:50.344126 np0000007763 devstack@g-api.service[103053]: DEBUG glance.api.middleware.version_negotiation [None req-4cd1bcf2-025b-4565-86be-dd96cfcd757c tempest-VolumesSnapshotTestJSON-1551074469 tempest-VolumesSnapshotTestJSON-1551074469-project-member] Determining version of request: GET /v2/images/c6198aa4-777e-417a-87d9-c39fe70c3113 Accept: */* {{(pid=103053) process_request /opt/stack/glance/glance/api/middleware/version_negotiation.py:44}}
