Aug 19 10:02:16.752122 np0000007763 nova-scheduler[96602]: DEBUG cotyledon.oslo_config_glue [-] workarounds.never_download_image_if_on_rbd = False {{(pid=96602) log_opt_values /opt/stack/data/venv/lib/python3.12/site-packages/oslo_config/cfg.py:3560}}
Aug 19 10:02:16.752122 np0000007763 nova-scheduler[96602]: DEBUG cotyledon.oslo_config_glue [-] workarounds.qemu_monitor_announce_self_count = 3 {{(pid=96602) log_opt_values /opt/stack/data/venv/lib/python3.12/site-packages/oslo_config/cfg.py:3560}}
Aug 19 10:02:16.752122 np0000007763 nova-scheduler[96602]: DEBUG cotyledon.oslo_config_glue [-] workarounds.qemu_monitor_announce_self_interval = 1 {{(pid=96602) log_opt_values /opt/stack/data/venv/lib/python3.12/site-packages/oslo_config/cfg.py:3560}}
Aug 19 10:02:16.752122 np0000007763 nova-scheduler[96602]: DEBUG cotyledon.oslo_config_glue [-] workarounds.reserve_disk_resource_for_image_cache = False {{(pid=96602) log_opt_values /opt/stack/data/venv/lib/python3.12/site-packages/oslo_config/cfg.py:3560}}
Aug 19 10:02:16.752122 np0000007763 nova-scheduler[96602]: DEBUG cotyledon.oslo_config_glue [-] workarounds.skip_cpu_compare_at_startup = False {{(pid=96602) log_opt_values /opt/stack/data/venv/lib/python3.12/site-packages/oslo_config/cfg.py:3560}}
Aug 19 10:02:16.752122 np0000007763 nova-scheduler[96602]: DEBUG cotyledon.oslo_config_glue [-] workarounds.skip_cpu_compare_on_dest = False {{(pid=96602) log_opt_values /opt/stack/data/venv/lib/python3.12/site-packages/oslo_config/cfg.py:3560}}
Aug 19 10:02:16.752122 np0000007763 nova-scheduler[96602]: DEBUG cotyledon.oslo_config_glue [-] workarounds.skip_hypervisor_version_check_on_lm = False {{(pid=96602) log_opt_values /opt/stack/data/venv/lib/python3.12/site-packages/oslo_config/cfg.py:3560}}
Aug 19 10:02:16.752304 np0000007763 nova-scheduler[96602]: DEBUG cotyledon.oslo_config_glue [-] workarounds.skip_reserve_in_use_ironic_nodes = False {{(pid=96602) log_opt_values /opt/stack/data/venv/lib/python3.12/site-packages/oslo_config/cfg.py:3560}}
Aug 19 10:02:16.752304 np0000007763 nova-scheduler[96602]: DEBUG cotyledon.oslo_config_glue [-] workarounds.unified_limits_count_pcpu_as_vcpu = False {{(pid=96602) log_opt_values /opt/stack/data/venv/lib/python3.12/site-packages/oslo_config/cfg.py:3560}}
Aug 19 10:02:16.752304 np0000007763 nova-scheduler[96602]: DEBUG cotyledon.oslo_config_glue [-] workarounds.wait_for_vif_plugged_event_during_hard_reboot = [] {{(pid=96602) log_opt_values /opt/stack/data/venv/lib/python3.12/site-packages/oslo_config/cfg.py:3560}}
Aug 19 10:02:16.752304 np0000007763 nova-scheduler[96602]: DEBUG cotyledon.oslo_config_glue [-] wsgi.api_paste_config = /etc/nova/api-paste.ini {{(pid=96602) log_opt_values /opt/stack/data/venv/lib/python3.12/site-packages/oslo_config/cfg.py:3560}}
Aug 19 10:02:16.752304 np0000007763 nova-scheduler[96602]: DEBUG cotyledon.oslo_config_glue [-] wsgi.secure_proxy_ssl_header = None {{(pid=96602) log_opt_values /opt/stack/data/venv/lib/python3.12/site-packages/oslo_config/cfg.py:3560}}
Aug 19 10:02:16.752304 np0000007763 nova-scheduler[96602]: DEBUG cotyledon.oslo_config_glue [-] zvm.ca_file = None {{(pid=96602) log_opt_values /opt/stack/data/venv/lib/python3.12/site-packages/oslo_config/cfg.py:3560}}
Aug 19 10:02:16.752304 np0000007763 nova-scheduler[96602]: DEBUG cotyledon.oslo_config_glue [-] zvm.cloud_connector_url = None {{(pid=96602) log_opt_values /opt/stack/data/venv/lib/python3.12/site-packages/oslo_config/cfg.py:3560}}
Aug 19 10:02:16.752304 np0000007763 nova-scheduler[96602]: DEBUG cotyledon.oslo_config_glue [-] zvm.image_tmp_path = /opt/stack/data/nova/images {{(pid=96602) log_opt_values /opt/stack/data/venv/lib/python3.12/site-packages/oslo_config/cfg.py:3560}}
Aug 19 10:02:16.752304 np0000007763 nova-scheduler[96602]: DEBUG cotyledon.oslo_config_glue [-] zvm.reachable_timeout = 300 {{(pid=96602) log_opt_values /opt/stack/data/venv/lib/python3.12/site-packages/oslo_config/cfg.py:3560}}
Aug 19 10:02:16.752498 np0000007763 nova-scheduler[96602]: DEBUG cotyledon.oslo_config_glue [-] oslo_versionedobjects.fatal_exception_format_errors = False {{(pid=96602) log_opt_values /opt/stack/data/venv/lib/python3.12/site-packages/oslo_config/cfg.py:3560}}
Aug 19 10:02:16.752498 np0000007763 nova-scheduler[96602]: DEBUG cotyledon.oslo_config_glue [-] oslo_middleware.http_basic_auth_user_file = /etc/htpasswd {{(pid=96602) log_opt_values /opt/stack/data/venv/lib/python3.12/site-packages/oslo_config/cfg.py:3560}}
Aug 19 10:02:16.752498 np0000007763 nova-scheduler[96602]: DEBUG cotyledon.oslo_config_glue [-] oslo_messaging_metrics.metrics_buffer_size = 1000 {{(pid=96602) log_opt_values /opt/stack/data/venv/lib/python3.12/site-packages/oslo_config/cfg.py:3560}}
Aug 19 10:02:16.752498 np0000007763 nova-scheduler[96602]: DEBUG cotyledon.oslo_config_glue [-] oslo_messaging_metrics.metrics_enabled = False {{(pid=96602) log_opt_values /opt/stack/data/venv/lib/python3.12/site-packages/oslo_config/cfg.py:3560}}
Aug 19 10:02:16.752498 np0000007763 nova-scheduler[96602]: DEBUG cotyledon.oslo_config_glue [-] oslo_messaging_metrics.metrics_process_name = {{(pid=96602) log_opt_values /opt/stack/data/venv/lib/python3.12/site-packages/oslo_config/cfg.py:3560}}
Aug 19 10:02:16.752498 np0000007763 nova-scheduler[96602]: DEBUG cotyledon.oslo_config_glue [-] oslo_messaging_metrics.metrics_socket_file = /var/tmp/metrics_collector.sock {{(pid=96602) log_opt_values /opt/stack/data/venv/lib/python3.12/site-packages/oslo_config/cfg.py:3560}}
Aug 19 10:02:16.752498 np0000007763 nova-scheduler[96602]: DEBUG cotyledon.oslo_config_glue [-] oslo_messaging_metrics.metrics_thread_stop_timeout = 10 {{(pid=96602) log_opt_values /opt/stack/data/venv/lib/python3.12/site-packages/oslo_config/cfg.py:3560}}
Aug 19 10:02:16.752498 np0000007763 nova-scheduler[96602]: DEBUG cotyledon.oslo_config_glue [-] profiler.connection_string = messaging:// {{(pid=96602) log_opt_values /opt/stack/data/venv/lib/python3.12/site-packages/oslo_config/cfg.py:3560}}
Aug 19 10:02:16.752637 np0000007763 nova-scheduler[96602]: DEBUG cotyledon.oslo_config_glue [-] profiler.enabled = False {{(pid=96602) log_opt_values /opt/stack/data/venv/lib/python3.12/site-packages/oslo_config/cfg.py:3560}}
Aug 19 10:02:16.752637 np0000007763 nova-scheduler[96602]: DEBUG cotyledon.oslo_config_glue [-] profiler.es_doc_type = notification {{(pid=96602) log_opt_values /opt/stack/data/venv/lib/python3.12/site-packages/oslo_config/cfg.py:3560}}
Aug 19 10:02:16.752637 np0000007763 nova-scheduler[96602]: DEBUG cotyledon.oslo_config_glue [-] profiler.es_scroll_size = 10000 {{(pid=96602) log_opt_values /opt/stack/data/venv/lib/python3.12/site-packages/oslo_config/cfg.py:3560}}
Aug 19 10:02:16.752637 np0000007763 nova-scheduler[96602]: DEBUG cotyledon.oslo_config_glue [-] profiler.es_scroll_time = 2m {{(pid=96602) log_opt_values /opt/stack/data/venv/lib/python3.12/site-packages/oslo_config/cfg.py:3560}}
Aug 19 10:02:16.752637 np0000007763 nova-scheduler[96602]: DEBUG cotyledon.oslo_config_glue [-] profiler.filter_error_trace = False {{(pid=96602) log_opt_values /opt/stack/data/venv/lib/python3.12/site-packages/oslo_config/cfg.py:3560}}
Aug 19 10:02:16.752637 np0000007763 nova-scheduler[96602]: DEBUG cotyledon.oslo_config_glue [-] profiler.hmac_keys = **** {{(pid=96602) log_opt_values /opt/stack/data/venv/lib/python3.12/site-packages/oslo_config/cfg.py:3560}}
Aug 19 10:02:16.752637 np0000007763 nova-scheduler[96602]: DEBUG cotyledon.oslo_config_glue [-] profiler.sentinel_service_name = mymaster {{(pid=96602) log_opt_values /opt/stack/data/venv/lib/python3.12/site-packages/oslo_config/cfg.py:3560}}
Aug 19 10:02:16.752637 np0000007763 nova-scheduler[96602]: DEBUG cotyledon.oslo_config_glue [-] profiler.socket_timeout = 0.1 {{(pid=96602) log_opt_values /opt/stack/data/venv/lib/python3.12/site-packages/oslo_config/cfg.py:3560}}
Aug 19 10:02:16.752637 np0000007763 nova-scheduler[96602]: DEBUG cotyledon.oslo_config_glue [-] profiler.trace_requests = False {{(pid=96602) log_opt_values /opt/stack/data/venv/lib/python3.12/site-packages/oslo_config/cfg.py:3560}}
Aug 19 10:02:16.752819 np0000007763 nova-scheduler[96602]: DEBUG cotyledon.oslo_config_glue [-] profiler.trace_sqlalchemy = False {{(pid=96602) log_opt_values /opt/stack/data/venv/lib/python3.12/site-packages/oslo_config/cfg.py:3560}}
Aug 19 10:02:16.752819 np0000007763 nova-scheduler[96602]: DEBUG cotyledon.oslo_config_glue [-] profiler_jaeger.process_tags = {} {{(pid=96602) log_opt_values /opt/stack/data/venv/lib/python3.12/site-packages/oslo_config/cfg.py:3560}}
Aug 19 10:02:16.752819 np0000007763 nova-scheduler[96602]: DEBUG cotyledon.oslo_config_glue [-] profiler_jaeger.service_name_prefix = None {{(pid=96602) log_opt_values /opt/stack/data/venv/lib/python3.12/site-packages/oslo_config/cfg.py:3560}}
Aug 19 10:02:16.752819 np0000007763 nova-scheduler[96602]: DEBUG cotyledon.oslo_config_glue [-] profiler_otlp.service_name_prefix = None {{(pid=96602) log_opt_values /opt/stack/data/venv/lib/python3.12/site-packages/oslo_config/cfg.py:3560}}
Aug 19 10:02:16.752819 np0000007763 nova-scheduler[96602]: DEBUG cotyledon.oslo_config_glue [-] oslo_messaging_rabbit.amqp_auto_delete = False {{(pid=96602) log_opt_values /opt/stack/data/venv/lib/python3.12/site-packages/oslo_config/cfg.py:3560}}
Aug 19 10:02:16.752819 np0000007763 nova-scheduler[96602]: DEBUG cotyledon.oslo_config_glue [-] oslo_messaging_rabbit.amqp_durable_queues = False {{(pid=96602) log_opt_values /opt/stack/data/venv/lib/python3.12/site-packages/oslo_config/cfg.py:3560}}
Aug 19 10:02:16.752819 np0000007763 nova-scheduler[96602]: DEBUG cotyledon.oslo_config_glue [-] oslo_messaging_rabbit.conn_pool_min_size = 2 {{(pid=96602) log_opt_values /opt/stack/data/venv/lib/python3.12/site-packages/oslo_config/cfg.py:3560}}
Aug 19 10:02:16.752819 np0000007763 nova-scheduler[96602]: DEBUG cotyledon.oslo_config_glue [-] oslo_messaging_rabbit.conn_pool_ttl = 1200 {{(pid=96602) log_opt_values /opt/stack/data/venv/lib/python3.12/site-packages/oslo_config/cfg.py:3560}}
Aug 19 10:02:16.752819 np0000007763 nova-scheduler[96602]: DEBUG cotyledon.oslo_config_glue [-] oslo_messaging_rabbit.direct_mandatory_flag = True {{(pid=96602) log_opt_values /opt/stack/data/venv/lib/python3.12/site-packages/oslo_config/cfg.py:3560}}
Aug 19 10:02:16.752980 np0000007763 nova-scheduler[96602]: DEBUG cotyledon.oslo_config_glue [-] oslo_messaging_rabbit.enable_cancel_on_failover = False {{(pid=96602) log_opt_values /opt/stack/data/venv/lib/python3.12/site-packages/oslo_config/cfg.py:3560}}
Aug 19 10:02:16.752980 np0000007763 nova-scheduler[96602]: DEBUG cotyledon.oslo_config_glue [-] oslo_messaging_rabbit.heartbeat_rate = 3 {{(pid=96602) log_opt_values /opt/stack/data/venv/lib/python3.12/site-packages/oslo_config/cfg.py:3560}}
Aug 19 10:02:16.752980 np0000007763 nova-scheduler[96602]: DEBUG cotyledon.oslo_config_glue [-] oslo_messaging_rabbit.heartbeat_timeout_threshold = 60 {{(pid=96602) log_opt_values /opt/stack/data/venv/lib/python3.12/site-packages/oslo_config/cfg.py:3560}}
Aug 19 10:02:16.752980 np0000007763 nova-scheduler[96602]: DEBUG cotyledon.oslo_config_glue [-] oslo_messaging_rabbit.hostname = np0000007763 {{(pid=96602) log_opt_values /opt/stack/data/venv/lib/python3.12/site-packages/oslo_config/cfg.py:3560}}
Aug 19 10:02:16.752980 np0000007763 nova-scheduler[96602]: DEBUG cotyledon.oslo_config_glue [-] oslo_messaging_rabbit.kombu_compression = None {{(pid=96602) log_opt_values /opt/stack/data/venv/lib/python3.12/site-packages/oslo_config/cfg.py:3560}}
Aug 19 10:02:16.752980 np0000007763 nova-scheduler[96602]: DEBUG cotyledon.oslo_config_glue [-] oslo_messaging_rabbit.kombu_failover_strategy = round-robin {{(pid=96602) log_opt_values /opt/stack/data/venv/lib/python3.12/site-packages/oslo_config/cfg.py:3560}}
Aug 19 10:02:16.752980 np0000007763 nova-scheduler[96602]: DEBUG cotyledon.oslo_config_glue [-] oslo_messaging_rabbit.kombu_missing_consumer_retry_timeout = 60 {{(pid=96602) log_opt_values /opt/stack/data/venv/lib/python3.12/site-packages/oslo_config/cfg.py:3560}}
Aug 19 10:02:16.752980 np0000007763 nova-scheduler[96602]: DEBUG cotyledon.oslo_config_glue [-] oslo_messaging_rabbit.kombu_reconnect_delay = 1.0 {{(pid=96602) log_opt_values /opt/stack/data/venv/lib/python3.12/site-packages/oslo_config/cfg.py:3560}}
Aug 19 10:02:16.752980 np0000007763 nova-scheduler[96602]: DEBUG cotyledon.oslo_config_glue [-] oslo_messaging_rabbit.kombu_reconnect_splay = 0.0 {{(pid=96602) log_opt_values /opt/stack/data/venv/lib/python3.12/site-packages/oslo_config/cfg.py:3560}}
Aug 19 10:02:16.753141 np0000007763 nova-scheduler[96602]: DEBUG cotyledon.oslo_config_glue [-] oslo_messaging_rabbit.processname = nova-scheduler {{(pid=96602) log_opt_values /opt/stack/data/venv/lib/python3.12/site-packages/oslo_config/cfg.py:3560}}
Aug 19 10:02:16.753141 np0000007763 nova-scheduler[96602]: DEBUG cotyledon.oslo_config_glue [-] oslo_messaging_rabbit.rabbit_ha_queues = False {{(pid=96602) log_opt_values /opt/stack/data/venv/lib/python3.12/site-packages/oslo_config/cfg.py:3560}}
Aug 19 10:02:16.753141 np0000007763 nova-scheduler[96602]: DEBUG cotyledon.oslo_config_glue [-] oslo_messaging_rabbit.rabbit_interval_max = 30 {{(pid=96602) log_opt_values /opt/stack/data/venv/lib/python3.12/site-packages/oslo_config/cfg.py:3560}}
Aug 19 10:02:16.753141 np0000007763 nova-scheduler[96602]: DEBUG cotyledon.oslo_config_glue [-] oslo_messaging_rabbit.rabbit_login_method = AMQPLAIN {{(pid=96602) log_opt_values /opt/stack/data/venv/lib/python3.12/site-packages/oslo_config/cfg.py:3560}}
Aug 19 10:02:16.753141 np0000007763 nova-scheduler[96602]: DEBUG cotyledon.oslo_config_glue [-] oslo_messaging_rabbit.rabbit_qos_prefetch_count = 0 {{(pid=96602) log_opt_values /opt/stack/data/venv/lib/python3.12/site-packages/oslo_config/cfg.py:3560}}
Aug 19 10:02:16.753141 np0000007763 nova-scheduler[96602]: DEBUG cotyledon.oslo_config_glue [-] oslo_messaging_rabbit.rabbit_quorum_delivery_limit = 0 {{(pid=96602) log_opt_values /opt/stack/data/venv/lib/python3.12/site-packages/oslo_config/cfg.py:3560}}
Aug 19 10:02:16.753141 np0000007763 nova-scheduler[96602]: DEBUG cotyledon.oslo_config_glue [-] oslo_messaging_rabbit.rabbit_quorum_max_memory_bytes = 0 {{(pid=96602) log_opt_values /opt/stack/data/venv/lib/python3.12/site-packages/oslo_config/cfg.py:3560}}
Aug 19 10:02:16.753141 np0000007763 nova-scheduler[96602]: DEBUG cotyledon.oslo_config_glue [-] oslo_messaging_rabbit.rabbit_quorum_max_memory_length = 0 {{(pid=96602) log_opt_values /opt/stack/data/venv/lib/python3.12/site-packages/oslo_config/cfg.py:3560}}
Aug 19 10:02:16.753141 np0000007763 nova-scheduler[96602]: DEBUG cotyledon.oslo_config_glue [-] oslo_messaging_rabbit.rabbit_quorum_queue = False {{(pid=96602) log_opt_values /opt/stack/data/venv/lib/python3.12/site-packages/oslo_config/cfg.py:3560}}
Aug 19 10:02:16.753414 np0000007763 nova-scheduler[96602]: DEBUG cotyledon.oslo_config_glue [-] oslo_messaging_rabbit.rabbit_retry_backoff = 2 {{(pid=96602) log_opt_values /opt/stack/data/venv/lib/python3.12/site-packages/oslo_config/cfg.py:3560}}
Aug 19 10:02:16.753414 np0000007763 nova-scheduler[96602]: DEBUG cotyledon.oslo_config_glue [-] oslo_messaging_rabbit.rabbit_retry_interval = 1 {{(pid=96602) log_opt_values /opt/stack/data/venv/lib/python3.12/site-packages/oslo_config/cfg.py:3560}}
Aug 19 10:02:16.753414 np0000007763 nova-scheduler[96602]: DEBUG cotyledon.oslo_config_glue [-] oslo_messaging_rabbit.rabbit_stream_fanout = False {{(pid=96602) log_opt_values /opt/stack/data/venv/lib/python3.12/site-packages/oslo_config/cfg.py:3560}}
Aug 19 10:02:16.753414 np0000007763 nova-scheduler[96602]: DEBUG cotyledon.oslo_config_glue [-] oslo_messaging_rabbit.rabbit_transient_queues_ttl = 1800 {{(pid=96602) log_opt_values /opt/stack/data/venv/lib/python3.12/site-packages/oslo_config/cfg.py:3560}}
Aug 19 10:02:16.753414 np0000007763 nova-scheduler[96602]: DEBUG cotyledon.oslo_config_glue [-] oslo_messaging_rabbit.rabbit_transient_quorum_queue = False {{(pid=96602) log_opt_values /opt/stack/data/venv/lib/python3.12/site-packages/oslo_config/cfg.py:3560}}
Aug 19 10:02:16.753414 np0000007763 nova-scheduler[96602]: DEBUG cotyledon.oslo_config_glue [-] oslo_messaging_rabbit.rpc_conn_pool_size = 30 {{(pid=96602) log_opt_values /opt/stack/data/venv/lib/python3.12/site-packages/oslo_config/cfg.py:3560}}
Aug 19 10:02:16.753414 np0000007763 nova-scheduler[96602]: DEBUG cotyledon.oslo_config_glue [-] oslo_messaging_rabbit.ssl = False {{(pid=96602) log_opt_values /opt/stack/data/venv/lib/python3.12/site-packages/oslo_config/cfg.py:3560}}
Aug 19 10:02:16.753414 np0000007763 nova-scheduler[96602]: DEBUG cotyledon.oslo_config_glue [-] oslo_messaging_rabbit.ssl_ca_file = {{(pid=96602) log_opt_values /opt/stack/data/venv/lib/python3.12/site-packages/oslo_config/cfg.py:3560}}
Aug 19 10:02:16.753414 np0000007763 nova-scheduler[96602]: DEBUG cotyledon.oslo_config_glue [-] oslo_messaging_rabbit.ssl_cert_file = {{(pid=96602) log_opt_values /opt/stack/data/venv/lib/python3.12/site-packages/oslo_config/cfg.py:3560}}
Aug 19 10:02:16.753617 np0000007763 nova-scheduler[96602]: DEBUG cotyledon.oslo_config_glue [-] oslo_messaging_rabbit.ssl_enforce_fips_mode = False {{(pid=96602) log_opt_values /opt/stack/data/venv/lib/python3.12/site-packages/oslo_config/cfg.py:3560}}
Aug 19 10:02:16.753617 np0000007763 nova-scheduler[96602]: DEBUG cotyledon.oslo_config_glue [-] oslo_messaging_rabbit.ssl_enforce_hostname_verification = True {{(pid=96602) log_opt_values /opt/stack/data/venv/lib/python3.12/site-packages/oslo_config/cfg.py:3560}}
Aug 19 10:02:16.753617 np0000007763 nova-scheduler[96602]: DEBUG cotyledon.oslo_config_glue [-] oslo_messaging_rabbit.ssl_key_file = {{(pid=96602) log_opt_values /opt/stack/data/venv/lib/python3.12/site-packages/oslo_config/cfg.py:3560}}
Aug 19 10:02:16.753617 np0000007763 nova-scheduler[96602]: DEBUG cotyledon.oslo_config_glue [-] oslo_messaging_rabbit.ssl_version = {{(pid=96602) log_opt_values /opt/stack/data/venv/lib/python3.12/site-packages/oslo_config/cfg.py:3560}}
Aug 19 10:02:16.753617 np0000007763 nova-scheduler[96602]: DEBUG cotyledon.oslo_config_glue [-] oslo_messaging_rabbit.use_queue_manager = False {{(pid=96602) log_opt_values /opt/stack/data/venv/lib/python3.12/site-packages/oslo_config/cfg.py:3560}}
Aug 19 10:02:16.753617 np0000007763 nova-scheduler[96602]: DEBUG cotyledon.oslo_config_glue [-] oslo_messaging_notifications.driver = ['messagingv2'] {{(pid=96602) log_opt_values /opt/stack/data/venv/lib/python3.12/site-packages/oslo_config/cfg.py:3560}}
Aug 19 10:02:16.753617 np0000007763 nova-scheduler[96602]: DEBUG cotyledon.oslo_config_glue [-] oslo_messaging_notifications.retry = -1 {{(pid=96602) log_opt_values /opt/stack/data/venv/lib/python3.12/site-packages/oslo_config/cfg.py:3560}}
Aug 19 10:02:16.753617 np0000007763 nova-scheduler[96602]: DEBUG cotyledon.oslo_config_glue [-] oslo_messaging_notifications.topics = ['notifications'] {{(pid=96602) log_opt_values /opt/stack/data/venv/lib/python3.12/site-packages/oslo_config/cfg.py:3560}}
Aug 19 10:02:16.753617 np0000007763 nova-scheduler[96602]: DEBUG cotyledon.oslo_config_glue [-] oslo_messaging_notifications.transport_url = **** {{(pid=96602) log_opt_values /opt/stack/data/venv/lib/python3.12/site-packages/oslo_config/cfg.py:3560}}
Aug 19 10:02:16.753811 np0000007763 nova-scheduler[96602]: DEBUG cotyledon.oslo_config_glue [-] oslo_limit.auth_section = None {{(pid=96602) log_opt_values /opt/stack/data/venv/lib/python3.12/site-packages/oslo_config/cfg.py:3560}}
Aug 19 10:02:16.753811 np0000007763 nova-scheduler[96602]: DEBUG cotyledon.oslo_config_glue [-] oslo_limit.auth_type = None {{(pid=96602) log_opt_values /opt/stack/data/venv/lib/python3.12/site-packages/oslo_config/cfg.py:3560}}
Aug 19 10:02:16.753811 np0000007763 nova-scheduler[96602]: DEBUG cotyledon.oslo_config_glue [-] oslo_limit.cafile = None {{(pid=96602) log_opt_values /opt/stack/data/venv/lib/python3.12/site-packages/oslo_config/cfg.py:3560}}
Aug 19 10:02:16.753811 np0000007763 nova-scheduler[96602]: DEBUG cotyledon.oslo_config_glue [-] oslo_limit.certfile = None {{(pid=96602) log_opt_values /opt/stack/data/venv/lib/python3.12/site-packages/oslo_config/cfg.py:3560}}
Aug 19 10:02:16.753811 np0000007763 nova-scheduler[96602]: DEBUG cotyledon.oslo_config_glue [-] oslo_limit.collect_timing = False {{(pid=96602) log_opt_values /opt/stack/data/venv/lib/python3.12/site-packages/oslo_config/cfg.py:3560}}
Aug 19 10:02:16.753811 np0000007763 nova-scheduler[96602]: DEBUG cotyledon.oslo_config_glue [-] oslo_limit.connect_retries = None {{(pid=96602) log_opt_values /opt/stack/data/venv/lib/python3.12/site-packages/oslo_config/cfg.py:3560}}
Aug 19 10:02:16.753811 np0000007763 nova-scheduler[96602]: DEBUG cotyledon.oslo_config_glue [-] oslo_limit.connect_retry_delay = None {{(pid=96602) log_opt_values /opt/stack/data/venv/lib/python3.12/site-packages/oslo_config/cfg.py:3560}}
Aug 19 10:02:16.753811 np0000007763 nova-scheduler[96602]: DEBUG cotyledon.oslo_config_glue [-] oslo_limit.endpoint_id = None {{(pid=96602) log_opt_values /opt/stack/data/venv/lib/python3.12/site-packages/oslo_config/cfg.py:3560}}
Aug 19 10:02:16.753811 np0000007763 nova-scheduler[96602]: DEBUG cotyledon.oslo_config_glue [-] oslo_limit.endpoint_interface = public {{(pid=96602) log_opt_values /opt/stack/data/venv/lib/python3.12/site-packages/oslo_config/cfg.py:3560}}
Aug 19 10:02:16.754023 np0000007763 nova-scheduler[96602]: DEBUG cotyledon.oslo_config_glue [-] oslo_limit.endpoint_override = None {{(pid=96602) log_opt_values /opt/stack/data/venv/lib/python3.12/site-packages/oslo_config/cfg.py:3560}}
Aug 19 10:02:16.754023 np0000007763 nova-scheduler[96602]: DEBUG cotyledon.oslo_config_glue [-] oslo_limit.endpoint_region_name = None {{(pid=96602) log_opt_values /opt/stack/data/venv/lib/python3.12/site-packages/oslo_config/cfg.py:3560}}
Aug 19 10:02:16.754023 np0000007763 nova-scheduler[96602]: DEBUG cotyledon.oslo_config_glue [-] oslo_limit.endpoint_service_name = None {{(pid=96602) log_opt_values /opt/stack/data/venv/lib/python3.12/site-packages/oslo_config/cfg.py:3560}}
Aug 19 10:02:16.754023 np0000007763 nova-scheduler[96602]: DEBUG cotyledon.oslo_config_glue [-] oslo_limit.endpoint_service_type = None {{(pid=96602) log_opt_values /opt/stack/data/venv/lib/python3.12/site-packages/oslo_config/cfg.py:3560}}
Aug 19 10:02:16.754023 np0000007763 nova-scheduler[96602]: DEBUG cotyledon.oslo_config_glue [-] oslo_limit.insecure = False {{(pid=96602) log_opt_values /opt/stack/data/venv/lib/python3.12/site-packages/oslo_config/cfg.py:3560}}
Aug 19 10:02:16.754023 np0000007763 nova-scheduler[96602]: DEBUG cotyledon.oslo_config_glue [-] oslo_limit.keyfile = None {{(pid=96602) log_opt_values /opt/stack/data/venv/lib/python3.12/site-packages/oslo_config/cfg.py:3560}}
Aug 19 10:02:16.754023 np0000007763 nova-scheduler[96602]: DEBUG cotyledon.oslo_config_glue [-] oslo_limit.max_version = None {{(pid=96602) log_opt_values /opt/stack/data/venv/lib/python3.12/site-packages/oslo_config/cfg.py:3560}}
Aug 19 10:02:16.754023 np0000007763 nova-scheduler[96602]: DEBUG cotyledon.oslo_config_glue [-] oslo_limit.min_version = None {{(pid=96602) log_opt_values /opt/stack/data/venv/lib/python3.12/site-packages/oslo_config/cfg.py:3560}}
Aug 19 10:02:16.754023 np0000007763 nova-scheduler[96602]: DEBUG cotyledon.oslo_config_glue [-] oslo_limit.region_name = None {{(pid=96602) log_opt_values /opt/stack/data/venv/lib/python3.12/site-packages/oslo_config/cfg.py:3560}}
Aug 19 10:02:16.754183 np0000007763 nova-scheduler[96602]: DEBUG cotyledon.oslo_config_glue [-] oslo_limit.retriable_status_codes = None {{(pid=96602) log_opt_values /opt/stack/data/venv/lib/python3.12/site-packages/oslo_config/cfg.py:3560}}
Aug 19 10:02:16.754183 np0000007763 nova-scheduler[96602]: DEBUG cotyledon.oslo_config_glue [-] oslo_limit.service_name = None {{(pid=96602) log_opt_values /opt/stack/data/venv/lib/python3.12/site-packages/oslo_config/cfg.py:3560}}
Aug 19 10:02:16.754183 np0000007763 nova-scheduler[96602]: DEBUG cotyledon.oslo_config_glue [-] oslo_limit.service_type = None {{(pid=96602) log_opt_values /opt/stack/data/venv/lib/python3.12/site-packages/oslo_config/cfg.py:3560}}
Aug 19 10:02:16.754183 np0000007763 nova-scheduler[96602]: DEBUG cotyledon.oslo_config_glue [-] oslo_limit.split_loggers = False {{(pid=96602) log_opt_values /opt/stack/data/venv/lib/python3.12/site-packages/oslo_config/cfg.py:3560}}
Aug 19 10:02:16.754183 np0000007763 nova-scheduler[96602]: DEBUG cotyledon.oslo_config_glue [-] oslo_limit.status_code_retries = None {{(pid=96602) log_opt_values /opt/stack/data/venv/lib/python3.12/site-packages/oslo_config/cfg.py:3560}}
Aug 19 10:02:16.754183 np0000007763 nova-scheduler[96602]: DEBUG cotyledon.oslo_config_glue [-] oslo_limit.status_code_retry_delay = None {{(pid=96602) log_opt_values /opt/stack/data/venv/lib/python3.12/site-packages/oslo_config/cfg.py:3560}}
Aug 19 10:02:16.754183 np0000007763 nova-scheduler[96602]: DEBUG cotyledon.oslo_config_glue [-] oslo_limit.timeout = None {{(pid=96602) log_opt_values /opt/stack/data/venv/lib/python3.12/site-packages/oslo_config/cfg.py:3560}}
Aug 19 10:02:16.754183 np0000007763 nova-scheduler[96602]: DEBUG cotyledon.oslo_config_glue [-] oslo_limit.valid_interfaces = None {{(pid=96602) log_opt_values /opt/stack/data/venv/lib/python3.12/site-packages/oslo_config/cfg.py:3560}}
Aug 19 10:02:16.754183 np0000007763 nova-scheduler[96602]: DEBUG cotyledon.oslo_config_glue [-] oslo_limit.version = None {{(pid=96602) log_opt_values /opt/stack/data/venv/lib/python3.12/site-packages/oslo_config/cfg.py:3560}}
Aug 19 10:02:16.754350 np0000007763 nova-scheduler[96602]: DEBUG cotyledon.oslo_config_glue [-] oslo_reports.file_event_handler = None {{(pid=96602) log_opt_values /opt/stack/data/venv/lib/python3.12/site-packages/oslo_config/cfg.py:3560}}
Aug 19 10:02:16.754377 np0000007763 nova-scheduler[96600]: INFO dbcounter [None req-da6bccec-cac9-4dbe-b38a-42319d0a4bc4 None None] Registered counter for database nova_cell0
Aug 19 10:02:16.754401 np0000007763 nova-scheduler[96602]: DEBUG cotyledon.oslo_config_glue [-] oslo_reports.file_event_handler_interval = 1 {{(pid=96602) log_opt_values /opt/stack/data/venv/lib/python3.12/site-packages/oslo_config/cfg.py:3560}}
Aug 19 10:02:16.754401 np0000007763 nova-scheduler[96602]: DEBUG cotyledon.oslo_config_glue [-] oslo_reports.log_dir = None {{(pid=96602) log_opt_values /opt/stack/data/venv/lib/python3.12/site-packages/oslo_config/cfg.py:3560}}
Aug 19 10:02:16.754401 np0000007763 nova-scheduler[96602]: DEBUG cotyledon.oslo_config_glue [-] ******************************************************************************** {{(pid=96602) log_opt_values /opt/stack/data/venv/lib/python3.12/site-packages/oslo_config/cfg.py:3567}}
Aug 19 10:02:16.754401 np0000007763 nova-scheduler[96602]: DEBUG cotyledon._service_worker [-] Run service ServiceWrapper(3) [96602] {{(pid=96602) wait_forever /opt/stack/data/venv/lib/python3.12/site-packages/cotyledon/_service_worker.py:218}}
Aug 19 10:02:16.754473 np0000007763 nova-scheduler[96598]: INFO dbcounter [None req-a29a2192-3e81-4941-b008-29d388ceded8 None None] Registered counter for database nova_cell0
Aug 19 10:02:16.754495 np0000007763 nova-scheduler[96602]: INFO nova.service [-] Starting scheduler node (version 33.1.0)
Aug 19 10:02:16.754495 np0000007763 nova-scheduler[96602]: INFO dbcounter [None req-359f2253-76f7-43b4-80aa-08f3ff044c83 None None] Registered counter for database nova_cell0
Aug 19 10:02:16.756989 np0000007763 nova-scheduler[96596]: DEBUG oslo_db.sqlalchemy.engines [None req-e3026369-1262-43e3-ad7f-0c41ffdda95a None None] MySQL server mode set to STRICT_TRANS_TABLES,STRICT_ALL_TABLES,NO_ZERO_IN_DATE,NO_ZERO_DATE,ERROR_FOR_DIVISION_BY_ZERO,TRADITIONAL,NO_ENGINE_SUBSTITUTION {{(pid=96596) _check_effective_sql_mode /opt/stack/data/venv/lib/python3.12/site-packages/oslo_db/sqlalchemy/engines.py:325}}
Aug 19 10:02:16.773143 np0000007763 nova-scheduler[96596]: DEBUG dbcounter [-] [96596] Writer thread running {{(pid=96596) stat_writer /opt/stack/data/venv/lib/python3.12/site-packages/dbcounter.py:102}}
Aug 19 10:02:16.787858 np0000007763 nova-scheduler[96600]: DEBUG oslo_db.sqlalchemy.engines [None req-da6bccec-cac9-4dbe-b38a-42319d0a4bc4 None None] MySQL server mode set to STRICT_TRANS_TABLES,STRICT_ALL_TABLES,NO_ZERO_IN_DATE,NO_ZERO_DATE,ERROR_FOR_DIVISION_BY_ZERO,TRADITIONAL,NO_ENGINE_SUBSTITUTION {{(pid=96600) _check_effective_sql_mode /opt/stack/data/venv/lib/python3.12/site-packages/oslo_db/sqlalchemy/engines.py:325}}
Aug 19 10:02:16.791524 np0000007763 nova-scheduler[96602]: DEBUG oslo_db.sqlalchemy.engines [None req-359f2253-76f7-43b4-80aa-08f3ff044c83 None None] MySQL server mode set to STRICT_TRANS_TABLES,STRICT_ALL_TABLES,NO_ZERO_IN_DATE,NO_ZERO_DATE,ERROR_FOR_DIVISION_BY_ZERO,TRADITIONAL,NO_ENGINE_SUBSTITUTION {{(pid=96602) _check_effective_sql_mode /opt/stack/data/venv/lib/python3.12/site-packages/oslo_db/sqlalchemy/engines.py:325}}
Aug 19 10:02:16.791831 np0000007763 nova-scheduler[96596]: DEBUG nova.service [None req-e3026369-1262-43e3-ad7f-0c41ffdda95a None None] Creating RPC server for service: nova-scheduler on topic: scheduler {{(pid=96596) start /opt/stack/nova/nova/service.py:262}}
Aug 19 10:02:16.795168 np0000007763 nova-scheduler[96598]: DEBUG oslo_db.sqlalchemy.engines [None req-a29a2192-3e81-4941-b008-29d388ceded8 None None] MySQL server mode set to STRICT_TRANS_TABLES,STRICT_ALL_TABLES,NO_ZERO_IN_DATE,NO_ZERO_DATE,ERROR_FOR_DIVISION_BY_ZERO,TRADITIONAL,NO_ENGINE_SUBSTITUTION {{(pid=96598) _check_effective_sql_mode /opt/stack/data/venv/lib/python3.12/site-packages/oslo_db/sqlalchemy/engines.py:325}}
Aug 19 10:02:16.799774 np0000007763 nova-scheduler[96600]: DEBUG dbcounter [-] [96600] Writer thread running {{(pid=96600) stat_writer /opt/stack/data/venv/lib/python3.12/site-packages/dbcounter.py:102}}
Aug 19 10:02:16.807254 np0000007763 nova-scheduler[96600]: DEBUG nova.service [None req-da6bccec-cac9-4dbe-b38a-42319d0a4bc4 None None] Creating RPC server for service: nova-scheduler on topic: scheduler {{(pid=96600) start /opt/stack/nova/nova/service.py:262}}
Aug 19 10:02:16.807370 np0000007763 nova-scheduler[96602]: DEBUG dbcounter [-] [96602] Writer thread running {{(pid=96602) stat_writer /opt/stack/data/venv/lib/python3.12/site-packages/dbcounter.py:102}}
Aug 19 10:02:16.807423 np0000007763 nova-scheduler[96598]: DEBUG dbcounter [-] [96598] Writer thread running {{(pid=96598) stat_writer /opt/stack/data/venv/lib/python3.12/site-packages/dbcounter.py:102}}
Aug 19 10:02:16.808785 np0000007763 nova-scheduler[96602]: DEBUG nova.service [None req-359f2253-76f7-43b4-80aa-08f3ff044c83 None None] Creating RPC server for service: nova-scheduler on topic: scheduler {{(pid=96602) start /opt/stack/nova/nova/service.py:262}}
Aug 19 10:02:16.813739 np0000007763 nova-scheduler[96598]: DEBUG nova.service [None req-a29a2192-3e81-4941-b008-29d388ceded8 None None] Creating RPC server for service: nova-scheduler on topic: scheduler {{(pid=96598) start /opt/stack/nova/nova/service.py:262}}
Aug 19 10:02:16.825442 np0000007763 nova-scheduler[96596]: DEBUG nova.service [None req-e3026369-1262-43e3-ad7f-0c41ffdda95a None None] Join ServiceGroup membership for this service scheduler {{(pid=96596) start /opt/stack/nova/nova/service.py:288}}
Aug 19 10:02:16.825705 np0000007763 nova-scheduler[96596]: DEBUG nova.servicegroup.drivers.db [None req-e3026369-1262-43e3-ad7f-0c41ffdda95a None None] DB_Driver: join new ServiceGroup member np0000007763 to the scheduler group, service = {{(pid=96596) join /opt/stack/nova/nova/servicegroup/drivers/db.py:44}}
Aug 19 10:02:16.827764 np0000007763 nova-scheduler[96602]: DEBUG nova.service [None req-359f2253-76f7-43b4-80aa-08f3ff044c83 None None] Join ServiceGroup membership for this service scheduler {{(pid=96602) start /opt/stack/nova/nova/service.py:288}}
Aug 19 10:02:16.827917 np0000007763 nova-scheduler[96602]: DEBUG nova.servicegroup.drivers.db [None req-359f2253-76f7-43b4-80aa-08f3ff044c83 None None] DB_Driver: join new ServiceGroup member np0000007763 to the scheduler group, service = {{(pid=96602) join /opt/stack/nova/nova/servicegroup/drivers/db.py:44}}
Aug 19 10:02:16.828272 np0000007763 nova-scheduler[96600]: DEBUG nova.service [None req-da6bccec-cac9-4dbe-b38a-42319d0a4bc4 None None] Join ServiceGroup membership for this service scheduler {{(pid=96600) start /opt/stack/nova/nova/service.py:288}}
Aug 19 10:02:16.828726 np0000007763 nova-scheduler[96600]: DEBUG nova.servicegroup.drivers.db [None req-da6bccec-cac9-4dbe-b38a-42319d0a4bc4 None None] DB_Driver: join new ServiceGroup member np0000007763 to the scheduler group, service = {{(pid=96600) join /opt/stack/nova/nova/servicegroup/drivers/db.py:44}}
Aug 19 10:02:16.830430 np0000007763 nova-scheduler[96600]: DEBUG oslo.service.backend._threading.loopingcall [None req-d18f16b1-3d1e-4876-b14d-d79f25523495 None None] Dynamic interval looping call 'nova.service.Service.periodic_tasks' sleeping for 60.00 seconds {{(pid=96600) _run_loop /opt/stack/data/venv/lib/python3.12/site-packages/oslo_service/backend/_threading/loopingcall.py:125}}
Aug 19 10:02:16.832694 np0000007763 nova-scheduler[96598]: DEBUG nova.service [None req-a29a2192-3e81-4941-b008-29d388ceded8 None None] Join ServiceGroup membership for this service scheduler {{(pid=96598) start /opt/stack/nova/nova/service.py:288}}
Aug 19 10:02:16.832924 np0000007763 nova-scheduler[96598]: DEBUG nova.servicegroup.drivers.db [None req-a29a2192-3e81-4941-b008-29d388ceded8 None None] DB_Driver: join new ServiceGroup member np0000007763 to the scheduler group, service = {{(pid=96598) join /opt/stack/nova/nova/servicegroup/drivers/db.py:44}}
Aug 19 10:02:21.845779 np0000007763 nova-scheduler[96596]: DEBUG oslo.service.backend._threading.loopingcall [-] Fixed interval looping call 'nova.servicegroup.drivers.db.DbDriver._report_state' sleeping for 119.98 seconds {{(pid=96596) _run_loop /opt/stack/data/venv/lib/python3.12/site-packages/oslo_service/backend/_threading/loopingcall.py:125}}
Aug 19 10:02:21.846219 np0000007763 nova-scheduler[96602]: DEBUG oslo.service.backend._threading.loopingcall [-] Fixed interval looping call 'nova.servicegroup.drivers.db.DbDriver._report_state' sleeping for 119.98 seconds {{(pid=96602) _run_loop /opt/stack/data/venv/lib/python3.12/site-packages/oslo_service/backend/_threading/loopingcall.py:125}}
Aug 19 10:02:21.846922 np0000007763 nova-scheduler[96600]: DEBUG oslo.service.backend._threading.loopingcall [-] Fixed interval looping call 'nova.servicegroup.drivers.db.DbDriver._report_state' sleeping for 119.98 seconds {{(pid=96600) _run_loop /opt/stack/data/venv/lib/python3.12/site-packages/oslo_service/backend/_threading/loopingcall.py:125}}
Aug 19 10:02:21.847579 np0000007763 nova-scheduler[96598]: DEBUG oslo.service.backend._threading.loopingcall [-] Fixed interval looping call 'nova.servicegroup.drivers.db.DbDriver._report_state' sleeping for 119.99 seconds {{(pid=96598) _run_loop /opt/stack/data/venv/lib/python3.12/site-packages/oslo_service/backend/_threading/loopingcall.py:125}}
Aug 19 10:02:25.343845 np0000007763 nova-scheduler[95391]: DEBUG dbcounter [-] [95391] Writing DB stats nova_api:SELECT=3 {{(pid=95391) stat_writer /opt/stack/data/venv/lib/python3.12/site-packages/dbcounter.py:115}}
Aug 19 10:02:25.489641 np0000007763 nova-scheduler[95391]: DEBUG dbcounter [-] [95391] Writing DB stats nova_cell1:SELECT=1 {{(pid=95391) stat_writer /opt/stack/data/venv/lib/python3.12/site-packages/dbcounter.py:115}}
Aug 19 10:02:25.490299 np0000007763 nova-scheduler[95391]: DEBUG dbcounter [-] [95391] Writing DB stats nova_cell0:SELECT=1 {{(pid=95391) stat_writer /opt/stack/data/venv/lib/python3.12/site-packages/dbcounter.py:115}}
Aug 19 10:02:31.839052 np0000007763 nova-scheduler[96596]: DEBUG dbcounter [-] [96596] Writing DB stats nova_cell0:SELECT=4,nova_cell0:INSERT=1,nova_cell0:UPDATE=1 {{(pid=96596) stat_writer /opt/stack/data/venv/lib/python3.12/site-packages/dbcounter.py:115}}
Aug 19 10:02:31.841882 np0000007763 nova-scheduler[96602]: DEBUG dbcounter [-] [96602] Writing DB stats nova_cell0:SELECT=3,nova_cell0:UPDATE=1 {{(pid=96602) stat_writer /opt/stack/data/venv/lib/python3.12/site-packages/dbcounter.py:115}}
Aug 19 10:02:31.844422 np0000007763 nova-scheduler[96600]: DEBUG dbcounter [-] [96600] Writing DB stats nova_cell0:SELECT=3,nova_cell0:UPDATE=1 {{(pid=96600) stat_writer /opt/stack/data/venv/lib/python3.12/site-packages/dbcounter.py:115}}
Aug 19 10:02:31.845247 np0000007763 nova-scheduler[96598]: DEBUG dbcounter [-] [96598] Writing DB stats nova_cell0:SELECT=3,nova_cell0:UPDATE=1 {{(pid=96598) stat_writer /opt/stack/data/venv/lib/python3.12/site-packages/dbcounter.py:115}}
Aug 19 10:02:34.830277 np0000007763 nova-scheduler[96602]: DEBUG oslo.service.backend._threading.loopingcall [None req-f28a3065-9ff0-4fbb-96ce-9a46ddc055c2 None None] Dynamic interval looping call 'nova.service.Service.periodic_tasks' sleeping for 60.00 seconds {{(pid=96602) _run_loop /opt/stack/data/venv/lib/python3.12/site-packages/oslo_service/backend/_threading/loopingcall.py:125}}
Aug 19 10:02:45.828428 np0000007763 nova-scheduler[96596]: DEBUG oslo.service.backend._threading.loopingcall [None req-4b4ff73e-72f6-46a5-80a8-275a4c3db5c6 None None] Dynamic interval looping call 'nova.service.Service.periodic_tasks' sleeping for 60.00 seconds {{(pid=96596) _run_loop /opt/stack/data/venv/lib/python3.12/site-packages/oslo_service/backend/_threading/loopingcall.py:125}}
Aug 19 10:02:54.835069 np0000007763 nova-scheduler[96598]: DEBUG oslo.service.backend._threading.loopingcall [None req-c59bf4f1-ca78-40fa-b2d3-799ccf68ab05 None None] Dynamic interval looping call 'nova.service.Service.periodic_tasks' sleeping for 60.00 seconds {{(pid=96598) _run_loop /opt/stack/data/venv/lib/python3.12/site-packages/oslo_service/backend/_threading/loopingcall.py:125}}
Aug 19 10:03:16.830930 np0000007763 nova-scheduler[96600]: DEBUG oslo.service.backend._threading.loopingcall [None req-d18f16b1-3d1e-4876-b14d-d79f25523495 None None] Dynamic interval looping call 'nova.service.Service.periodic_tasks' sleeping for 60.00 seconds {{(pid=96600) _run_loop /opt/stack/data/venv/lib/python3.12/site-packages/oslo_service/backend/_threading/loopingcall.py:125}}
Aug 19 10:03:34.830796 np0000007763 nova-scheduler[96602]: DEBUG oslo.service.backend._threading.loopingcall [None req-f28a3065-9ff0-4fbb-96ce-9a46ddc055c2 None None] Dynamic interval looping call 'nova.service.Service.periodic_tasks' sleeping for 60.00 seconds {{(pid=96602) _run_loop /opt/stack/data/venv/lib/python3.12/site-packages/oslo_service/backend/_threading/loopingcall.py:125}}
Aug 19 10:03:45.828899 np0000007763 nova-scheduler[96596]: DEBUG oslo.service.backend._threading.loopingcall [None req-4b4ff73e-72f6-46a5-80a8-275a4c3db5c6 None None] Dynamic interval looping call 'nova.service.Service.periodic_tasks' sleeping for 60.00 seconds {{(pid=96596) _run_loop /opt/stack/data/venv/lib/python3.12/site-packages/oslo_service/backend/_threading/loopingcall.py:125}}
Aug 19 10:03:54.835621 np0000007763 nova-scheduler[96598]: DEBUG oslo.service.backend._threading.loopingcall [None req-c59bf4f1-ca78-40fa-b2d3-799ccf68ab05 None None] Dynamic interval looping call 'nova.service.Service.periodic_tasks' sleeping for 60.00 seconds {{(pid=96598) _run_loop /opt/stack/data/venv/lib/python3.12/site-packages/oslo_service/backend/_threading/loopingcall.py:125}}
Aug 19 10:04:16.831385 np0000007763 nova-scheduler[96600]: DEBUG oslo.service.backend._threading.loopingcall [None req-d18f16b1-3d1e-4876-b14d-d79f25523495 None None] Dynamic interval looping call 'nova.service.Service.periodic_tasks' sleeping for 60.00 seconds {{(pid=96600) _run_loop /opt/stack/data/venv/lib/python3.12/site-packages/oslo_service/backend/_threading/loopingcall.py:125}}
Aug 19 10:04:21.835916 np0000007763 nova-scheduler[96602]: DEBUG oslo.service.backend._threading.loopingcall [-] Fixed interval looping call 'nova.servicegroup.drivers.db.DbDriver._report_state' sleeping for 119.99 seconds {{(pid=96602) _run_loop /opt/stack/data/venv/lib/python3.12/site-packages/oslo_service/backend/_threading/loopingcall.py:125}}
Aug 19 10:04:21.837029 np0000007763 nova-scheduler[96596]: DEBUG oslo.service.backend._threading.loopingcall [-] Fixed interval looping call 'nova.servicegroup.drivers.db.DbDriver._report_state' sleeping for 119.99 seconds {{(pid=96596) _run_loop /opt/stack/data/venv/lib/python3.12/site-packages/oslo_service/backend/_threading/loopingcall.py:125}}
Aug 19 10:04:21.837475 np0000007763 nova-scheduler[96600]: DEBUG oslo.service.backend._threading.loopingcall [-] Fixed interval looping call 'nova.servicegroup.drivers.db.DbDriver._report_state' sleeping for 119.99 seconds {{(pid=96600) _run_loop /opt/stack/data/venv/lib/python3.12/site-packages/oslo_service/backend/_threading/loopingcall.py:125}}
Aug 19 10:04:21.841572 np0000007763 nova-scheduler[96598]: DEBUG oslo.service.backend._threading.loopingcall [-] Fixed interval looping call 'nova.servicegroup.drivers.db.DbDriver._report_state' sleeping for 120.00 seconds {{(pid=96598) _run_loop /opt/stack/data/venv/lib/python3.12/site-packages/oslo_service/backend/_threading/loopingcall.py:125}}
Aug 19 10:04:31.830134 np0000007763 nova-scheduler[96600]: DEBUG dbcounter [-] [96600] Writing DB stats nova_cell0:SELECT=1,nova_cell0:UPDATE=1 {{(pid=96600) stat_writer /opt/stack/data/venv/lib/python3.12/site-packages/dbcounter.py:115}}
Aug 19 10:04:31.832048 np0000007763 nova-scheduler[96602]: DEBUG dbcounter [-] [96602] Writing DB stats nova_cell0:SELECT=1,nova_cell0:UPDATE=1 {{(pid=96602) stat_writer /opt/stack/data/venv/lib/python3.12/site-packages/dbcounter.py:115}}
Aug 19 10:04:31.835976 np0000007763 nova-scheduler[96596]: DEBUG dbcounter [-] [96596] Writing DB stats nova_cell0:SELECT=1,nova_cell0:UPDATE=1 {{(pid=96596) stat_writer /opt/stack/data/venv/lib/python3.12/site-packages/dbcounter.py:115}}
Aug 19 10:04:31.839650 np0000007763 nova-scheduler[96598]: DEBUG dbcounter [-] [96598] Writing DB stats nova_cell0:SELECT=1 {{(pid=96598) stat_writer /opt/stack/data/venv/lib/python3.12/site-packages/dbcounter.py:115}}
Aug 19 10:04:34.266654 np0000007763 nova-scheduler[96596]: DEBUG nova.scheduler.manager [None req-6ed6ad9a-b12e-4c06-8e7f-19f51c55ef71 tempest-ServerRescueNegativeTestJSON-583552159 tempest-ServerRescueNegativeTestJSON-583552159-project-member] Starting to schedule for instances: ['af459973-9885-4d87-aa64-227c71288a46'] {{(pid=96596) select_destinations /opt/stack/nova/nova/scheduler/manager.py:197}}
Aug 19 10:04:34.267763 np0000007763 nova-scheduler[96596]: DEBUG nova.scheduler.request_filter [None req-6ed6ad9a-b12e-4c06-8e7f-19f51c55ef71 tempest-ServerRescueNegativeTestJSON-583552159 tempest-ServerRescueNegativeTestJSON-583552159-project-member] compute_status_filter request filter added forbidden trait COMPUTE_STATUS_DISABLED {{(pid=96596) compute_status_filter /opt/stack/nova/nova/scheduler/request_filter.py:253}}
Aug 19 10:04:34.267890 np0000007763 nova-scheduler[96596]: DEBUG nova.scheduler.request_filter [None req-6ed6ad9a-b12e-4c06-8e7f-19f51c55ef71 tempest-ServerRescueNegativeTestJSON-583552159 tempest-ServerRescueNegativeTestJSON-583552159-project-member] Request filter 'compute_status_filter' took 0.0 seconds {{(pid=96596) wrapper /opt/stack/nova/nova/scheduler/request_filter.py:46}}
Aug 19 10:04:34.268118 np0000007763 nova-scheduler[96596]: DEBUG nova.scheduler.request_filter [None req-6ed6ad9a-b12e-4c06-8e7f-19f51c55ef71 tempest-ServerRescueNegativeTestJSON-583552159 tempest-ServerRescueNegativeTestJSON-583552159-project-member] Request filter 'accelerators_filter' took 0.0 seconds {{(pid=96596) wrapper /opt/stack/nova/nova/scheduler/request_filter.py:46}}
Aug 19 10:04:34.268325 np0000007763 nova-scheduler[96596]: DEBUG nova.scheduler.request_filter [None req-6ed6ad9a-b12e-4c06-8e7f-19f51c55ef71 tempest-ServerRescueNegativeTestJSON-583552159 tempest-ServerRescueNegativeTestJSON-583552159-project-member] Request filter 'packed_virtqueue_filter' took 0.0 seconds {{(pid=96596) wrapper /opt/stack/nova/nova/scheduler/request_filter.py:46}}
Aug 19 10:04:34.268581 np0000007763 nova-scheduler[96596]: DEBUG nova.scheduler.request_filter [None req-6ed6ad9a-b12e-4c06-8e7f-19f51c55ef71 tempest-ServerRescueNegativeTestJSON-583552159 tempest-ServerRescueNegativeTestJSON-583552159-project-member] Request filter 'remote_managed_ports_filter' took 0.0 seconds {{(pid=96596) wrapper /opt/stack/nova/nova/scheduler/request_filter.py:46}}
Aug 19 10:04:34.268804 np0000007763 nova-scheduler[96596]: DEBUG nova.scheduler.request_filter [None req-6ed6ad9a-b12e-4c06-8e7f-19f51c55ef71 tempest-ServerRescueNegativeTestJSON-583552159 tempest-ServerRescueNegativeTestJSON-583552159-project-member] ephemeral_encryption_filter skipped {{(pid=96596) ephemeral_encryption_filter /opt/stack/nova/nova/scheduler/request_filter.py:426}}
Aug 19 10:04:34.268956 np0000007763 nova-scheduler[96596]: DEBUG nova.scheduler.request_filter [None req-6ed6ad9a-b12e-4c06-8e7f-19f51c55ef71 tempest-ServerRescueNegativeTestJSON-583552159 tempest-ServerRescueNegativeTestJSON-583552159-project-member] virtio_sound_filter skipped {{(pid=96596) virtio_sound_filter /opt/stack/nova/nova/scheduler/request_filter.py:460}}
Aug 19 10:04:34.269141 np0000007763 nova-scheduler[96596]: DEBUG nova.scheduler.request_filter [None req-6ed6ad9a-b12e-4c06-8e7f-19f51c55ef71 tempest-ServerRescueNegativeTestJSON-583552159 tempest-ServerRescueNegativeTestJSON-583552159-project-member] tpm_secret_security_filter skipped {{(pid=96596) tpm_secret_security_filter /opt/stack/nova/nova/scheduler/request_filter.py:477}}
Aug 19 10:04:34.829460 np0000007763 nova-scheduler[96596]: INFO nova.utils [None req-6ed6ad9a-b12e-4c06-8e7f-19f51c55ef71 tempest-ServerRescueNegativeTestJSON-583552159 tempest-ServerRescueNegativeTestJSON-583552159-project-member] The cell worker thread pool ForkProcess-1.cell_worker is initialized
Aug 19 10:04:34.829927 np0000007763 nova-scheduler[96596]: DEBUG oslo_concurrency.lockutils [None req-6ed6ad9a-b12e-4c06-8e7f-19f51c55ef71 tempest-ServerRescueNegativeTestJSON-583552159 tempest-ServerRescueNegativeTestJSON-583552159-project-member] Acquiring lock "3cb288ea-fb1d-4658-885e-0cf6acda330f" by "nova.context.set_target_cell..get_or_set_cached_cell_and_set_connections" {{(pid=96596) inner /opt/stack/data/venv/lib/python3.12/site-packages/oslo_concurrency/lockutils.py:512}}
Aug 19 10:04:34.830168 np0000007763 nova-scheduler[96596]: DEBUG oslo_concurrency.lockutils [None req-6ed6ad9a-b12e-4c06-8e7f-19f51c55ef71 tempest-ServerRescueNegativeTestJSON-583552159 tempest-ServerRescueNegativeTestJSON-583552159-project-member] Lock "3cb288ea-fb1d-4658-885e-0cf6acda330f" acquired by "nova.context.set_target_cell..get_or_set_cached_cell_and_set_connections" :: waited 0.000s {{(pid=96596) inner /opt/stack/data/venv/lib/python3.12/site-packages/oslo_concurrency/lockutils.py:525}}
Aug 19 10:04:34.831428 np0000007763 nova-scheduler[96596]: DEBUG oslo_concurrency.lockutils [None req-6ed6ad9a-b12e-4c06-8e7f-19f51c55ef71 tempest-ServerRescueNegativeTestJSON-583552159 tempest-ServerRescueNegativeTestJSON-583552159-project-member] Lock "3cb288ea-fb1d-4658-885e-0cf6acda330f" "released" by "nova.context.set_target_cell..get_or_set_cached_cell_and_set_connections" :: held 0.001s {{(pid=96596) inner /opt/stack/data/venv/lib/python3.12/site-packages/oslo_concurrency/lockutils.py:544}}
Aug 19 10:04:34.831533 np0000007763 nova-scheduler[96602]: DEBUG oslo.service.backend._threading.loopingcall [None req-f28a3065-9ff0-4fbb-96ce-9a46ddc055c2 None None] Dynamic interval looping call 'nova.service.Service.periodic_tasks' sleeping for 60.00 seconds {{(pid=96602) _run_loop /opt/stack/data/venv/lib/python3.12/site-packages/oslo_service/backend/_threading/loopingcall.py:125}}
Aug 19 10:04:34.836192 np0000007763 nova-scheduler[96596]: INFO dbcounter [None req-6ed6ad9a-b12e-4c06-8e7f-19f51c55ef71 tempest-ServerRescueNegativeTestJSON-583552159 tempest-ServerRescueNegativeTestJSON-583552159-project-member] Registered counter for database nova_cell1
Aug 19 10:04:34.879707 np0000007763 nova-scheduler[96596]: DEBUG oslo_db.sqlalchemy.engines [None req-6ed6ad9a-b12e-4c06-8e7f-19f51c55ef71 tempest-ServerRescueNegativeTestJSON-583552159 tempest-ServerRescueNegativeTestJSON-583552159-project-member] MySQL server mode set to STRICT_TRANS_TABLES,STRICT_ALL_TABLES,NO_ZERO_IN_DATE,NO_ZERO_DATE,ERROR_FOR_DIVISION_BY_ZERO,TRADITIONAL,NO_ENGINE_SUBSTITUTION {{(pid=96596) _check_effective_sql_mode /opt/stack/data/venv/lib/python3.12/site-packages/oslo_db/sqlalchemy/engines.py:325}}
Aug 19 10:04:34.886413 np0000007763 nova-scheduler[96596]: DEBUG dbcounter [-] [96596] Writer thread running {{(pid=96596) stat_writer /opt/stack/data/venv/lib/python3.12/site-packages/dbcounter.py:102}}
Aug 19 10:04:34.898289 np0000007763 nova-scheduler[96596]: DEBUG oslo_db.sqlalchemy.engines [None req-6ed6ad9a-b12e-4c06-8e7f-19f51c55ef71 tempest-ServerRescueNegativeTestJSON-583552159 tempest-ServerRescueNegativeTestJSON-583552159-project-member] Parent process 95391 forked (96596) with an open database connection, which is being discarded and recreated. {{(pid=96596) checkout /opt/stack/data/venv/lib/python3.12/site-packages/oslo_db/sqlalchemy/engines.py:402}}
Aug 19 10:04:34.945739 np0000007763 nova-scheduler[96596]: DEBUG dbcounter [-] [96596] Writer thread running {{(pid=96596) stat_writer /opt/stack/data/venv/lib/python3.12/site-packages/dbcounter.py:102}}
