Aug 19 10:01:50.433144 np0000007763 devstack@neutron-api.service[90816]: DEBUG neutron.api.extensions [None req-970872e5-66c2-42f7-94ab-cfd428d96e77 None None] Ext name="Tag creation extension" alias="tag-creation" description="Allow to create multiple tags for a resource" updated="2024-23-07T10:00:00-00:00" {{(pid=90816) _check_extension /opt/stack/neutron/neutron/api/extensions.py:415}}
Aug 19 10:01:50.433457 np0000007763 devstack@neutron-api.service[90817]: INFO neutron.quota.resource_registry [None req-b00425a1-82ab-496b-b495-62b98dd9ff67 None None] Creating instance of TrackedResource for resource:security_group
Aug 19 10:01:50.433717 np0000007763 devstack@neutron-api.service[90816]: INFO neutron.api.extensions [None req-970872e5-66c2-42f7-94ab-cfd428d96e77 None None] Loaded extension: tag-creation
Aug 19 10:01:50.433717 np0000007763 devstack@neutron-api.service[90816]: DEBUG neutron.api.extensions [None req-970872e5-66c2-42f7-94ab-cfd428d96e77 None None] Loading extension file: tag_ports_during_bulk_creation.py {{(pid=90816) _load_all_extensions_from_path /opt/stack/neutron/neutron/api/extensions.py:449}}
Aug 19 10:01:50.433964 np0000007763 devstack@neutron-api.service[90817]: INFO neutron.quota.resource_registry [None req-b00425a1-82ab-496b-b495-62b98dd9ff67 None None] Creating instance of TrackedResource for resource:security_group_rule
Aug 19 10:01:50.434096 np0000007763 devstack@neutron-api.service[90816]: DEBUG neutron.api.extensions [None req-970872e5-66c2-42f7-94ab-cfd428d96e77 None None] Ext name="Tag Ports During Bulk Creation" alias="tag-ports-during-bulk-creation" description="Allow to tag ports during bulk creation" updated="2019-12-29T19:00:00-00:00" {{(pid=90816) _check_extension /opt/stack/neutron/neutron/api/extensions.py:415}}
Aug 19 10:01:50.434096 np0000007763 devstack@neutron-api.service[90816]: INFO neutron.api.extensions [None req-970872e5-66c2-42f7-94ab-cfd428d96e77 None None] Extension tag-ports-during-bulk-creation not supported by any of loaded plugins
Aug 19 10:01:50.434096 np0000007763 devstack@neutron-api.service[90816]: DEBUG neutron.api.extensions [None req-970872e5-66c2-42f7-94ab-cfd428d96e77 None None] Loading extension file: tagging.py {{(pid=90816) _load_all_extensions_from_path /opt/stack/neutron/neutron/api/extensions.py:449}}
Aug 19 10:01:50.434334 np0000007763 devstack@neutron-api.service[90817]: DEBUG neutron.api.v2.resource_helper [None req-b00425a1-82ab-496b-b495-62b98dd9ff67 None None] Service CORE assigned prefix: {{(pid=90817) build_resource_info /opt/stack/neutron/neutron/api/v2/resource_helper.py:77}}
Aug 19 10:01:50.434334 np0000007763 devstack@neutron-api.service[90817]: INFO neutron.quota.resource_registry [None req-b00425a1-82ab-496b-b495-62b98dd9ff67 None None] Creating instance of TrackedResource for resource:subnetpool
Aug 19 10:01:50.434334 np0000007763 devstack@neutron-api.service[90817]: WARNING neutron.quota.resource_registry [None req-b00425a1-82ab-496b-b495-62b98dd9ff67 None None] subnetpool is already registered
Aug 19 10:01:50.434334 np0000007763 devstack@neutron-api.service[90817]: DEBUG neutron.api.v2.resource_helper [None req-b00425a1-82ab-496b-b495-62b98dd9ff67 None None] Service CORE assigned prefix: {{(pid=90817) build_resource_info /opt/stack/neutron/neutron/api/v2/resource_helper.py:77}}
Aug 19 10:01:50.434334 np0000007763 devstack@neutron-api.service[90817]: INFO neutron.quota.resource_registry [None req-b00425a1-82ab-496b-b495-62b98dd9ff67 None None] Creating instance of TrackedResource for resource:subnetpool
Aug 19 10:01:50.434334 np0000007763 devstack@neutron-api.service[90817]: WARNING neutron.quota.resource_registry [None req-b00425a1-82ab-496b-b495-62b98dd9ff67 None None] subnetpool is already registered
Aug 19 10:01:50.434830 np0000007763 devstack@neutron-api.service[90816]: DEBUG neutron.api.extensions [None req-970872e5-66c2-42f7-94ab-cfd428d96e77 None None] Ext name="Tag support for resources with standard attribute: port, subnet, subnetpool, network, security_group, router, floatingip, policy, trunk, network_segment_range" alias="standard-attr-tag" description="Enables to set tag on resources with standard attribute." updated="2017-01-01T00:00:00-00:00" {{(pid=90816) _check_extension /opt/stack/neutron/neutron/api/extensions.py:415}}
Aug 19 10:01:50.434830 np0000007763 devstack@neutron-api.service[90816]: INFO neutron.api.extensions [None req-970872e5-66c2-42f7-94ab-cfd428d96e77 None None] Loaded extension: standard-attr-tag
Aug 19 10:01:50.434830 np0000007763 devstack@neutron-api.service[90816]: DEBUG neutron.api.extensions [None req-970872e5-66c2-42f7-94ab-cfd428d96e77 None None] Loading extension file: timestamp.py {{(pid=90816) _load_all_extensions_from_path /opt/stack/neutron/neutron/api/extensions.py:449}}
Aug 19 10:01:50.434830 np0000007763 devstack@neutron-api.service[90816]: DEBUG neutron.api.extensions [None req-970872e5-66c2-42f7-94ab-cfd428d96e77 None None] Ext name="Resource timestamps" alias="standard-attr-timestamp" description="Adds created_at and updated_at fields to all Neutron resources that have Neutron standard attributes." updated="2016-09-12T10:00:00-00:00" {{(pid=90816) _check_extension /opt/stack/neutron/neutron/api/extensions.py:415}}
Aug 19 10:01:50.434830 np0000007763 devstack@neutron-api.service[90816]: INFO neutron.api.extensions [None req-970872e5-66c2-42f7-94ab-cfd428d96e77 None None] Loaded extension: standard-attr-timestamp
Aug 19 10:01:50.434830 np0000007763 devstack@neutron-api.service[90816]: DEBUG neutron.api.extensions [None req-970872e5-66c2-42f7-94ab-cfd428d96e77 None None] Loading extension file: trunk.py {{(pid=90816) _load_all_extensions_from_path /opt/stack/neutron/neutron/api/extensions.py:449}}
Aug 19 10:01:50.435201 np0000007763 devstack@neutron-api.service[90816]: DEBUG neutron.api.extensions [None req-970872e5-66c2-42f7-94ab-cfd428d96e77 None None] Ext name="Trunk Extension" alias="trunk" description="Provides support for trunk ports" updated="2016-01-01T10:00:00-00:00" {{(pid=90816) _check_extension /opt/stack/neutron/neutron/api/extensions.py:415}}
Aug 19 10:01:50.435201 np0000007763 devstack@neutron-api.service[90816]: INFO neutron.api.extensions [None req-970872e5-66c2-42f7-94ab-cfd428d96e77 None None] Extension trunk not supported by any of loaded plugins
Aug 19 10:01:50.435201 np0000007763 devstack@neutron-api.service[90816]: DEBUG neutron.api.extensions [None req-970872e5-66c2-42f7-94ab-cfd428d96e77 None None] Loading extension file: trunk_details.py {{(pid=90816) _load_all_extensions_from_path /opt/stack/neutron/neutron/api/extensions.py:449}}
Aug 19 10:01:50.435201 np0000007763 devstack@neutron-api.service[90816]: DEBUG neutron.api.extensions [None req-970872e5-66c2-42f7-94ab-cfd428d96e77 None None] Ext name="Trunk port details" alias="trunk-details" description="Expose trunk port details" updated="2016-01-01T10:00:00-00:00" {{(pid=90816) _check_extension /opt/stack/neutron/neutron/api/extensions.py:415}}
Aug 19 10:01:50.435469 np0000007763 devstack@neutron-api.service[90817]: INFO neutron.quota.resource_registry [None req-b00425a1-82ab-496b-b495-62b98dd9ff67 None None] Creating instance of CountableResource for resource:router_route
Aug 19 10:01:50.435469 np0000007763 devstack@neutron-api.service[90817]: WARNING neutron.quota.resource_registry [None req-b00425a1-82ab-496b-b495-62b98dd9ff67 None None] router_route is already registered
Aug 19 10:01:50.435469 np0000007763 devstack@neutron-api.service[90817]: DEBUG neutron.api.v2.resource_helper [None req-b00425a1-82ab-496b-b495-62b98dd9ff67 None None] Service L3_ROUTER_NAT assigned prefix: {{(pid=90817) build_resource_info /opt/stack/neutron/neutron/api/v2/resource_helper.py:77}}
Aug 19 10:01:50.435754 np0000007763 devstack@neutron-api.service[90816]: INFO neutron.api.extensions [None req-970872e5-66c2-42f7-94ab-cfd428d96e77 None None] Extension trunk-details not supported by any of loaded plugins
Aug 19 10:01:50.435903 np0000007763 devstack@neutron-api.service[90817]: DEBUG neutron.api.v2.resource_helper [None req-b00425a1-82ab-496b-b495-62b98dd9ff67 None None] Service FLAVORS assigned prefix: {{(pid=90817) build_resource_info /opt/stack/neutron/neutron/api/v2/resource_helper.py:77}}
Aug 19 10:01:50.436043 np0000007763 devstack@neutron-api.service[90816]: DEBUG neutron.api.extensions [None req-970872e5-66c2-42f7-94ab-cfd428d96e77 None None] Loading extension file: uplink_status_propagation.py {{(pid=90816) _load_all_extensions_from_path /opt/stack/neutron/neutron/api/extensions.py:449}}
Aug 19 10:01:50.436043 np0000007763 devstack@neutron-api.service[90816]: DEBUG neutron.api.extensions [None req-970872e5-66c2-42f7-94ab-cfd428d96e77 None None] Ext name="Uplink status propagation extension" alias="uplink-status-propagation" description="Provides ability to propagate port uplink status." updated="2018-05-31T18:00:00-00:00" {{(pid=90816) _check_extension /opt/stack/neutron/neutron/api/extensions.py:415}}
Aug 19 10:01:50.436043 np0000007763 devstack@neutron-api.service[90816]: INFO neutron.api.extensions [None req-970872e5-66c2-42f7-94ab-cfd428d96e77 None None] Extension uplink-status-propagation not supported by any of loaded plugins
Aug 19 10:01:50.436043 np0000007763 devstack@neutron-api.service[90816]: DEBUG neutron.api.extensions [None req-970872e5-66c2-42f7-94ab-cfd428d96e77 None None] Loading extension file: uplink_status_propagation_updatable.py {{(pid=90816) _load_all_extensions_from_path /opt/stack/neutron/neutron/api/extensions.py:449}}
Aug 19 10:01:50.436623 np0000007763 devstack@neutron-api.service[90817]: DEBUG neutron.api.v2.resource_helper [None req-b00425a1-82ab-496b-b495-62b98dd9ff67 None None] Service L3_ROUTER_NAT assigned prefix: {{(pid=90817) build_resource_info /opt/stack/neutron/neutron/api/v2/resource_helper.py:77}}
Aug 19 10:01:50.437014 np0000007763 devstack@neutron-api.service[90816]: DEBUG neutron.api.extensions [None req-970872e5-66c2-42f7-94ab-cfd428d96e77 None None] Ext name="Uplink status propagation updatable extension" alias="uplink-status-propagation-updatable" description="Provides ability to update the port uplink status." updated="2024-09-03T18:00:00-00:00" {{(pid=90816) _check_extension /opt/stack/neutron/neutron/api/extensions.py:415}}
Aug 19 10:01:50.437014 np0000007763 devstack@neutron-api.service[90816]: INFO neutron.api.extensions [None req-970872e5-66c2-42f7-94ab-cfd428d96e77 None None] Extension uplink-status-propagation-updatable not supported by any of loaded plugins
Aug 19 10:01:50.437351 np0000007763 devstack@neutron-api.service[90817]: DEBUG neutron.api.v2.resource_helper [None req-b00425a1-82ab-496b-b495-62b98dd9ff67 None None] Service L3_ROUTER_NAT assigned prefix: {{(pid=90817) build_resource_info /opt/stack/neutron/neutron/api/v2/resource_helper.py:77}}
Aug 19 10:01:50.437351 np0000007763 devstack@neutron-api.service[90817]: INFO neutron.quota.resource_registry [None req-b00425a1-82ab-496b-b495-62b98dd9ff67 None None] Creating instance of TrackedResource for resource:router
Aug 19 10:01:50.437716 np0000007763 devstack@neutron-api.service[90816]: DEBUG neutron.api.extensions [None req-970872e5-66c2-42f7-94ab-cfd428d96e77 None None] Loading extension file: vlantransparent.py {{(pid=90816) _load_all_extensions_from_path /opt/stack/neutron/neutron/api/extensions.py:449}}
Aug 19 10:01:50.437962 np0000007763 devstack@neutron-api.service[90817]: WARNING neutron.quota.resource_registry [None req-b00425a1-82ab-496b-b495-62b98dd9ff67 None None] router is already registered
Aug 19 10:01:50.438206 np0000007763 devstack@neutron-api.service[90816]: DEBUG neutron.api.extensions [None req-970872e5-66c2-42f7-94ab-cfd428d96e77 None None] Ext name="Vlantransparent" alias="vlan-transparent" description="Provides Vlan Transparent Networks" updated="2015-03-23T09:00:00-00:00" {{(pid=90816) _check_extension /opt/stack/neutron/neutron/api/extensions.py:415}}
Aug 19 10:01:50.438503 np0000007763 devstack@neutron-api.service[90817]: INFO neutron.quota.resource_registry [None req-b00425a1-82ab-496b-b495-62b98dd9ff67 None None] Creating instance of TrackedResource for resource:floatingip
Aug 19 10:01:50.438867 np0000007763 devstack@neutron-api.service[90816]: INFO neutron.api.extensions [None req-970872e5-66c2-42f7-94ab-cfd428d96e77 None None] Loaded extension: vlan-transparent
Aug 19 10:01:50.439085 np0000007763 devstack@neutron-api.service[90817]: WARNING neutron.quota.resource_registry [None req-b00425a1-82ab-496b-b495-62b98dd9ff67 None None] floatingip is already registered
Aug 19 10:01:50.439331 np0000007763 devstack@neutron-api.service[90814]: INFO neutron.plugins.ml2.drivers.type_vlan [None req-e82e468c-d233-445a-8f07-cfecb9718844 None None] VlanTypeDriver initialization complete
Aug 19 10:01:50.439331 np0000007763 devstack@neutron-api.service[90814]: INFO neutron.plugins.ml2.managers [None req-e82e468c-d233-445a-8f07-cfecb9718844 None None] Initializing extension driver 'port_security'
Aug 19 10:01:50.439331 np0000007763 devstack@neutron-api.service[90814]: INFO neutron.plugins.ml2.extensions.port_security [None req-e82e468c-d233-445a-8f07-cfecb9718844 None None] PortSecurityExtensionDriver initialization complete
Aug 19 10:01:50.439331 np0000007763 devstack@neutron-api.service[90814]: INFO neutron.plugins.ml2.managers [None req-e82e468c-d233-445a-8f07-cfecb9718844 None None] Initializing extension driver 'qos'
Aug 19 10:01:50.439331 np0000007763 devstack@neutron-api.service[90814]: DEBUG neutron.plugins.ml2.extensions.qos [None req-e82e468c-d233-445a-8f07-cfecb9718844 None None] QosExtensionDriver initialization complete {{(pid=90814) initialize /opt/stack/neutron/neutron/plugins/ml2/extensions/qos.py:31}}
Aug 19 10:01:50.439331 np0000007763 devstack@neutron-api.service[90814]: INFO neutron.plugins.ml2.managers [None req-e82e468c-d233-445a-8f07-cfecb9718844 None None] Initializing mechanism driver 'ovn'
Aug 19 10:01:50.439331 np0000007763 devstack@neutron-api.service[90814]: INFO neutron.plugins.ml2.drivers.ovn.mech_driver.mech_driver [None req-e82e468c-d233-445a-8f07-cfecb9718844 None None] Starting OVNMechanismDriver
Aug 19 10:01:50.440012 np0000007763 devstack@neutron-api.service[90816]: INFO neutron.quota.resource_registry [None req-970872e5-66c2-42f7-94ab-cfd428d96e77 None None] Creating instance of TrackedResource for resource:network
Aug 19 10:01:50.440160 np0000007763 devstack@neutron-api.service[90817]: INFO neutron.quota.resource_registry [None req-b00425a1-82ab-496b-b495-62b98dd9ff67 None None] Creating instance of CountableResource for resource:rbac_policy
Aug 19 10:01:50.440160 np0000007763 devstack@neutron-api.service[90817]: WARNING neutron.quota.resource_registry [None req-b00425a1-82ab-496b-b495-62b98dd9ff67 None None] rbac_policy is already registered
Aug 19 10:01:50.440453 np0000007763 devstack@neutron-api.service[90816]: INFO neutron.quota.resource_registry [None req-970872e5-66c2-42f7-94ab-cfd428d96e77 None None] Creating instance of TrackedResource for resource:subnet
Aug 19 10:01:50.440453 np0000007763 devstack@neutron-api.service[90816]: INFO neutron.quota.resource_registry [None req-970872e5-66c2-42f7-94ab-cfd428d96e77 None None] Creating instance of TrackedResource for resource:subnetpool
Aug 19 10:01:50.440453 np0000007763 devstack@neutron-api.service[90816]: INFO neutron.quota.resource_registry [None req-970872e5-66c2-42f7-94ab-cfd428d96e77 None None] Creating instance of TrackedResource for resource:port
Aug 19 10:01:50.440797 np0000007763 devstack@neutron-api.service[90817]: INFO neutron.quota.resource_registry [None req-b00425a1-82ab-496b-b495-62b98dd9ff67 None None] Creating instance of TrackedResource for resource:security_group
Aug 19 10:01:50.440797 np0000007763 devstack@neutron-api.service[90817]: WARNING neutron.quota.resource_registry [None req-b00425a1-82ab-496b-b495-62b98dd9ff67 None None] security_group is already registered
Aug 19 10:01:50.440797 np0000007763 devstack@neutron-api.service[90817]: INFO neutron.quota.resource_registry [None req-b00425a1-82ab-496b-b495-62b98dd9ff67 None None] Creating instance of TrackedResource for resource:security_group_rule
Aug 19 10:01:50.440797 np0000007763 devstack@neutron-api.service[90817]: WARNING neutron.quota.resource_registry [None req-b00425a1-82ab-496b-b495-62b98dd9ff67 None None] security_group_rule is already registered
Aug 19 10:01:50.441018 np0000007763 devstack@neutron-api.service[90814]: DEBUG neutron_lib.callbacks.manager [None req-e82e468c-d233-445a-8f07-cfecb9718844 None None] Subscribe: > process before_spawn 55550000, False {{(pid=90814) subscribe /opt/stack/data/venv/lib/python3.12/site-packages/neutron_lib/callbacks/manager.py:52}}
Aug 19 10:01:50.441018 np0000007763 devstack@neutron-api.service[90814]: DEBUG neutron_lib.callbacks.manager [None req-e82e468c-d233-445a-8f07-cfecb9718844 None None] Subscribe: > process after_init 55550000, True {{(pid=90814) subscribe /opt/stack/data/venv/lib/python3.12/site-packages/neutron_lib/callbacks/manager.py:52}}
Aug 19 10:01:50.441018 np0000007763 devstack@neutron-api.service[90814]: DEBUG neutron_lib.callbacks.manager [None req-e82e468c-d233-445a-8f07-cfecb9718844 None None] Subscribe: > segment after_create 55550000, False {{(pid=90814) subscribe /opt/stack/data/venv/lib/python3.12/site-packages/neutron_lib/callbacks/manager.py:52}}
Aug 19 10:01:50.441404 np0000007763 devstack@neutron-api.service[90817]: DEBUG neutron.api.v2.resource_helper [None req-b00425a1-82ab-496b-b495-62b98dd9ff67 None None] Service CORE assigned prefix: {{(pid=90817) build_resource_info /opt/stack/neutron/neutron/api/v2/resource_helper.py:77}}
Aug 19 10:01:50.441576 np0000007763 devstack@neutron-api.service[90814]: DEBUG neutron_lib.callbacks.manager [None req-e82e468c-d233-445a-8f07-cfecb9718844 None None] Subscribe: > segment after_create 55550000, False {{(pid=90814) subscribe /opt/stack/data/venv/lib/python3.12/site-packages/neutron_lib/callbacks/manager.py:52}}
Aug 19 10:01:50.441740 np0000007763 devstack@neutron-api.service[90817]: INFO neutron.quota.resource_registry [None req-b00425a1-82ab-496b-b495-62b98dd9ff67 None None] Creating instance of TrackedResource for resource:subnetpool
Aug 19 10:01:50.441873 np0000007763 devstack@neutron-api.service[90814]: DEBUG neutron_lib.callbacks.manager [None req-e82e468c-d233-445a-8f07-cfecb9718844 None None] Subscribe: > segment after_delete 55550000, False {{(pid=90814) subscribe /opt/stack/data/venv/lib/python3.12/site-packages/neutron_lib/callbacks/manager.py:52}}
Aug 19 10:01:50.442040 np0000007763 devstack@neutron-api.service[90817]: WARNING neutron.quota.resource_registry [None req-b00425a1-82ab-496b-b495-62b98dd9ff67 None None] subnetpool is already registered
Aug 19 10:01:50.442186 np0000007763 devstack@neutron-api.service[90814]: DEBUG neutron_lib.callbacks.manager [None req-e82e468c-d233-445a-8f07-cfecb9718844 None None] Subscribe: > allowed_address_pair before_create 55550000, False {{(pid=90814) subscribe /opt/stack/data/venv/lib/python3.12/site-packages/neutron_lib/callbacks/manager.py:52}}
Aug 19 10:01:50.442186 np0000007763 devstack@neutron-api.service[90814]: DEBUG neutron_lib.callbacks.manager [None req-e82e468c-d233-445a-8f07-cfecb9718844 None None] Subscribe: > security_group precommit_create 55550000, False {{(pid=90814) subscribe /opt/stack/data/venv/lib/python3.12/site-packages/neutron_lib/callbacks/manager.py:52}}
Aug 19 10:01:50.442463 np0000007763 devstack@neutron-api.service[90816]: INFO neutron.quota.resource_registry [None req-970872e5-66c2-42f7-94ab-cfd428d96e77 None None] Creating instance of CountableResource for resource:router_route
Aug 19 10:01:50.442613 np0000007763 devstack@neutron-api.service[90814]: DEBUG neutron_lib.callbacks.manager [None req-e82e468c-d233-445a-8f07-cfecb9718844 None None] Subscribe: > security_group after_update 55550000, False {{(pid=90814) subscribe /opt/stack/data/venv/lib/python3.12/site-packages/neutron_lib/callbacks/manager.py:52}}
Aug 19 10:01:50.442818 np0000007763 devstack@neutron-api.service[90817]: DEBUG neutron.api.v2.resource_helper [None req-b00425a1-82ab-496b-b495-62b98dd9ff67 None None] Service CORE assigned prefix: {{(pid=90817) build_resource_info /opt/stack/neutron/neutron/api/v2/resource_helper.py:77}}
Aug 19 10:01:50.442943 np0000007763 devstack@neutron-api.service[90814]: DEBUG neutron_lib.callbacks.manager [None req-e82e468c-d233-445a-8f07-cfecb9718844 None None] Subscribe: > security_group after_create 55550000, False {{(pid=90814) subscribe /opt/stack/data/venv/lib/python3.12/site-packages/neutron_lib/callbacks/manager.py:52}}
Aug 19 10:01:50.443084 np0000007763 devstack@neutron-api.service[90817]: INFO neutron.quota.resource_registry [None req-b00425a1-82ab-496b-b495-62b98dd9ff67 None None] Creating instance of TrackedResource for resource:subnetpool
Aug 19 10:01:50.443240 np0000007763 devstack@neutron-api.service[90816]: DEBUG neutron.api.v2.resource_helper [None req-970872e5-66c2-42f7-94ab-cfd428d96e77 None None] Service L3_ROUTER_NAT assigned prefix: {{(pid=90816) build_resource_info /opt/stack/neutron/neutron/api/v2/resource_helper.py:77}}
Aug 19 10:01:50.443446 np0000007763 devstack@neutron-api.service[90814]: DEBUG neutron_lib.callbacks.manager [None req-e82e468c-d233-445a-8f07-cfecb9718844 None None] Subscribe: > security_group precommit_delete 55550000, False {{(pid=90814) subscribe /opt/stack/data/venv/lib/python3.12/site-packages/neutron_lib/callbacks/manager.py:52}}
Aug 19 10:01:50.443719 np0000007763 devstack@neutron-api.service[90817]: WARNING neutron.quota.resource_registry [None req-b00425a1-82ab-496b-b495-62b98dd9ff67 None None] subnetpool is already registered
Aug 19 10:01:50.443893 np0000007763 devstack@neutron-api.service[90814]: DEBUG neutron_lib.callbacks.manager [None req-e82e468c-d233-445a-8f07-cfecb9718844 None None] Subscribe: > security_group after_delete 55550000, False {{(pid=90814) subscribe /opt/stack/data/venv/lib/python3.12/site-packages/neutron_lib/callbacks/manager.py:52}}
Aug 19 10:01:50.443893 np0000007763 devstack@neutron-api.service[90814]: DEBUG neutron_lib.callbacks.manager [None req-e82e468c-d233-445a-8f07-cfecb9718844 None None] Subscribe: > security_group_rule precommit_create 55550000, False {{(pid=90814) subscribe /opt/stack/data/venv/lib/python3.12/site-packages/neutron_lib/callbacks/manager.py:52}}
Aug 19 10:01:50.443893 np0000007763 devstack@neutron-api.service[90814]: DEBUG neutron_lib.callbacks.manager [None req-e82e468c-d233-445a-8f07-cfecb9718844 None None] Subscribe: > security_group_rule after_create 55550000, False {{(pid=90814) subscribe /opt/stack/data/venv/lib/python3.12/site-packages/neutron_lib/callbacks/manager.py:52}}
Aug 19 10:01:50.443893 np0000007763 devstack@neutron-api.service[90814]: DEBUG neutron_lib.callbacks.manager [None req-e82e468c-d233-445a-8f07-cfecb9718844 None None] Subscribe: > security_group_rule before_delete 55550000, False {{(pid=90814) subscribe /opt/stack/data/venv/lib/python3.12/site-packages/neutron_lib/callbacks/manager.py:52}}
Aug 19 10:01:50.444159 np0000007763 devstack@neutron-api.service[90817]: DEBUG neutron.api.extensions [None req-b00425a1-82ab-496b-b495-62b98dd9ff67 None None] Extended resource: extensions {{(pid=90817) __init__ /opt/stack/neutron/neutron/api/extensions.py:156}}
Aug 19 10:01:50.444352 np0000007763 devstack@neutron-api.service[90816]: DEBUG neutron.api.v2.resource_helper [None req-970872e5-66c2-42f7-94ab-cfd428d96e77 None None] Service FLAVORS assigned prefix: {{(pid=90816) build_resource_info /opt/stack/neutron/neutron/api/v2/resource_helper.py:77}}
Aug 19 10:01:50.444616 np0000007763 devstack@neutron-api.service[90814]: DEBUG neutron_lib.callbacks.manager [None req-e82e468c-d233-445a-8f07-cfecb9718844 None None] Subscribe: > address_group after_create 55550000, False {{(pid=90814) subscribe /opt/stack/data/venv/lib/python3.12/site-packages/neutron_lib/callbacks/manager.py:52}}
Aug 19 10:01:50.444616 np0000007763 devstack@neutron-api.service[90814]: DEBUG neutron_lib.callbacks.manager [None req-e82e468c-d233-445a-8f07-cfecb9718844 None None] Subscribe: > address_group after_update 55550000, False {{(pid=90814) subscribe /opt/stack/data/venv/lib/python3.12/site-packages/neutron_lib/callbacks/manager.py:52}}
Aug 19 10:01:50.444616 np0000007763 devstack@neutron-api.service[90814]: DEBUG neutron_lib.callbacks.manager [None req-e82e468c-d233-445a-8f07-cfecb9718844 None None] Subscribe: > address_group after_delete 55550000, False {{(pid=90814) subscribe /opt/stack/data/venv/lib/python3.12/site-packages/neutron_lib/callbacks/manager.py:52}}
Aug 19 10:01:50.444616 np0000007763 devstack@neutron-api.service[90814]: DEBUG neutron_lib.callbacks.manager [None req-e82e468c-d233-445a-8f07-cfecb9718844 None None] Subscribe: > qos_plugin after_init 55550000, False {{(pid=90814) subscribe /opt/stack/data/venv/lib/python3.12/site-packages/neutron_lib/callbacks/manager.py:52}}
Aug 19 10:01:50.444935 np0000007763 devstack@neutron-api.service[90814]: DEBUG neutron_lib.callbacks.manager [None req-e82e468c-d233-445a-8f07-cfecb9718844 None None] Subscribe: > trunk_plugin after_init 55550000, False {{(pid=90814) subscribe /opt/stack/data/venv/lib/python3.12/site-packages/neutron_lib/callbacks/manager.py:52}}
Aug 19 10:01:50.444935 np0000007763 devstack@neutron-api.service[90814]: DEBUG neutron_lib.callbacks.manager [None req-e82e468c-d233-445a-8f07-cfecb9718844 None None] Subscribe: > logging-plugin after_init 55550000, False {{(pid=90814) subscribe /opt/stack/data/venv/lib/python3.12/site-packages/neutron_lib/callbacks/manager.py:52}}
Aug 19 10:01:50.445123 np0000007763 devstack@neutron-api.service[90816]: DEBUG neutron.api.v2.resource_helper [None req-970872e5-66c2-42f7-94ab-cfd428d96e77 None None] Service L3_ROUTER_NAT assigned prefix: {{(pid=90816) build_resource_info /opt/stack/neutron/neutron/api/v2/resource_helper.py:77}}
Aug 19 10:01:50.445350 np0000007763 devstack@neutron-api.service[90814]: INFO neutron.services.logapi.drivers.ovn.driver [None req-e82e468c-d233-445a-8f07-cfecb9718844 None None] OVN logging driver registered
Aug 19 10:01:50.445350 np0000007763 devstack@neutron-api.service[90814]: DEBUG neutron_lib.callbacks.manager [None req-e82e468c-d233-445a-8f07-cfecb9718844 None None] Subscribe: ._register_pvlan_driver at 0x729c10cc45e0> pvlan_plugin before_spawn 55550000, False {{(pid=90814) subscribe /opt/stack/data/venv/lib/python3.12/site-packages/neutron_lib/callbacks/manager.py:52}}
Aug 19 10:01:50.445350 np0000007763 devstack@neutron-api.service[90814]: DEBUG neutron_lib.callbacks.manager [None req-e82e468c-d233-445a-8f07-cfecb9718844 None None] Subscribe: process after_init 55550000, False {{(pid=90814) subscribe /opt/stack/data/venv/lib/python3.12/site-packages/neutron_lib/callbacks/manager.py:52}}
Aug 19 10:01:50.445575 np0000007763 devstack@neutron-api.service[90816]: DEBUG neutron.api.v2.resource_helper [None req-970872e5-66c2-42f7-94ab-cfd428d96e77 None None] Service L3_ROUTER_NAT assigned prefix: {{(pid=90816) build_resource_info /opt/stack/neutron/neutron/api/v2/resource_helper.py:77}}
Aug 19 10:01:50.445575 np0000007763 devstack@neutron-api.service[90816]: INFO neutron.quota.resource_registry [None req-970872e5-66c2-42f7-94ab-cfd428d96e77 None None] Creating instance of TrackedResource for resource:router
Aug 19 10:01:50.445575 np0000007763 devstack@neutron-api.service[90816]: INFO neutron.quota.resource_registry [None req-970872e5-66c2-42f7-94ab-cfd428d96e77 None None] Creating instance of TrackedResource for resource:floatingip
Aug 19 10:01:50.445805 np0000007763 devstack@neutron-api.service[90814]: DEBUG neutron.plugins.ml2.plugin [None req-e82e468c-d233-445a-8f07-cfecb9718844 None None] neutron.plugins.ml2.plugin.Ml2Plugin method _start_rpc_notifiers called with arguments () {} {{(pid=90814) wrapper /opt/stack/data/venv/lib/python3.12/site-packages/oslo_log/helpers.py:77}}
Aug 19 10:01:50.445805 np0000007763 devstack@neutron-api.service[90814]: DEBUG neutron_lib.callbacks.manager [None req-e82e468c-d233-445a-8f07-cfecb9718844 None None] Subscribe: > port after_create 55550000, False {{(pid=90814) subscribe /opt/stack/data/venv/lib/python3.12/site-packages/neutron_lib/callbacks/manager.py:52}}
Aug 19 10:01:50.445805 np0000007763 devstack@neutron-api.service[90814]: DEBUG neutron_lib.callbacks.manager [None req-e82e468c-d233-445a-8f07-cfecb9718844 None None] Subscribe: > port after_update 55550000, False {{(pid=90814) subscribe /opt/stack/data/venv/lib/python3.12/site-packages/neutron_lib/callbacks/manager.py:52}}
Aug 19 10:01:50.445805 np0000007763 devstack@neutron-api.service[90814]: DEBUG neutron_lib.callbacks.manager [None req-e82e468c-d233-445a-8f07-cfecb9718844 None None] Subscribe: > port after_delete 55550000, False {{(pid=90814) subscribe /opt/stack/data/venv/lib/python3.12/site-packages/neutron_lib/callbacks/manager.py:52}}
Aug 19 10:01:50.445805 np0000007763 devstack@neutron-api.service[90814]: DEBUG neutron_lib.callbacks.manager [None req-e82e468c-d233-445a-8f07-cfecb9718844 None None] Subscribe: > subnet after_create 55550000, False {{(pid=90814) subscribe /opt/stack/data/venv/lib/python3.12/site-packages/neutron_lib/callbacks/manager.py:52}}
Aug 19 10:01:50.446072 np0000007763 devstack@neutron-api.service[90814]: DEBUG neutron_lib.callbacks.manager [None req-e82e468c-d233-445a-8f07-cfecb9718844 None None] Subscribe: > subnet after_update 55550000, False {{(pid=90814) subscribe /opt/stack/data/venv/lib/python3.12/site-packages/neutron_lib/callbacks/manager.py:52}}
Aug 19 10:01:50.446298 np0000007763 devstack@neutron-api.service[90816]: INFO neutron.quota.resource_registry [None req-970872e5-66c2-42f7-94ab-cfd428d96e77 None None] Creating instance of CountableResource for resource:rbac_policy
Aug 19 10:01:50.446445 np0000007763 devstack@neutron-api.service[90814]: DEBUG neutron_lib.callbacks.manager [None req-e82e468c-d233-445a-8f07-cfecb9718844 None None] Subscribe: > subnet after_delete 55550000, False {{(pid=90814) subscribe /opt/stack/data/venv/lib/python3.12/site-packages/neutron_lib/callbacks/manager.py:52}}
Aug 19 10:01:50.446445 np0000007763 devstack@neutron-api.service[90814]: DEBUG neutron_lib.callbacks.manager [None req-e82e468c-d233-445a-8f07-cfecb9718844 None None] Subscribe: > network after_create 55550000, False {{(pid=90814) subscribe /opt/stack/data/venv/lib/python3.12/site-packages/neutron_lib/callbacks/manager.py:52}}
Aug 19 10:01:50.446445 np0000007763 devstack@neutron-api.service[90814]: DEBUG neutron_lib.callbacks.manager [None req-e82e468c-d233-445a-8f07-cfecb9718844 None None] Subscribe: > network after_update 55550000, False {{(pid=90814) subscribe /opt/stack/data/venv/lib/python3.12/site-packages/neutron_lib/callbacks/manager.py:52}}
Aug 19 10:01:50.446445 np0000007763 devstack@neutron-api.service[90814]: DEBUG neutron_lib.callbacks.manager [None req-e82e468c-d233-445a-8f07-cfecb9718844 None None] Subscribe: > network after_delete 55550000, False {{(pid=90814) subscribe /opt/stack/data/venv/lib/python3.12/site-packages/neutron_lib/callbacks/manager.py:52}}
Aug 19 10:01:50.446891 np0000007763 devstack@neutron-api.service[90814]: DEBUG neutron_lib.callbacks.manager [None req-e82e468c-d233-445a-8f07-cfecb9718844 None None] Subscribe: > security_group after_create 55550000, False {{(pid=90814) subscribe /opt/stack/data/venv/lib/python3.12/site-packages/neutron_lib/callbacks/manager.py:52}}
Aug 19 10:01:50.446891 np0000007763 devstack@neutron-api.service[90814]: DEBUG neutron_lib.callbacks.manager [None req-e82e468c-d233-445a-8f07-cfecb9718844 None None] Subscribe: > security_group after_update 55550000, False {{(pid=90814) subscribe /opt/stack/data/venv/lib/python3.12/site-packages/neutron_lib/callbacks/manager.py:52}}
Aug 19 10:01:50.446891 np0000007763 devstack@neutron-api.service[90814]: DEBUG neutron_lib.callbacks.manager [None req-e82e468c-d233-445a-8f07-cfecb9718844 None None] Subscribe: > security_group after_delete 55550000, False {{(pid=90814) subscribe /opt/stack/data/venv/lib/python3.12/site-packages/neutron_lib/callbacks/manager.py:52}}
Aug 19 10:01:50.446891 np0000007763 devstack@neutron-api.service[90814]: DEBUG neutron_lib.callbacks.manager [None req-e82e468c-d233-445a-8f07-cfecb9718844 None None] Subscribe: > security_group_rule after_create 55550000, False {{(pid=90814) subscribe /opt/stack/data/venv/lib/python3.12/site-packages/neutron_lib/callbacks/manager.py:52}}
Aug 19 10:01:50.447309 np0000007763 devstack@neutron-api.service[90814]: DEBUG neutron_lib.callbacks.manager [None req-e82e468c-d233-445a-8f07-cfecb9718844 None None] Subscribe: > security_group_rule after_update 55550000, False {{(pid=90814) subscribe /opt/stack/data/venv/lib/python3.12/site-packages/neutron_lib/callbacks/manager.py:52}}
Aug 19 10:01:50.447309 np0000007763 devstack@neutron-api.service[90814]: DEBUG neutron_lib.callbacks.manager [None req-e82e468c-d233-445a-8f07-cfecb9718844 None None] Subscribe: > security_group_rule after_delete 55550000, False {{(pid=90814) subscribe /opt/stack/data/venv/lib/python3.12/site-packages/neutron_lib/callbacks/manager.py:52}}
Aug 19 10:01:50.447309 np0000007763 devstack@neutron-api.service[90814]: DEBUG neutron_lib.callbacks.manager [None req-e82e468c-d233-445a-8f07-cfecb9718844 None None] Subscribe: > address_group after_create 55550000, False {{(pid=90814) subscribe /opt/stack/data/venv/lib/python3.12/site-packages/neutron_lib/callbacks/manager.py:52}}
Aug 19 10:01:50.447592 np0000007763 devstack@neutron-api.service[90816]: INFO neutron.quota.resource_registry [None req-970872e5-66c2-42f7-94ab-cfd428d96e77 None None] Creating instance of TrackedResource for resource:security_group
Aug 19 10:01:50.447750 np0000007763 devstack@neutron-api.service[90814]: DEBUG neutron_lib.callbacks.manager [None req-e82e468c-d233-445a-8f07-cfecb9718844 None None] Subscribe: > address_group after_update 55550000, False {{(pid=90814) subscribe /opt/stack/data/venv/lib/python3.12/site-packages/neutron_lib/callbacks/manager.py:52}}
Aug 19 10:01:50.447750 np0000007763 devstack@neutron-api.service[90814]: DEBUG neutron_lib.callbacks.manager [None req-e82e468c-d233-445a-8f07-cfecb9718844 None None] Subscribe: > address_group after_delete 55550000, False {{(pid=90814) subscribe /opt/stack/data/venv/lib/python3.12/site-packages/neutron_lib/callbacks/manager.py:52}}
Aug 19 10:01:50.447750 np0000007763 devstack@neutron-api.service[90814]: DEBUG neutron.plugins.ml2.ovo_rpc [None req-e82e468c-d233-445a-8f07-cfecb9718844 None None] ML2 OVO RPC backend initialized. {{(pid=90814) __init__ /opt/stack/neutron/neutron/plugins/ml2/ovo_rpc.py:117}}
Aug 19 10:01:50.448012 np0000007763 devstack@neutron-api.service[90816]: INFO neutron.quota.resource_registry [None req-970872e5-66c2-42f7-94ab-cfd428d96e77 None None] Creating instance of TrackedResource for resource:security_group_rule
Aug 19 10:01:50.448162 np0000007763 devstack@neutron-api.service[90814]: INFO neutron.quota [None req-e82e468c-d233-445a-8f07-cfecb9718844 None None] Loaded quota_driver: .
Aug 19 10:01:50.448162 np0000007763 devstack@neutron-api.service[90814]: INFO neutron.plugins.ml2.plugin [None req-e82e468c-d233-445a-8f07-cfecb9718844 None None] Modular L2 Plugin initialization complete
Aug 19 10:01:50.448162 np0000007763 devstack@neutron-api.service[90814]: DEBUG neutron.manager [None req-e82e468c-d233-445a-8f07-cfecb9718844 None None] Loading services supported by the core plugin {{(pid=90814) _load_services_from_core_plugin /opt/stack/neutron/neutron/manager.py:167}}
Aug 19 10:01:50.448162 np0000007763 devstack@neutron-api.service[90814]: INFO neutron.plugins.ml2.managers [None req-e82e468c-d233-445a-8f07-cfecb9718844 None None] Got port-security extension from driver 'port_security'
Aug 19 10:01:50.448162 np0000007763 devstack@neutron-api.service[90814]: DEBUG neutron.manager [None req-e82e468c-d233-445a-8f07-cfecb9718844 None None] Loading service plugins: ['ovn-router', 'auto_allocate', 'tag', 'timestamp', 'network_ip_availability', 'flavors', 'revisions'] {{(pid=90814) _load_service_plugins /opt/stack/neutron/neutron/manager.py:192}}
Aug 19 10:01:50.448162 np0000007763 devstack@neutron-api.service[90814]: INFO neutron.manager [None req-e82e468c-d233-445a-8f07-cfecb9718844 None None] Loading Plugin: ovn-router
Aug 19 10:01:50.448584 np0000007763 devstack@neutron-api.service[90816]: DEBUG neutron.api.v2.resource_helper [None req-970872e5-66c2-42f7-94ab-cfd428d96e77 None None] Service CORE assigned prefix: {{(pid=90816) build_resource_info /opt/stack/neutron/neutron/api/v2/resource_helper.py:77}}
Aug 19 10:01:50.448584 np0000007763 devstack@neutron-api.service[90816]: INFO neutron.quota.resource_registry [None req-970872e5-66c2-42f7-94ab-cfd428d96e77 None None] Creating instance of TrackedResource for resource:subnetpool
Aug 19 10:01:50.448584 np0000007763 devstack@neutron-api.service[90816]: WARNING neutron.quota.resource_registry [None req-970872e5-66c2-42f7-94ab-cfd428d96e77 None None] subnetpool is already registered
Aug 19 10:01:50.448584 np0000007763 devstack@neutron-api.service[90816]: DEBUG neutron.api.v2.resource_helper [None req-970872e5-66c2-42f7-94ab-cfd428d96e77 None None] Service CORE assigned prefix: {{(pid=90816) build_resource_info /opt/stack/neutron/neutron/api/v2/resource_helper.py:77}}
Aug 19 10:01:50.448584 np0000007763 devstack@neutron-api.service[90816]: INFO neutron.quota.resource_registry [None req-970872e5-66c2-42f7-94ab-cfd428d96e77 None None] Creating instance of TrackedResource for resource:subnetpool
Aug 19 10:01:50.448584 np0000007763 devstack@neutron-api.service[90816]: WARNING neutron.quota.resource_registry [None req-970872e5-66c2-42f7-94ab-cfd428d96e77 None None] subnetpool is already registered
Aug 19 10:01:50.449607 np0000007763 devstack@neutron-api.service[90814]: DEBUG neutron_lib.callbacks.manager [None req-e82e468c-d233-445a-8f07-cfecb9718844 None None] Subscribe: > router before_delete 55550000, False {{(pid=90814) subscribe /opt/stack/data/venv/lib/python3.12/site-packages/neutron_lib/callbacks/manager.py:52}}
Aug 19 10:01:50.449607 np0000007763 devstack@neutron-api.service[90814]: DEBUG neutron_lib.callbacks.manager [None req-e82e468c-d233-445a-8f07-cfecb9718844 None None] Subscribe: port before_update 55550000, False {{(pid=90814) subscribe /opt/stack/data/venv/lib/python3.12/site-packages/neutron_lib/callbacks/manager.py:52}}
Aug 19 10:01:50.449832 np0000007763 devstack@neutron-api.service[90814]: DEBUG neutron_lib.callbacks.manager [None req-e82e468c-d233-445a-8f07-cfecb9718844 None None] Subscribe: port after_update 55550000, False {{(pid=90814) subscribe /opt/stack/data/venv/lib/python3.12/site-packages/neutron_lib/callbacks/manager.py:52}}
Aug 19 10:01:50.450000 np0000007763 devstack@neutron-api.service[90814]: DEBUG neutron_lib.callbacks.manager [None req-e82e468c-d233-445a-8f07-cfecb9718844 None None] Subscribe: > port precommit_delete 55550000, False {{(pid=90814) subscribe /opt/stack/data/venv/lib/python3.12/site-packages/neutron_lib/callbacks/manager.py:52}}
Aug 19 10:01:50.450000 np0000007763 devstack@neutron-api.service[90814]: DEBUG neutron_lib.callbacks.manager [None req-e82e468c-d233-445a-8f07-cfecb9718844 None None] Subscribe: port before_update 55550000, False {{(pid=90814) subscribe /opt/stack/data/venv/lib/python3.12/site-packages/neutron_lib/callbacks/manager.py:52}}
Aug 19 10:01:50.450193 np0000007763 devstack@neutron-api.service[90814]: DEBUG neutron_lib.callbacks.manager [None req-e82e468c-d233-445a-8f07-cfecb9718844 None None] Subscribe: port before_delete 55550000, False {{(pid=90814) subscribe /opt/stack/data/venv/lib/python3.12/site-packages/neutron_lib/callbacks/manager.py:52}}
Aug 19 10:01:50.450193 np0000007763 devstack@neutron-api.service[90814]: DEBUG neutron_lib.callbacks.manager [None req-e82e468c-d233-445a-8f07-cfecb9718844 None None] Subscribe: > router precommit_create 55550000, False {{(pid=90814) subscribe /opt/stack/data/venv/lib/python3.12/site-packages/neutron_lib/callbacks/manager.py:52}}
Aug 19 10:01:50.450421 np0000007763 devstack@neutron-api.service[90814]: DEBUG neutron_lib.callbacks.manager [None req-e82e468c-d233-445a-8f07-cfecb9718844 None None] Subscribe: > router precommit_create 55550000, False {{(pid=90814) subscribe /opt/stack/data/venv/lib/python3.12/site-packages/neutron_lib/callbacks/manager.py:52}}
Aug 19 10:01:50.450421 np0000007763 devstack@neutron-api.service[90814]: DEBUG neutron_lib.callbacks.manager [None req-e82e468c-d233-445a-8f07-cfecb9718844 None None] Subscribe: > router precommit_update 55550000, False {{(pid=90814) subscribe /opt/stack/data/venv/lib/python3.12/site-packages/neutron_lib/callbacks/manager.py:52}}
Aug 19 10:01:50.450612 np0000007763 devstack@neutron-api.service[90814]: DEBUG neutron_lib.callbacks.manager [None req-e82e468c-d233-445a-8f07-cfecb9718844 None None] Subscribe: subnet after_update 55550000, False {{(pid=90814) subscribe /opt/stack/data/venv/lib/python3.12/site-packages/neutron_lib/callbacks/manager.py:52}}
Aug 19 10:01:50.450931 np0000007763 devstack@neutron-api.service[90814]: DEBUG neutron.quota.resource_registry [None req-e82e468c-d233-445a-8f07-cfecb9718844 None None] Tracking information for resource: router configured {{(pid=90814) set_tracked_resource /opt/stack/neutron/neutron/quota/resource_registry.py:203}}
Aug 19 10:01:50.450931 np0000007763 devstack@neutron-api.service[90814]: DEBUG neutron.quota.resource_registry [None req-e82e468c-d233-445a-8f07-cfecb9718844 None None] Tracking information for resource: floatingip configured {{(pid=90814) set_tracked_resource /opt/stack/neutron/neutron/quota/resource_registry.py:203}}
Aug 19 10:01:50.450931 np0000007763 devstack@neutron-api.service[90814]: INFO neutron.services.ovn_l3.plugin [None req-e82e468c-d233-445a-8f07-cfecb9718844 None None] Starting OVNL3RouterPlugin
Aug 19 10:01:50.451415 np0000007763 devstack@neutron-api.service[90814]: DEBUG neutron_lib.callbacks.manager [None req-e82e468c-d233-445a-8f07-cfecb9718844 None None] Subscribe: > port_forwarding_plugin after_init 55550000, False {{(pid=90814) subscribe /opt/stack/data/venv/lib/python3.12/site-packages/neutron_lib/callbacks/manager.py:52}}
Aug 19 10:01:50.451563 np0000007763 devstack@neutron-api.service[90814]: DEBUG neutron_lib.callbacks.manager [None req-e82e468c-d233-445a-8f07-cfecb9718844 None None] Subscribe: > router before_create 55550100, False {{(pid=90814) subscribe /opt/stack/data/venv/lib/python3.12/site-packages/neutron_lib/callbacks/manager.py:52}}
Aug 19 10:01:50.451563 np0000007763 devstack@neutron-api.service[90814]: DEBUG neutron_lib.callbacks.manager [None req-e82e468c-d233-445a-8f07-cfecb9718844 None None] Subscribe: > router precommit_delete 55550100, False {{(pid=90814) subscribe /opt/stack/data/venv/lib/python3.12/site-packages/neutron_lib/callbacks/manager.py:52}}
Aug 19 10:01:50.451794 np0000007763 devstack@neutron-api.service[90814]: DEBUG neutron_lib.callbacks.manager [None req-e82e468c-d233-445a-8f07-cfecb9718844 None None] Subscribe: > router precommit_create 55550100, False {{(pid=90814) subscribe /opt/stack/data/venv/lib/python3.12/site-packages/neutron_lib/callbacks/manager.py:52}}
Aug 19 10:01:50.451794 np0000007763 devstack@neutron-api.service[90814]: DEBUG neutron_lib.callbacks.manager [None req-e82e468c-d233-445a-8f07-cfecb9718844 None None] Subscribe: > router precommit_update 55550100, False {{(pid=90814) subscribe /opt/stack/data/venv/lib/python3.12/site-packages/neutron_lib/callbacks/manager.py:52}}
Aug 19 10:01:50.455495 np0000007763 devstack@neutron-api.service[90814]: DEBUG neutron.services.provider_configuration [None req-e82e468c-d233-445a-8f07-cfecb9718844 None None] Service providers = [] {{(pid=90814) parse_service_provider_opt /opt/stack/neutron/neutron/services/provider_configuration.py:170}}
Aug 19 10:01:50.455664 np0000007763 devstack@neutron-api.service[90814]: DEBUG neutron.db.servicetype_db [None req-e82e468c-d233-445a-8f07-cfecb9718844 None None] Adding provider configuration for service L3_ROUTER_NAT {{(pid=90814) add_provider_configuration /opt/stack/neutron/neutron/db/servicetype_db.py:45}}
Aug 19 10:01:50.457265 np0000007763 devstack@neutron-api.service[90814]: DEBUG neutron_lib.callbacks.manager [None req-e82e468c-d233-445a-8f07-cfecb9718844 None None] Subscribe: > router precommit_create 55549900, False {{(pid=90814) subscribe /opt/stack/data/venv/lib/python3.12/site-packages/neutron_lib/callbacks/manager.py:52}}
Aug 19 10:01:50.457441 np0000007763 devstack@neutron-api.service[90814]: DEBUG neutron_lib.callbacks.manager [None req-e82e468c-d233-445a-8f07-cfecb9718844 None None] Subscribe: > router_interface after_create 55550000, False {{(pid=90814) subscribe /opt/stack/data/venv/lib/python3.12/site-packages/neutron_lib/callbacks/manager.py:52}}
Aug 19 10:01:50.457441 np0000007763 devstack@neutron-api.service[90814]: DEBUG neutron_lib.callbacks.manager [None req-e82e468c-d233-445a-8f07-cfecb9718844 None None] Subscribe: > floatingip after_create 55550000, False {{(pid=90814) subscribe /opt/stack/data/venv/lib/python3.12/site-packages/neutron_lib/callbacks/manager.py:52}}
Aug 19 10:01:50.457627 np0000007763 devstack@neutron-api.service[90814]: DEBUG neutron_lib.callbacks.manager [None req-e82e468c-d233-445a-8f07-cfecb9718844 None None] Subscribe: > floatingip precommit_create 55550000, False {{(pid=90814) subscribe /opt/stack/data/venv/lib/python3.12/site-packages/neutron_lib/callbacks/manager.py:52}}
Aug 19 10:01:50.457627 np0000007763 devstack@neutron-api.service[90814]: DEBUG neutron_lib.callbacks.manager [None req-e82e468c-d233-445a-8f07-cfecb9718844 None None] Subscribe: > floatingip precommit_update 55550000, False {{(pid=90814) subscribe /opt/stack/data/venv/lib/python3.12/site-packages/neutron_lib/callbacks/manager.py:52}}
Aug 19 10:01:50.457849 np0000007763 devstack@neutron-api.service[90814]: DEBUG neutron_lib.callbacks.manager [None req-e82e468c-d233-445a-8f07-cfecb9718844 None None] Subscribe: > floatingip after_delete 55550000, False {{(pid=90814) subscribe /opt/stack/data/venv/lib/python3.12/site-packages/neutron_lib/callbacks/manager.py:52}}
Aug 19 10:01:50.457849 np0000007763 devstack@neutron-api.service[90814]: DEBUG neutron_lib.callbacks.manager [None req-e82e468c-d233-445a-8f07-cfecb9718844 None None] Subscribe: > floatingip after_status_update 55550000, False {{(pid=90814) subscribe /opt/stack/data/venv/lib/python3.12/site-packages/neutron_lib/callbacks/manager.py:52}}
Aug 19 10:01:50.458032 np0000007763 devstack@neutron-api.service[90814]: DEBUG neutron_lib.callbacks.manager [None req-e82e468c-d233-445a-8f07-cfecb9718844 None None] Subscribe: > floatingip after_update 55550000, False {{(pid=90814) subscribe /opt/stack/data/venv/lib/python3.12/site-packages/neutron_lib/callbacks/manager.py:52}}
Aug 19 10:01:50.458032 np0000007763 devstack@neutron-api.service[90814]: DEBUG neutron_lib.callbacks.manager [None req-e82e468c-d233-445a-8f07-cfecb9718844 None None] Subscribe: > port_forwarding after_create 55550000, False {{(pid=90814) subscribe /opt/stack/data/venv/lib/python3.12/site-packages/neutron_lib/callbacks/manager.py:52}}
Aug 19 10:01:50.458240 np0000007763 devstack@neutron-api.service[90814]: DEBUG neutron_lib.callbacks.manager [None req-e82e468c-d233-445a-8f07-cfecb9718844 None None] Subscribe: > router_interface after_delete 55550000, False {{(pid=90814) subscribe /opt/stack/data/venv/lib/python3.12/site-packages/neutron_lib/callbacks/manager.py:52}}
Aug 19 10:01:50.458240 np0000007763 devstack@neutron-api.service[90814]: DEBUG neutron_lib.callbacks.manager [None req-e82e468c-d233-445a-8f07-cfecb9718844 None None] Subscribe: > router after_create 55550000, False {{(pid=90814) subscribe /opt/stack/data/venv/lib/python3.12/site-packages/neutron_lib/callbacks/manager.py:52}}
Aug 19 10:01:50.458476 np0000007763 devstack@neutron-api.service[90814]: DEBUG neutron_lib.callbacks.manager [None req-e82e468c-d233-445a-8f07-cfecb9718844 None None] Subscribe: > router precommit_create 55550000, False {{(pid=90814) subscribe /opt/stack/data/venv/lib/python3.12/site-packages/neutron_lib/callbacks/manager.py:52}}
Aug 19 10:01:50.458476 np0000007763 devstack@neutron-api.service[90814]: DEBUG neutron_lib.callbacks.manager [None req-e82e468c-d233-445a-8f07-cfecb9718844 None None] Subscribe: > router after_delete 55550000, False {{(pid=90814) subscribe /opt/stack/data/venv/lib/python3.12/site-packages/neutron_lib/callbacks/manager.py:52}}
Aug 19 10:01:50.458706 np0000007763 devstack@neutron-api.service[90814]: DEBUG neutron_lib.callbacks.manager [None req-e82e468c-d233-445a-8f07-cfecb9718844 None None] Subscribe: > router after_update 55550000, False {{(pid=90814) subscribe /opt/stack/data/venv/lib/python3.12/site-packages/neutron_lib/callbacks/manager.py:52}}
Aug 19 10:01:50.458706 np0000007763 devstack@neutron-api.service[90814]: DEBUG neutron.services.service_base [None req-e82e468c-d233-445a-8f07-cfecb9718844 None None] Loaded 'neutron.services.ovn_l3.service_providers.ovn.OvnDriver' provider for service L3_ROUTER_NAT {{(pid=90814) load_drivers /opt/stack/neutron/neutron/services/service_base.py:49}}
Aug 19 10:01:50.458889 np0000007763 devstack@neutron-api.service[90814]: DEBUG neutron_lib.callbacks.manager [None req-e82e468c-d233-445a-8f07-cfecb9718844 None None] Subscribe: > process after_init 55550001, True {{(pid=90814) subscribe /opt/stack/data/venv/lib/python3.12/site-packages/neutron_lib/callbacks/manager.py:52}}
Aug 19 10:01:50.459055 np0000007763 devstack@neutron-api.service[90814]: DEBUG neutron.manager [None req-e82e468c-d233-445a-8f07-cfecb9718844 None None] Successfully loaded L3_ROUTER_NAT plugin. Description: L3 Router Service Plugin for basic L3 forwarding using OVN {{(pid=90814) _create_and_add_service_plugin /opt/stack/neutron/neutron/manager.py:236}}
