May 22 17:43:58.686848 np0000001298 nova-scheduler[95520]: DEBUG cotyledon.oslo_config_glue [-] oslo_messaging_notifications.driver = ['messagingv2'] {{(pid=95520) log_opt_values /opt/stack/data/venv/lib/python3.12/site-packages/oslo_config/cfg.py:3256}}
May 22 17:43:58.686896 np0000001298 nova-scheduler[95520]: DEBUG cotyledon.oslo_config_glue [-] oslo_messaging_notifications.retry = -1 {{(pid=95520) log_opt_values /opt/stack/data/venv/lib/python3.12/site-packages/oslo_config/cfg.py:3256}}
May 22 17:43:58.686948 np0000001298 nova-scheduler[95520]: DEBUG cotyledon.oslo_config_glue [-] oslo_messaging_notifications.topics = ['notifications'] {{(pid=95520) log_opt_values /opt/stack/data/venv/lib/python3.12/site-packages/oslo_config/cfg.py:3256}}
May 22 17:43:58.687013 np0000001298 nova-scheduler[95520]: DEBUG cotyledon.oslo_config_glue [-] oslo_messaging_notifications.transport_url = **** {{(pid=95520) log_opt_values /opt/stack/data/venv/lib/python3.12/site-packages/oslo_config/cfg.py:3256}}
May 22 17:43:58.687095 np0000001298 nova-scheduler[95520]: DEBUG cotyledon.oslo_config_glue [-] oslo_limit.auth_section = None {{(pid=95520) log_opt_values /opt/stack/data/venv/lib/python3.12/site-packages/oslo_config/cfg.py:3256}}
May 22 17:43:58.687128 np0000001298 nova-scheduler[95520]: DEBUG cotyledon.oslo_config_glue [-] oslo_limit.auth_type = None {{(pid=95520) log_opt_values /opt/stack/data/venv/lib/python3.12/site-packages/oslo_config/cfg.py:3256}}
May 22 17:43:58.687169 np0000001298 nova-scheduler[95520]: DEBUG cotyledon.oslo_config_glue [-] oslo_limit.cafile = None {{(pid=95520) log_opt_values /opt/stack/data/venv/lib/python3.12/site-packages/oslo_config/cfg.py:3256}}
May 22 17:43:58.687208 np0000001298 nova-scheduler[95520]: DEBUG cotyledon.oslo_config_glue [-] oslo_limit.certfile = None {{(pid=95520) log_opt_values /opt/stack/data/venv/lib/python3.12/site-packages/oslo_config/cfg.py:3256}}
May 22 17:43:58.687243 np0000001298 nova-scheduler[95520]: DEBUG cotyledon.oslo_config_glue [-] oslo_limit.collect_timing = False {{(pid=95520) log_opt_values /opt/stack/data/venv/lib/python3.12/site-packages/oslo_config/cfg.py:3256}}
May 22 17:43:58.687280 np0000001298 nova-scheduler[95520]: DEBUG cotyledon.oslo_config_glue [-] oslo_limit.connect_retries = None {{(pid=95520) log_opt_values /opt/stack/data/venv/lib/python3.12/site-packages/oslo_config/cfg.py:3256}}
May 22 17:43:58.687325 np0000001298 nova-scheduler[95520]: DEBUG cotyledon.oslo_config_glue [-] oslo_limit.connect_retry_delay = None {{(pid=95520) log_opt_values /opt/stack/data/venv/lib/python3.12/site-packages/oslo_config/cfg.py:3256}}
May 22 17:43:58.687375 np0000001298 nova-scheduler[95520]: DEBUG cotyledon.oslo_config_glue [-] oslo_limit.endpoint_id = None {{(pid=95520) log_opt_values /opt/stack/data/venv/lib/python3.12/site-packages/oslo_config/cfg.py:3256}}
May 22 17:43:58.687421 np0000001298 nova-scheduler[95520]: DEBUG cotyledon.oslo_config_glue [-] oslo_limit.endpoint_interface = public {{(pid=95520) log_opt_values /opt/stack/data/venv/lib/python3.12/site-packages/oslo_config/cfg.py:3256}}
May 22 17:43:58.687448 np0000001298 nova-scheduler[95518]: DEBUG nova.service [None req-b56a169d-a5aa-4c3c-a8b0-69e6d7eff9d2 None None] Creating RPC server for service: nova-scheduler on topic: scheduler {{(pid=95518) start /opt/stack/nova/nova/service.py:195}}
May 22 17:43:58.687474 np0000001298 nova-scheduler[95520]: DEBUG cotyledon.oslo_config_glue [-] oslo_limit.endpoint_override = None {{(pid=95520) log_opt_values /opt/stack/data/venv/lib/python3.12/site-packages/oslo_config/cfg.py:3256}}
May 22 17:43:58.687474 np0000001298 nova-scheduler[95520]: DEBUG cotyledon.oslo_config_glue [-] oslo_limit.endpoint_region_name = None {{(pid=95520) log_opt_values /opt/stack/data/venv/lib/python3.12/site-packages/oslo_config/cfg.py:3256}}
May 22 17:43:58.687519 np0000001298 nova-scheduler[95520]: DEBUG cotyledon.oslo_config_glue [-] oslo_limit.endpoint_service_name = None {{(pid=95520) log_opt_values /opt/stack/data/venv/lib/python3.12/site-packages/oslo_config/cfg.py:3256}}
May 22 17:43:58.687545 np0000001298 nova-scheduler[95520]: DEBUG cotyledon.oslo_config_glue [-] oslo_limit.endpoint_service_type = None {{(pid=95520) log_opt_values /opt/stack/data/venv/lib/python3.12/site-packages/oslo_config/cfg.py:3256}}
May 22 17:43:58.687585 np0000001298 nova-scheduler[95520]: DEBUG cotyledon.oslo_config_glue [-] oslo_limit.insecure = False {{(pid=95520) log_opt_values /opt/stack/data/venv/lib/python3.12/site-packages/oslo_config/cfg.py:3256}}
May 22 17:43:58.687620 np0000001298 nova-scheduler[95520]: DEBUG cotyledon.oslo_config_glue [-] oslo_limit.keyfile = None {{(pid=95520) log_opt_values /opt/stack/data/venv/lib/python3.12/site-packages/oslo_config/cfg.py:3256}}
May 22 17:43:58.687656 np0000001298 nova-scheduler[95520]: DEBUG cotyledon.oslo_config_glue [-] oslo_limit.max_version = None {{(pid=95520) log_opt_values /opt/stack/data/venv/lib/python3.12/site-packages/oslo_config/cfg.py:3256}}
May 22 17:43:58.687689 np0000001298 nova-scheduler[95520]: DEBUG cotyledon.oslo_config_glue [-] oslo_limit.min_version = None {{(pid=95520) log_opt_values /opt/stack/data/venv/lib/python3.12/site-packages/oslo_config/cfg.py:3256}}
May 22 17:43:58.687730 np0000001298 nova-scheduler[95520]: DEBUG cotyledon.oslo_config_glue [-] oslo_limit.region_name = None {{(pid=95520) log_opt_values /opt/stack/data/venv/lib/python3.12/site-packages/oslo_config/cfg.py:3256}}
May 22 17:43:58.687790 np0000001298 nova-scheduler[95520]: DEBUG cotyledon.oslo_config_glue [-] oslo_limit.retriable_status_codes = None {{(pid=95520) log_opt_values /opt/stack/data/venv/lib/python3.12/site-packages/oslo_config/cfg.py:3256}}
May 22 17:43:58.687821 np0000001298 nova-scheduler[95520]: DEBUG cotyledon.oslo_config_glue [-] oslo_limit.service_name = None {{(pid=95520) log_opt_values /opt/stack/data/venv/lib/python3.12/site-packages/oslo_config/cfg.py:3256}}
May 22 17:43:58.687847 np0000001298 nova-scheduler[95520]: DEBUG cotyledon.oslo_config_glue [-] oslo_limit.service_type = None {{(pid=95520) log_opt_values /opt/stack/data/venv/lib/python3.12/site-packages/oslo_config/cfg.py:3256}}
May 22 17:43:58.687880 np0000001298 nova-scheduler[95520]: DEBUG cotyledon.oslo_config_glue [-] oslo_limit.split_loggers = False {{(pid=95520) log_opt_values /opt/stack/data/venv/lib/python3.12/site-packages/oslo_config/cfg.py:3256}}
May 22 17:43:58.687934 np0000001298 nova-scheduler[95520]: DEBUG cotyledon.oslo_config_glue [-] oslo_limit.status_code_retries = None {{(pid=95520) log_opt_values /opt/stack/data/venv/lib/python3.12/site-packages/oslo_config/cfg.py:3256}}
May 22 17:43:58.687986 np0000001298 nova-scheduler[95520]: DEBUG cotyledon.oslo_config_glue [-] oslo_limit.status_code_retry_delay = None {{(pid=95520) log_opt_values /opt/stack/data/venv/lib/python3.12/site-packages/oslo_config/cfg.py:3256}}
May 22 17:43:58.688022 np0000001298 nova-scheduler[95520]: DEBUG cotyledon.oslo_config_glue [-] oslo_limit.timeout = None {{(pid=95520) log_opt_values /opt/stack/data/venv/lib/python3.12/site-packages/oslo_config/cfg.py:3256}}
May 22 17:43:58.688053 np0000001298 nova-scheduler[95520]: DEBUG cotyledon.oslo_config_glue [-] oslo_limit.valid_interfaces = None {{(pid=95520) log_opt_values /opt/stack/data/venv/lib/python3.12/site-packages/oslo_config/cfg.py:3256}}
May 22 17:43:58.688092 np0000001298 nova-scheduler[95520]: DEBUG cotyledon.oslo_config_glue [-] oslo_limit.version = None {{(pid=95520) log_opt_values /opt/stack/data/venv/lib/python3.12/site-packages/oslo_config/cfg.py:3256}}
May 22 17:43:58.688144 np0000001298 nova-scheduler[95520]: DEBUG cotyledon.oslo_config_glue [-] oslo_reports.file_event_handler = None {{(pid=95520) log_opt_values /opt/stack/data/venv/lib/python3.12/site-packages/oslo_config/cfg.py:3256}}
May 22 17:43:58.688188 np0000001298 nova-scheduler[95520]: DEBUG cotyledon.oslo_config_glue [-] oslo_reports.file_event_handler_interval = 1 {{(pid=95520) log_opt_values /opt/stack/data/venv/lib/python3.12/site-packages/oslo_config/cfg.py:3256}}
May 22 17:43:58.688230 np0000001298 nova-scheduler[95520]: DEBUG cotyledon.oslo_config_glue [-] oslo_reports.log_dir = None {{(pid=95520) log_opt_values /opt/stack/data/venv/lib/python3.12/site-packages/oslo_config/cfg.py:3256}}
May 22 17:43:58.688269 np0000001298 nova-scheduler[95520]: DEBUG cotyledon.oslo_config_glue [-] ******************************************************************************** {{(pid=95520) log_opt_values /opt/stack/data/venv/lib/python3.12/site-packages/oslo_config/cfg.py:3263}}
May 22 17:43:58.688397 np0000001298 nova-scheduler[95520]: DEBUG cotyledon._service_worker [-] Run service ServiceWrapper(2) [95520] {{(pid=95520) wait_forever /opt/stack/data/venv/lib/python3.12/site-packages/cotyledon/_service_worker.py:218}}
May 22 17:43:58.689419 np0000001298 nova-scheduler[95520]: INFO nova.service [-] Starting scheduler node (version 33.1.0)
May 22 17:43:58.693243 np0000001298 nova-scheduler[95520]: INFO dbcounter [None req-d9db8e04-30d3-42f0-855b-346fb4582b5a None None] Registered counter for database nova_cell0
May 22 17:43:58.700476 np0000001298 nova-scheduler[95520]: DEBUG oslo_db.sqlalchemy.engines [None req-d9db8e04-30d3-42f0-855b-346fb4582b5a None None] MySQL server mode set to STRICT_TRANS_TABLES,STRICT_ALL_TABLES,NO_ZERO_IN_DATE,NO_ZERO_DATE,ERROR_FOR_DIVISION_BY_ZERO,TRADITIONAL,NO_ENGINE_SUBSTITUTION {{(pid=95520) _check_effective_sql_mode /opt/stack/data/venv/lib/python3.12/site-packages/oslo_db/sqlalchemy/engines.py:325}}
May 22 17:43:58.708560 np0000001298 nova-scheduler[95513]: DEBUG nova.service [None req-aed0e57e-824f-466a-97d0-d4ce954c959e None None] Join ServiceGroup membership for this service scheduler {{(pid=95513) start /opt/stack/nova/nova/service.py:221}}
May 22 17:43:58.708652 np0000001298 nova-scheduler[95520]: DEBUG dbcounter [-] [95520] Writer thread running {{(pid=95520) stat_writer /opt/stack/data/venv/lib/python3.12/site-packages/dbcounter.py:102}}
May 22 17:43:58.708724 np0000001298 nova-scheduler[95513]: DEBUG nova.servicegroup.drivers.db [None req-aed0e57e-824f-466a-97d0-d4ce954c959e None None] DB_Driver: join new ServiceGroup member np0000001298 to the scheduler group, service = {{(pid=95513) join /opt/stack/nova/nova/servicegroup/drivers/db.py:44}}
May 22 17:43:58.710287 np0000001298 nova-scheduler[95518]: DEBUG nova.service [None req-b56a169d-a5aa-4c3c-a8b0-69e6d7eff9d2 None None] Join ServiceGroup membership for this service scheduler {{(pid=95518) start /opt/stack/nova/nova/service.py:221}}
May 22 17:43:58.710510 np0000001298 nova-scheduler[95518]: DEBUG nova.servicegroup.drivers.db [None req-b56a169d-a5aa-4c3c-a8b0-69e6d7eff9d2 None None] DB_Driver: join new ServiceGroup member np0000001298 to the scheduler group, service = {{(pid=95518) join /opt/stack/nova/nova/servicegroup/drivers/db.py:44}}
May 22 17:43:58.711025 np0000001298 nova-scheduler[95520]: DEBUG nova.service [None req-d9db8e04-30d3-42f0-855b-346fb4582b5a None None] Creating RPC server for service: nova-scheduler on topic: scheduler {{(pid=95520) start /opt/stack/nova/nova/service.py:195}}
May 22 17:43:58.725060 np0000001298 nova-scheduler[95520]: DEBUG nova.service [None req-d9db8e04-30d3-42f0-855b-346fb4582b5a None None] Join ServiceGroup membership for this service scheduler {{(pid=95520) start /opt/stack/nova/nova/service.py:221}}
May 22 17:43:58.725231 np0000001298 nova-scheduler[95520]: DEBUG nova.servicegroup.drivers.db [None req-d9db8e04-30d3-42f0-855b-346fb4582b5a None None] DB_Driver: join new ServiceGroup member np0000001298 to the scheduler group, service = {{(pid=95520) join /opt/stack/nova/nova/servicegroup/drivers/db.py:44}}
May 22 17:44:03.726006 np0000001298 nova-scheduler[95513]: DEBUG oslo.service.backend._threading.loopingcall [-] Fixed interval looping call 'nova.servicegroup.drivers.db.DbDriver._report_state' sleeping for 119.98 seconds {{(pid=95513) _run_loop /opt/stack/data/venv/lib/python3.12/site-packages/oslo_service/backend/_threading/loopingcall.py:125}}
May 22 17:44:03.726456 np0000001298 nova-scheduler[95518]: DEBUG oslo.service.backend._threading.loopingcall [-] Fixed interval looping call 'nova.servicegroup.drivers.db.DbDriver._report_state' sleeping for 119.99 seconds {{(pid=95518) _run_loop /opt/stack/data/venv/lib/python3.12/site-packages/oslo_service/backend/_threading/loopingcall.py:125}}
May 22 17:44:03.739251 np0000001298 nova-scheduler[95520]: DEBUG oslo.service.backend._threading.loopingcall [-] Fixed interval looping call 'nova.servicegroup.drivers.db.DbDriver._report_state' sleeping for 119.99 seconds {{(pid=95520) _run_loop /opt/stack/data/venv/lib/python3.12/site-packages/oslo_service/backend/_threading/loopingcall.py:125}}
May 22 17:44:07.359980 np0000001298 nova-scheduler[94310]: DEBUG dbcounter [-] [94310] Writing DB stats nova_api:SELECT=3 {{(pid=94310) stat_writer /opt/stack/data/venv/lib/python3.12/site-packages/dbcounter.py:115}}
May 22 17:44:07.444119 np0000001298 nova-scheduler[94310]: DEBUG dbcounter [-] [94310] Writing DB stats nova_cell0:SELECT=1 {{(pid=94310) stat_writer /opt/stack/data/venv/lib/python3.12/site-packages/dbcounter.py:115}}
May 22 17:44:07.447820 np0000001298 nova-scheduler[94310]: DEBUG dbcounter [-] [94310] Writing DB stats nova_cell1:SELECT=1 {{(pid=94310) stat_writer /opt/stack/data/venv/lib/python3.12/site-packages/dbcounter.py:115}}
May 22 17:44:13.719577 np0000001298 nova-scheduler[95513]: DEBUG dbcounter [-] [95513] Writing DB stats nova_cell0:SELECT=4,nova_cell0:INSERT=1,nova_cell0:UPDATE=1 {{(pid=95513) stat_writer /opt/stack/data/venv/lib/python3.12/site-packages/dbcounter.py:115}}
May 22 17:44:13.723883 np0000001298 nova-scheduler[95518]: DEBUG dbcounter [-] [95518] Writing DB stats nova_cell0:SELECT=3,nova_cell0:UPDATE=1 {{(pid=95518) stat_writer /opt/stack/data/venv/lib/python3.12/site-packages/dbcounter.py:115}}
May 22 17:44:13.735968 np0000001298 nova-scheduler[95520]: DEBUG dbcounter [-] [95520] Writing DB stats nova_cell0:SELECT=3 {{(pid=95520) stat_writer /opt/stack/data/venv/lib/python3.12/site-packages/dbcounter.py:115}}
May 22 17:44:25.727120 np0000001298 nova-scheduler[95520]: DEBUG oslo.service.backend._threading.loopingcall [None req-6316eb82-082a-4b8d-89f4-fe923f736258 None None] Dynamic interval looping call 'nova.service.Service.periodic_tasks' sleeping for 60.00 seconds {{(pid=95520) _run_loop /opt/stack/data/venv/lib/python3.12/site-packages/oslo_service/backend/_threading/loopingcall.py:125}}
May 22 17:44:29.712418 np0000001298 nova-scheduler[95518]: DEBUG oslo.service.backend._threading.loopingcall [None req-90e9c00e-578f-44b7-a26e-d19c5b513554 None None] Dynamic interval looping call 'nova.service.Service.periodic_tasks' sleeping for 60.00 seconds {{(pid=95518) _run_loop /opt/stack/data/venv/lib/python3.12/site-packages/oslo_service/backend/_threading/loopingcall.py:125}}
May 22 17:44:48.710375 np0000001298 nova-scheduler[95513]: DEBUG oslo.service.backend._threading.loopingcall [None req-b49f5fac-4ed2-4fea-9664-375c2da5a029 None None] Dynamic interval looping call 'nova.service.Service.periodic_tasks' sleeping for 60.00 seconds {{(pid=95513) _run_loop /opt/stack/data/venv/lib/python3.12/site-packages/oslo_service/backend/_threading/loopingcall.py:125}}
May 22 17:45:25.727787 np0000001298 nova-scheduler[95520]: DEBUG oslo.service.backend._threading.loopingcall [None req-6316eb82-082a-4b8d-89f4-fe923f736258 None None] Dynamic interval looping call 'nova.service.Service.periodic_tasks' sleeping for 60.00 seconds {{(pid=95520) _run_loop /opt/stack/data/venv/lib/python3.12/site-packages/oslo_service/backend/_threading/loopingcall.py:125}}
May 22 17:45:29.713031 np0000001298 nova-scheduler[95518]: DEBUG oslo.service.backend._threading.loopingcall [None req-90e9c00e-578f-44b7-a26e-d19c5b513554 None None] Dynamic interval looping call 'nova.service.Service.periodic_tasks' sleeping for 60.00 seconds {{(pid=95518) _run_loop /opt/stack/data/venv/lib/python3.12/site-packages/oslo_service/backend/_threading/loopingcall.py:125}}
May 22 17:45:48.710833 np0000001298 nova-scheduler[95513]: DEBUG oslo.service.backend._threading.loopingcall [None req-b49f5fac-4ed2-4fea-9664-375c2da5a029 None None] Dynamic interval looping call 'nova.service.Service.periodic_tasks' sleeping for 60.00 seconds {{(pid=95513) _run_loop /opt/stack/data/venv/lib/python3.12/site-packages/oslo_service/backend/_threading/loopingcall.py:125}}
May 22 17:46:03.714186 np0000001298 nova-scheduler[95513]: DEBUG oslo.service.backend._threading.loopingcall [-] Fixed interval looping call 'nova.servicegroup.drivers.db.DbDriver._report_state' sleeping for 119.99 seconds {{(pid=95513) _run_loop /opt/stack/data/venv/lib/python3.12/site-packages/oslo_service/backend/_threading/loopingcall.py:125}}
May 22 17:46:03.720083 np0000001298 nova-scheduler[95518]: DEBUG oslo.service.backend._threading.loopingcall [-] Fixed interval looping call 'nova.servicegroup.drivers.db.DbDriver._report_state' sleeping for 120.00 seconds {{(pid=95518) _run_loop /opt/stack/data/venv/lib/python3.12/site-packages/oslo_service/backend/_threading/loopingcall.py:125}}
May 22 17:46:03.733245 np0000001298 nova-scheduler[95520]: DEBUG oslo.service.backend._threading.loopingcall [-] Fixed interval looping call 'nova.servicegroup.drivers.db.DbDriver._report_state' sleeping for 120.00 seconds {{(pid=95520) _run_loop /opt/stack/data/venv/lib/python3.12/site-packages/oslo_service/backend/_threading/loopingcall.py:125}}
May 22 17:46:13.709842 np0000001298 nova-scheduler[95513]: DEBUG dbcounter [-] [95513] Writing DB stats nova_cell0:SELECT=1,nova_cell0:UPDATE=1 {{(pid=95513) stat_writer /opt/stack/data/venv/lib/python3.12/site-packages/dbcounter.py:115}}
May 22 17:46:13.718607 np0000001298 nova-scheduler[95518]: DEBUG dbcounter [-] [95518] Writing DB stats nova_cell0:SELECT=1 {{(pid=95518) stat_writer /opt/stack/data/venv/lib/python3.12/site-packages/dbcounter.py:115}}
May 22 17:46:13.731470 np0000001298 nova-scheduler[95520]: DEBUG dbcounter [-] [95520] Writing DB stats nova_cell0:SELECT=1 {{(pid=95520) stat_writer /opt/stack/data/venv/lib/python3.12/site-packages/dbcounter.py:115}}
May 22 17:46:25.728298 np0000001298 nova-scheduler[95520]: DEBUG oslo.service.backend._threading.loopingcall [None req-6316eb82-082a-4b8d-89f4-fe923f736258 None None] Dynamic interval looping call 'nova.service.Service.periodic_tasks' sleeping for 60.00 seconds {{(pid=95520) _run_loop /opt/stack/data/venv/lib/python3.12/site-packages/oslo_service/backend/_threading/loopingcall.py:125}}
May 22 17:46:29.713556 np0000001298 nova-scheduler[95518]: DEBUG oslo.service.backend._threading.loopingcall [None req-90e9c00e-578f-44b7-a26e-d19c5b513554 None None] Dynamic interval looping call 'nova.service.Service.periodic_tasks' sleeping for 60.00 seconds {{(pid=95518) _run_loop /opt/stack/data/venv/lib/python3.12/site-packages/oslo_service/backend/_threading/loopingcall.py:125}}
May 22 17:46:48.711481 np0000001298 nova-scheduler[95513]: DEBUG oslo.service.backend._threading.loopingcall [None req-b49f5fac-4ed2-4fea-9664-375c2da5a029 None None] Dynamic interval looping call 'nova.service.Service.periodic_tasks' sleeping for 60.00 seconds {{(pid=95513) _run_loop /opt/stack/data/venv/lib/python3.12/site-packages/oslo_service/backend/_threading/loopingcall.py:125}}
May 22 17:46:49.319608 np0000001298 nova-scheduler[95513]: DEBUG nova.scheduler.manager [None req-8c46e3f6-2771-4aa5-a054-6881a60eefea tempest-VolumesAdminNegativeTest-1939245803 tempest-VolumesAdminNegativeTest-1939245803-project-member] Starting to schedule for instances: ['54927f01-7f57-41ba-b258-8a49ceffc8ea'] {{(pid=95513) select_destinations /opt/stack/nova/nova/scheduler/manager.py:210}}
May 22 17:46:49.321028 np0000001298 nova-scheduler[95513]: DEBUG nova.scheduler.request_filter [None req-8c46e3f6-2771-4aa5-a054-6881a60eefea tempest-VolumesAdminNegativeTest-1939245803 tempest-VolumesAdminNegativeTest-1939245803-project-member] compute_status_filter request filter added forbidden trait COMPUTE_STATUS_DISABLED {{(pid=95513) compute_status_filter /opt/stack/nova/nova/scheduler/request_filter.py:253}}
May 22 17:46:49.323364 np0000001298 nova-scheduler[95513]: DEBUG nova.scheduler.request_filter [None req-8c46e3f6-2771-4aa5-a054-6881a60eefea tempest-VolumesAdminNegativeTest-1939245803 tempest-VolumesAdminNegativeTest-1939245803-project-member] Request filter 'compute_status_filter' took 0.0 seconds {{(pid=95513) wrapper /opt/stack/nova/nova/scheduler/request_filter.py:46}}
May 22 17:46:49.323656 np0000001298 nova-scheduler[95513]: DEBUG nova.scheduler.request_filter [None req-8c46e3f6-2771-4aa5-a054-6881a60eefea tempest-VolumesAdminNegativeTest-1939245803 tempest-VolumesAdminNegativeTest-1939245803-project-member] Request filter 'accelerators_filter' took 0.0 seconds {{(pid=95513) wrapper /opt/stack/nova/nova/scheduler/request_filter.py:46}}
May 22 17:46:49.323985 np0000001298 nova-scheduler[95513]: DEBUG nova.scheduler.request_filter [None req-8c46e3f6-2771-4aa5-a054-6881a60eefea tempest-VolumesAdminNegativeTest-1939245803 tempest-VolumesAdminNegativeTest-1939245803-project-member] Request filter 'packed_virtqueue_filter' took 0.0 seconds {{(pid=95513) wrapper /opt/stack/nova/nova/scheduler/request_filter.py:46}}
May 22 17:46:49.324244 np0000001298 nova-scheduler[95513]: DEBUG nova.scheduler.request_filter [None req-8c46e3f6-2771-4aa5-a054-6881a60eefea tempest-VolumesAdminNegativeTest-1939245803 tempest-VolumesAdminNegativeTest-1939245803-project-member] Request filter 'remote_managed_ports_filter' took 0.0 seconds {{(pid=95513) wrapper /opt/stack/nova/nova/scheduler/request_filter.py:46}}
May 22 17:46:49.326080 np0000001298 nova-scheduler[95513]: DEBUG nova.scheduler.request_filter [None req-8c46e3f6-2771-4aa5-a054-6881a60eefea tempest-VolumesAdminNegativeTest-1939245803 tempest-VolumesAdminNegativeTest-1939245803-project-member] ephemeral_encryption_filter skipped {{(pid=95513) ephemeral_encryption_filter /opt/stack/nova/nova/scheduler/request_filter.py:426}}
May 22 17:46:49.326287 np0000001298 nova-scheduler[95513]: DEBUG nova.scheduler.request_filter [None req-8c46e3f6-2771-4aa5-a054-6881a60eefea tempest-VolumesAdminNegativeTest-1939245803 tempest-VolumesAdminNegativeTest-1939245803-project-member] virtio_sound_filter skipped {{(pid=95513) virtio_sound_filter /opt/stack/nova/nova/scheduler/request_filter.py:460}}
May 22 17:46:49.326738 np0000001298 nova-scheduler[95513]: DEBUG nova.scheduler.request_filter [None req-8c46e3f6-2771-4aa5-a054-6881a60eefea tempest-VolumesAdminNegativeTest-1939245803 tempest-VolumesAdminNegativeTest-1939245803-project-member] tpm_secret_security_filter skipped {{(pid=95513) tpm_secret_security_filter /opt/stack/nova/nova/scheduler/request_filter.py:477}}
May 22 17:46:49.936617 np0000001298 nova-scheduler[95518]: DEBUG nova.scheduler.manager [None req-ef138ab7-5262-4a6d-8fea-8625f3e41035 tempest-AttachSCSIVolumeTestJSON-1165260309 tempest-AttachSCSIVolumeTestJSON-1165260309-project-member] Starting to schedule for instances: ['cae0ad8d-f30d-4351-b140-ed0e479e22cb'] {{(pid=95518) select_destinations /opt/stack/nova/nova/scheduler/manager.py:210}}
May 22 17:46:49.937101 np0000001298 nova-scheduler[95518]: DEBUG nova.scheduler.request_filter [None req-ef138ab7-5262-4a6d-8fea-8625f3e41035 tempest-AttachSCSIVolumeTestJSON-1165260309 tempest-AttachSCSIVolumeTestJSON-1165260309-project-member] compute_status_filter request filter added forbidden trait COMPUTE_STATUS_DISABLED {{(pid=95518) compute_status_filter /opt/stack/nova/nova/scheduler/request_filter.py:253}}
May 22 17:46:49.937168 np0000001298 nova-scheduler[95518]: DEBUG nova.scheduler.request_filter [None req-ef138ab7-5262-4a6d-8fea-8625f3e41035 tempest-AttachSCSIVolumeTestJSON-1165260309 tempest-AttachSCSIVolumeTestJSON-1165260309-project-member] Request filter 'compute_status_filter' took 0.0 seconds {{(pid=95518) wrapper /opt/stack/nova/nova/scheduler/request_filter.py:46}}
May 22 17:46:49.937415 np0000001298 nova-scheduler[95518]: DEBUG nova.scheduler.request_filter [None req-ef138ab7-5262-4a6d-8fea-8625f3e41035 tempest-AttachSCSIVolumeTestJSON-1165260309 tempest-AttachSCSIVolumeTestJSON-1165260309-project-member] Request filter 'accelerators_filter' took 0.0 seconds {{(pid=95518) wrapper /opt/stack/nova/nova/scheduler/request_filter.py:46}}
May 22 17:46:49.937574 np0000001298 nova-scheduler[95518]: DEBUG nova.scheduler.request_filter [None req-ef138ab7-5262-4a6d-8fea-8625f3e41035 tempest-AttachSCSIVolumeTestJSON-1165260309 tempest-AttachSCSIVolumeTestJSON-1165260309-project-member] Request filter 'packed_virtqueue_filter' took 0.0 seconds {{(pid=95518) wrapper /opt/stack/nova/nova/scheduler/request_filter.py:46}}
May 22 17:46:49.938073 np0000001298 nova-scheduler[95518]: DEBUG nova.scheduler.request_filter [None req-ef138ab7-5262-4a6d-8fea-8625f3e41035 tempest-AttachSCSIVolumeTestJSON-1165260309 tempest-AttachSCSIVolumeTestJSON-1165260309-project-member] Request filter 'remote_managed_ports_filter' took 0.0 seconds {{(pid=95518) wrapper /opt/stack/nova/nova/scheduler/request_filter.py:46}}
May 22 17:46:49.938226 np0000001298 nova-scheduler[95518]: DEBUG nova.scheduler.request_filter [None req-ef138ab7-5262-4a6d-8fea-8625f3e41035 tempest-AttachSCSIVolumeTestJSON-1165260309 tempest-AttachSCSIVolumeTestJSON-1165260309-project-member] ephemeral_encryption_filter skipped {{(pid=95518) ephemeral_encryption_filter /opt/stack/nova/nova/scheduler/request_filter.py:426}}
May 22 17:46:49.938567 np0000001298 nova-scheduler[95518]: DEBUG nova.scheduler.request_filter [None req-ef138ab7-5262-4a6d-8fea-8625f3e41035 tempest-AttachSCSIVolumeTestJSON-1165260309 tempest-AttachSCSIVolumeTestJSON-1165260309-project-member] virtio_sound_filter skipped {{(pid=95518) virtio_sound_filter /opt/stack/nova/nova/scheduler/request_filter.py:460}}
May 22 17:46:49.939035 np0000001298 nova-scheduler[95518]: DEBUG nova.scheduler.request_filter [None req-ef138ab7-5262-4a6d-8fea-8625f3e41035 tempest-AttachSCSIVolumeTestJSON-1165260309 tempest-AttachSCSIVolumeTestJSON-1165260309-project-member] tpm_secret_security_filter skipped {{(pid=95518) tpm_secret_security_filter /opt/stack/nova/nova/scheduler/request_filter.py:477}}
May 22 17:46:50.000328 np0000001298 nova-scheduler[95513]: INFO nova.utils [None req-8c46e3f6-2771-4aa5-a054-6881a60eefea tempest-VolumesAdminNegativeTest-1939245803 tempest-VolumesAdminNegativeTest-1939245803-project-member] The cell worker thread pool ForkProcess-1.cell_worker is initialized
May 22 17:46:50.000698 np0000001298 nova-scheduler[95513]: DEBUG oslo_concurrency.lockutils [None req-8c46e3f6-2771-4aa5-a054-6881a60eefea tempest-VolumesAdminNegativeTest-1939245803 tempest-VolumesAdminNegativeTest-1939245803-project-member] Acquiring lock "898b1432-be49-4b60-b2e3-330c1a1fd684" by "nova.context.set_target_cell..get_or_set_cached_cell_and_set_connections" {{(pid=95513) inner /opt/stack/data/venv/lib/python3.12/site-packages/oslo_concurrency/lockutils.py:511}}
May 22 17:46:50.000843 np0000001298 nova-scheduler[95513]: DEBUG oslo_concurrency.lockutils [None req-8c46e3f6-2771-4aa5-a054-6881a60eefea tempest-VolumesAdminNegativeTest-1939245803 tempest-VolumesAdminNegativeTest-1939245803-project-member] Lock "898b1432-be49-4b60-b2e3-330c1a1fd684" acquired by "nova.context.set_target_cell..get_or_set_cached_cell_and_set_connections" :: waited 0.000s {{(pid=95513) inner /opt/stack/data/venv/lib/python3.12/site-packages/oslo_concurrency/lockutils.py:524}}
May 22 17:46:50.002696 np0000001298 nova-scheduler[95513]: DEBUG oslo_concurrency.lockutils [None req-8c46e3f6-2771-4aa5-a054-6881a60eefea tempest-VolumesAdminNegativeTest-1939245803 tempest-VolumesAdminNegativeTest-1939245803-project-member] Lock "898b1432-be49-4b60-b2e3-330c1a1fd684" "released" by "nova.context.set_target_cell..get_or_set_cached_cell_and_set_connections" :: held 0.002s {{(pid=95513) inner /opt/stack/data/venv/lib/python3.12/site-packages/oslo_concurrency/lockutils.py:543}}
May 22 17:46:50.006060 np0000001298 nova-scheduler[95513]: INFO dbcounter [None req-8c46e3f6-2771-4aa5-a054-6881a60eefea tempest-VolumesAdminNegativeTest-1939245803 tempest-VolumesAdminNegativeTest-1939245803-project-member] Registered counter for database nova_cell1
May 22 17:46:50.014629 np0000001298 nova-scheduler[95513]: DEBUG oslo_db.sqlalchemy.engines [None req-8c46e3f6-2771-4aa5-a054-6881a60eefea tempest-VolumesAdminNegativeTest-1939245803 tempest-VolumesAdminNegativeTest-1939245803-project-member] MySQL server mode set to STRICT_TRANS_TABLES,STRICT_ALL_TABLES,NO_ZERO_IN_DATE,NO_ZERO_DATE,ERROR_FOR_DIVISION_BY_ZERO,TRADITIONAL,NO_ENGINE_SUBSTITUTION {{(pid=95513) _check_effective_sql_mode /opt/stack/data/venv/lib/python3.12/site-packages/oslo_db/sqlalchemy/engines.py:325}}
May 22 17:46:50.019423 np0000001298 nova-scheduler[95513]: DEBUG dbcounter [-] [95513] Writer thread running {{(pid=95513) stat_writer /opt/stack/data/venv/lib/python3.12/site-packages/dbcounter.py:102}}
May 22 17:46:50.034111 np0000001298 nova-scheduler[95513]: DEBUG oslo_db.sqlalchemy.engines [None req-8c46e3f6-2771-4aa5-a054-6881a60eefea tempest-VolumesAdminNegativeTest-1939245803 tempest-VolumesAdminNegativeTest-1939245803-project-member] Parent process 94310 forked (95513) with an open database connection, which is being discarded and recreated. {{(pid=95513) checkout /opt/stack/data/venv/lib/python3.12/site-packages/oslo_db/sqlalchemy/engines.py:402}}
May 22 17:46:50.045419 np0000001298 nova-scheduler[95513]: DEBUG dbcounter [-] [95513] Writer thread running {{(pid=95513) stat_writer /opt/stack/data/venv/lib/python3.12/site-packages/dbcounter.py:102}}
May 22 17:46:50.049228 np0000001298 nova-scheduler[95513]: DEBUG oslo_concurrency.lockutils [None req-8c46e3f6-2771-4aa5-a054-6881a60eefea tempest-VolumesAdminNegativeTest-1939245803 tempest-VolumesAdminNegativeTest-1939245803-project-member] Acquiring lock "898b1432-be49-4b60-b2e3-330c1a1fd684" by "nova.context.set_target_cell..get_or_set_cached_cell_and_set_connections" {{(pid=95513) inner /opt/stack/data/venv/lib/python3.12/site-packages/oslo_concurrency/lockutils.py:511}}
May 22 17:46:50.049371 np0000001298 nova-scheduler[95513]: DEBUG oslo_concurrency.lockutils [None req-8c46e3f6-2771-4aa5-a054-6881a60eefea tempest-VolumesAdminNegativeTest-1939245803 tempest-VolumesAdminNegativeTest-1939245803-project-member] Lock "898b1432-be49-4b60-b2e3-330c1a1fd684" acquired by "nova.context.set_target_cell..get_or_set_cached_cell_and_set_connections" :: waited 0.000s {{(pid=95513) inner /opt/stack/data/venv/lib/python3.12/site-packages/oslo_concurrency/lockutils.py:524}}
May 22 17:46:50.049467 np0000001298 nova-scheduler[95513]: DEBUG oslo_concurrency.lockutils [None req-8c46e3f6-2771-4aa5-a054-6881a60eefea tempest-VolumesAdminNegativeTest-1939245803 tempest-VolumesAdminNegativeTest-1939245803-project-member] Lock "898b1432-be49-4b60-b2e3-330c1a1fd684" "released" by "nova.context.set_target_cell..get_or_set_cached_cell_and_set_connections" :: held 0.000s {{(pid=95513) inner /opt/stack/data/venv/lib/python3.12/site-packages/oslo_concurrency/lockutils.py:543}}
May 22 17:46:50.050167 np0000001298 nova-scheduler[95518]: INFO nova.utils [None req-ef138ab7-5262-4a6d-8fea-8625f3e41035 tempest-AttachSCSIVolumeTestJSON-1165260309 tempest-AttachSCSIVolumeTestJSON-1165260309-project-member] The cell worker thread pool ForkProcess-2.cell_worker is initialized
May 22 17:46:50.050468 np0000001298 nova-scheduler[95518]: DEBUG oslo_concurrency.lockutils [None req-ef138ab7-5262-4a6d-8fea-8625f3e41035 tempest-AttachSCSIVolumeTestJSON-1165260309 tempest-AttachSCSIVolumeTestJSON-1165260309-project-member] Acquiring lock "898b1432-be49-4b60-b2e3-330c1a1fd684" by "nova.context.set_target_cell..get_or_set_cached_cell_and_set_connections" {{(pid=95518) inner /opt/stack/data/venv/lib/python3.12/site-packages/oslo_concurrency/lockutils.py:511}}
May 22 17:46:50.050625 np0000001298 nova-scheduler[95518]: DEBUG oslo_concurrency.lockutils [None req-ef138ab7-5262-4a6d-8fea-8625f3e41035 tempest-AttachSCSIVolumeTestJSON-1165260309 tempest-AttachSCSIVolumeTestJSON-1165260309-project-member] Lock "898b1432-be49-4b60-b2e3-330c1a1fd684" acquired by "nova.context.set_target_cell..get_or_set_cached_cell_and_set_connections" :: waited 0.000s {{(pid=95518) inner /opt/stack/data/venv/lib/python3.12/site-packages/oslo_concurrency/lockutils.py:524}}
May 22 17:46:50.051961 np0000001298 nova-scheduler[95518]: DEBUG oslo_concurrency.lockutils [None req-ef138ab7-5262-4a6d-8fea-8625f3e41035 tempest-AttachSCSIVolumeTestJSON-1165260309 tempest-AttachSCSIVolumeTestJSON-1165260309-project-member] Lock "898b1432-be49-4b60-b2e3-330c1a1fd684" "released" by "nova.context.set_target_cell..get_or_set_cached_cell_and_set_connections" :: held 0.001s {{(pid=95518) inner /opt/stack/data/venv/lib/python3.12/site-packages/oslo_concurrency/lockutils.py:543}}
May 22 17:46:50.054152 np0000001298 nova-scheduler[95518]: INFO dbcounter [None req-ef138ab7-5262-4a6d-8fea-8625f3e41035 tempest-AttachSCSIVolumeTestJSON-1165260309 tempest-AttachSCSIVolumeTestJSON-1165260309-project-member] Registered counter for database nova_cell1
May 22 17:46:50.056377 np0000001298 nova-scheduler[95513]: DEBUG oslo_concurrency.lockutils [None req-8c46e3f6-2771-4aa5-a054-6881a60eefea tempest-VolumesAdminNegativeTest-1939245803 tempest-VolumesAdminNegativeTest-1939245803-project-member] Acquiring lock "('np0000001298', 'np0000001298')" by "nova.scheduler.host_manager.HostState.update.._locked_update" {{(pid=95513) inner /opt/stack/data/venv/lib/python3.12/site-packages/oslo_concurrency/lockutils.py:511}}
May 22 17:46:50.056564 np0000001298 nova-scheduler[95513]: DEBUG oslo_concurrency.lockutils [None req-8c46e3f6-2771-4aa5-a054-6881a60eefea tempest-VolumesAdminNegativeTest-1939245803 tempest-VolumesAdminNegativeTest-1939245803-project-member] Lock "('np0000001298', 'np0000001298')" acquired by "nova.scheduler.host_manager.HostState.update.._locked_update" :: waited 0.000s {{(pid=95513) inner /opt/stack/data/venv/lib/python3.12/site-packages/oslo_concurrency/lockutils.py:524}}
May 22 17:46:50.058314 np0000001298 nova-scheduler[95513]: DEBUG nova.scheduler.host_manager [None req-8c46e3f6-2771-4aa5-a054-6881a60eefea tempest-VolumesAdminNegativeTest-1939245803 tempest-VolumesAdminNegativeTest-1939245803-project-member] Update host state from compute node: ComputeNode(cpu_allocation_ratio=4.0,cpu_info='{"arch": "x86_64", "model": "EPYC-Milan", "vendor": "AMD", "topology": {"cells": 1, "sockets": 12, "cores": 1, "threads": 1}, "maxphysaddr": {"mode": "emulate", "bits": 40}, "features": ["de", "msr", "npt", "amd-stibp", "mds-no", "abm", "pcid", "rdrand", "flushbyasid", "smap", "cx16", "3dnowprefetch", "pat", "tsc_adjust", "cx8", "ibpb", "mce", "popcnt", "pae", "pause-filter", "svm", "movbe", "fxsr", "xgetbv1", "pse36", "skip-l1dfl-vmentry", "tsc", "ssbd", "clwb", "pni", "sse", "mmxext", "arat", "tsc-deadline", "rdtscp", "umip", "amd-ssbd", "smep", "topoext", "fpu", "aes", "gds-no", "mtrr", "virt-ssbd", "avx2", "vgif", "vpclmulqdq", "xsaveerptr", "lm", "xsavec", "bmi2", "pge", "vaes", "syscall", "vme", "osvw", "stibp", "sse2", "lfence-always-serializing", "apic", "fxsr_opt", "spec-ctrl", "pdpe1gb", "avx", "pku", "fsgsbase", "v-vmsave-vmload", "xsaveopt", "clflushopt", "xsave", "f16c", "amd-psfd", "cmov", "wbnoinvd", "null-sel-clr-base", "x2apic", "adx", "nrip-save", "nx", "bmi1", "rdseed", "mca", "rdctl-no", "sse4.2", "fsrm", "mmx", "pse", "xsaves", "pfthreshold", "fma", "sse4a", "arch-capabilities", "clflush", "hypervisor", "sha-ni", "misalignsse", "cr8legacy", "pclmuldq", "cmp_legacy", "perfctr_core", "pschange-mc-no", "svme-addr-chk", "clzero", "sep", "lahf_lm", "ssse3", "lbrv", "stibp-always-on", "invpcid", "vmcb-clean", "tsc-scale", "erms", "sse4.1", "rdpid", "no-nested-data-bp", "ibrs"]}',created_at=2026-05-22T17:44:24Z,current_workload=0,deleted=False,deleted_at=None,disk_allocation_ratio=1.0,disk_available_least=74,free_disk_gb=95,free_ram_mb=23518,host='np0000001298',host_ip=10.4.3.59,hypervisor_hostname='np0000001298',hypervisor_type='QEMU',hypervisor_version=8002002,id=1,local_gb=95,local_gb_used=0,mapped=1,memory_mb=24030,memory_mb_used=512,metrics='[]',numa_topology='{"nova_object.name": "NUMATopology", "nova_object.namespace": "nova", "nova_object.version": "1.2", "nova_object.data": {"cells": [{"nova_object.name": "NUMACell", "nova_object.namespace": "nova", "nova_object.version": "1.5", "nova_object.data": {"id": 0, "cpuset": [0, 1, 2, 3, 4, 5, 6, 7, 8, 9, 10, 11], "pcpuset": [0, 1, 2, 3, 4, 5, 6, 7, 8, 9, 10, 11], "memory": 24030, "cpu_usage": 0, "memory_usage": 0, "pinned_cpus": [], "siblings": [[6], [2], [5], [11], [8], [4], [1], [7], [10], [0], [3], [9]], "mempages": [{"nova_object.name": "NUMAPagesTopology", "nova_object.namespace": "nova", "nova_object.version": "1.1", "nova_object.data": {"size_kb": 4, "total": 6151798, "used": 0, "reserved": 0}, "nova_object.changes": ["size_kb", "total", "reserved", "used"]}, {"nova_object.name": "NUMAPagesTopology", "nova_object.namespace": "nova", "nova_object.version": "1.1", "nova_object.data": {"size_kb": 2048, "total": 0, "used": 0, "reserved": 0}, "nova_object.changes": ["size_kb", "total", "reserved", "used"]}, {"nova_object.name": "NUMAPagesTopology", "nova_object.namespace": "nova", "nova_object.version": "1.1", "nova_object.data": {"size_kb": 1048576, "total": 0, "used": 0, "reserved": 0}, "nova_object.changes": ["size_kb", "total", "reserved", "used"]}], "network_metadata": {"nova_object.name": "NetworkMetadata", "nova_object.namespace": "nova", "nova_object.version": "1.0", "nova_object.data": {"physnets": [], "tunneled": false}, "nova_object.changes": ["physnets", "tunneled"]}, "socket": null}, "nova_object.changes": ["memory", "pinned_cpus", "network_metadata", "memory_usage", "id", "pcpuset", "cpuset", "siblings", "socket", "mempages", "cpu_usage"]}]}, "nova_object.changes": ["cells"]}',pci_device_pools=PciDevicePoolList,ram_allocation_ratio=1.0,running_vms=0,service_id=2,stats={failed_builds='0',uptime=' 17:46:09 up 24 min, 2 users, load average: 1.28, 1.39, 0.79
May 22 17:46:50.058314 np0000001298 nova-scheduler[95513]: '},supported_hv_specs=[HVSpec,HVSpec,HVSpec,HVSpec,HVSpec,HVSpec,HVSpec,HVSpec,HVSpec,HVSpec,HVSpec,HVSpec,HVSpec,HVSpec,HVSpec,HVSpec,HVSpec,HVSpec,HVSpec,HVSpec,HVSpec,HVSpec,HVSpec,HVSpec,HVSpec],updated_at=2026-05-22T17:46:11Z,uuid=f24fc86d-5c19-48a3-a970-41cc08935832,vcpus=12,vcpus_used=0) {{(pid=95513) _locked_update /opt/stack/nova/nova/scheduler/host_manager.py:168}}
May 22 17:46:50.059784 np0000001298 nova-scheduler[95513]: DEBUG nova.scheduler.host_manager [None req-8c46e3f6-2771-4aa5-a054-6881a60eefea tempest-VolumesAdminNegativeTest-1939245803 tempest-VolumesAdminNegativeTest-1939245803-project-member] Update host state with aggregates: [] {{(pid=95513) _locked_update /opt/stack/nova/nova/scheduler/host_manager.py:171}}
May 22 17:46:50.059966 np0000001298 nova-scheduler[95513]: DEBUG nova.scheduler.host_manager [None req-8c46e3f6-2771-4aa5-a054-6881a60eefea tempest-VolumesAdminNegativeTest-1939245803 tempest-VolumesAdminNegativeTest-1939245803-project-member] Update host state with service dict: {'id': 2, 'uuid': '63711e1a-c1d3-42b5-ad0a-ee14b53a1911', 'host': 'np0000001298', 'binary': 'nova-compute', 'topic': 'compute', 'report_count': 2, 'disabled': False, 'disabled_reason': None, 'last_seen_up': datetime.datetime(2026, 5, 22, 17, 46, 32, tzinfo=datetime.timezone.utc), 'forced_down': False, 'version': 72, 'created_at': datetime.datetime(2026, 5, 22, 17, 44, 22, tzinfo=datetime.timezone.utc), 'updated_at': datetime.datetime(2026, 5, 22, 17, 46, 32, tzinfo=datetime.timezone.utc), 'deleted_at': None, 'deleted': False} {{(pid=95513) _locked_update /opt/stack/nova/nova/scheduler/host_manager.py:174}}
May 22 17:46:50.060129 np0000001298 nova-scheduler[95513]: DEBUG nova.scheduler.host_manager [None req-8c46e3f6-2771-4aa5-a054-6881a60eefea tempest-VolumesAdminNegativeTest-1939245803 tempest-VolumesAdminNegativeTest-1939245803-project-member] Update host state with instances: [] {{(pid=95513) _locked_update /opt/stack/nova/nova/scheduler/host_manager.py:177}}
May 22 17:46:50.060310 np0000001298 nova-scheduler[95513]: DEBUG oslo_concurrency.lockutils [None req-8c46e3f6-2771-4aa5-a054-6881a60eefea tempest-VolumesAdminNegativeTest-1939245803 tempest-VolumesAdminNegativeTest-1939245803-project-member] Lock "('np0000001298', 'np0000001298')" "released" by "nova.scheduler.host_manager.HostState.update.._locked_update" :: held 0.004s {{(pid=95513) inner /opt/stack/data/venv/lib/python3.12/site-packages/oslo_concurrency/lockutils.py:543}}
May 22 17:46:50.061412 np0000001298 nova-scheduler[95518]: DEBUG oslo_db.sqlalchemy.engines [None req-ef138ab7-5262-4a6d-8fea-8625f3e41035 tempest-AttachSCSIVolumeTestJSON-1165260309 tempest-AttachSCSIVolumeTestJSON-1165260309-project-member] MySQL server mode set to STRICT_TRANS_TABLES,STRICT_ALL_TABLES,NO_ZERO_IN_DATE,NO_ZERO_DATE,ERROR_FOR_DIVISION_BY_ZERO,TRADITIONAL,NO_ENGINE_SUBSTITUTION {{(pid=95518) _check_effective_sql_mode /opt/stack/data/venv/lib/python3.12/site-packages/oslo_db/sqlalchemy/engines.py:325}}
May 22 17:46:50.061829 np0000001298 nova-scheduler[95513]: DEBUG nova.filters [None req-8c46e3f6-2771-4aa5-a054-6881a60eefea tempest-VolumesAdminNegativeTest-1939245803 tempest-VolumesAdminNegativeTest-1939245803-project-member] Starting with 1 host(s) {{(pid=95513) get_filtered_objects /opt/stack/nova/nova/filters.py:70}}
May 22 17:46:50.063566 np0000001298 nova-scheduler[95513]: DEBUG nova.filters [None req-8c46e3f6-2771-4aa5-a054-6881a60eefea tempest-VolumesAdminNegativeTest-1939245803 tempest-VolumesAdminNegativeTest-1939245803-project-member] Filter ComputeFilter returned 1 host(s) {{(pid=95513) get_filtered_objects /opt/stack/nova/nova/filters.py:102}}
May 22 17:46:50.064597 np0000001298 nova-scheduler[95513]: DEBUG nova.filters [None req-8c46e3f6-2771-4aa5-a054-6881a60eefea tempest-VolumesAdminNegativeTest-1939245803 tempest-VolumesAdminNegativeTest-1939245803-project-member] Filter ComputeCapabilitiesFilter returned 1 host(s) {{(pid=95513) get_filtered_objects /opt/stack/nova/nova/filters.py:102}}
May 22 17:46:50.064824 np0000001298 nova-scheduler[95513]: DEBUG nova.filters [None req-8c46e3f6-2771-4aa5-a054-6881a60eefea tempest-VolumesAdminNegativeTest-1939245803 tempest-VolumesAdminNegativeTest-1939245803-project-member] Filter ImagePropertiesFilter returned 1 host(s) {{(pid=95513) get_filtered_objects /opt/stack/nova/nova/filters.py:102}}
May 22 17:46:50.064953 np0000001298 nova-scheduler[95513]: DEBUG nova.filters [None req-8c46e3f6-2771-4aa5-a054-6881a60eefea tempest-VolumesAdminNegativeTest-1939245803 tempest-VolumesAdminNegativeTest-1939245803-project-member] Filter ServerGroupAntiAffinityFilter returned 1 host(s) {{(pid=95513) get_filtered_objects /opt/stack/nova/nova/filters.py:102}}
May 22 17:46:50.065073 np0000001298 nova-scheduler[95513]: DEBUG nova.filters [None req-8c46e3f6-2771-4aa5-a054-6881a60eefea tempest-VolumesAdminNegativeTest-1939245803 tempest-VolumesAdminNegativeTest-1939245803-project-member] Filter ServerGroupAffinityFilter returned 1 host(s) {{(pid=95513) get_filtered_objects /opt/stack/nova/nova/filters.py:102}}
May 22 17:46:50.065198 np0000001298 nova-scheduler[95513]: DEBUG nova.filters [None req-8c46e3f6-2771-4aa5-a054-6881a60eefea tempest-VolumesAdminNegativeTest-1939245803 tempest-VolumesAdminNegativeTest-1939245803-project-member] Filter SameHostFilter returned 1 host(s) {{(pid=95513) get_filtered_objects /opt/stack/nova/nova/filters.py:102}}
May 22 17:46:50.065365 np0000001298 nova-scheduler[95513]: DEBUG nova.filters [None req-8c46e3f6-2771-4aa5-a054-6881a60eefea tempest-VolumesAdminNegativeTest-1939245803 tempest-VolumesAdminNegativeTest-1939245803-project-member] Filter DifferentHostFilter returned 1 host(s) {{(pid=95513) get_filtered_objects /opt/stack/nova/nova/filters.py:102}}
May 22 17:46:50.066268 np0000001298 nova-scheduler[95513]: DEBUG nova.scheduler.manager [None req-8c46e3f6-2771-4aa5-a054-6881a60eefea tempest-VolumesAdminNegativeTest-1939245803 tempest-VolumesAdminNegativeTest-1939245803-project-member] Filtered [(np0000001298, np0000001298) ram: 23518MB disk: 75776MB io_ops: 0 instances: 0, allocation_candidates: 1] {{(pid=95513) _get_sorted_hosts /opt/stack/nova/nova/scheduler/manager.py:743}}
May 22 17:46:50.066593 np0000001298 nova-scheduler[95513]: DEBUG nova.scheduler.manager [None req-8c46e3f6-2771-4aa5-a054-6881a60eefea tempest-VolumesAdminNegativeTest-1939245803 tempest-VolumesAdminNegativeTest-1939245803-project-member] Weighed [WeighedHost [host: (np0000001298, np0000001298) ram: 23518MB disk: 75776MB io_ops: 0 instances: 0, allocation_candidates: 1, weight: 0.0]] {{(pid=95513) _get_sorted_hosts /opt/stack/nova/nova/scheduler/manager.py:765}}
May 22 17:46:50.067276 np0000001298 nova-scheduler[95513]: DEBUG nova.scheduler.utils [None req-8c46e3f6-2771-4aa5-a054-6881a60eefea tempest-VolumesAdminNegativeTest-1939245803 tempest-VolumesAdminNegativeTest-1939245803-project-member] Attempting to claim resources in the placement API for instance 54927f01-7f57-41ba-b258-8a49ceffc8ea {{(pid=95513) claim_resources /opt/stack/nova/nova/scheduler/utils.py:1304}}
May 22 17:46:50.068979 np0000001298 nova-scheduler[95518]: DEBUG dbcounter [-] [95518] Writer thread running {{(pid=95518) stat_writer /opt/stack/data/venv/lib/python3.12/site-packages/dbcounter.py:102}}
May 22 17:46:50.091404 np0000001298 nova-scheduler[95518]: DEBUG dbcounter [-] [95518] Writer thread running {{(pid=95518) stat_writer /opt/stack/data/venv/lib/python3.12/site-packages/dbcounter.py:102}}
May 22 17:46:50.093705 np0000001298 nova-scheduler[95518]: DEBUG oslo_concurrency.lockutils [None req-ef138ab7-5262-4a6d-8fea-8625f3e41035 tempest-AttachSCSIVolumeTestJSON-1165260309 tempest-AttachSCSIVolumeTestJSON-1165260309-project-member] Acquiring lock "898b1432-be49-4b60-b2e3-330c1a1fd684" by "nova.context.set_target_cell..get_or_set_cached_cell_and_set_connections" {{(pid=95518) inner /opt/stack/data/venv/lib/python3.12/site-packages/oslo_concurrency/lockutils.py:511}}
May 22 17:46:50.093862 np0000001298 nova-scheduler[95518]: DEBUG oslo_concurrency.lockutils [None req-ef138ab7-5262-4a6d-8fea-8625f3e41035 tempest-AttachSCSIVolumeTestJSON-1165260309 tempest-AttachSCSIVolumeTestJSON-1165260309-project-member] Lock "898b1432-be49-4b60-b2e3-330c1a1fd684" acquired by "nova.context.set_target_cell..get_or_set_cached_cell_and_set_connections" :: waited 0.000s {{(pid=95518) inner /opt/stack/data/venv/lib/python3.12/site-packages/oslo_concurrency/lockutils.py:524}}
May 22 17:46:50.094149 np0000001298 nova-scheduler[95518]: DEBUG oslo_concurrency.lockutils [None req-ef138ab7-5262-4a6d-8fea-8625f3e41035 tempest-AttachSCSIVolumeTestJSON-1165260309 tempest-AttachSCSIVolumeTestJSON-1165260309-project-member] Lock "898b1432-be49-4b60-b2e3-330c1a1fd684" "released" by "nova.context.set_target_cell..get_or_set_cached_cell_and_set_connections" :: held 0.000s {{(pid=95518) inner /opt/stack/data/venv/lib/python3.12/site-packages/oslo_concurrency/lockutils.py:543}}
May 22 17:46:50.098900 np0000001298 nova-scheduler[95518]: DEBUG oslo_concurrency.lockutils [None req-ef138ab7-5262-4a6d-8fea-8625f3e41035 tempest-AttachSCSIVolumeTestJSON-1165260309 tempest-AttachSCSIVolumeTestJSON-1165260309-project-member] Acquiring lock "('np0000001298', 'np0000001298')" by "nova.scheduler.host_manager.HostState.update.._locked_update" {{(pid=95518) inner /opt/stack/data/venv/lib/python3.12/site-packages/oslo_concurrency/lockutils.py:511}}
May 22 17:46:50.099078 np0000001298 nova-scheduler[95518]: DEBUG oslo_concurrency.lockutils [None req-ef138ab7-5262-4a6d-8fea-8625f3e41035 tempest-AttachSCSIVolumeTestJSON-1165260309 tempest-AttachSCSIVolumeTestJSON-1165260309-project-member] Lock "('np0000001298', 'np0000001298')" acquired by "nova.scheduler.host_manager.HostState.update.._locked_update" :: waited 0.000s {{(pid=95518) inner /opt/stack/data/venv/lib/python3.12/site-packages/oslo_concurrency/lockutils.py:524}}
