Jul 27 14:17:45.641552 np0000005915 nova-scheduler[93835]: DEBUG cotyledon.oslo_config_glue [-] oslo_messaging_rabbit.rabbit_quorum_delivery_limit = 0 {{(pid=93835) log_opt_values /opt/stack/data/venv/lib/python3.12/site-packages/oslo_config/cfg.py:3253}}
Jul 27 14:17:45.641552 np0000005915 nova-scheduler[93835]: DEBUG cotyledon.oslo_config_glue [-] oslo_messaging_rabbit.rabbit_quorum_max_memory_bytes = 0 {{(pid=93835) log_opt_values /opt/stack/data/venv/lib/python3.12/site-packages/oslo_config/cfg.py:3253}}
Jul 27 14:17:45.641767 np0000005915 nova-scheduler[93835]: DEBUG cotyledon.oslo_config_glue [-] oslo_messaging_rabbit.rabbit_quorum_max_memory_length = 0 {{(pid=93835) log_opt_values /opt/stack/data/venv/lib/python3.12/site-packages/oslo_config/cfg.py:3253}}
Jul 27 14:17:45.641767 np0000005915 nova-scheduler[93835]: DEBUG cotyledon.oslo_config_glue [-] oslo_messaging_rabbit.rabbit_quorum_queue = False {{(pid=93835) log_opt_values /opt/stack/data/venv/lib/python3.12/site-packages/oslo_config/cfg.py:3253}}
Jul 27 14:17:45.641767 np0000005915 nova-scheduler[93835]: DEBUG cotyledon.oslo_config_glue [-] oslo_messaging_rabbit.rabbit_retry_backoff = 2 {{(pid=93835) log_opt_values /opt/stack/data/venv/lib/python3.12/site-packages/oslo_config/cfg.py:3253}}
Jul 27 14:17:45.641767 np0000005915 nova-scheduler[93835]: DEBUG cotyledon.oslo_config_glue [-] oslo_messaging_rabbit.rabbit_retry_interval = 1 {{(pid=93835) log_opt_values /opt/stack/data/venv/lib/python3.12/site-packages/oslo_config/cfg.py:3253}}
Jul 27 14:17:45.641767 np0000005915 nova-scheduler[93835]: DEBUG cotyledon.oslo_config_glue [-] oslo_messaging_rabbit.rabbit_stream_fanout = False {{(pid=93835) log_opt_values /opt/stack/data/venv/lib/python3.12/site-packages/oslo_config/cfg.py:3253}}
Jul 27 14:17:45.641767 np0000005915 nova-scheduler[93835]: DEBUG cotyledon.oslo_config_glue [-] oslo_messaging_rabbit.rabbit_transient_queues_ttl = 1800 {{(pid=93835) log_opt_values /opt/stack/data/venv/lib/python3.12/site-packages/oslo_config/cfg.py:3253}}
Jul 27 14:17:45.641767 np0000005915 nova-scheduler[93835]: DEBUG cotyledon.oslo_config_glue [-] oslo_messaging_rabbit.rabbit_transient_quorum_queue = False {{(pid=93835) log_opt_values /opt/stack/data/venv/lib/python3.12/site-packages/oslo_config/cfg.py:3253}}
Jul 27 14:17:45.641767 np0000005915 nova-scheduler[93835]: DEBUG cotyledon.oslo_config_glue [-] oslo_messaging_rabbit.rpc_conn_pool_size = 30 {{(pid=93835) log_opt_values /opt/stack/data/venv/lib/python3.12/site-packages/oslo_config/cfg.py:3253}}
Jul 27 14:17:45.641767 np0000005915 nova-scheduler[93835]: DEBUG cotyledon.oslo_config_glue [-] oslo_messaging_rabbit.ssl = False {{(pid=93835) log_opt_values /opt/stack/data/venv/lib/python3.12/site-packages/oslo_config/cfg.py:3253}}
Jul 27 14:17:45.642005 np0000005915 nova-scheduler[93835]: DEBUG cotyledon.oslo_config_glue [-] oslo_messaging_rabbit.ssl_ca_file = {{(pid=93835) log_opt_values /opt/stack/data/venv/lib/python3.12/site-packages/oslo_config/cfg.py:3253}}
Jul 27 14:17:45.642005 np0000005915 nova-scheduler[93835]: DEBUG cotyledon.oslo_config_glue [-] oslo_messaging_rabbit.ssl_cert_file = {{(pid=93835) log_opt_values /opt/stack/data/venv/lib/python3.12/site-packages/oslo_config/cfg.py:3253}}
Jul 27 14:17:45.642005 np0000005915 nova-scheduler[93835]: DEBUG cotyledon.oslo_config_glue [-] oslo_messaging_rabbit.ssl_enforce_fips_mode = False {{(pid=93835) log_opt_values /opt/stack/data/venv/lib/python3.12/site-packages/oslo_config/cfg.py:3253}}
Jul 27 14:17:45.642005 np0000005915 nova-scheduler[93835]: DEBUG cotyledon.oslo_config_glue [-] oslo_messaging_rabbit.ssl_enforce_hostname_verification = True {{(pid=93835) log_opt_values /opt/stack/data/venv/lib/python3.12/site-packages/oslo_config/cfg.py:3253}}
Jul 27 14:17:45.642005 np0000005915 nova-scheduler[93835]: DEBUG cotyledon.oslo_config_glue [-] oslo_messaging_rabbit.ssl_key_file = {{(pid=93835) log_opt_values /opt/stack/data/venv/lib/python3.12/site-packages/oslo_config/cfg.py:3253}}
Jul 27 14:17:45.642005 np0000005915 nova-scheduler[93835]: DEBUG cotyledon.oslo_config_glue [-] oslo_messaging_rabbit.ssl_version = {{(pid=93835) log_opt_values /opt/stack/data/venv/lib/python3.12/site-packages/oslo_config/cfg.py:3253}}
Jul 27 14:17:45.642005 np0000005915 nova-scheduler[93835]: DEBUG cotyledon.oslo_config_glue [-] oslo_messaging_rabbit.use_queue_manager = False {{(pid=93835) log_opt_values /opt/stack/data/venv/lib/python3.12/site-packages/oslo_config/cfg.py:3253}}
Jul 27 14:17:45.642005 np0000005915 nova-scheduler[93835]: DEBUG cotyledon.oslo_config_glue [-] oslo_messaging_notifications.driver = ['messagingv2'] {{(pid=93835) log_opt_values /opt/stack/data/venv/lib/python3.12/site-packages/oslo_config/cfg.py:3253}}
Jul 27 14:17:45.642005 np0000005915 nova-scheduler[93835]: DEBUG cotyledon.oslo_config_glue [-] oslo_messaging_notifications.retry = -1 {{(pid=93835) log_opt_values /opt/stack/data/venv/lib/python3.12/site-packages/oslo_config/cfg.py:3253}}
Jul 27 14:17:45.642233 np0000005915 nova-scheduler[93835]: DEBUG cotyledon.oslo_config_glue [-] oslo_messaging_notifications.topics = ['notifications'] {{(pid=93835) log_opt_values /opt/stack/data/venv/lib/python3.12/site-packages/oslo_config/cfg.py:3253}}
Jul 27 14:17:45.642233 np0000005915 nova-scheduler[93835]: DEBUG cotyledon.oslo_config_glue [-] oslo_messaging_notifications.transport_url = **** {{(pid=93835) log_opt_values /opt/stack/data/venv/lib/python3.12/site-packages/oslo_config/cfg.py:3253}}
Jul 27 14:17:45.642233 np0000005915 nova-scheduler[93835]: DEBUG cotyledon.oslo_config_glue [-] oslo_limit.auth_section = None {{(pid=93835) log_opt_values /opt/stack/data/venv/lib/python3.12/site-packages/oslo_config/cfg.py:3253}}
Jul 27 14:17:45.642233 np0000005915 nova-scheduler[93835]: DEBUG cotyledon.oslo_config_glue [-] oslo_limit.auth_type = None {{(pid=93835) log_opt_values /opt/stack/data/venv/lib/python3.12/site-packages/oslo_config/cfg.py:3253}}
Jul 27 14:17:45.642233 np0000005915 nova-scheduler[93835]: DEBUG cotyledon.oslo_config_glue [-] oslo_limit.cafile = None {{(pid=93835) log_opt_values /opt/stack/data/venv/lib/python3.12/site-packages/oslo_config/cfg.py:3253}}
Jul 27 14:17:45.642233 np0000005915 nova-scheduler[93835]: DEBUG cotyledon.oslo_config_glue [-] oslo_limit.certfile = None {{(pid=93835) log_opt_values /opt/stack/data/venv/lib/python3.12/site-packages/oslo_config/cfg.py:3253}}
Jul 27 14:17:45.642233 np0000005915 nova-scheduler[93835]: DEBUG cotyledon.oslo_config_glue [-] oslo_limit.collect_timing = False {{(pid=93835) log_opt_values /opt/stack/data/venv/lib/python3.12/site-packages/oslo_config/cfg.py:3253}}
Jul 27 14:17:45.642233 np0000005915 nova-scheduler[93835]: DEBUG cotyledon.oslo_config_glue [-] oslo_limit.connect_retries = None {{(pid=93835) log_opt_values /opt/stack/data/venv/lib/python3.12/site-packages/oslo_config/cfg.py:3253}}
Jul 27 14:17:45.642233 np0000005915 nova-scheduler[93835]: DEBUG cotyledon.oslo_config_glue [-] oslo_limit.connect_retry_delay = None {{(pid=93835) log_opt_values /opt/stack/data/venv/lib/python3.12/site-packages/oslo_config/cfg.py:3253}}
Jul 27 14:17:45.642452 np0000005915 nova-scheduler[93835]: DEBUG cotyledon.oslo_config_glue [-] oslo_limit.endpoint_id = None {{(pid=93835) log_opt_values /opt/stack/data/venv/lib/python3.12/site-packages/oslo_config/cfg.py:3253}}
Jul 27 14:17:45.642452 np0000005915 nova-scheduler[93835]: DEBUG cotyledon.oslo_config_glue [-] oslo_limit.endpoint_interface = public {{(pid=93835) log_opt_values /opt/stack/data/venv/lib/python3.12/site-packages/oslo_config/cfg.py:3253}}
Jul 27 14:17:45.642452 np0000005915 nova-scheduler[93835]: DEBUG cotyledon.oslo_config_glue [-] oslo_limit.endpoint_override = None {{(pid=93835) log_opt_values /opt/stack/data/venv/lib/python3.12/site-packages/oslo_config/cfg.py:3253}}
Jul 27 14:17:45.642452 np0000005915 nova-scheduler[93835]: DEBUG cotyledon.oslo_config_glue [-] oslo_limit.endpoint_region_name = None {{(pid=93835) log_opt_values /opt/stack/data/venv/lib/python3.12/site-packages/oslo_config/cfg.py:3253}}
Jul 27 14:17:45.642452 np0000005915 nova-scheduler[93835]: DEBUG cotyledon.oslo_config_glue [-] oslo_limit.endpoint_service_name = None {{(pid=93835) log_opt_values /opt/stack/data/venv/lib/python3.12/site-packages/oslo_config/cfg.py:3253}}
Jul 27 14:17:45.642452 np0000005915 nova-scheduler[93835]: DEBUG cotyledon.oslo_config_glue [-] oslo_limit.endpoint_service_type = None {{(pid=93835) log_opt_values /opt/stack/data/venv/lib/python3.12/site-packages/oslo_config/cfg.py:3253}}
Jul 27 14:17:45.642452 np0000005915 nova-scheduler[93835]: DEBUG cotyledon.oslo_config_glue [-] oslo_limit.insecure = False {{(pid=93835) log_opt_values /opt/stack/data/venv/lib/python3.12/site-packages/oslo_config/cfg.py:3253}}
Jul 27 14:17:45.642452 np0000005915 nova-scheduler[93835]: DEBUG cotyledon.oslo_config_glue [-] oslo_limit.keyfile = None {{(pid=93835) log_opt_values /opt/stack/data/venv/lib/python3.12/site-packages/oslo_config/cfg.py:3253}}
Jul 27 14:17:45.642452 np0000005915 nova-scheduler[93835]: DEBUG cotyledon.oslo_config_glue [-] oslo_limit.max_version = None {{(pid=93835) log_opt_values /opt/stack/data/venv/lib/python3.12/site-packages/oslo_config/cfg.py:3253}}
Jul 27 14:17:45.642677 np0000005915 nova-scheduler[93835]: DEBUG cotyledon.oslo_config_glue [-] oslo_limit.min_version = None {{(pid=93835) log_opt_values /opt/stack/data/venv/lib/python3.12/site-packages/oslo_config/cfg.py:3253}}
Jul 27 14:17:45.642677 np0000005915 nova-scheduler[93835]: DEBUG cotyledon.oslo_config_glue [-] oslo_limit.region_name = None {{(pid=93835) log_opt_values /opt/stack/data/venv/lib/python3.12/site-packages/oslo_config/cfg.py:3253}}
Jul 27 14:17:45.642677 np0000005915 nova-scheduler[93835]: DEBUG cotyledon.oslo_config_glue [-] oslo_limit.retriable_status_codes = None {{(pid=93835) log_opt_values /opt/stack/data/venv/lib/python3.12/site-packages/oslo_config/cfg.py:3253}}
Jul 27 14:17:45.642768 np0000005915 nova-scheduler[93837]: INFO dbcounter [None req-8e5ce7ec-7753-40e0-af48-e4f1403295ab None None] Registered counter for database nova_cell0
Jul 27 14:17:45.642797 np0000005915 nova-scheduler[93835]: DEBUG cotyledon.oslo_config_glue [-] oslo_limit.service_name = None {{(pid=93835) log_opt_values /opt/stack/data/venv/lib/python3.12/site-packages/oslo_config/cfg.py:3253}}
Jul 27 14:17:45.642797 np0000005915 nova-scheduler[93835]: DEBUG cotyledon.oslo_config_glue [-] oslo_limit.service_type = None {{(pid=93835) log_opt_values /opt/stack/data/venv/lib/python3.12/site-packages/oslo_config/cfg.py:3253}}
Jul 27 14:17:45.642797 np0000005915 nova-scheduler[93835]: DEBUG cotyledon.oslo_config_glue [-] oslo_limit.split_loggers = False {{(pid=93835) log_opt_values /opt/stack/data/venv/lib/python3.12/site-packages/oslo_config/cfg.py:3253}}
Jul 27 14:17:45.642797 np0000005915 nova-scheduler[93835]: DEBUG cotyledon.oslo_config_glue [-] oslo_limit.status_code_retries = None {{(pid=93835) log_opt_values /opt/stack/data/venv/lib/python3.12/site-packages/oslo_config/cfg.py:3253}}
Jul 27 14:17:45.642797 np0000005915 nova-scheduler[93835]: DEBUG cotyledon.oslo_config_glue [-] oslo_limit.status_code_retry_delay = None {{(pid=93835) log_opt_values /opt/stack/data/venv/lib/python3.12/site-packages/oslo_config/cfg.py:3253}}
Jul 27 14:17:45.642797 np0000005915 nova-scheduler[93835]: DEBUG cotyledon.oslo_config_glue [-] oslo_limit.timeout = None {{(pid=93835) log_opt_values /opt/stack/data/venv/lib/python3.12/site-packages/oslo_config/cfg.py:3253}}
Jul 27 14:17:45.642797 np0000005915 nova-scheduler[93835]: DEBUG cotyledon.oslo_config_glue [-] oslo_limit.valid_interfaces = None {{(pid=93835) log_opt_values /opt/stack/data/venv/lib/python3.12/site-packages/oslo_config/cfg.py:3253}}
Jul 27 14:17:45.642797 np0000005915 nova-scheduler[93835]: DEBUG cotyledon.oslo_config_glue [-] oslo_limit.version = None {{(pid=93835) log_opt_values /opt/stack/data/venv/lib/python3.12/site-packages/oslo_config/cfg.py:3253}}
Jul 27 14:17:45.642797 np0000005915 nova-scheduler[93835]: DEBUG cotyledon.oslo_config_glue [-] oslo_reports.file_event_handler = None {{(pid=93835) log_opt_values /opt/stack/data/venv/lib/python3.12/site-packages/oslo_config/cfg.py:3253}}
Jul 27 14:17:45.643042 np0000005915 nova-scheduler[93835]: DEBUG cotyledon.oslo_config_glue [-] oslo_reports.file_event_handler_interval = 1 {{(pid=93835) log_opt_values /opt/stack/data/venv/lib/python3.12/site-packages/oslo_config/cfg.py:3253}}
Jul 27 14:17:45.643042 np0000005915 nova-scheduler[93835]: DEBUG cotyledon.oslo_config_glue [-] oslo_reports.log_dir = None {{(pid=93835) log_opt_values /opt/stack/data/venv/lib/python3.12/site-packages/oslo_config/cfg.py:3253}}
Jul 27 14:17:45.643042 np0000005915 nova-scheduler[93835]: DEBUG cotyledon.oslo_config_glue [-] ******************************************************************************** {{(pid=93835) log_opt_values /opt/stack/data/venv/lib/python3.12/site-packages/oslo_config/cfg.py:3260}}
Jul 27 14:17:45.643042 np0000005915 nova-scheduler[93835]: DEBUG cotyledon._service_worker [-] Run service ServiceWrapper(1) [93835] {{(pid=93835) wait_forever /opt/stack/data/venv/lib/python3.12/site-packages/cotyledon/_service_worker.py:218}}
Jul 27 14:17:45.643042 np0000005915 nova-scheduler[93835]: INFO nova.service [-] Starting scheduler node (version 33.1.0)
Jul 27 14:17:45.643183 np0000005915 nova-scheduler[93833]: DEBUG oslo_db.sqlalchemy.engines [None req-b376b823-c828-4c83-966d-cbbc5c85032f None None] MySQL server mode set to STRICT_TRANS_TABLES,STRICT_ALL_TABLES,NO_ZERO_IN_DATE,NO_ZERO_DATE,ERROR_FOR_DIVISION_BY_ZERO,TRADITIONAL,NO_ENGINE_SUBSTITUTION {{(pid=93833) _check_effective_sql_mode /opt/stack/data/venv/lib/python3.12/site-packages/oslo_db/sqlalchemy/engines.py:325}}
Jul 27 14:17:45.643217 np0000005915 nova-scheduler[93835]: INFO dbcounter [None req-00077991-b9a2-4689-bbff-dff7be80886b None None] Registered counter for database nova_cell0
Jul 27 14:17:45.643253 np0000005915 nova-scheduler[93833]: DEBUG dbcounter [-] [93833] Writer thread running {{(pid=93833) stat_writer /opt/stack/data/venv/lib/python3.12/site-packages/dbcounter.py:102}}
Jul 27 14:17:45.677635 np0000005915 nova-scheduler[93837]: DEBUG oslo_db.sqlalchemy.engines [None req-8e5ce7ec-7753-40e0-af48-e4f1403295ab None None] MySQL server mode set to STRICT_TRANS_TABLES,STRICT_ALL_TABLES,NO_ZERO_IN_DATE,NO_ZERO_DATE,ERROR_FOR_DIVISION_BY_ZERO,TRADITIONAL,NO_ENGINE_SUBSTITUTION {{(pid=93837) _check_effective_sql_mode /opt/stack/data/venv/lib/python3.12/site-packages/oslo_db/sqlalchemy/engines.py:325}}
Jul 27 14:17:45.678673 np0000005915 nova-scheduler[93833]: DEBUG nova.service [None req-b376b823-c828-4c83-966d-cbbc5c85032f None None] Creating RPC server for service: nova-scheduler on topic: scheduler {{(pid=93833) start /opt/stack/nova/nova/service.py:196}}
Jul 27 14:17:45.687748 np0000005915 nova-scheduler[93835]: DEBUG oslo_db.sqlalchemy.engines [None req-00077991-b9a2-4689-bbff-dff7be80886b None None] MySQL server mode set to STRICT_TRANS_TABLES,STRICT_ALL_TABLES,NO_ZERO_IN_DATE,NO_ZERO_DATE,ERROR_FOR_DIVISION_BY_ZERO,TRADITIONAL,NO_ENGINE_SUBSTITUTION {{(pid=93835) _check_effective_sql_mode /opt/stack/data/venv/lib/python3.12/site-packages/oslo_db/sqlalchemy/engines.py:325}}
Jul 27 14:17:45.700412 np0000005915 nova-scheduler[93835]: DEBUG dbcounter [-] [93835] Writer thread running {{(pid=93835) stat_writer /opt/stack/data/venv/lib/python3.12/site-packages/dbcounter.py:102}}
Jul 27 14:17:45.704434 np0000005915 nova-scheduler[93837]: DEBUG dbcounter [-] [93837] Writer thread running {{(pid=93837) stat_writer /opt/stack/data/venv/lib/python3.12/site-packages/dbcounter.py:102}}
Jul 27 14:17:45.711974 np0000005915 nova-scheduler[93837]: DEBUG nova.service [None req-8e5ce7ec-7753-40e0-af48-e4f1403295ab None None] Creating RPC server for service: nova-scheduler on topic: scheduler {{(pid=93837) start /opt/stack/nova/nova/service.py:196}}
Jul 27 14:17:45.712093 np0000005915 nova-scheduler[93835]: DEBUG nova.service [None req-00077991-b9a2-4689-bbff-dff7be80886b None None] Creating RPC server for service: nova-scheduler on topic: scheduler {{(pid=93835) start /opt/stack/nova/nova/service.py:196}}
Jul 27 14:17:45.721101 np0000005915 nova-scheduler[93833]: DEBUG nova.service [None req-b376b823-c828-4c83-966d-cbbc5c85032f None None] Join ServiceGroup membership for this service scheduler {{(pid=93833) start /opt/stack/nova/nova/service.py:222}}
Jul 27 14:17:45.721604 np0000005915 nova-scheduler[93833]: DEBUG nova.servicegroup.drivers.db [None req-b376b823-c828-4c83-966d-cbbc5c85032f None None] DB_Driver: join new ServiceGroup member np0000005915 to the scheduler group, service = {{(pid=93833) join /opt/stack/nova/nova/servicegroup/drivers/db.py:44}}
Jul 27 14:17:45.731390 np0000005915 nova-scheduler[93835]: DEBUG nova.service [None req-00077991-b9a2-4689-bbff-dff7be80886b None None] Join ServiceGroup membership for this service scheduler {{(pid=93835) start /opt/stack/nova/nova/service.py:222}}
Jul 27 14:17:45.731846 np0000005915 nova-scheduler[93835]: DEBUG nova.servicegroup.drivers.db [None req-00077991-b9a2-4689-bbff-dff7be80886b None None] DB_Driver: join new ServiceGroup member np0000005915 to the scheduler group, service = {{(pid=93835) join /opt/stack/nova/nova/servicegroup/drivers/db.py:44}}
Jul 27 14:17:45.735826 np0000005915 nova-scheduler[93837]: DEBUG nova.service [None req-8e5ce7ec-7753-40e0-af48-e4f1403295ab None None] Join ServiceGroup membership for this service scheduler {{(pid=93837) start /opt/stack/nova/nova/service.py:222}}
Jul 27 14:17:45.736172 np0000005915 nova-scheduler[93837]: DEBUG nova.servicegroup.drivers.db [None req-8e5ce7ec-7753-40e0-af48-e4f1403295ab None None] DB_Driver: join new ServiceGroup member np0000005915 to the scheduler group, service = {{(pid=93837) join /opt/stack/nova/nova/servicegroup/drivers/db.py:44}}
Jul 27 14:17:50.750685 np0000005915 nova-scheduler[93833]: DEBUG oslo.service.backend._threading.loopingcall [-] Fixed interval looping call 'nova.servicegroup.drivers.db.DbDriver._report_state' sleeping for 119.97 seconds {{(pid=93833) _run_loop /opt/stack/data/venv/lib/python3.12/site-packages/oslo_service/backend/_threading/loopingcall.py:125}}
Jul 27 14:17:50.751050 np0000005915 nova-scheduler[93835]: DEBUG oslo.service.backend._threading.loopingcall [-] Fixed interval looping call 'nova.servicegroup.drivers.db.DbDriver._report_state' sleeping for 119.98 seconds {{(pid=93835) _run_loop /opt/stack/data/venv/lib/python3.12/site-packages/oslo_service/backend/_threading/loopingcall.py:125}}
Jul 27 14:17:50.752193 np0000005915 nova-scheduler[93837]: DEBUG oslo.service.backend._threading.loopingcall [-] Fixed interval looping call 'nova.servicegroup.drivers.db.DbDriver._report_state' sleeping for 119.99 seconds {{(pid=93837) _run_loop /opt/stack/data/venv/lib/python3.12/site-packages/oslo_service/backend/_threading/loopingcall.py:125}}
Jul 27 14:17:51.724050 np0000005915 nova-scheduler[93833]: DEBUG oslo.service.backend._threading.loopingcall [None req-b2859d1a-2d44-4ec9-b301-7612bfd02077 None None] Dynamic interval looping call 'nova.service.Service.periodic_tasks' sleeping for 60.00 seconds {{(pid=93833) _run_loop /opt/stack/data/venv/lib/python3.12/site-packages/oslo_service/backend/_threading/loopingcall.py:125}}
Jul 27 14:17:54.229940 np0000005915 nova-scheduler[92637]: DEBUG dbcounter [-] [92637] Writing DB stats nova_api:SELECT=3 {{(pid=92637) stat_writer /opt/stack/data/venv/lib/python3.12/site-packages/dbcounter.py:115}}
Jul 27 14:17:54.374291 np0000005915 nova-scheduler[92637]: DEBUG dbcounter [-] [92637] Writing DB stats nova_cell0:SELECT=1 {{(pid=92637) stat_writer /opt/stack/data/venv/lib/python3.12/site-packages/dbcounter.py:115}}
Jul 27 14:17:54.378857 np0000005915 nova-scheduler[92637]: DEBUG dbcounter [-] [92637] Writing DB stats nova_cell1:SELECT=1 {{(pid=92637) stat_writer /opt/stack/data/venv/lib/python3.12/site-packages/dbcounter.py:115}}
Jul 27 14:17:55.738801 np0000005915 nova-scheduler[93837]: DEBUG oslo.service.backend._threading.loopingcall [None req-337c9940-a4f5-49ee-a9bc-8a36cd34e9c5 None None] Dynamic interval looping call 'nova.service.Service.periodic_tasks' sleeping for 60.00 seconds {{(pid=93837) _run_loop /opt/stack/data/venv/lib/python3.12/site-packages/oslo_service/backend/_threading/loopingcall.py:125}}
Jul 27 14:18:00.731641 np0000005915 nova-scheduler[93833]: DEBUG dbcounter [-] [93833] Writing DB stats nova_cell0:SELECT=4,nova_cell0:INSERT=1,nova_cell0:UPDATE=1 {{(pid=93833) stat_writer /opt/stack/data/venv/lib/python3.12/site-packages/dbcounter.py:115}}
Jul 27 14:18:00.744681 np0000005915 nova-scheduler[93835]: DEBUG dbcounter [-] [93835] Writing DB stats nova_cell0:SELECT=3,nova_cell0:UPDATE=1 {{(pid=93835) stat_writer /opt/stack/data/venv/lib/python3.12/site-packages/dbcounter.py:115}}
Jul 27 14:18:00.749830 np0000005915 nova-scheduler[93837]: DEBUG dbcounter [-] [93837] Writing DB stats nova_cell0:SELECT=3,nova_cell0:UPDATE=1 {{(pid=93837) stat_writer /opt/stack/data/venv/lib/python3.12/site-packages/dbcounter.py:115}}
Jul 27 14:18:13.734398 np0000005915 nova-scheduler[93835]: DEBUG oslo.service.backend._threading.loopingcall [None req-5229671c-0b6f-4b7a-8352-ea11fa39e712 None None] Dynamic interval looping call 'nova.service.Service.periodic_tasks' sleeping for 60.00 seconds {{(pid=93835) _run_loop /opt/stack/data/venv/lib/python3.12/site-packages/oslo_service/backend/_threading/loopingcall.py:125}}
Jul 27 14:18:51.724487 np0000005915 nova-scheduler[93833]: DEBUG oslo.service.backend._threading.loopingcall [None req-b2859d1a-2d44-4ec9-b301-7612bfd02077 None None] Dynamic interval looping call 'nova.service.Service.periodic_tasks' sleeping for 60.00 seconds {{(pid=93833) _run_loop /opt/stack/data/venv/lib/python3.12/site-packages/oslo_service/backend/_threading/loopingcall.py:125}}
Jul 27 14:18:55.739256 np0000005915 nova-scheduler[93837]: DEBUG oslo.service.backend._threading.loopingcall [None req-337c9940-a4f5-49ee-a9bc-8a36cd34e9c5 None None] Dynamic interval looping call 'nova.service.Service.periodic_tasks' sleeping for 60.00 seconds {{(pid=93837) _run_loop /opt/stack/data/venv/lib/python3.12/site-packages/oslo_service/backend/_threading/loopingcall.py:125}}
Jul 27 14:19:13.735192 np0000005915 nova-scheduler[93835]: DEBUG oslo.service.backend._threading.loopingcall [None req-5229671c-0b6f-4b7a-8352-ea11fa39e712 None None] Dynamic interval looping call 'nova.service.Service.periodic_tasks' sleeping for 60.00 seconds {{(pid=93835) _run_loop /opt/stack/data/venv/lib/python3.12/site-packages/oslo_service/backend/_threading/loopingcall.py:125}}
Jul 27 14:19:50.733947 np0000005915 nova-scheduler[93833]: DEBUG oslo.service.backend._threading.loopingcall [-] Fixed interval looping call 'nova.servicegroup.drivers.db.DbDriver._report_state' sleeping for 119.99 seconds {{(pid=93833) _run_loop /opt/stack/data/venv/lib/python3.12/site-packages/oslo_service/backend/_threading/loopingcall.py:125}}
Jul 27 14:19:50.735042 np0000005915 nova-scheduler[93835]: DEBUG oslo.service.backend._threading.loopingcall [-] Fixed interval looping call 'nova.servicegroup.drivers.db.DbDriver._report_state' sleeping for 120.00 seconds {{(pid=93835) _run_loop /opt/stack/data/venv/lib/python3.12/site-packages/oslo_service/backend/_threading/loopingcall.py:125}}
Jul 27 14:19:50.745636 np0000005915 nova-scheduler[93837]: DEBUG oslo.service.backend._threading.loopingcall [-] Fixed interval looping call 'nova.servicegroup.drivers.db.DbDriver._report_state' sleeping for 120.00 seconds {{(pid=93837) _run_loop /opt/stack/data/venv/lib/python3.12/site-packages/oslo_service/backend/_threading/loopingcall.py:125}}
Jul 27 14:19:51.725080 np0000005915 nova-scheduler[93833]: DEBUG oslo.service.backend._threading.loopingcall [None req-b2859d1a-2d44-4ec9-b301-7612bfd02077 None None] Dynamic interval looping call 'nova.service.Service.periodic_tasks' sleeping for 60.00 seconds {{(pid=93833) _run_loop /opt/stack/data/venv/lib/python3.12/site-packages/oslo_service/backend/_threading/loopingcall.py:125}}
Jul 27 14:19:55.739825 np0000005915 nova-scheduler[93837]: DEBUG oslo.service.backend._threading.loopingcall [None req-337c9940-a4f5-49ee-a9bc-8a36cd34e9c5 None None] Dynamic interval looping call 'nova.service.Service.periodic_tasks' sleeping for 60.00 seconds {{(pid=93837) _run_loop /opt/stack/data/venv/lib/python3.12/site-packages/oslo_service/backend/_threading/loopingcall.py:125}}
Jul 27 14:20:00.726584 np0000005915 nova-scheduler[93833]: DEBUG dbcounter [-] [93833] Writing DB stats nova_cell0:SELECT=1,nova_cell0:UPDATE=1 {{(pid=93833) stat_writer /opt/stack/data/venv/lib/python3.12/site-packages/dbcounter.py:115}}
Jul 27 14:20:00.732952 np0000005915 nova-scheduler[93835]: DEBUG dbcounter [-] [93835] Writing DB stats nova_cell0:SELECT=1 {{(pid=93835) stat_writer /opt/stack/data/venv/lib/python3.12/site-packages/dbcounter.py:115}}
Jul 27 14:20:00.744252 np0000005915 nova-scheduler[93837]: DEBUG dbcounter [-] [93837] Writing DB stats nova_cell0:SELECT=1 {{(pid=93837) stat_writer /opt/stack/data/venv/lib/python3.12/site-packages/dbcounter.py:115}}
Jul 27 14:20:13.735927 np0000005915 nova-scheduler[93835]: DEBUG oslo.service.backend._threading.loopingcall [None req-5229671c-0b6f-4b7a-8352-ea11fa39e712 None None] Dynamic interval looping call 'nova.service.Service.periodic_tasks' sleeping for 60.00 seconds {{(pid=93835) _run_loop /opt/stack/data/venv/lib/python3.12/site-packages/oslo_service/backend/_threading/loopingcall.py:125}}
Jul 27 14:20:18.492869 np0000005915 nova-scheduler[93833]: DEBUG nova.scheduler.manager [None req-82ecfbfd-dc04-4b37-83d8-fed6e00de406 tempest-ServersNegativeTestJSON-744172699 tempest-ServersNegativeTestJSON-744172699-project-member] Starting to schedule for instances: ['c17c2f5b-0223-4138-b091-d96d31a07c1b'] {{(pid=93833) select_destinations /opt/stack/nova/nova/scheduler/manager.py:209}}
Jul 27 14:20:18.493774 np0000005915 nova-scheduler[93833]: DEBUG nova.scheduler.request_filter [None req-82ecfbfd-dc04-4b37-83d8-fed6e00de406 tempest-ServersNegativeTestJSON-744172699 tempest-ServersNegativeTestJSON-744172699-project-member] compute_status_filter request filter added forbidden trait COMPUTE_STATUS_DISABLED {{(pid=93833) compute_status_filter /opt/stack/nova/nova/scheduler/request_filter.py:253}}
Jul 27 14:20:18.494005 np0000005915 nova-scheduler[93833]: DEBUG nova.scheduler.request_filter [None req-82ecfbfd-dc04-4b37-83d8-fed6e00de406 tempest-ServersNegativeTestJSON-744172699 tempest-ServersNegativeTestJSON-744172699-project-member] Request filter 'compute_status_filter' took 0.0 seconds {{(pid=93833) wrapper /opt/stack/nova/nova/scheduler/request_filter.py:46}}
Jul 27 14:20:18.494226 np0000005915 nova-scheduler[93833]: DEBUG nova.scheduler.request_filter [None req-82ecfbfd-dc04-4b37-83d8-fed6e00de406 tempest-ServersNegativeTestJSON-744172699 tempest-ServersNegativeTestJSON-744172699-project-member] Request filter 'accelerators_filter' took 0.0 seconds {{(pid=93833) wrapper /opt/stack/nova/nova/scheduler/request_filter.py:46}}
Jul 27 14:20:18.494661 np0000005915 nova-scheduler[93833]: DEBUG nova.scheduler.request_filter [None req-82ecfbfd-dc04-4b37-83d8-fed6e00de406 tempest-ServersNegativeTestJSON-744172699 tempest-ServersNegativeTestJSON-744172699-project-member] Request filter 'packed_virtqueue_filter' took 0.0 seconds {{(pid=93833) wrapper /opt/stack/nova/nova/scheduler/request_filter.py:46}}
Jul 27 14:20:18.495013 np0000005915 nova-scheduler[93833]: DEBUG nova.scheduler.request_filter [None req-82ecfbfd-dc04-4b37-83d8-fed6e00de406 tempest-ServersNegativeTestJSON-744172699 tempest-ServersNegativeTestJSON-744172699-project-member] Request filter 'remote_managed_ports_filter' took 0.0 seconds {{(pid=93833) wrapper /opt/stack/nova/nova/scheduler/request_filter.py:46}}
Jul 27 14:20:18.495382 np0000005915 nova-scheduler[93833]: DEBUG nova.scheduler.request_filter [None req-82ecfbfd-dc04-4b37-83d8-fed6e00de406 tempest-ServersNegativeTestJSON-744172699 tempest-ServersNegativeTestJSON-744172699-project-member] ephemeral_encryption_filter skipped {{(pid=93833) ephemeral_encryption_filter /opt/stack/nova/nova/scheduler/request_filter.py:426}}
Jul 27 14:20:18.495445 np0000005915 nova-scheduler[93833]: DEBUG nova.scheduler.request_filter [None req-82ecfbfd-dc04-4b37-83d8-fed6e00de406 tempest-ServersNegativeTestJSON-744172699 tempest-ServersNegativeTestJSON-744172699-project-member] virtio_sound_filter skipped {{(pid=93833) virtio_sound_filter /opt/stack/nova/nova/scheduler/request_filter.py:460}}
Jul 27 14:20:18.495641 np0000005915 nova-scheduler[93833]: DEBUG nova.scheduler.request_filter [None req-82ecfbfd-dc04-4b37-83d8-fed6e00de406 tempest-ServersNegativeTestJSON-744172699 tempest-ServersNegativeTestJSON-744172699-project-member] tpm_secret_security_filter skipped {{(pid=93833) tpm_secret_security_filter /opt/stack/nova/nova/scheduler/request_filter.py:477}}
Jul 27 14:20:19.070831 np0000005915 nova-scheduler[93833]: INFO nova.utils [None req-82ecfbfd-dc04-4b37-83d8-fed6e00de406 tempest-ServersNegativeTestJSON-744172699 tempest-ServersNegativeTestJSON-744172699-project-member] The cell worker thread pool ForkProcess-1.cell_worker is initialized
Jul 27 14:20:19.071376 np0000005915 nova-scheduler[93833]: DEBUG oslo_concurrency.lockutils [None req-82ecfbfd-dc04-4b37-83d8-fed6e00de406 tempest-ServersNegativeTestJSON-744172699 tempest-ServersNegativeTestJSON-744172699-project-member] Acquiring lock "8822c9a0-70ff-4e20-a854-219b063997b1" by "nova.context.set_target_cell..get_or_set_cached_cell_and_set_connections" {{(pid=93833) inner /opt/stack/data/venv/lib/python3.12/site-packages/oslo_concurrency/lockutils.py:512}}
Jul 27 14:20:19.071642 np0000005915 nova-scheduler[93833]: DEBUG oslo_concurrency.lockutils [None req-82ecfbfd-dc04-4b37-83d8-fed6e00de406 tempest-ServersNegativeTestJSON-744172699 tempest-ServersNegativeTestJSON-744172699-project-member] Lock "8822c9a0-70ff-4e20-a854-219b063997b1" acquired by "nova.context.set_target_cell..get_or_set_cached_cell_and_set_connections" :: waited 0.000s {{(pid=93833) inner /opt/stack/data/venv/lib/python3.12/site-packages/oslo_concurrency/lockutils.py:525}}
Jul 27 14:20:19.073585 np0000005915 nova-scheduler[93833]: DEBUG oslo_concurrency.lockutils [None req-82ecfbfd-dc04-4b37-83d8-fed6e00de406 tempest-ServersNegativeTestJSON-744172699 tempest-ServersNegativeTestJSON-744172699-project-member] Lock "8822c9a0-70ff-4e20-a854-219b063997b1" "released" by "nova.context.set_target_cell..get_or_set_cached_cell_and_set_connections" :: held 0.002s {{(pid=93833) inner /opt/stack/data/venv/lib/python3.12/site-packages/oslo_concurrency/lockutils.py:544}}
Jul 27 14:20:19.075834 np0000005915 nova-scheduler[93833]: INFO dbcounter [None req-82ecfbfd-dc04-4b37-83d8-fed6e00de406 tempest-ServersNegativeTestJSON-744172699 tempest-ServersNegativeTestJSON-744172699-project-member] Registered counter for database nova_cell1
Jul 27 14:20:19.110387 np0000005915 nova-scheduler[93833]: DEBUG oslo_db.sqlalchemy.engines [None req-82ecfbfd-dc04-4b37-83d8-fed6e00de406 tempest-ServersNegativeTestJSON-744172699 tempest-ServersNegativeTestJSON-744172699-project-member] MySQL server mode set to STRICT_TRANS_TABLES,STRICT_ALL_TABLES,NO_ZERO_IN_DATE,NO_ZERO_DATE,ERROR_FOR_DIVISION_BY_ZERO,TRADITIONAL,NO_ENGINE_SUBSTITUTION {{(pid=93833) _check_effective_sql_mode /opt/stack/data/venv/lib/python3.12/site-packages/oslo_db/sqlalchemy/engines.py:325}}
Jul 27 14:20:19.118318 np0000005915 nova-scheduler[93833]: DEBUG dbcounter [-] [93833] Writer thread running {{(pid=93833) stat_writer /opt/stack/data/venv/lib/python3.12/site-packages/dbcounter.py:102}}
Jul 27 14:20:19.134427 np0000005915 nova-scheduler[93833]: DEBUG oslo_db.sqlalchemy.engines [None req-82ecfbfd-dc04-4b37-83d8-fed6e00de406 tempest-ServersNegativeTestJSON-744172699 tempest-ServersNegativeTestJSON-744172699-project-member] Parent process 92637 forked (93833) with an open database connection, which is being discarded and recreated. {{(pid=93833) checkout /opt/stack/data/venv/lib/python3.12/site-packages/oslo_db/sqlalchemy/engines.py:402}}
Jul 27 14:20:19.172536 np0000005915 nova-scheduler[93833]: DEBUG dbcounter [-] [93833] Writer thread running {{(pid=93833) stat_writer /opt/stack/data/venv/lib/python3.12/site-packages/dbcounter.py:102}}
Jul 27 14:20:19.175068 np0000005915 nova-scheduler[93833]: DEBUG oslo_concurrency.lockutils [None req-82ecfbfd-dc04-4b37-83d8-fed6e00de406 tempest-ServersNegativeTestJSON-744172699 tempest-ServersNegativeTestJSON-744172699-project-member] Acquiring lock "8822c9a0-70ff-4e20-a854-219b063997b1" by "nova.context.set_target_cell..get_or_set_cached_cell_and_set_connections" {{(pid=93833) inner /opt/stack/data/venv/lib/python3.12/site-packages/oslo_concurrency/lockutils.py:512}}
Jul 27 14:20:19.175256 np0000005915 nova-scheduler[93833]: DEBUG oslo_concurrency.lockutils [None req-82ecfbfd-dc04-4b37-83d8-fed6e00de406 tempest-ServersNegativeTestJSON-744172699 tempest-ServersNegativeTestJSON-744172699-project-member] Lock "8822c9a0-70ff-4e20-a854-219b063997b1" acquired by "nova.context.set_target_cell..get_or_set_cached_cell_and_set_connections" :: waited 0.000s {{(pid=93833) inner /opt/stack/data/venv/lib/python3.12/site-packages/oslo_concurrency/lockutils.py:525}}
Jul 27 14:20:19.175378 np0000005915 nova-scheduler[93833]: DEBUG oslo_concurrency.lockutils [None req-82ecfbfd-dc04-4b37-83d8-fed6e00de406 tempest-ServersNegativeTestJSON-744172699 tempest-ServersNegativeTestJSON-744172699-project-member] Lock "8822c9a0-70ff-4e20-a854-219b063997b1" "released" by "nova.context.set_target_cell..get_or_set_cached_cell_and_set_connections" :: held 0.000s {{(pid=93833) inner /opt/stack/data/venv/lib/python3.12/site-packages/oslo_concurrency/lockutils.py:544}}
Jul 27 14:20:19.179323 np0000005915 nova-scheduler[93833]: DEBUG oslo_concurrency.lockutils [None req-82ecfbfd-dc04-4b37-83d8-fed6e00de406 tempest-ServersNegativeTestJSON-744172699 tempest-ServersNegativeTestJSON-744172699-project-member] Acquiring lock "np0000005915-np0000005915" by "nova.scheduler.host_manager.HostState.update.._locked_update" {{(pid=93833) inner /opt/stack/data/venv/lib/python3.12/site-packages/oslo_concurrency/lockutils.py:512}}
Jul 27 14:20:19.179504 np0000005915 nova-scheduler[93833]: DEBUG oslo_concurrency.lockutils [None req-82ecfbfd-dc04-4b37-83d8-fed6e00de406 tempest-ServersNegativeTestJSON-744172699 tempest-ServersNegativeTestJSON-744172699-project-member] Lock "np0000005915-np0000005915" acquired by "nova.scheduler.host_manager.HostState.update.._locked_update" :: waited 0.000s {{(pid=93833) inner /opt/stack/data/venv/lib/python3.12/site-packages/oslo_concurrency/lockutils.py:525}}
Jul 27 14:20:19.180508 np0000005915 nova-scheduler[93833]: DEBUG nova.scheduler.host_manager [None req-82ecfbfd-dc04-4b37-83d8-fed6e00de406 tempest-ServersNegativeTestJSON-744172699 tempest-ServersNegativeTestJSON-744172699-project-member] Update host state from compute node: ComputeNode(cpu_allocation_ratio=4.0,cpu_info='{"arch": "x86_64", "model": "EPYC-Milan", "vendor": "AMD", "topology": {"cells": 1, "sockets": 16, "cores": 1, "threads": 1}, "maxphysaddr": {"mode": "emulate", "bits": 40}, "features": ["vgif", "pse36", "wbnoinvd", "arat", "cr8legacy", "sse4a", "tsc", "fxsr", "ibrs", "lm", "fxsr_opt", "fpu", "cx16", "x2apic", "fsgsbase", "clwb", "msr", "virt-ssbd", "xsaveerptr", "aes", "pfthreshold", "mtrr", "mmx", "npt", "pclmuldq", "smap", "sse4.2", "mce", "xgetbv1", "amd-stibp", "no-nested-data-bp", "xsaveopt", "ibpb", "lahf_lm", "clflushopt", "skip-l1dfl-vmentry", "umip", "misalignsse", "pschange-mc-no", "null-sel-clr-base", "lfence-always-serializing", "ssse3", "arch-capabilities", "clflush", "stibp-always-on", "mca", "3dnowprefetch", "stibp", "mmxext", "smep", "pat", "perfctr_core", "pku", "adx", "nrip-save", "pause-filter", "vme", "pdpe1gb", "rdseed", "syscall", "pni", "f16c", "xsaves", "hypervisor", "erms", "rdrand", "mds-no", "tsc-scale", "amd-psfd", "flushbyasid", "cmov", "sse4.1", "v-vmsave-vmload", "topoext", "fsrm", "amd-ssbd", "gds-no", "svme-addr-chk", "ssbd", "pae", "lbrv", "bmi2", "osvw", "popcnt", "spec-ctrl", "pcid", "avx", "sse", "movbe", "de", "vpclmulqdq", "nx", "fma", "abm", "pse", "sse2", "xsave", "rdtscp", "avx2", "bmi1", "clzero", "xsavec", "rdpid", "tsc-deadline", "cmp_legacy", "vmcb-clean", "apic", "pge", "cx8", "sha-ni", "invpcid", "rdctl-no", "vaes", "svm", "sep", "tsc_adjust"]}',created_at=2026-07-27T14:18:09Z,current_workload=0,deleted=False,deleted_at=None,disk_allocation_ratio=1.0,disk_available_least=73,free_disk_gb=95,free_ram_mb=62765,host='np0000005915',host_ip=10.4.3.91,hypervisor_hostname='np0000005915',hypervisor_type='QEMU',hypervisor_version=8002002,id=1,local_gb=95,local_gb_used=0,mapped=1,memory_mb=63277,memory_mb_used=512,metrics='[]',numa_topology='{"nova_object.name": "NUMATopology", "nova_object.namespace": "nova", "nova_object.version": "1.2", "nova_object.data": {"cells": [{"nova_object.name": "NUMACell", "nova_object.namespace": "nova", "nova_object.version": "1.5", "nova_object.data": {"id": 0, "cpuset": [0, 1, 2, 3, 4, 5, 6, 7, 8, 9, 10, 11, 12, 13, 14, 15], "pcpuset": [0, 1, 2, 3, 4, 5, 6, 7, 8, 9, 10, 11, 12, 13, 14, 15], "memory": 63277, "cpu_usage": 0, "memory_usage": 0, "pinned_cpus": [], "siblings": [[6], [12], [2], [15], [5], [11], [8], [14], [4], [1], [7], [10], [0], [13], [3], [9]], "mempages": [{"nova_object.name": "NUMAPagesTopology", "nova_object.namespace": "nova", "nova_object.version": "1.1", "nova_object.data": {"size_kb": 4, "total": 16177924, "used": 0, "reserved": 0}, "nova_object.changes": ["total", "used", "size_kb", "reserved"]}, {"nova_object.name": "NUMAPagesTopology", "nova_object.namespace": "nova", "nova_object.version": "1.1", "nova_object.data": {"size_kb": 2048, "total": 41, "used": 0, "reserved": 0}, "nova_object.changes": ["total", "used", "size_kb", "reserved"]}, {"nova_object.name": "NUMAPagesTopology", "nova_object.namespace": "nova", "nova_object.version": "1.1", "nova_object.data": {"size_kb": 1048576, "total": 0, "used": 0, "reserved": 0}, "nova_object.changes": ["total", "used", "size_kb", "reserved"]}], "network_metadata": {"nova_object.name": "NetworkMetadata", "nova_object.namespace": "nova", "nova_object.version": "1.0", "nova_object.data": {"physnets": [], "tunneled": false}, "nova_object.changes": ["tunneled", "physnets"]}, "socket": null}, "nova_object.changes": ["pinned_cpus", "mempages", "siblings", "socket", "id", "cpu_usage", "pcpuset", "network_metadata", "memory_usage", "memory", "cpuset"]}]}, "nova_object.changes": ["cells"]}',pci_device_pools=PciDevicePoolList,ram_allocation_ratio=1.0,running_vms=0,service_id=3,stats={failed_builds='0',uptime=' 14:19:56 up 19 min, 2 users, load average: 1.59, 1.61, 1.00
Jul 27 14:20:19.180508 np0000005915 nova-scheduler[93833]: '},supported_hv_specs=[HVSpec,HVSpec,HVSpec,HVSpec,HVSpec,HVSpec,HVSpec,HVSpec,HVSpec,HVSpec,HVSpec,HVSpec,HVSpec,HVSpec,HVSpec,HVSpec,HVSpec,HVSpec,HVSpec,HVSpec,HVSpec,HVSpec,HVSpec,HVSpec,HVSpec],updated_at=2026-07-27T14:19:56Z,uuid=e362e513-1189-44c1-b022-f5af65f15efe,vcpus=16,vcpus_used=0) {{(pid=93833) _locked_update /opt/stack/nova/nova/scheduler/host_manager.py:168}}
Jul 27 14:20:19.181417 np0000005915 nova-scheduler[93833]: DEBUG nova.scheduler.host_manager [None req-82ecfbfd-dc04-4b37-83d8-fed6e00de406 tempest-ServersNegativeTestJSON-744172699 tempest-ServersNegativeTestJSON-744172699-project-member] Update host state with aggregates: [] {{(pid=93833) _locked_update /opt/stack/nova/nova/scheduler/host_manager.py:171}}
Jul 27 14:20:19.181696 np0000005915 nova-scheduler[93833]: DEBUG nova.scheduler.host_manager [None req-82ecfbfd-dc04-4b37-83d8-fed6e00de406 tempest-ServersNegativeTestJSON-744172699 tempest-ServersNegativeTestJSON-744172699-project-member] Update host state with service dict: {'id': 3, 'uuid': '1e7ee1eb-7f45-47c0-abb7-21d167346a05', 'host': 'np0000005915', 'binary': 'nova-compute', 'topic': 'compute', 'report_count': 2, 'disabled': False, 'disabled_reason': None, 'last_seen_up': datetime.datetime(2026, 7, 27, 14, 20, 16, tzinfo=datetime.timezone.utc), 'forced_down': False, 'version': 72, 'created_at': datetime.datetime(2026, 7, 27, 14, 18, 9, tzinfo=datetime.timezone.utc), 'updated_at': datetime.datetime(2026, 7, 27, 14, 20, 16, tzinfo=datetime.timezone.utc), 'deleted_at': None, 'deleted': False} {{(pid=93833) _locked_update /opt/stack/nova/nova/scheduler/host_manager.py:174}}
Jul 27 14:20:19.181865 np0000005915 nova-scheduler[93833]: DEBUG nova.scheduler.host_manager [None req-82ecfbfd-dc04-4b37-83d8-fed6e00de406 tempest-ServersNegativeTestJSON-744172699 tempest-ServersNegativeTestJSON-744172699-project-member] Update host state with instances: [] {{(pid=93833) _locked_update /opt/stack/nova/nova/scheduler/host_manager.py:177}}
Jul 27 14:20:19.182002 np0000005915 nova-scheduler[93833]: DEBUG oslo_concurrency.lockutils [None req-82ecfbfd-dc04-4b37-83d8-fed6e00de406 tempest-ServersNegativeTestJSON-744172699 tempest-ServersNegativeTestJSON-744172699-project-member] Lock "np0000005915-np0000005915" "released" by "nova.scheduler.host_manager.HostState.update.._locked_update" :: held 0.003s {{(pid=93833) inner /opt/stack/data/venv/lib/python3.12/site-packages/oslo_concurrency/lockutils.py:544}}
Jul 27 14:20:19.182454 np0000005915 nova-scheduler[93833]: DEBUG nova.filters [None req-82ecfbfd-dc04-4b37-83d8-fed6e00de406 tempest-ServersNegativeTestJSON-744172699 tempest-ServersNegativeTestJSON-744172699-project-member] Starting with 1 host(s) {{(pid=93833) get_filtered_objects /opt/stack/nova/nova/filters.py:70}}
Jul 27 14:20:19.182661 np0000005915 nova-scheduler[93833]: DEBUG nova.filters [None req-82ecfbfd-dc04-4b37-83d8-fed6e00de406 tempest-ServersNegativeTestJSON-744172699 tempest-ServersNegativeTestJSON-744172699-project-member] Filter ComputeFilter returned 1 host(s) {{(pid=93833) get_filtered_objects /opt/stack/nova/nova/filters.py:102}}
Jul 27 14:20:19.182819 np0000005915 nova-scheduler[93833]: DEBUG nova.filters [None req-82ecfbfd-dc04-4b37-83d8-fed6e00de406 tempest-ServersNegativeTestJSON-744172699 tempest-ServersNegativeTestJSON-744172699-project-member] Filter ComputeCapabilitiesFilter returned 1 host(s) {{(pid=93833) get_filtered_objects /opt/stack/nova/nova/filters.py:102}}
Jul 27 14:20:19.183099 np0000005915 nova-scheduler[93833]: DEBUG nova.filters [None req-82ecfbfd-dc04-4b37-83d8-fed6e00de406 tempest-ServersNegativeTestJSON-744172699 tempest-ServersNegativeTestJSON-744172699-project-member] Filter ImagePropertiesFilter returned 1 host(s) {{(pid=93833) get_filtered_objects /opt/stack/nova/nova/filters.py:102}}
Jul 27 14:20:19.183296 np0000005915 nova-scheduler[93833]: DEBUG nova.filters [None req-82ecfbfd-dc04-4b37-83d8-fed6e00de406 tempest-ServersNegativeTestJSON-744172699 tempest-ServersNegativeTestJSON-744172699-project-member] Filter ServerGroupAntiAffinityFilter returned 1 host(s) {{(pid=93833) get_filtered_objects /opt/stack/nova/nova/filters.py:102}}
Jul 27 14:20:19.183341 np0000005915 nova-scheduler[93833]: DEBUG nova.filters [None req-82ecfbfd-dc04-4b37-83d8-fed6e00de406 tempest-ServersNegativeTestJSON-744172699 tempest-ServersNegativeTestJSON-744172699-project-member] Filter ServerGroupAffinityFilter returned 1 host(s) {{(pid=93833) get_filtered_objects /opt/stack/nova/nova/filters.py:102}}
Jul 27 14:20:19.183455 np0000005915 nova-scheduler[93833]: DEBUG nova.filters [None req-82ecfbfd-dc04-4b37-83d8-fed6e00de406 tempest-ServersNegativeTestJSON-744172699 tempest-ServersNegativeTestJSON-744172699-project-member] Filter SameHostFilter returned 1 host(s) {{(pid=93833) get_filtered_objects /opt/stack/nova/nova/filters.py:102}}
Jul 27 14:20:19.183580 np0000005915 nova-scheduler[93833]: DEBUG nova.filters [None req-82ecfbfd-dc04-4b37-83d8-fed6e00de406 tempest-ServersNegativeTestJSON-744172699 tempest-ServersNegativeTestJSON-744172699-project-member] Filter DifferentHostFilter returned 1 host(s) {{(pid=93833) get_filtered_objects /opt/stack/nova/nova/filters.py:102}}
Jul 27 14:20:19.183702 np0000005915 nova-scheduler[93833]: DEBUG nova.scheduler.manager [None req-82ecfbfd-dc04-4b37-83d8-fed6e00de406 tempest-ServersNegativeTestJSON-744172699 tempest-ServersNegativeTestJSON-744172699-project-member] Filtered [(np0000005915, np0000005915) ram: 62765MB disk: 74752MB io_ops: 0 instances: 0, allocation_candidates: 1] {{(pid=93833) _get_sorted_hosts /opt/stack/nova/nova/scheduler/manager.py:742}}
Jul 27 14:20:19.183902 np0000005915 nova-scheduler[93833]: DEBUG nova.scheduler.manager [None req-82ecfbfd-dc04-4b37-83d8-fed6e00de406 tempest-ServersNegativeTestJSON-744172699 tempest-ServersNegativeTestJSON-744172699-project-member] Weighed [WeighedHost [host: (np0000005915, np0000005915) ram: 62765MB disk: 74752MB io_ops: 0 instances: 0, allocation_candidates: 1, weight: 0.0]] {{(pid=93833) _get_sorted_hosts /opt/stack/nova/nova/scheduler/manager.py:764}}
Jul 27 14:20:19.184171 np0000005915 nova-scheduler[93833]: DEBUG nova.scheduler.utils [None req-82ecfbfd-dc04-4b37-83d8-fed6e00de406 tempest-ServersNegativeTestJSON-744172699 tempest-ServersNegativeTestJSON-744172699-project-member] Attempting to claim resources in the placement API for instance c17c2f5b-0223-4138-b091-d96d31a07c1b {{(pid=93833) claim_resources /opt/stack/nova/nova/scheduler/utils.py:1345}}
Jul 27 14:20:19.354576 np0000005915 nova-scheduler[93833]: DEBUG nova.scheduler.manager [None req-82ecfbfd-dc04-4b37-83d8-fed6e00de406 tempest-ServersNegativeTestJSON-744172699 tempest-ServersNegativeTestJSON-744172699-project-member] [instance: c17c2f5b-0223-4138-b091-d96d31a07c1b] Selected host: (np0000005915, np0000005915) ram: 62765MB disk: 74752MB io_ops: 0 instances: 0, allocation_candidates: 1 {{(pid=93833) _consume_selected_host /opt/stack/nova/nova/scheduler/manager.py:624}}
Jul 27 14:20:19.354988 np0000005915 nova-scheduler[93833]: DEBUG oslo_concurrency.lockutils [None req-82ecfbfd-dc04-4b37-83d8-fed6e00de406 tempest-ServersNegativeTestJSON-744172699 tempest-ServersNegativeTestJSON-744172699-project-member] Acquiring lock "np0000005915-np0000005915" by "nova.scheduler.host_manager.HostState.consume_from_request.._locked" {{(pid=93833) inner /opt/stack/data/venv/lib/python3.12/site-packages/oslo_concurrency/lockutils.py:512}}
Jul 27 14:20:19.355317 np0000005915 nova-scheduler[93833]: DEBUG oslo_concurrency.lockutils [None req-82ecfbfd-dc04-4b37-83d8-fed6e00de406 tempest-ServersNegativeTestJSON-744172699 tempest-ServersNegativeTestJSON-744172699-project-member] Lock "np0000005915-np0000005915" acquired by "nova.scheduler.host_manager.HostState.consume_from_request.._locked" :: waited 0.000s {{(pid=93833) inner /opt/stack/data/venv/lib/python3.12/site-packages/oslo_concurrency/lockutils.py:525}}
Jul 27 14:20:19.355499 np0000005915 nova-scheduler[93833]: DEBUG oslo_concurrency.lockutils [None req-82ecfbfd-dc04-4b37-83d8-fed6e00de406 tempest-ServersNegativeTestJSON-744172699 tempest-ServersNegativeTestJSON-744172699-project-member] Lock "np0000005915-np0000005915" "released" by "nova.scheduler.host_manager.HostState.consume_from_request.._locked" :: held 0.000s {{(pid=93833) inner /opt/stack/data/venv/lib/python3.12/site-packages/oslo_concurrency/lockutils.py:544}}
Jul 27 14:20:21.189149 np0000005915 nova-scheduler[93835]: DEBUG nova.scheduler.manager [None req-0f9f1207-c40a-493b-ac91-b8724d0f0917 tempest-ServerStableDeviceRescueTest-885911125 tempest-ServerStableDeviceRescueTest-885911125-project-member] Starting to schedule for instances: ['5697eb15-b833-4148-81e8-eceaaa05949c'] {{(pid=93835) select_destinations /opt/stack/nova/nova/scheduler/manager.py:209}}
Jul 27 14:20:21.189817 np0000005915 nova-scheduler[93835]: DEBUG nova.scheduler.request_filter [None req-0f9f1207-c40a-493b-ac91-b8724d0f0917 tempest-ServerStableDeviceRescueTest-885911125 tempest-ServerStableDeviceRescueTest-885911125-project-member] compute_status_filter request filter added forbidden trait COMPUTE_STATUS_DISABLED {{(pid=93835) compute_status_filter /opt/stack/nova/nova/scheduler/request_filter.py:253}}
Jul 27 14:20:21.189943 np0000005915 nova-scheduler[93835]: DEBUG nova.scheduler.request_filter [None req-0f9f1207-c40a-493b-ac91-b8724d0f0917 tempest-ServerStableDeviceRescueTest-885911125 tempest-ServerStableDeviceRescueTest-885911125-project-member] Request filter 'compute_status_filter' took 0.0 seconds {{(pid=93835) wrapper /opt/stack/nova/nova/scheduler/request_filter.py:46}}
Jul 27 14:20:21.190160 np0000005915 nova-scheduler[93835]: DEBUG nova.scheduler.request_filter [None req-0f9f1207-c40a-493b-ac91-b8724d0f0917 tempest-ServerStableDeviceRescueTest-885911125 tempest-ServerStableDeviceRescueTest-885911125-project-member] Request filter 'accelerators_filter' took 0.0 seconds {{(pid=93835) wrapper /opt/stack/nova/nova/scheduler/request_filter.py:46}}
Jul 27 14:20:21.190326 np0000005915 nova-scheduler[93835]: DEBUG nova.scheduler.request_filter [None req-0f9f1207-c40a-493b-ac91-b8724d0f0917 tempest-ServerStableDeviceRescueTest-885911125 tempest-ServerStableDeviceRescueTest-885911125-project-member] Request filter 'packed_virtqueue_filter' took 0.0 seconds {{(pid=93835) wrapper /opt/stack/nova/nova/scheduler/request_filter.py:46}}
Jul 27 14:20:21.190698 np0000005915 nova-scheduler[93835]: DEBUG nova.scheduler.request_filter [None req-0f9f1207-c40a-493b-ac91-b8724d0f0917 tempest-ServerStableDeviceRescueTest-885911125 tempest-ServerStableDeviceRescueTest-885911125-project-member] Request filter 'remote_managed_ports_filter' took 0.0 seconds {{(pid=93835) wrapper /opt/stack/nova/nova/scheduler/request_filter.py:46}}
