Jul 03 19:17:21.819647 np0000004460 nova-conductor[98861]: DEBUG cotyledon.oslo_config_glue [-] profiler.es_scroll_time = 2m {{(pid=98861) log_opt_values /opt/stack/data/venv/lib/python3.12/site-packages/oslo_config/cfg.py:3253}}
Jul 03 19:17:21.819647 np0000004460 nova-conductor[98861]: DEBUG cotyledon.oslo_config_glue [-] profiler.filter_error_trace = False {{(pid=98861) log_opt_values /opt/stack/data/venv/lib/python3.12/site-packages/oslo_config/cfg.py:3253}}
Jul 03 19:17:21.819647 np0000004460 nova-conductor[98861]: DEBUG cotyledon.oslo_config_glue [-] profiler.hmac_keys = **** {{(pid=98861) log_opt_values /opt/stack/data/venv/lib/python3.12/site-packages/oslo_config/cfg.py:3253}}
Jul 03 19:17:21.819647 np0000004460 nova-conductor[98861]: DEBUG cotyledon.oslo_config_glue [-] profiler.sentinel_service_name = mymaster {{(pid=98861) log_opt_values /opt/stack/data/venv/lib/python3.12/site-packages/oslo_config/cfg.py:3253}}
Jul 03 19:17:21.819647 np0000004460 nova-conductor[98861]: DEBUG cotyledon.oslo_config_glue [-] profiler.socket_timeout = 0.1 {{(pid=98861) log_opt_values /opt/stack/data/venv/lib/python3.12/site-packages/oslo_config/cfg.py:3253}}
Jul 03 19:17:21.819647 np0000004460 nova-conductor[98861]: DEBUG cotyledon.oslo_config_glue [-] profiler.trace_requests = False {{(pid=98861) log_opt_values /opt/stack/data/venv/lib/python3.12/site-packages/oslo_config/cfg.py:3253}}
Jul 03 19:17:21.819647 np0000004460 nova-conductor[98861]: DEBUG cotyledon.oslo_config_glue [-] profiler.trace_sqlalchemy = False {{(pid=98861) log_opt_values /opt/stack/data/venv/lib/python3.12/site-packages/oslo_config/cfg.py:3253}}
Jul 03 19:17:21.819647 np0000004460 nova-conductor[98861]: DEBUG cotyledon.oslo_config_glue [-] profiler_jaeger.process_tags = {} {{(pid=98861) log_opt_values /opt/stack/data/venv/lib/python3.12/site-packages/oslo_config/cfg.py:3253}}
Jul 03 19:17:21.819647 np0000004460 nova-conductor[98861]: DEBUG cotyledon.oslo_config_glue [-] profiler_jaeger.service_name_prefix = None {{(pid=98861) log_opt_values /opt/stack/data/venv/lib/python3.12/site-packages/oslo_config/cfg.py:3253}}
Jul 03 19:17:21.819897 np0000004460 nova-conductor[98861]: DEBUG cotyledon.oslo_config_glue [-] profiler_otlp.service_name_prefix = None {{(pid=98861) log_opt_values /opt/stack/data/venv/lib/python3.12/site-packages/oslo_config/cfg.py:3253}}
Jul 03 19:17:21.819897 np0000004460 nova-conductor[98861]: DEBUG cotyledon.oslo_config_glue [-] oslo_messaging_rabbit.amqp_auto_delete = False {{(pid=98861) log_opt_values /opt/stack/data/venv/lib/python3.12/site-packages/oslo_config/cfg.py:3253}}
Jul 03 19:17:21.819897 np0000004460 nova-conductor[98861]: DEBUG cotyledon.oslo_config_glue [-] oslo_messaging_rabbit.amqp_durable_queues = False {{(pid=98861) log_opt_values /opt/stack/data/venv/lib/python3.12/site-packages/oslo_config/cfg.py:3253}}
Jul 03 19:17:21.819897 np0000004460 nova-conductor[98861]: DEBUG cotyledon.oslo_config_glue [-] oslo_messaging_rabbit.conn_pool_min_size = 2 {{(pid=98861) log_opt_values /opt/stack/data/venv/lib/python3.12/site-packages/oslo_config/cfg.py:3253}}
Jul 03 19:17:21.819897 np0000004460 nova-conductor[98861]: DEBUG cotyledon.oslo_config_glue [-] oslo_messaging_rabbit.conn_pool_ttl = 1200 {{(pid=98861) log_opt_values /opt/stack/data/venv/lib/python3.12/site-packages/oslo_config/cfg.py:3253}}
Jul 03 19:17:21.819897 np0000004460 nova-conductor[98861]: DEBUG cotyledon.oslo_config_glue [-] oslo_messaging_rabbit.direct_mandatory_flag = True {{(pid=98861) log_opt_values /opt/stack/data/venv/lib/python3.12/site-packages/oslo_config/cfg.py:3253}}
Jul 03 19:17:21.819897 np0000004460 nova-conductor[98861]: DEBUG cotyledon.oslo_config_glue [-] oslo_messaging_rabbit.enable_cancel_on_failover = False {{(pid=98861) log_opt_values /opt/stack/data/venv/lib/python3.12/site-packages/oslo_config/cfg.py:3253}}
Jul 03 19:17:21.819897 np0000004460 nova-conductor[98861]: DEBUG cotyledon.oslo_config_glue [-] oslo_messaging_rabbit.heartbeat_rate = 3 {{(pid=98861) log_opt_values /opt/stack/data/venv/lib/python3.12/site-packages/oslo_config/cfg.py:3253}}
Jul 03 19:17:21.819897 np0000004460 nova-conductor[98861]: DEBUG cotyledon.oslo_config_glue [-] oslo_messaging_rabbit.heartbeat_timeout_threshold = 60 {{(pid=98861) log_opt_values /opt/stack/data/venv/lib/python3.12/site-packages/oslo_config/cfg.py:3253}}
Jul 03 19:17:21.820174 np0000004460 nova-conductor[98861]: DEBUG cotyledon.oslo_config_glue [-] oslo_messaging_rabbit.hostname = np0000004460 {{(pid=98861) log_opt_values /opt/stack/data/venv/lib/python3.12/site-packages/oslo_config/cfg.py:3253}}
Jul 03 19:17:21.820174 np0000004460 nova-conductor[98861]: DEBUG cotyledon.oslo_config_glue [-] oslo_messaging_rabbit.kombu_compression = None {{(pid=98861) log_opt_values /opt/stack/data/venv/lib/python3.12/site-packages/oslo_config/cfg.py:3253}}
Jul 03 19:17:21.820174 np0000004460 nova-conductor[98861]: DEBUG cotyledon.oslo_config_glue [-] oslo_messaging_rabbit.kombu_failover_strategy = round-robin {{(pid=98861) log_opt_values /opt/stack/data/venv/lib/python3.12/site-packages/oslo_config/cfg.py:3253}}
Jul 03 19:17:21.820174 np0000004460 nova-conductor[98861]: DEBUG cotyledon.oslo_config_glue [-] oslo_messaging_rabbit.kombu_missing_consumer_retry_timeout = 60 {{(pid=98861) log_opt_values /opt/stack/data/venv/lib/python3.12/site-packages/oslo_config/cfg.py:3253}}
Jul 03 19:17:21.820174 np0000004460 nova-conductor[98861]: DEBUG cotyledon.oslo_config_glue [-] oslo_messaging_rabbit.kombu_reconnect_delay = 1.0 {{(pid=98861) log_opt_values /opt/stack/data/venv/lib/python3.12/site-packages/oslo_config/cfg.py:3253}}
Jul 03 19:17:21.820174 np0000004460 nova-conductor[98861]: DEBUG cotyledon.oslo_config_glue [-] oslo_messaging_rabbit.kombu_reconnect_splay = 0.0 {{(pid=98861) log_opt_values /opt/stack/data/venv/lib/python3.12/site-packages/oslo_config/cfg.py:3253}}
Jul 03 19:17:21.820174 np0000004460 nova-conductor[98861]: DEBUG cotyledon.oslo_config_glue [-] oslo_messaging_rabbit.processname = nova-conductor {{(pid=98861) log_opt_values /opt/stack/data/venv/lib/python3.12/site-packages/oslo_config/cfg.py:3253}}
Jul 03 19:17:21.820174 np0000004460 nova-conductor[98861]: DEBUG cotyledon.oslo_config_glue [-] oslo_messaging_rabbit.rabbit_ha_queues = False {{(pid=98861) log_opt_values /opt/stack/data/venv/lib/python3.12/site-packages/oslo_config/cfg.py:3253}}
Jul 03 19:17:21.820174 np0000004460 nova-conductor[98861]: DEBUG cotyledon.oslo_config_glue [-] oslo_messaging_rabbit.rabbit_interval_max = 30 {{(pid=98861) log_opt_values /opt/stack/data/venv/lib/python3.12/site-packages/oslo_config/cfg.py:3253}}
Jul 03 19:17:21.820431 np0000004460 nova-conductor[98861]: DEBUG cotyledon.oslo_config_glue [-] oslo_messaging_rabbit.rabbit_login_method = AMQPLAIN {{(pid=98861) log_opt_values /opt/stack/data/venv/lib/python3.12/site-packages/oslo_config/cfg.py:3253}}
Jul 03 19:17:21.820431 np0000004460 nova-conductor[98861]: DEBUG cotyledon.oslo_config_glue [-] oslo_messaging_rabbit.rabbit_qos_prefetch_count = 0 {{(pid=98861) log_opt_values /opt/stack/data/venv/lib/python3.12/site-packages/oslo_config/cfg.py:3253}}
Jul 03 19:17:21.820431 np0000004460 nova-conductor[98861]: DEBUG cotyledon.oslo_config_glue [-] oslo_messaging_rabbit.rabbit_quorum_delivery_limit = 0 {{(pid=98861) log_opt_values /opt/stack/data/venv/lib/python3.12/site-packages/oslo_config/cfg.py:3253}}
Jul 03 19:17:21.820431 np0000004460 nova-conductor[98861]: DEBUG cotyledon.oslo_config_glue [-] oslo_messaging_rabbit.rabbit_quorum_max_memory_bytes = 0 {{(pid=98861) log_opt_values /opt/stack/data/venv/lib/python3.12/site-packages/oslo_config/cfg.py:3253}}
Jul 03 19:17:21.820431 np0000004460 nova-conductor[98861]: DEBUG cotyledon.oslo_config_glue [-] oslo_messaging_rabbit.rabbit_quorum_max_memory_length = 0 {{(pid=98861) log_opt_values /opt/stack/data/venv/lib/python3.12/site-packages/oslo_config/cfg.py:3253}}
Jul 03 19:17:21.820431 np0000004460 nova-conductor[98861]: DEBUG cotyledon.oslo_config_glue [-] oslo_messaging_rabbit.rabbit_quorum_queue = False {{(pid=98861) log_opt_values /opt/stack/data/venv/lib/python3.12/site-packages/oslo_config/cfg.py:3253}}
Jul 03 19:17:21.820431 np0000004460 nova-conductor[98861]: DEBUG cotyledon.oslo_config_glue [-] oslo_messaging_rabbit.rabbit_retry_backoff = 2 {{(pid=98861) log_opt_values /opt/stack/data/venv/lib/python3.12/site-packages/oslo_config/cfg.py:3253}}
Jul 03 19:17:21.820431 np0000004460 nova-conductor[98861]: DEBUG cotyledon.oslo_config_glue [-] oslo_messaging_rabbit.rabbit_retry_interval = 1 {{(pid=98861) log_opt_values /opt/stack/data/venv/lib/python3.12/site-packages/oslo_config/cfg.py:3253}}
Jul 03 19:17:21.820661 np0000004460 nova-conductor[98854]: INFO dbcounter [None req-6f59c827-1092-4584-a66b-70d2456aec47 None None] Registered counter for database nova_cell0
Jul 03 19:17:21.820695 np0000004460 nova-conductor[98861]: DEBUG cotyledon.oslo_config_glue [-] oslo_messaging_rabbit.rabbit_stream_fanout = False {{(pid=98861) log_opt_values /opt/stack/data/venv/lib/python3.12/site-packages/oslo_config/cfg.py:3253}}
Jul 03 19:17:21.820695 np0000004460 nova-conductor[98861]: DEBUG cotyledon.oslo_config_glue [-] oslo_messaging_rabbit.rabbit_transient_queues_ttl = 1800 {{(pid=98861) log_opt_values /opt/stack/data/venv/lib/python3.12/site-packages/oslo_config/cfg.py:3253}}
Jul 03 19:17:21.820695 np0000004460 nova-conductor[98861]: DEBUG cotyledon.oslo_config_glue [-] oslo_messaging_rabbit.rabbit_transient_quorum_queue = False {{(pid=98861) log_opt_values /opt/stack/data/venv/lib/python3.12/site-packages/oslo_config/cfg.py:3253}}
Jul 03 19:17:21.820695 np0000004460 nova-conductor[98861]: DEBUG cotyledon.oslo_config_glue [-] oslo_messaging_rabbit.rpc_conn_pool_size = 30 {{(pid=98861) log_opt_values /opt/stack/data/venv/lib/python3.12/site-packages/oslo_config/cfg.py:3253}}
Jul 03 19:17:21.820695 np0000004460 nova-conductor[98861]: DEBUG cotyledon.oslo_config_glue [-] oslo_messaging_rabbit.ssl = False {{(pid=98861) log_opt_values /opt/stack/data/venv/lib/python3.12/site-packages/oslo_config/cfg.py:3253}}
Jul 03 19:17:21.820695 np0000004460 nova-conductor[98861]: DEBUG cotyledon.oslo_config_glue [-] oslo_messaging_rabbit.ssl_ca_file = {{(pid=98861) log_opt_values /opt/stack/data/venv/lib/python3.12/site-packages/oslo_config/cfg.py:3253}}
Jul 03 19:17:21.820695 np0000004460 nova-conductor[98861]: DEBUG cotyledon.oslo_config_glue [-] oslo_messaging_rabbit.ssl_cert_file = {{(pid=98861) log_opt_values /opt/stack/data/venv/lib/python3.12/site-packages/oslo_config/cfg.py:3253}}
Jul 03 19:17:21.820695 np0000004460 nova-conductor[98861]: DEBUG cotyledon.oslo_config_glue [-] oslo_messaging_rabbit.ssl_enforce_fips_mode = False {{(pid=98861) log_opt_values /opt/stack/data/venv/lib/python3.12/site-packages/oslo_config/cfg.py:3253}}
Jul 03 19:17:21.820695 np0000004460 nova-conductor[98861]: DEBUG cotyledon.oslo_config_glue [-] oslo_messaging_rabbit.ssl_enforce_hostname_verification = True {{(pid=98861) log_opt_values /opt/stack/data/venv/lib/python3.12/site-packages/oslo_config/cfg.py:3253}}
Jul 03 19:17:21.821030 np0000004460 nova-conductor[98861]: DEBUG cotyledon.oslo_config_glue [-] oslo_messaging_rabbit.ssl_key_file = {{(pid=98861) log_opt_values /opt/stack/data/venv/lib/python3.12/site-packages/oslo_config/cfg.py:3253}}
Jul 03 19:17:21.821030 np0000004460 nova-conductor[98861]: DEBUG cotyledon.oslo_config_glue [-] oslo_messaging_rabbit.ssl_version = {{(pid=98861) log_opt_values /opt/stack/data/venv/lib/python3.12/site-packages/oslo_config/cfg.py:3253}}
Jul 03 19:17:21.821030 np0000004460 nova-conductor[98861]: DEBUG cotyledon.oslo_config_glue [-] oslo_messaging_rabbit.use_queue_manager = False {{(pid=98861) log_opt_values /opt/stack/data/venv/lib/python3.12/site-packages/oslo_config/cfg.py:3253}}
Jul 03 19:17:21.821030 np0000004460 nova-conductor[98861]: DEBUG cotyledon.oslo_config_glue [-] oslo_messaging_notifications.driver = ['messagingv2'] {{(pid=98861) log_opt_values /opt/stack/data/venv/lib/python3.12/site-packages/oslo_config/cfg.py:3253}}
Jul 03 19:17:21.821030 np0000004460 nova-conductor[98861]: DEBUG cotyledon.oslo_config_glue [-] oslo_messaging_notifications.retry = -1 {{(pid=98861) log_opt_values /opt/stack/data/venv/lib/python3.12/site-packages/oslo_config/cfg.py:3253}}
Jul 03 19:17:21.821030 np0000004460 nova-conductor[98861]: DEBUG cotyledon.oslo_config_glue [-] oslo_messaging_notifications.topics = ['notifications'] {{(pid=98861) log_opt_values /opt/stack/data/venv/lib/python3.12/site-packages/oslo_config/cfg.py:3253}}
Jul 03 19:17:21.821030 np0000004460 nova-conductor[98861]: DEBUG cotyledon.oslo_config_glue [-] oslo_messaging_notifications.transport_url = **** {{(pid=98861) log_opt_values /opt/stack/data/venv/lib/python3.12/site-packages/oslo_config/cfg.py:3253}}
Jul 03 19:17:21.821030 np0000004460 nova-conductor[98861]: DEBUG cotyledon.oslo_config_glue [-] oslo_limit.auth_section = None {{(pid=98861) log_opt_values /opt/stack/data/venv/lib/python3.12/site-packages/oslo_config/cfg.py:3253}}
Jul 03 19:17:21.821030 np0000004460 nova-conductor[98861]: DEBUG cotyledon.oslo_config_glue [-] oslo_limit.auth_type = None {{(pid=98861) log_opt_values /opt/stack/data/venv/lib/python3.12/site-packages/oslo_config/cfg.py:3253}}
Jul 03 19:17:21.821293 np0000004460 nova-conductor[98861]: DEBUG cotyledon.oslo_config_glue [-] oslo_limit.cafile = None {{(pid=98861) log_opt_values /opt/stack/data/venv/lib/python3.12/site-packages/oslo_config/cfg.py:3253}}
Jul 03 19:17:21.821293 np0000004460 nova-conductor[98861]: DEBUG cotyledon.oslo_config_glue [-] oslo_limit.certfile = None {{(pid=98861) log_opt_values /opt/stack/data/venv/lib/python3.12/site-packages/oslo_config/cfg.py:3253}}
Jul 03 19:17:21.821293 np0000004460 nova-conductor[98861]: DEBUG cotyledon.oslo_config_glue [-] oslo_limit.collect_timing = False {{(pid=98861) log_opt_values /opt/stack/data/venv/lib/python3.12/site-packages/oslo_config/cfg.py:3253}}
Jul 03 19:17:21.821293 np0000004460 nova-conductor[98861]: DEBUG cotyledon.oslo_config_glue [-] oslo_limit.connect_retries = None {{(pid=98861) log_opt_values /opt/stack/data/venv/lib/python3.12/site-packages/oslo_config/cfg.py:3253}}
Jul 03 19:17:21.821293 np0000004460 nova-conductor[98861]: DEBUG cotyledon.oslo_config_glue [-] oslo_limit.connect_retry_delay = None {{(pid=98861) log_opt_values /opt/stack/data/venv/lib/python3.12/site-packages/oslo_config/cfg.py:3253}}
Jul 03 19:17:21.821293 np0000004460 nova-conductor[98861]: DEBUG cotyledon.oslo_config_glue [-] oslo_limit.endpoint_id = None {{(pid=98861) log_opt_values /opt/stack/data/venv/lib/python3.12/site-packages/oslo_config/cfg.py:3253}}
Jul 03 19:17:21.821293 np0000004460 nova-conductor[98861]: DEBUG cotyledon.oslo_config_glue [-] oslo_limit.endpoint_interface = public {{(pid=98861) log_opt_values /opt/stack/data/venv/lib/python3.12/site-packages/oslo_config/cfg.py:3253}}
Jul 03 19:17:21.821293 np0000004460 nova-conductor[98861]: DEBUG cotyledon.oslo_config_glue [-] oslo_limit.endpoint_override = None {{(pid=98861) log_opt_values /opt/stack/data/venv/lib/python3.12/site-packages/oslo_config/cfg.py:3253}}
Jul 03 19:17:21.821293 np0000004460 nova-conductor[98861]: DEBUG cotyledon.oslo_config_glue [-] oslo_limit.endpoint_region_name = None {{(pid=98861) log_opt_values /opt/stack/data/venv/lib/python3.12/site-packages/oslo_config/cfg.py:3253}}
Jul 03 19:17:21.821541 np0000004460 nova-conductor[98861]: DEBUG cotyledon.oslo_config_glue [-] oslo_limit.endpoint_service_name = None {{(pid=98861) log_opt_values /opt/stack/data/venv/lib/python3.12/site-packages/oslo_config/cfg.py:3253}}
Jul 03 19:17:21.821541 np0000004460 nova-conductor[98861]: DEBUG cotyledon.oslo_config_glue [-] oslo_limit.endpoint_service_type = None {{(pid=98861) log_opt_values /opt/stack/data/venv/lib/python3.12/site-packages/oslo_config/cfg.py:3253}}
Jul 03 19:17:21.821541 np0000004460 nova-conductor[98861]: DEBUG cotyledon.oslo_config_glue [-] oslo_limit.insecure = False {{(pid=98861) log_opt_values /opt/stack/data/venv/lib/python3.12/site-packages/oslo_config/cfg.py:3253}}
Jul 03 19:17:21.821541 np0000004460 nova-conductor[98861]: DEBUG cotyledon.oslo_config_glue [-] oslo_limit.keyfile = None {{(pid=98861) log_opt_values /opt/stack/data/venv/lib/python3.12/site-packages/oslo_config/cfg.py:3253}}
Jul 03 19:17:21.821541 np0000004460 nova-conductor[98861]: DEBUG cotyledon.oslo_config_glue [-] oslo_limit.max_version = None {{(pid=98861) log_opt_values /opt/stack/data/venv/lib/python3.12/site-packages/oslo_config/cfg.py:3253}}
Jul 03 19:17:21.821541 np0000004460 nova-conductor[98861]: DEBUG cotyledon.oslo_config_glue [-] oslo_limit.min_version = None {{(pid=98861) log_opt_values /opt/stack/data/venv/lib/python3.12/site-packages/oslo_config/cfg.py:3253}}
Jul 03 19:17:21.821541 np0000004460 nova-conductor[98861]: DEBUG cotyledon.oslo_config_glue [-] oslo_limit.region_name = None {{(pid=98861) log_opt_values /opt/stack/data/venv/lib/python3.12/site-packages/oslo_config/cfg.py:3253}}
Jul 03 19:17:21.821541 np0000004460 nova-conductor[98861]: DEBUG cotyledon.oslo_config_glue [-] oslo_limit.retriable_status_codes = None {{(pid=98861) log_opt_values /opt/stack/data/venv/lib/python3.12/site-packages/oslo_config/cfg.py:3253}}
Jul 03 19:17:21.821541 np0000004460 nova-conductor[98861]: DEBUG cotyledon.oslo_config_glue [-] oslo_limit.service_name = None {{(pid=98861) log_opt_values /opt/stack/data/venv/lib/python3.12/site-packages/oslo_config/cfg.py:3253}}
Jul 03 19:17:21.822182 np0000004460 nova-conductor[98861]: DEBUG cotyledon.oslo_config_glue [-] oslo_limit.service_type = None {{(pid=98861) log_opt_values /opt/stack/data/venv/lib/python3.12/site-packages/oslo_config/cfg.py:3253}}
Jul 03 19:17:21.822182 np0000004460 nova-conductor[98861]: DEBUG cotyledon.oslo_config_glue [-] oslo_limit.split_loggers = False {{(pid=98861) log_opt_values /opt/stack/data/venv/lib/python3.12/site-packages/oslo_config/cfg.py:3253}}
Jul 03 19:17:21.822182 np0000004460 nova-conductor[98861]: DEBUG cotyledon.oslo_config_glue [-] oslo_limit.status_code_retries = None {{(pid=98861) log_opt_values /opt/stack/data/venv/lib/python3.12/site-packages/oslo_config/cfg.py:3253}}
Jul 03 19:17:21.822182 np0000004460 nova-conductor[98861]: DEBUG cotyledon.oslo_config_glue [-] oslo_limit.status_code_retry_delay = None {{(pid=98861) log_opt_values /opt/stack/data/venv/lib/python3.12/site-packages/oslo_config/cfg.py:3253}}
Jul 03 19:17:21.822182 np0000004460 nova-conductor[98861]: DEBUG cotyledon.oslo_config_glue [-] oslo_limit.timeout = None {{(pid=98861) log_opt_values /opt/stack/data/venv/lib/python3.12/site-packages/oslo_config/cfg.py:3253}}
Jul 03 19:17:21.822182 np0000004460 nova-conductor[98861]: DEBUG cotyledon.oslo_config_glue [-] oslo_limit.valid_interfaces = None {{(pid=98861) log_opt_values /opt/stack/data/venv/lib/python3.12/site-packages/oslo_config/cfg.py:3253}}
Jul 03 19:17:21.822182 np0000004460 nova-conductor[98861]: DEBUG cotyledon.oslo_config_glue [-] oslo_limit.version = None {{(pid=98861) log_opt_values /opt/stack/data/venv/lib/python3.12/site-packages/oslo_config/cfg.py:3253}}
Jul 03 19:17:21.822182 np0000004460 nova-conductor[98861]: DEBUG cotyledon.oslo_config_glue [-] oslo_reports.file_event_handler = None {{(pid=98861) log_opt_values /opt/stack/data/venv/lib/python3.12/site-packages/oslo_config/cfg.py:3253}}
Jul 03 19:17:21.822182 np0000004460 nova-conductor[98861]: DEBUG cotyledon.oslo_config_glue [-] oslo_reports.file_event_handler_interval = 1 {{(pid=98861) log_opt_values /opt/stack/data/venv/lib/python3.12/site-packages/oslo_config/cfg.py:3253}}
Jul 03 19:17:21.822451 np0000004460 nova-conductor[98861]: DEBUG cotyledon.oslo_config_glue [-] oslo_reports.log_dir = None {{(pid=98861) log_opt_values /opt/stack/data/venv/lib/python3.12/site-packages/oslo_config/cfg.py:3253}}
Jul 03 19:17:21.822451 np0000004460 nova-conductor[98861]: DEBUG cotyledon.oslo_config_glue [-] ******************************************************************************** {{(pid=98861) log_opt_values /opt/stack/data/venv/lib/python3.12/site-packages/oslo_config/cfg.py:3260}}
Jul 03 19:17:21.822451 np0000004460 nova-conductor[98861]: DEBUG cotyledon._service_worker [-] Run service ServiceWrapper(3) [98861] {{(pid=98861) wait_forever /opt/stack/data/venv/lib/python3.12/site-packages/cotyledon/_service_worker.py:218}}
Jul 03 19:17:21.822451 np0000004460 nova-conductor[98861]: INFO nova.service [-] Starting conductor node (version 33.1.0)
Jul 03 19:17:21.822451 np0000004460 nova-conductor[98861]: INFO dbcounter [None req-d2aab578-7b2c-4167-ac2c-0528ef1adeb2 None None] Registered counter for database nova_cell0
Jul 03 19:17:21.822592 np0000004460 nova-conductor[98839]: DEBUG oslo_db.sqlalchemy.engines [None req-5c9d76ae-4ac1-456b-9ef4-03af3ffb9b68 None None] MySQL server mode set to STRICT_TRANS_TABLES,STRICT_ALL_TABLES,NO_ZERO_IN_DATE,NO_ZERO_DATE,ERROR_FOR_DIVISION_BY_ZERO,TRADITIONAL,NO_ENGINE_SUBSTITUTION {{(pid=98839) _check_effective_sql_mode /opt/stack/data/venv/lib/python3.12/site-packages/oslo_db/sqlalchemy/engines.py:325}}
Jul 03 19:17:21.822592 np0000004460 nova-conductor[98839]: DEBUG dbcounter [-] [98839] Writer thread running {{(pid=98839) stat_writer /opt/stack/data/venv/lib/python3.12/site-packages/dbcounter.py:102}}
Jul 03 19:17:21.822663 np0000004460 nova-conductor[98854]: DEBUG oslo_db.sqlalchemy.engines [None req-6f59c827-1092-4584-a66b-70d2456aec47 None None] MySQL server mode set to STRICT_TRANS_TABLES,STRICT_ALL_TABLES,NO_ZERO_IN_DATE,NO_ZERO_DATE,ERROR_FOR_DIVISION_BY_ZERO,TRADITIONAL,NO_ENGINE_SUBSTITUTION {{(pid=98854) _check_effective_sql_mode /opt/stack/data/venv/lib/python3.12/site-packages/oslo_db/sqlalchemy/engines.py:325}}
Jul 03 19:17:21.822697 np0000004460 nova-conductor[98839]: DEBUG nova.service [None req-5c9d76ae-4ac1-456b-9ef4-03af3ffb9b68 None None] Creating RPC server for service: nova-conductor on topic: conductor {{(pid=98839) start /opt/stack/nova/nova/service.py:196}}
Jul 03 19:17:21.822729 np0000004460 nova-conductor[98849]: DEBUG oslo_db.sqlalchemy.engines [None req-8831e272-7078-480b-aa9e-718e20e8f4b2 None None] MySQL server mode set to STRICT_TRANS_TABLES,STRICT_ALL_TABLES,NO_ZERO_IN_DATE,NO_ZERO_DATE,ERROR_FOR_DIVISION_BY_ZERO,TRADITIONAL,NO_ENGINE_SUBSTITUTION {{(pid=98849) _check_effective_sql_mode /opt/stack/data/venv/lib/python3.12/site-packages/oslo_db/sqlalchemy/engines.py:325}}
Jul 03 19:17:21.822772 np0000004460 nova-conductor[98854]: DEBUG dbcounter [-] [98854] Writer thread running {{(pid=98854) stat_writer /opt/stack/data/venv/lib/python3.12/site-packages/dbcounter.py:102}}
Jul 03 19:17:21.824007 np0000004460 nova-conductor[98849]: DEBUG dbcounter [-] [98849] Writer thread running {{(pid=98849) stat_writer /opt/stack/data/venv/lib/python3.12/site-packages/dbcounter.py:102}}
Jul 03 19:17:21.824888 np0000004460 nova-conductor[98861]: DEBUG oslo_db.sqlalchemy.engines [None req-d2aab578-7b2c-4167-ac2c-0528ef1adeb2 None None] MySQL server mode set to STRICT_TRANS_TABLES,STRICT_ALL_TABLES,NO_ZERO_IN_DATE,NO_ZERO_DATE,ERROR_FOR_DIVISION_BY_ZERO,TRADITIONAL,NO_ENGINE_SUBSTITUTION {{(pid=98861) _check_effective_sql_mode /opt/stack/data/venv/lib/python3.12/site-packages/oslo_db/sqlalchemy/engines.py:325}}
Jul 03 19:17:21.825820 np0000004460 nova-conductor[98854]: DEBUG nova.service [None req-6f59c827-1092-4584-a66b-70d2456aec47 None None] Creating RPC server for service: nova-conductor on topic: conductor {{(pid=98854) start /opt/stack/nova/nova/service.py:196}}
Jul 03 19:17:21.826544 np0000004460 nova-conductor[98849]: DEBUG nova.service [None req-8831e272-7078-480b-aa9e-718e20e8f4b2 None None] Creating RPC server for service: nova-conductor on topic: conductor {{(pid=98849) start /opt/stack/nova/nova/service.py:196}}
Jul 03 19:17:21.839349 np0000004460 nova-conductor[98861]: DEBUG dbcounter [-] [98861] Writer thread running {{(pid=98861) stat_writer /opt/stack/data/venv/lib/python3.12/site-packages/dbcounter.py:102}}
Jul 03 19:17:21.842308 np0000004460 nova-conductor[98861]: DEBUG nova.service [None req-d2aab578-7b2c-4167-ac2c-0528ef1adeb2 None None] Creating RPC server for service: nova-conductor on topic: conductor {{(pid=98861) start /opt/stack/nova/nova/service.py:196}}
Jul 03 19:17:21.846888 np0000004460 nova-conductor[98849]: DEBUG nova.service [None req-8831e272-7078-480b-aa9e-718e20e8f4b2 None None] Join ServiceGroup membership for this service conductor {{(pid=98849) start /opt/stack/nova/nova/service.py:222}}
Jul 03 19:17:21.846983 np0000004460 nova-conductor[98854]: DEBUG nova.service [None req-6f59c827-1092-4584-a66b-70d2456aec47 None None] Join ServiceGroup membership for this service conductor {{(pid=98854) start /opt/stack/nova/nova/service.py:222}}
Jul 03 19:17:21.847035 np0000004460 nova-conductor[98849]: DEBUG nova.servicegroup.drivers.db [None req-8831e272-7078-480b-aa9e-718e20e8f4b2 None None] DB_Driver: join new ServiceGroup member np0000004460 to the conductor group, service = {{(pid=98849) join /opt/stack/nova/nova/servicegroup/drivers/db.py:44}}
Jul 03 19:17:21.847152 np0000004460 nova-conductor[98854]: DEBUG nova.servicegroup.drivers.db [None req-6f59c827-1092-4584-a66b-70d2456aec47 None None] DB_Driver: join new ServiceGroup member np0000004460 to the conductor group, service = {{(pid=98854) join /opt/stack/nova/nova/servicegroup/drivers/db.py:44}}
Jul 03 19:17:21.847994 np0000004460 nova-conductor[98839]: DEBUG nova.service [None req-5c9d76ae-4ac1-456b-9ef4-03af3ffb9b68 None None] Join ServiceGroup membership for this service conductor {{(pid=98839) start /opt/stack/nova/nova/service.py:222}}
Jul 03 19:17:21.848178 np0000004460 nova-conductor[98839]: DEBUG nova.servicegroup.drivers.db [None req-5c9d76ae-4ac1-456b-9ef4-03af3ffb9b68 None None] DB_Driver: join new ServiceGroup member np0000004460 to the conductor group, service = {{(pid=98839) join /opt/stack/nova/nova/servicegroup/drivers/db.py:44}}
Jul 03 19:17:21.859451 np0000004460 nova-conductor[98861]: DEBUG nova.service [None req-d2aab578-7b2c-4167-ac2c-0528ef1adeb2 None None] Join ServiceGroup membership for this service conductor {{(pid=98861) start /opt/stack/nova/nova/service.py:222}}
Jul 03 19:17:21.859627 np0000004460 nova-conductor[98861]: DEBUG nova.servicegroup.drivers.db [None req-d2aab578-7b2c-4167-ac2c-0528ef1adeb2 None None] DB_Driver: join new ServiceGroup member np0000004460 to the conductor group, service = {{(pid=98861) join /opt/stack/nova/nova/servicegroup/drivers/db.py:44}}
Jul 03 19:17:25.849467 np0000004460 nova-conductor[98854]: DEBUG oslo.service.backend._threading.loopingcall [None req-181e1282-08b3-46c6-87ec-8d5455c697c7 None None] Dynamic interval looping call 'nova.service.Service.periodic_tasks' sleeping for 60.00 seconds {{(pid=98854) _run_loop /opt/stack/data/venv/lib/python3.12/site-packages/oslo_service/backend/_threading/loopingcall.py:125}}
Jul 03 19:17:26.863350 np0000004460 nova-conductor[98854]: DEBUG oslo.service.backend._threading.loopingcall [-] Fixed interval looping call 'nova.servicegroup.drivers.db.DbDriver._report_state' sleeping for 119.99 seconds {{(pid=98854) _run_loop /opt/stack/data/venv/lib/python3.12/site-packages/oslo_service/backend/_threading/loopingcall.py:125}}
Jul 03 19:17:26.863687 np0000004460 nova-conductor[98839]: DEBUG oslo.service.backend._threading.loopingcall [-] Fixed interval looping call 'nova.servicegroup.drivers.db.DbDriver._report_state' sleeping for 119.99 seconds {{(pid=98839) _run_loop /opt/stack/data/venv/lib/python3.12/site-packages/oslo_service/backend/_threading/loopingcall.py:125}}
Jul 03 19:17:26.870545 np0000004460 nova-conductor[98861]: DEBUG oslo.service.backend._threading.loopingcall [-] Fixed interval looping call 'nova.servicegroup.drivers.db.DbDriver._report_state' sleeping for 119.99 seconds {{(pid=98861) _run_loop /opt/stack/data/venv/lib/python3.12/site-packages/oslo_service/backend/_threading/loopingcall.py:125}}
Jul 03 19:17:26.872126 np0000004460 nova-conductor[98849]: DEBUG oslo.service.backend._threading.loopingcall [-] Fixed interval looping call 'nova.servicegroup.drivers.db.DbDriver._report_state' sleeping for 119.98 seconds {{(pid=98849) _run_loop /opt/stack/data/venv/lib/python3.12/site-packages/oslo_service/backend/_threading/loopingcall.py:125}}
Jul 03 19:17:30.411867 np0000004460 nova-conductor[97346]: DEBUG dbcounter [-] [97346] Writing DB stats nova_api:SELECT=1 {{(pid=97346) stat_writer /opt/stack/data/venv/lib/python3.12/site-packages/dbcounter.py:115}}
Jul 03 19:17:30.545835 np0000004460 nova-conductor[97346]: DEBUG dbcounter [-] [97346] Writing DB stats nova_cell1:SELECT=1 {{(pid=97346) stat_writer /opt/stack/data/venv/lib/python3.12/site-packages/dbcounter.py:115}}
Jul 03 19:17:30.550484 np0000004460 nova-conductor[97346]: DEBUG dbcounter [-] [97346] Writing DB stats nova_cell0:SELECT=1 {{(pid=97346) stat_writer /opt/stack/data/venv/lib/python3.12/site-packages/dbcounter.py:115}}
Jul 03 19:17:36.858711 np0000004460 nova-conductor[98854]: DEBUG dbcounter [-] [98854] Writing DB stats nova_cell0:SELECT=3,nova_cell0:UPDATE=1 {{(pid=98854) stat_writer /opt/stack/data/venv/lib/python3.12/site-packages/dbcounter.py:115}}
Jul 03 19:17:36.859965 np0000004460 nova-conductor[98839]: DEBUG dbcounter [-] [98839] Writing DB stats nova_cell0:SELECT=4,nova_cell0:INSERT=1,nova_cell0:UPDATE=1 {{(pid=98839) stat_writer /opt/stack/data/venv/lib/python3.12/site-packages/dbcounter.py:115}}
Jul 03 19:17:36.867905 np0000004460 nova-conductor[98861]: DEBUG dbcounter [-] [98861] Writing DB stats nova_cell0:SELECT=3 {{(pid=98861) stat_writer /opt/stack/data/venv/lib/python3.12/site-packages/dbcounter.py:115}}
Jul 03 19:17:36.868225 np0000004460 nova-conductor[98849]: DEBUG dbcounter [-] [98849] Writing DB stats nova_cell0:SELECT=3,nova_cell0:UPDATE=1 {{(pid=98849) stat_writer /opt/stack/data/venv/lib/python3.12/site-packages/dbcounter.py:115}}
Jul 03 19:17:42.849040 np0000004460 nova-conductor[98849]: DEBUG oslo.service.backend._threading.loopingcall [None req-199f71cf-c3e8-47ce-b910-c3fc4e0f429c None None] Dynamic interval looping call 'nova.service.Service.periodic_tasks' sleeping for 60.00 seconds {{(pid=98849) _run_loop /opt/stack/data/venv/lib/python3.12/site-packages/oslo_service/backend/_threading/loopingcall.py:125}}
Jul 03 19:18:05.849881 np0000004460 nova-conductor[98839]: DEBUG oslo.service.backend._threading.loopingcall [None req-d4b3980c-0dbc-4c67-b9aa-67776a55288f None None] Dynamic interval looping call 'nova.service.Service.periodic_tasks' sleeping for 60.00 seconds {{(pid=98839) _run_loop /opt/stack/data/venv/lib/python3.12/site-packages/oslo_service/backend/_threading/loopingcall.py:125}}
Jul 03 19:18:12.861359 np0000004460 nova-conductor[98861]: DEBUG oslo.service.backend._threading.loopingcall [None req-0ca911fb-7bcf-4221-a113-f61d753e1d87 None None] Dynamic interval looping call 'nova.service.Service.periodic_tasks' sleeping for 60.00 seconds {{(pid=98861) _run_loop /opt/stack/data/venv/lib/python3.12/site-packages/oslo_service/backend/_threading/loopingcall.py:125}}
Jul 03 19:18:25.850036 np0000004460 nova-conductor[98854]: DEBUG oslo.service.backend._threading.loopingcall [None req-181e1282-08b3-46c6-87ec-8d5455c697c7 None None] Dynamic interval looping call 'nova.service.Service.periodic_tasks' sleeping for 60.00 seconds {{(pid=98854) _run_loop /opt/stack/data/venv/lib/python3.12/site-packages/oslo_service/backend/_threading/loopingcall.py:125}}
Jul 03 19:18:42.849564 np0000004460 nova-conductor[98849]: DEBUG oslo.service.backend._threading.loopingcall [None req-199f71cf-c3e8-47ce-b910-c3fc4e0f429c None None] Dynamic interval looping call 'nova.service.Service.periodic_tasks' sleeping for 60.00 seconds {{(pid=98849) _run_loop /opt/stack/data/venv/lib/python3.12/site-packages/oslo_service/backend/_threading/loopingcall.py:125}}
Jul 03 19:19:05.850286 np0000004460 nova-conductor[98839]: DEBUG oslo.service.backend._threading.loopingcall [None req-d4b3980c-0dbc-4c67-b9aa-67776a55288f None None] Dynamic interval looping call 'nova.service.Service.periodic_tasks' sleeping for 60.00 seconds {{(pid=98839) _run_loop /opt/stack/data/venv/lib/python3.12/site-packages/oslo_service/backend/_threading/loopingcall.py:125}}
Jul 03 19:19:12.862021 np0000004460 nova-conductor[98861]: DEBUG oslo.service.backend._threading.loopingcall [None req-0ca911fb-7bcf-4221-a113-f61d753e1d87 None None] Dynamic interval looping call 'nova.service.Service.periodic_tasks' sleeping for 60.00 seconds {{(pid=98861) _run_loop /opt/stack/data/venv/lib/python3.12/site-packages/oslo_service/backend/_threading/loopingcall.py:125}}
Jul 03 19:19:25.850665 np0000004460 nova-conductor[98854]: DEBUG oslo.service.backend._threading.loopingcall [None req-181e1282-08b3-46c6-87ec-8d5455c697c7 None None] Dynamic interval looping call 'nova.service.Service.periodic_tasks' sleeping for 60.00 seconds {{(pid=98854) _run_loop /opt/stack/data/venv/lib/python3.12/site-packages/oslo_service/backend/_threading/loopingcall.py:125}}
Jul 03 19:19:26.860761 np0000004460 nova-conductor[98849]: DEBUG oslo.service.backend._threading.loopingcall [-] Fixed interval looping call 'nova.servicegroup.drivers.db.DbDriver._report_state' sleeping for 119.99 seconds {{(pid=98849) _run_loop /opt/stack/data/venv/lib/python3.12/site-packages/oslo_service/backend/_threading/loopingcall.py:125}}
Jul 03 19:19:26.861434 np0000004460 nova-conductor[98854]: DEBUG oslo.service.backend._threading.loopingcall [-] Fixed interval looping call 'nova.servicegroup.drivers.db.DbDriver._report_state' sleeping for 119.99 seconds {{(pid=98854) _run_loop /opt/stack/data/venv/lib/python3.12/site-packages/oslo_service/backend/_threading/loopingcall.py:125}}
Jul 03 19:19:26.863274 np0000004460 nova-conductor[98839]: DEBUG oslo.service.backend._threading.loopingcall [-] Fixed interval looping call 'nova.servicegroup.drivers.db.DbDriver._report_state' sleeping for 119.99 seconds {{(pid=98839) _run_loop /opt/stack/data/venv/lib/python3.12/site-packages/oslo_service/backend/_threading/loopingcall.py:125}}
Jul 03 19:19:26.864511 np0000004460 nova-conductor[98861]: DEBUG oslo.service.backend._threading.loopingcall [-] Fixed interval looping call 'nova.servicegroup.drivers.db.DbDriver._report_state' sleeping for 120.00 seconds {{(pid=98861) _run_loop /opt/stack/data/venv/lib/python3.12/site-packages/oslo_service/backend/_threading/loopingcall.py:125}}
Jul 03 19:19:36.856469 np0000004460 nova-conductor[98849]: DEBUG dbcounter [-] [98849] Writing DB stats nova_cell0:SELECT=1,nova_cell0:UPDATE=1 {{(pid=98849) stat_writer /opt/stack/data/venv/lib/python3.12/site-packages/dbcounter.py:115}}
Jul 03 19:19:36.858029 np0000004460 nova-conductor[98854]: DEBUG dbcounter [-] [98854] Writing DB stats nova_cell0:SELECT=1,nova_cell0:UPDATE=1 {{(pid=98854) stat_writer /opt/stack/data/venv/lib/python3.12/site-packages/dbcounter.py:115}}
Jul 03 19:19:36.858910 np0000004460 nova-conductor[98839]: DEBUG dbcounter [-] [98839] Writing DB stats nova_cell0:SELECT=1,nova_cell0:UPDATE=1 {{(pid=98839) stat_writer /opt/stack/data/venv/lib/python3.12/site-packages/dbcounter.py:115}}
Jul 03 19:19:36.862737 np0000004460 nova-conductor[98861]: DEBUG dbcounter [-] [98861] Writing DB stats nova_cell0:SELECT=1 {{(pid=98861) stat_writer /opt/stack/data/venv/lib/python3.12/site-packages/dbcounter.py:115}}
Jul 03 19:19:42.850129 np0000004460 nova-conductor[98849]: DEBUG oslo.service.backend._threading.loopingcall [None req-199f71cf-c3e8-47ce-b910-c3fc4e0f429c None None] Dynamic interval looping call 'nova.service.Service.periodic_tasks' sleeping for 60.00 seconds {{(pid=98849) _run_loop /opt/stack/data/venv/lib/python3.12/site-packages/oslo_service/backend/_threading/loopingcall.py:125}}
Jul 03 19:19:43.714314 np0000004460 nova-conductor[98854]: DEBUG oslo_db.sqlalchemy.engines [None req-9945cfe6-7f70-4323-ab93-f085f98263be tempest-DeleteServersTestJSON-744996677 tempest-DeleteServersTestJSON-744996677-project-member] Parent process 97346 forked (98854) with an open database connection, which is being discarded and recreated. {{(pid=98854) checkout /opt/stack/data/venv/lib/python3.12/site-packages/oslo_db/sqlalchemy/engines.py:402}}
Jul 03 19:19:43.774578 np0000004460 nova-conductor[98854]: DEBUG dbcounter [-] [98854] Writer thread running {{(pid=98854) stat_writer /opt/stack/data/venv/lib/python3.12/site-packages/dbcounter.py:102}}
Jul 03 19:19:45.320249 np0000004460 nova-conductor[98854]: DEBUG nova.conductor.manager [None req-9945cfe6-7f70-4323-ab93-f085f98263be tempest-DeleteServersTestJSON-744996677 tempest-DeleteServersTestJSON-744996677-project-member] Took 1.54 seconds to select destinations for 1 instance(s). {{(pid=98854) _schedule_instances /opt/stack/nova/nova/conductor/manager.py:968}}
Jul 03 19:19:45.355606 np0000004460 nova-conductor[98854]: DEBUG oslo_concurrency.lockutils [None req-9945cfe6-7f70-4323-ab93-f085f98263be tempest-DeleteServersTestJSON-744996677 tempest-DeleteServersTestJSON-744996677-project-member] Acquiring lock "ff2e75b9-5834-4f62-a769-77fddcdf831a" by "nova.context.set_target_cell..get_or_set_cached_cell_and_set_connections" {{(pid=98854) inner /opt/stack/data/venv/lib/python3.12/site-packages/oslo_concurrency/lockutils.py:511}}
Jul 03 19:19:45.355813 np0000004460 nova-conductor[98854]: DEBUG oslo_concurrency.lockutils [None req-9945cfe6-7f70-4323-ab93-f085f98263be tempest-DeleteServersTestJSON-744996677 tempest-DeleteServersTestJSON-744996677-project-member] Lock "ff2e75b9-5834-4f62-a769-77fddcdf831a" acquired by "nova.context.set_target_cell..get_or_set_cached_cell_and_set_connections" :: waited 0.000s {{(pid=98854) inner /opt/stack/data/venv/lib/python3.12/site-packages/oslo_concurrency/lockutils.py:524}}
Jul 03 19:19:45.359717 np0000004460 nova-conductor[98854]: DEBUG oslo_concurrency.lockutils [None req-9945cfe6-7f70-4323-ab93-f085f98263be tempest-DeleteServersTestJSON-744996677 tempest-DeleteServersTestJSON-744996677-project-member] Lock "ff2e75b9-5834-4f62-a769-77fddcdf831a" "released" by "nova.context.set_target_cell..get_or_set_cached_cell_and_set_connections" :: held 0.001s {{(pid=98854) inner /opt/stack/data/venv/lib/python3.12/site-packages/oslo_concurrency/lockutils.py:543}}
Jul 03 19:19:45.359717 np0000004460 nova-conductor[98854]: INFO dbcounter [None req-9945cfe6-7f70-4323-ab93-f085f98263be tempest-DeleteServersTestJSON-744996677 tempest-DeleteServersTestJSON-744996677-project-member] Registered counter for database nova_cell1
Jul 03 19:19:45.405117 np0000004460 nova-conductor[98854]: DEBUG oslo_db.sqlalchemy.engines [None req-9945cfe6-7f70-4323-ab93-f085f98263be tempest-DeleteServersTestJSON-744996677 tempest-DeleteServersTestJSON-744996677-project-member] MySQL server mode set to STRICT_TRANS_TABLES,STRICT_ALL_TABLES,NO_ZERO_IN_DATE,NO_ZERO_DATE,ERROR_FOR_DIVISION_BY_ZERO,TRADITIONAL,NO_ENGINE_SUBSTITUTION {{(pid=98854) _check_effective_sql_mode /opt/stack/data/venv/lib/python3.12/site-packages/oslo_db/sqlalchemy/engines.py:325}}
Jul 03 19:19:45.413453 np0000004460 nova-conductor[98854]: DEBUG dbcounter [-] [98854] Writer thread running {{(pid=98854) stat_writer /opt/stack/data/venv/lib/python3.12/site-packages/dbcounter.py:102}}
Jul 03 19:19:45.531013 np0000004460 nova-conductor[98849]: DEBUG dbcounter [-] [98849] Writer thread running {{(pid=98849) stat_writer /opt/stack/data/venv/lib/python3.12/site-packages/dbcounter.py:102}}
Jul 03 19:19:45.550632 np0000004460 nova-conductor[98854]: INFO nova.utils [None req-9945cfe6-7f70-4323-ab93-f085f98263be tempest-DeleteServersTestJSON-744996677 tempest-DeleteServersTestJSON-744996677-project-member] The cell worker thread pool ForkProcess-3.cell_worker is initialized
Jul 03 19:19:45.551024 np0000004460 nova-conductor[98854]: DEBUG oslo_concurrency.lockutils [None req-9945cfe6-7f70-4323-ab93-f085f98263be tempest-DeleteServersTestJSON-744996677 tempest-DeleteServersTestJSON-744996677-project-member] Acquiring lock "00000000-0000-0000-0000-000000000000" by "nova.context.set_target_cell..get_or_set_cached_cell_and_set_connections" {{(pid=98854) inner /opt/stack/data/venv/lib/python3.12/site-packages/oslo_concurrency/lockutils.py:511}}
Jul 03 19:19:45.551239 np0000004460 nova-conductor[98854]: DEBUG oslo_concurrency.lockutils [None req-9945cfe6-7f70-4323-ab93-f085f98263be tempest-DeleteServersTestJSON-744996677 tempest-DeleteServersTestJSON-744996677-project-member] Lock "00000000-0000-0000-0000-000000000000" acquired by "nova.context.set_target_cell..get_or_set_cached_cell_and_set_connections" :: waited 0.000s {{(pid=98854) inner /opt/stack/data/venv/lib/python3.12/site-packages/oslo_concurrency/lockutils.py:524}}
Jul 03 19:19:45.551679 np0000004460 nova-conductor[98854]: DEBUG oslo_concurrency.lockutils [None req-9945cfe6-7f70-4323-ab93-f085f98263be tempest-DeleteServersTestJSON-744996677 tempest-DeleteServersTestJSON-744996677-project-member] Lock "00000000-0000-0000-0000-000000000000" "released" by "nova.context.set_target_cell..get_or_set_cached_cell_and_set_connections" :: held 0.000s {{(pid=98854) inner /opt/stack/data/venv/lib/python3.12/site-packages/oslo_concurrency/lockutils.py:543}}
Jul 03 19:19:45.552569 np0000004460 nova-conductor[98854]: DEBUG oslo_concurrency.lockutils [None req-9945cfe6-7f70-4323-ab93-f085f98263be tempest-DeleteServersTestJSON-744996677 tempest-DeleteServersTestJSON-744996677-project-member] Acquiring lock "ff2e75b9-5834-4f62-a769-77fddcdf831a" by "nova.context.set_target_cell..get_or_set_cached_cell_and_set_connections" {{(pid=98854) inner /opt/stack/data/venv/lib/python3.12/site-packages/oslo_concurrency/lockutils.py:511}}
Jul 03 19:19:45.552751 np0000004460 nova-conductor[98854]: DEBUG oslo_concurrency.lockutils [None req-9945cfe6-7f70-4323-ab93-f085f98263be tempest-DeleteServersTestJSON-744996677 tempest-DeleteServersTestJSON-744996677-project-member] Lock "ff2e75b9-5834-4f62-a769-77fddcdf831a" acquired by "nova.context.set_target_cell..get_or_set_cached_cell_and_set_connections" :: waited 0.000s {{(pid=98854) inner /opt/stack/data/venv/lib/python3.12/site-packages/oslo_concurrency/lockutils.py:524}}
Jul 03 19:19:45.552903 np0000004460 nova-conductor[98854]: DEBUG oslo_concurrency.lockutils [None req-9945cfe6-7f70-4323-ab93-f085f98263be tempest-DeleteServersTestJSON-744996677 tempest-DeleteServersTestJSON-744996677-project-member] Lock "ff2e75b9-5834-4f62-a769-77fddcdf831a" "released" by "nova.context.set_target_cell..get_or_set_cached_cell_and_set_connections" :: held 0.000s {{(pid=98854) inner /opt/stack/data/venv/lib/python3.12/site-packages/oslo_concurrency/lockutils.py:543}}
Jul 03 19:19:45.554762 np0000004460 nova-conductor[98854]: INFO dbcounter [None req-9945cfe6-7f70-4323-ab93-f085f98263be tempest-DeleteServersTestJSON-744996677 tempest-DeleteServersTestJSON-744996677-project-member] Registered counter for database nova_cell0
Jul 03 19:19:45.603207 np0000004460 nova-conductor[98854]: DEBUG oslo_db.sqlalchemy.engines [None req-9945cfe6-7f70-4323-ab93-f085f98263be tempest-DeleteServersTestJSON-744996677 tempest-DeleteServersTestJSON-744996677-project-member] MySQL server mode set to STRICT_TRANS_TABLES,STRICT_ALL_TABLES,NO_ZERO_IN_DATE,NO_ZERO_DATE,ERROR_FOR_DIVISION_BY_ZERO,TRADITIONAL,NO_ENGINE_SUBSTITUTION {{(pid=98854) _check_effective_sql_mode /opt/stack/data/venv/lib/python3.12/site-packages/oslo_db/sqlalchemy/engines.py:325}}
Jul 03 19:19:45.610355 np0000004460 nova-conductor[98854]: DEBUG dbcounter [-] [98854] Writer thread running {{(pid=98854) stat_writer /opt/stack/data/venv/lib/python3.12/site-packages/dbcounter.py:102}}
Jul 03 19:19:45.626105 np0000004460 nova-conductor[98854]: DEBUG nova.quota [None req-9945cfe6-7f70-4323-ab93-f085f98263be tempest-DeleteServersTestJSON-744996677 tempest-DeleteServersTestJSON-744996677-project-member] Getting quotas for project fb25b45d88f24107a74d8212e13643c4. Resources: {'instances', 'cores', 'ram'} {{(pid=98854) _get_quotas /opt/stack/nova/nova/quota.py:389}}
Jul 03 19:19:45.632021 np0000004460 nova-conductor[98854]: DEBUG nova.quota [None req-9945cfe6-7f70-4323-ab93-f085f98263be tempest-DeleteServersTestJSON-744996677 tempest-DeleteServersTestJSON-744996677-project-member] Getting quotas for user 42a1e1a53eb84412a7632eafee4b809e and project fb25b45d88f24107a74d8212e13643c4. Resources: {'instances', 'cores', 'ram'} {{(pid=98854) _get_quotas /opt/stack/nova/nova/quota.py:379}}
Jul 03 19:19:45.641928 np0000004460 nova-conductor[98854]: DEBUG nova.conductor.manager [None req-9945cfe6-7f70-4323-ab93-f085f98263be tempest-DeleteServersTestJSON-744996677 tempest-DeleteServersTestJSON-744996677-project-member] [instance: 0c454938-3592-485a-b874-c0345869d185] Selected host: np0000004460; Selected node: np0000004460; Alternates: [] {{(pid=98854) schedule_and_build_instances /opt/stack/nova/nova/conductor/manager.py:1784}}
Jul 03 19:19:45.643037 np0000004460 nova-conductor[98854]: DEBUG oslo_concurrency.lockutils [None req-9945cfe6-7f70-4323-ab93-f085f98263be tempest-DeleteServersTestJSON-744996677 tempest-DeleteServersTestJSON-744996677-project-member] Acquiring lock "ff2e75b9-5834-4f62-a769-77fddcdf831a" by "nova.context.set_target_cell..get_or_set_cached_cell_and_set_connections" {{(pid=98854) inner /opt/stack/data/venv/lib/python3.12/site-packages/oslo_concurrency/lockutils.py:511}}
Jul 03 19:19:45.643037 np0000004460 nova-conductor[98854]: DEBUG oslo_concurrency.lockutils [None req-9945cfe6-7f70-4323-ab93-f085f98263be tempest-DeleteServersTestJSON-744996677 tempest-DeleteServersTestJSON-744996677-project-member] Lock "ff2e75b9-5834-4f62-a769-77fddcdf831a" acquired by "nova.context.set_target_cell..get_or_set_cached_cell_and_set_connections" :: waited 0.000s {{(pid=98854) inner /opt/stack/data/venv/lib/python3.12/site-packages/oslo_concurrency/lockutils.py:524}}
Jul 03 19:19:45.643158 np0000004460 nova-conductor[98854]: DEBUG oslo_concurrency.lockutils [None req-9945cfe6-7f70-4323-ab93-f085f98263be tempest-DeleteServersTestJSON-744996677 tempest-DeleteServersTestJSON-744996677-project-member] Lock "ff2e75b9-5834-4f62-a769-77fddcdf831a" "released" by "nova.context.set_target_cell..get_or_set_cached_cell_and_set_connections" :: held 0.000s {{(pid=98854) inner /opt/stack/data/venv/lib/python3.12/site-packages/oslo_concurrency/lockutils.py:543}}
Jul 03 19:19:45.661823 np0000004460 nova-conductor[98854]: DEBUG nova.conductor.manager [None req-9945cfe6-7f70-4323-ab93-f085f98263be tempest-DeleteServersTestJSON-744996677 tempest-DeleteServersTestJSON-744996677-project-member] [instance: 0c454938-3592-485a-b874-c0345869d185] block_device_mapping [BlockDeviceMapping(attachment_id=,boot_index=0,connection_info=None,created_at=,delete_on_termination=True,deleted=,deleted_at=,destination_type='local',device_name=None,device_type='disk',disk_bus=None,encrypted=False,encryption_format=None,encryption_options=None,encryption_secret_uuid=None,guest_format=None,id=,image_id='6fdb725c-805c-4eab-bb34-5aad39949775',instance=,instance_uuid=,no_device=False,snapshot_id=None,source_type='image',tag=None,updated_at=,uuid=,volume_id=None,volume_size=None,volume_type=None)] {{(pid=98854) _create_block_device_mapping /opt/stack/nova/nova/conductor/manager.py:1529}}
Jul 03 19:19:45.663512 np0000004460 nova-conductor[98854]: DEBUG oslo_concurrency.lockutils [None req-9945cfe6-7f70-4323-ab93-f085f98263be tempest-DeleteServersTestJSON-744996677 tempest-DeleteServersTestJSON-744996677-project-member] Acquiring lock "ff2e75b9-5834-4f62-a769-77fddcdf831a" by "nova.context.set_target_cell..get_or_set_cached_cell_and_set_connections" {{(pid=98854) inner /opt/stack/data/venv/lib/python3.12/site-packages/oslo_concurrency/lockutils.py:511}}
Jul 03 19:19:45.663740 np0000004460 nova-conductor[98854]: DEBUG oslo_concurrency.lockutils [None req-9945cfe6-7f70-4323-ab93-f085f98263be tempest-DeleteServersTestJSON-744996677 tempest-DeleteServersTestJSON-744996677-project-member] Lock "ff2e75b9-5834-4f62-a769-77fddcdf831a" acquired by "nova.context.set_target_cell..get_or_set_cached_cell_and_set_connections" :: waited 0.000s {{(pid=98854) inner /opt/stack/data/venv/lib/python3.12/site-packages/oslo_concurrency/lockutils.py:524}}
Jul 03 19:19:45.663909 np0000004460 nova-conductor[98854]: DEBUG oslo_concurrency.lockutils [None req-9945cfe6-7f70-4323-ab93-f085f98263be tempest-DeleteServersTestJSON-744996677 tempest-DeleteServersTestJSON-744996677-project-member] Lock "ff2e75b9-5834-4f62-a769-77fddcdf831a" "released" by "nova.context.set_target_cell..get_or_set_cached_cell_and_set_connections" :: held 0.000s {{(pid=98854) inner /opt/stack/data/venv/lib/python3.12/site-packages/oslo_concurrency/lockutils.py:543}}
Jul 03 19:19:45.714791 np0000004460 nova-conductor[98854]: DEBUG oslo_concurrency.lockutils [None req-9945cfe6-7f70-4323-ab93-f085f98263be tempest-DeleteServersTestJSON-744996677 tempest-DeleteServersTestJSON-744996677-project-member] Acquiring lock "ff2e75b9-5834-4f62-a769-77fddcdf831a" by "nova.context.set_target_cell..get_or_set_cached_cell_and_set_connections" {{(pid=98854) inner /opt/stack/data/venv/lib/python3.12/site-packages/oslo_concurrency/lockutils.py:511}}
Jul 03 19:19:45.714985 np0000004460 nova-conductor[98854]: DEBUG oslo_concurrency.lockutils [None req-9945cfe6-7f70-4323-ab93-f085f98263be tempest-DeleteServersTestJSON-744996677 tempest-DeleteServersTestJSON-744996677-project-member] Lock "ff2e75b9-5834-4f62-a769-77fddcdf831a" acquired by "nova.context.set_target_cell..get_or_set_cached_cell_and_set_connections" :: waited 0.000s {{(pid=98854) inner /opt/stack/data/venv/lib/python3.12/site-packages/oslo_concurrency/lockutils.py:524}}
