Aug 20 07:41:28.699164 np0000007856 nova-conductor[99097]: DEBUG cotyledon.oslo_config_glue [-] workarounds.disable_libvirt_livesnapshot = False {{(pid=99097) log_opt_values /opt/stack/data/venv/lib/python3.12/site-packages/oslo_config/cfg.py:3560}}
Aug 20 07:41:28.699164 np0000007856 nova-conductor[99097]: DEBUG cotyledon.oslo_config_glue [-] workarounds.disable_rootwrap = False {{(pid=99097) log_opt_values /opt/stack/data/venv/lib/python3.12/site-packages/oslo_config/cfg.py:3560}}
Aug 20 07:41:28.699164 np0000007856 nova-conductor[99097]: DEBUG cotyledon.oslo_config_glue [-] workarounds.enable_numa_live_migration = False {{(pid=99097) log_opt_values /opt/stack/data/venv/lib/python3.12/site-packages/oslo_config/cfg.py:3560}}
Aug 20 07:41:28.699164 np0000007856 nova-conductor[99097]: DEBUG cotyledon.oslo_config_glue [-] workarounds.enable_qemu_monitor_announce_self = False {{(pid=99097) log_opt_values /opt/stack/data/venv/lib/python3.12/site-packages/oslo_config/cfg.py:3560}}
Aug 20 07:41:28.699164 np0000007856 nova-conductor[99097]: DEBUG cotyledon.oslo_config_glue [-] workarounds.ensure_libvirt_rbd_instance_dir_cleanup = False {{(pid=99097) log_opt_values /opt/stack/data/venv/lib/python3.12/site-packages/oslo_config/cfg.py:3560}}
Aug 20 07:41:28.699164 np0000007856 nova-conductor[99097]: DEBUG cotyledon.oslo_config_glue [-] workarounds.handle_virt_lifecycle_events = True {{(pid=99097) log_opt_values /opt/stack/data/venv/lib/python3.12/site-packages/oslo_config/cfg.py:3560}}
Aug 20 07:41:28.699164 np0000007856 nova-conductor[99097]: DEBUG cotyledon.oslo_config_glue [-] workarounds.libvirt_disable_apic = False {{(pid=99097) log_opt_values /opt/stack/data/venv/lib/python3.12/site-packages/oslo_config/cfg.py:3560}}
Aug 20 07:41:28.699164 np0000007856 nova-conductor[99097]: DEBUG cotyledon.oslo_config_glue [-] workarounds.never_download_image_if_on_rbd = False {{(pid=99097) log_opt_values /opt/stack/data/venv/lib/python3.12/site-packages/oslo_config/cfg.py:3560}}
Aug 20 07:41:28.699318 np0000007856 nova-conductor[99097]: DEBUG cotyledon.oslo_config_glue [-] workarounds.qemu_monitor_announce_self_count = 3 {{(pid=99097) log_opt_values /opt/stack/data/venv/lib/python3.12/site-packages/oslo_config/cfg.py:3560}}
Aug 20 07:41:28.699318 np0000007856 nova-conductor[99097]: DEBUG cotyledon.oslo_config_glue [-] workarounds.qemu_monitor_announce_self_interval = 1 {{(pid=99097) log_opt_values /opt/stack/data/venv/lib/python3.12/site-packages/oslo_config/cfg.py:3560}}
Aug 20 07:41:28.699318 np0000007856 nova-conductor[99097]: DEBUG cotyledon.oslo_config_glue [-] workarounds.reserve_disk_resource_for_image_cache = False {{(pid=99097) log_opt_values /opt/stack/data/venv/lib/python3.12/site-packages/oslo_config/cfg.py:3560}}
Aug 20 07:41:28.699318 np0000007856 nova-conductor[99097]: DEBUG cotyledon.oslo_config_glue [-] workarounds.skip_cpu_compare_at_startup = False {{(pid=99097) log_opt_values /opt/stack/data/venv/lib/python3.12/site-packages/oslo_config/cfg.py:3560}}
Aug 20 07:41:28.699318 np0000007856 nova-conductor[99097]: DEBUG cotyledon.oslo_config_glue [-] workarounds.skip_cpu_compare_on_dest = False {{(pid=99097) log_opt_values /opt/stack/data/venv/lib/python3.12/site-packages/oslo_config/cfg.py:3560}}
Aug 20 07:41:28.699318 np0000007856 nova-conductor[99097]: DEBUG cotyledon.oslo_config_glue [-] workarounds.skip_hypervisor_version_check_on_lm = False {{(pid=99097) log_opt_values /opt/stack/data/venv/lib/python3.12/site-packages/oslo_config/cfg.py:3560}}
Aug 20 07:41:28.699318 np0000007856 nova-conductor[99097]: DEBUG cotyledon.oslo_config_glue [-] workarounds.skip_reserve_in_use_ironic_nodes = False {{(pid=99097) log_opt_values /opt/stack/data/venv/lib/python3.12/site-packages/oslo_config/cfg.py:3560}}
Aug 20 07:41:28.699318 np0000007856 nova-conductor[99097]: DEBUG cotyledon.oslo_config_glue [-] workarounds.unified_limits_count_pcpu_as_vcpu = False {{(pid=99097) log_opt_values /opt/stack/data/venv/lib/python3.12/site-packages/oslo_config/cfg.py:3560}}
Aug 20 07:41:28.699562 np0000007856 nova-conductor[99097]: DEBUG cotyledon.oslo_config_glue [-] workarounds.wait_for_vif_plugged_event_during_hard_reboot = [] {{(pid=99097) log_opt_values /opt/stack/data/venv/lib/python3.12/site-packages/oslo_config/cfg.py:3560}}
Aug 20 07:41:28.699562 np0000007856 nova-conductor[99097]: DEBUG cotyledon.oslo_config_glue [-] wsgi.api_paste_config = /etc/nova/api-paste.ini {{(pid=99097) log_opt_values /opt/stack/data/venv/lib/python3.12/site-packages/oslo_config/cfg.py:3560}}
Aug 20 07:41:28.699562 np0000007856 nova-conductor[99097]: DEBUG cotyledon.oslo_config_glue [-] wsgi.secure_proxy_ssl_header = None {{(pid=99097) log_opt_values /opt/stack/data/venv/lib/python3.12/site-packages/oslo_config/cfg.py:3560}}
Aug 20 07:41:28.699562 np0000007856 nova-conductor[99097]: DEBUG cotyledon.oslo_config_glue [-] zvm.ca_file = None {{(pid=99097) log_opt_values /opt/stack/data/venv/lib/python3.12/site-packages/oslo_config/cfg.py:3560}}
Aug 20 07:41:28.699562 np0000007856 nova-conductor[99097]: DEBUG cotyledon.oslo_config_glue [-] zvm.cloud_connector_url = None {{(pid=99097) log_opt_values /opt/stack/data/venv/lib/python3.12/site-packages/oslo_config/cfg.py:3560}}
Aug 20 07:41:28.699562 np0000007856 nova-conductor[99097]: DEBUG cotyledon.oslo_config_glue [-] zvm.image_tmp_path = /opt/stack/data/nova/images {{(pid=99097) log_opt_values /opt/stack/data/venv/lib/python3.12/site-packages/oslo_config/cfg.py:3560}}
Aug 20 07:41:28.699562 np0000007856 nova-conductor[99097]: DEBUG cotyledon.oslo_config_glue [-] zvm.reachable_timeout = 300 {{(pid=99097) log_opt_values /opt/stack/data/venv/lib/python3.12/site-packages/oslo_config/cfg.py:3560}}
Aug 20 07:41:28.699562 np0000007856 nova-conductor[99097]: DEBUG cotyledon.oslo_config_glue [-] oslo_versionedobjects.fatal_exception_format_errors = False {{(pid=99097) log_opt_values /opt/stack/data/venv/lib/python3.12/site-packages/oslo_config/cfg.py:3560}}
Aug 20 07:41:28.699562 np0000007856 nova-conductor[99097]: DEBUG cotyledon.oslo_config_glue [-] oslo_middleware.http_basic_auth_user_file = /etc/htpasswd {{(pid=99097) log_opt_values /opt/stack/data/venv/lib/python3.12/site-packages/oslo_config/cfg.py:3560}}
Aug 20 07:41:28.699736 np0000007856 nova-conductor[99097]: DEBUG cotyledon.oslo_config_glue [-] profiler.connection_string = messaging:// {{(pid=99097) log_opt_values /opt/stack/data/venv/lib/python3.12/site-packages/oslo_config/cfg.py:3560}}
Aug 20 07:41:28.699736 np0000007856 nova-conductor[99097]: DEBUG cotyledon.oslo_config_glue [-] profiler.enabled = False {{(pid=99097) log_opt_values /opt/stack/data/venv/lib/python3.12/site-packages/oslo_config/cfg.py:3560}}
Aug 20 07:41:28.699736 np0000007856 nova-conductor[99097]: DEBUG cotyledon.oslo_config_glue [-] profiler.es_doc_type = notification {{(pid=99097) log_opt_values /opt/stack/data/venv/lib/python3.12/site-packages/oslo_config/cfg.py:3560}}
Aug 20 07:41:28.699736 np0000007856 nova-conductor[99097]: DEBUG cotyledon.oslo_config_glue [-] profiler.es_scroll_size = 10000 {{(pid=99097) log_opt_values /opt/stack/data/venv/lib/python3.12/site-packages/oslo_config/cfg.py:3560}}
Aug 20 07:41:28.699736 np0000007856 nova-conductor[99097]: DEBUG cotyledon.oslo_config_glue [-] profiler.es_scroll_time = 2m {{(pid=99097) log_opt_values /opt/stack/data/venv/lib/python3.12/site-packages/oslo_config/cfg.py:3560}}
Aug 20 07:41:28.699736 np0000007856 nova-conductor[99097]: DEBUG cotyledon.oslo_config_glue [-] profiler.filter_error_trace = False {{(pid=99097) log_opt_values /opt/stack/data/venv/lib/python3.12/site-packages/oslo_config/cfg.py:3560}}
Aug 20 07:41:28.699736 np0000007856 nova-conductor[99097]: DEBUG cotyledon.oslo_config_glue [-] profiler.hmac_keys = **** {{(pid=99097) log_opt_values /opt/stack/data/venv/lib/python3.12/site-packages/oslo_config/cfg.py:3560}}
Aug 20 07:41:28.699736 np0000007856 nova-conductor[99097]: DEBUG cotyledon.oslo_config_glue [-] profiler.sentinel_service_name = mymaster {{(pid=99097) log_opt_values /opt/stack/data/venv/lib/python3.12/site-packages/oslo_config/cfg.py:3560}}
Aug 20 07:41:28.699736 np0000007856 nova-conductor[99097]: DEBUG cotyledon.oslo_config_glue [-] profiler.socket_timeout = 0.1 {{(pid=99097) log_opt_values /opt/stack/data/venv/lib/python3.12/site-packages/oslo_config/cfg.py:3560}}
Aug 20 07:41:28.699901 np0000007856 nova-conductor[99097]: DEBUG cotyledon.oslo_config_glue [-] profiler.trace_requests = False {{(pid=99097) log_opt_values /opt/stack/data/venv/lib/python3.12/site-packages/oslo_config/cfg.py:3560}}
Aug 20 07:41:28.699901 np0000007856 nova-conductor[99097]: DEBUG cotyledon.oslo_config_glue [-] profiler.trace_sqlalchemy = False {{(pid=99097) log_opt_values /opt/stack/data/venv/lib/python3.12/site-packages/oslo_config/cfg.py:3560}}
Aug 20 07:41:28.699901 np0000007856 nova-conductor[99097]: DEBUG cotyledon.oslo_config_glue [-] profiler_jaeger.process_tags = {} {{(pid=99097) log_opt_values /opt/stack/data/venv/lib/python3.12/site-packages/oslo_config/cfg.py:3560}}
Aug 20 07:41:28.699901 np0000007856 nova-conductor[99097]: DEBUG cotyledon.oslo_config_glue [-] profiler_jaeger.service_name_prefix = None {{(pid=99097) log_opt_values /opt/stack/data/venv/lib/python3.12/site-packages/oslo_config/cfg.py:3560}}
Aug 20 07:41:28.699901 np0000007856 nova-conductor[99097]: DEBUG cotyledon.oslo_config_glue [-] profiler_otlp.service_name_prefix = None {{(pid=99097) log_opt_values /opt/stack/data/venv/lib/python3.12/site-packages/oslo_config/cfg.py:3560}}
Aug 20 07:41:28.699901 np0000007856 nova-conductor[99097]: DEBUG cotyledon.oslo_config_glue [-] oslo_messaging_rabbit.amqp_auto_delete = False {{(pid=99097) log_opt_values /opt/stack/data/venv/lib/python3.12/site-packages/oslo_config/cfg.py:3560}}
Aug 20 07:41:28.699901 np0000007856 nova-conductor[99097]: DEBUG cotyledon.oslo_config_glue [-] oslo_messaging_rabbit.amqp_durable_queues = False {{(pid=99097) log_opt_values /opt/stack/data/venv/lib/python3.12/site-packages/oslo_config/cfg.py:3560}}
Aug 20 07:41:28.699901 np0000007856 nova-conductor[99097]: DEBUG cotyledon.oslo_config_glue [-] oslo_messaging_rabbit.conn_pool_min_size = 2 {{(pid=99097) log_opt_values /opt/stack/data/venv/lib/python3.12/site-packages/oslo_config/cfg.py:3560}}
Aug 20 07:41:28.699901 np0000007856 nova-conductor[99097]: DEBUG cotyledon.oslo_config_glue [-] oslo_messaging_rabbit.conn_pool_ttl = 1200 {{(pid=99097) log_opt_values /opt/stack/data/venv/lib/python3.12/site-packages/oslo_config/cfg.py:3560}}
Aug 20 07:41:28.700058 np0000007856 nova-conductor[99097]: DEBUG cotyledon.oslo_config_glue [-] oslo_messaging_rabbit.direct_mandatory_flag = True {{(pid=99097) log_opt_values /opt/stack/data/venv/lib/python3.12/site-packages/oslo_config/cfg.py:3560}}
Aug 20 07:41:28.700058 np0000007856 nova-conductor[99097]: DEBUG cotyledon.oslo_config_glue [-] oslo_messaging_rabbit.enable_cancel_on_failover = False {{(pid=99097) log_opt_values /opt/stack/data/venv/lib/python3.12/site-packages/oslo_config/cfg.py:3560}}
Aug 20 07:41:28.700058 np0000007856 nova-conductor[99097]: DEBUG cotyledon.oslo_config_glue [-] oslo_messaging_rabbit.heartbeat_rate = 3 {{(pid=99097) log_opt_values /opt/stack/data/venv/lib/python3.12/site-packages/oslo_config/cfg.py:3560}}
Aug 20 07:41:28.700058 np0000007856 nova-conductor[99097]: DEBUG cotyledon.oslo_config_glue [-] oslo_messaging_rabbit.heartbeat_timeout_threshold = 60 {{(pid=99097) log_opt_values /opt/stack/data/venv/lib/python3.12/site-packages/oslo_config/cfg.py:3560}}
Aug 20 07:41:28.700058 np0000007856 nova-conductor[99097]: DEBUG cotyledon.oslo_config_glue [-] oslo_messaging_rabbit.hostname = np0000007856 {{(pid=99097) log_opt_values /opt/stack/data/venv/lib/python3.12/site-packages/oslo_config/cfg.py:3560}}
Aug 20 07:41:28.700058 np0000007856 nova-conductor[99097]: DEBUG cotyledon.oslo_config_glue [-] oslo_messaging_rabbit.kombu_compression = None {{(pid=99097) log_opt_values /opt/stack/data/venv/lib/python3.12/site-packages/oslo_config/cfg.py:3560}}
Aug 20 07:41:28.700058 np0000007856 nova-conductor[99097]: DEBUG cotyledon.oslo_config_glue [-] oslo_messaging_rabbit.kombu_failover_strategy = round-robin {{(pid=99097) log_opt_values /opt/stack/data/venv/lib/python3.12/site-packages/oslo_config/cfg.py:3560}}
Aug 20 07:41:28.700058 np0000007856 nova-conductor[99097]: DEBUG cotyledon.oslo_config_glue [-] oslo_messaging_rabbit.kombu_missing_consumer_retry_timeout = 60 {{(pid=99097) log_opt_values /opt/stack/data/venv/lib/python3.12/site-packages/oslo_config/cfg.py:3560}}
Aug 20 07:41:28.700058 np0000007856 nova-conductor[99097]: DEBUG cotyledon.oslo_config_glue [-] oslo_messaging_rabbit.kombu_reconnect_delay = 1.0 {{(pid=99097) log_opt_values /opt/stack/data/venv/lib/python3.12/site-packages/oslo_config/cfg.py:3560}}
Aug 20 07:41:28.700224 np0000007856 nova-conductor[99097]: DEBUG cotyledon.oslo_config_glue [-] oslo_messaging_rabbit.kombu_reconnect_splay = 0.0 {{(pid=99097) log_opt_values /opt/stack/data/venv/lib/python3.12/site-packages/oslo_config/cfg.py:3560}}
Aug 20 07:41:28.700224 np0000007856 nova-conductor[99097]: DEBUG cotyledon.oslo_config_glue [-] oslo_messaging_rabbit.processname = nova-conductor {{(pid=99097) log_opt_values /opt/stack/data/venv/lib/python3.12/site-packages/oslo_config/cfg.py:3560}}
Aug 20 07:41:28.700224 np0000007856 nova-conductor[99097]: DEBUG cotyledon.oslo_config_glue [-] oslo_messaging_rabbit.rabbit_ha_queues = False {{(pid=99097) log_opt_values /opt/stack/data/venv/lib/python3.12/site-packages/oslo_config/cfg.py:3560}}
Aug 20 07:41:28.700224 np0000007856 nova-conductor[99097]: DEBUG cotyledon.oslo_config_glue [-] oslo_messaging_rabbit.rabbit_interval_max = 30 {{(pid=99097) log_opt_values /opt/stack/data/venv/lib/python3.12/site-packages/oslo_config/cfg.py:3560}}
Aug 20 07:41:28.700224 np0000007856 nova-conductor[99097]: DEBUG cotyledon.oslo_config_glue [-] oslo_messaging_rabbit.rabbit_login_method = AMQPLAIN {{(pid=99097) log_opt_values /opt/stack/data/venv/lib/python3.12/site-packages/oslo_config/cfg.py:3560}}
Aug 20 07:41:28.700224 np0000007856 nova-conductor[99097]: DEBUG cotyledon.oslo_config_glue [-] oslo_messaging_rabbit.rabbit_qos_prefetch_count = 0 {{(pid=99097) log_opt_values /opt/stack/data/venv/lib/python3.12/site-packages/oslo_config/cfg.py:3560}}
Aug 20 07:41:28.700224 np0000007856 nova-conductor[99097]: DEBUG cotyledon.oslo_config_glue [-] oslo_messaging_rabbit.rabbit_quorum_delivery_limit = 0 {{(pid=99097) log_opt_values /opt/stack/data/venv/lib/python3.12/site-packages/oslo_config/cfg.py:3560}}
Aug 20 07:41:28.700224 np0000007856 nova-conductor[99097]: DEBUG cotyledon.oslo_config_glue [-] oslo_messaging_rabbit.rabbit_quorum_max_memory_bytes = 0 {{(pid=99097) log_opt_values /opt/stack/data/venv/lib/python3.12/site-packages/oslo_config/cfg.py:3560}}
Aug 20 07:41:28.700224 np0000007856 nova-conductor[99097]: DEBUG cotyledon.oslo_config_glue [-] oslo_messaging_rabbit.rabbit_quorum_max_memory_length = 0 {{(pid=99097) log_opt_values /opt/stack/data/venv/lib/python3.12/site-packages/oslo_config/cfg.py:3560}}
Aug 20 07:41:28.700384 np0000007856 nova-conductor[99097]: DEBUG cotyledon.oslo_config_glue [-] oslo_messaging_rabbit.rabbit_quorum_queue = False {{(pid=99097) log_opt_values /opt/stack/data/venv/lib/python3.12/site-packages/oslo_config/cfg.py:3560}}
Aug 20 07:41:28.700384 np0000007856 nova-conductor[99097]: DEBUG cotyledon.oslo_config_glue [-] oslo_messaging_rabbit.rabbit_retry_backoff = 2 {{(pid=99097) log_opt_values /opt/stack/data/venv/lib/python3.12/site-packages/oslo_config/cfg.py:3560}}
Aug 20 07:41:28.700384 np0000007856 nova-conductor[99097]: DEBUG cotyledon.oslo_config_glue [-] oslo_messaging_rabbit.rabbit_retry_interval = 1 {{(pid=99097) log_opt_values /opt/stack/data/venv/lib/python3.12/site-packages/oslo_config/cfg.py:3560}}
Aug 20 07:41:28.700384 np0000007856 nova-conductor[99097]: DEBUG cotyledon.oslo_config_glue [-] oslo_messaging_rabbit.rabbit_stream_fanout = False {{(pid=99097) log_opt_values /opt/stack/data/venv/lib/python3.12/site-packages/oslo_config/cfg.py:3560}}
Aug 20 07:41:28.700384 np0000007856 nova-conductor[99097]: DEBUG cotyledon.oslo_config_glue [-] oslo_messaging_rabbit.rabbit_transient_queues_ttl = 1800 {{(pid=99097) log_opt_values /opt/stack/data/venv/lib/python3.12/site-packages/oslo_config/cfg.py:3560}}
Aug 20 07:41:28.700384 np0000007856 nova-conductor[99097]: DEBUG cotyledon.oslo_config_glue [-] oslo_messaging_rabbit.rabbit_transient_quorum_queue = False {{(pid=99097) log_opt_values /opt/stack/data/venv/lib/python3.12/site-packages/oslo_config/cfg.py:3560}}
Aug 20 07:41:28.700384 np0000007856 nova-conductor[99097]: DEBUG cotyledon.oslo_config_glue [-] oslo_messaging_rabbit.rpc_conn_pool_size = 30 {{(pid=99097) log_opt_values /opt/stack/data/venv/lib/python3.12/site-packages/oslo_config/cfg.py:3560}}
Aug 20 07:41:28.700384 np0000007856 nova-conductor[99097]: DEBUG cotyledon.oslo_config_glue [-] oslo_messaging_rabbit.ssl = False {{(pid=99097) log_opt_values /opt/stack/data/venv/lib/python3.12/site-packages/oslo_config/cfg.py:3560}}
Aug 20 07:41:28.700601 np0000007856 nova-conductor[99081]: DEBUG oslo_db.sqlalchemy.engines [None req-f3ea93c4-bb40-4a4a-8c09-f2337b1d149f None None] MySQL server mode set to STRICT_TRANS_TABLES,STRICT_ALL_TABLES,NO_ZERO_IN_DATE,NO_ZERO_DATE,ERROR_FOR_DIVISION_BY_ZERO,TRADITIONAL,NO_ENGINE_SUBSTITUTION {{(pid=99081) _check_effective_sql_mode /opt/stack/data/venv/lib/python3.12/site-packages/oslo_db/sqlalchemy/engines.py:325}}
Aug 20 07:41:28.700633 np0000007856 nova-conductor[99097]: DEBUG cotyledon.oslo_config_glue [-] oslo_messaging_rabbit.ssl_ca_file = {{(pid=99097) log_opt_values /opt/stack/data/venv/lib/python3.12/site-packages/oslo_config/cfg.py:3560}}
Aug 20 07:41:28.700633 np0000007856 nova-conductor[99097]: DEBUG cotyledon.oslo_config_glue [-] oslo_messaging_rabbit.ssl_cert_file = {{(pid=99097) log_opt_values /opt/stack/data/venv/lib/python3.12/site-packages/oslo_config/cfg.py:3560}}
Aug 20 07:41:28.700633 np0000007856 nova-conductor[99097]: DEBUG cotyledon.oslo_config_glue [-] oslo_messaging_rabbit.ssl_enforce_fips_mode = False {{(pid=99097) log_opt_values /opt/stack/data/venv/lib/python3.12/site-packages/oslo_config/cfg.py:3560}}
Aug 20 07:41:28.700633 np0000007856 nova-conductor[99097]: DEBUG cotyledon.oslo_config_glue [-] oslo_messaging_rabbit.ssl_enforce_hostname_verification = True {{(pid=99097) log_opt_values /opt/stack/data/venv/lib/python3.12/site-packages/oslo_config/cfg.py:3560}}
Aug 20 07:41:28.700633 np0000007856 nova-conductor[99097]: DEBUG cotyledon.oslo_config_glue [-] oslo_messaging_rabbit.ssl_key_file = {{(pid=99097) log_opt_values /opt/stack/data/venv/lib/python3.12/site-packages/oslo_config/cfg.py:3560}}
Aug 20 07:41:28.700633 np0000007856 nova-conductor[99097]: DEBUG cotyledon.oslo_config_glue [-] oslo_messaging_rabbit.ssl_version = {{(pid=99097) log_opt_values /opt/stack/data/venv/lib/python3.12/site-packages/oslo_config/cfg.py:3560}}
Aug 20 07:41:28.700633 np0000007856 nova-conductor[99097]: DEBUG cotyledon.oslo_config_glue [-] oslo_messaging_rabbit.use_queue_manager = False {{(pid=99097) log_opt_values /opt/stack/data/venv/lib/python3.12/site-packages/oslo_config/cfg.py:3560}}
Aug 20 07:41:28.700633 np0000007856 nova-conductor[99097]: DEBUG cotyledon.oslo_config_glue [-] oslo_messaging_notifications.driver = ['messagingv2'] {{(pid=99097) log_opt_values /opt/stack/data/venv/lib/python3.12/site-packages/oslo_config/cfg.py:3560}}
Aug 20 07:41:28.700633 np0000007856 nova-conductor[99097]: DEBUG cotyledon.oslo_config_glue [-] oslo_messaging_notifications.retry = -1 {{(pid=99097) log_opt_values /opt/stack/data/venv/lib/python3.12/site-packages/oslo_config/cfg.py:3560}}
Aug 20 07:41:28.700817 np0000007856 nova-conductor[99097]: DEBUG cotyledon.oslo_config_glue [-] oslo_messaging_notifications.topics = ['notifications'] {{(pid=99097) log_opt_values /opt/stack/data/venv/lib/python3.12/site-packages/oslo_config/cfg.py:3560}}
Aug 20 07:41:28.700817 np0000007856 nova-conductor[99097]: DEBUG cotyledon.oslo_config_glue [-] oslo_messaging_notifications.transport_url = **** {{(pid=99097) log_opt_values /opt/stack/data/venv/lib/python3.12/site-packages/oslo_config/cfg.py:3560}}
Aug 20 07:41:28.700817 np0000007856 nova-conductor[99097]: DEBUG cotyledon.oslo_config_glue [-] oslo_limit.auth_section = None {{(pid=99097) log_opt_values /opt/stack/data/venv/lib/python3.12/site-packages/oslo_config/cfg.py:3560}}
Aug 20 07:41:28.700817 np0000007856 nova-conductor[99097]: DEBUG cotyledon.oslo_config_glue [-] oslo_limit.auth_type = None {{(pid=99097) log_opt_values /opt/stack/data/venv/lib/python3.12/site-packages/oslo_config/cfg.py:3560}}
Aug 20 07:41:28.700817 np0000007856 nova-conductor[99097]: DEBUG cotyledon.oslo_config_glue [-] oslo_limit.cafile = None {{(pid=99097) log_opt_values /opt/stack/data/venv/lib/python3.12/site-packages/oslo_config/cfg.py:3560}}
Aug 20 07:41:28.700817 np0000007856 nova-conductor[99097]: DEBUG cotyledon.oslo_config_glue [-] oslo_limit.certfile = None {{(pid=99097) log_opt_values /opt/stack/data/venv/lib/python3.12/site-packages/oslo_config/cfg.py:3560}}
Aug 20 07:41:28.700817 np0000007856 nova-conductor[99097]: DEBUG cotyledon.oslo_config_glue [-] oslo_limit.collect_timing = False {{(pid=99097) log_opt_values /opt/stack/data/venv/lib/python3.12/site-packages/oslo_config/cfg.py:3560}}
Aug 20 07:41:28.700817 np0000007856 nova-conductor[99097]: DEBUG cotyledon.oslo_config_glue [-] oslo_limit.connect_retries = None {{(pid=99097) log_opt_values /opt/stack/data/venv/lib/python3.12/site-packages/oslo_config/cfg.py:3560}}
Aug 20 07:41:28.700817 np0000007856 nova-conductor[99097]: DEBUG cotyledon.oslo_config_glue [-] oslo_limit.connect_retry_delay = None {{(pid=99097) log_opt_values /opt/stack/data/venv/lib/python3.12/site-packages/oslo_config/cfg.py:3560}}
Aug 20 07:41:28.701013 np0000007856 nova-conductor[99097]: DEBUG cotyledon.oslo_config_glue [-] oslo_limit.endpoint_id = None {{(pid=99097) log_opt_values /opt/stack/data/venv/lib/python3.12/site-packages/oslo_config/cfg.py:3560}}
Aug 20 07:41:28.701013 np0000007856 nova-conductor[99097]: DEBUG cotyledon.oslo_config_glue [-] oslo_limit.endpoint_interface = public {{(pid=99097) log_opt_values /opt/stack/data/venv/lib/python3.12/site-packages/oslo_config/cfg.py:3560}}
Aug 20 07:41:28.701013 np0000007856 nova-conductor[99097]: DEBUG cotyledon.oslo_config_glue [-] oslo_limit.endpoint_override = None {{(pid=99097) log_opt_values /opt/stack/data/venv/lib/python3.12/site-packages/oslo_config/cfg.py:3560}}
Aug 20 07:41:28.701013 np0000007856 nova-conductor[99097]: DEBUG cotyledon.oslo_config_glue [-] oslo_limit.endpoint_region_name = None {{(pid=99097) log_opt_values /opt/stack/data/venv/lib/python3.12/site-packages/oslo_config/cfg.py:3560}}
Aug 20 07:41:28.701013 np0000007856 nova-conductor[99097]: DEBUG cotyledon.oslo_config_glue [-] oslo_limit.endpoint_service_name = None {{(pid=99097) log_opt_values /opt/stack/data/venv/lib/python3.12/site-packages/oslo_config/cfg.py:3560}}
Aug 20 07:41:28.701013 np0000007856 nova-conductor[99097]: DEBUG cotyledon.oslo_config_glue [-] oslo_limit.endpoint_service_type = None {{(pid=99097) log_opt_values /opt/stack/data/venv/lib/python3.12/site-packages/oslo_config/cfg.py:3560}}
Aug 20 07:41:28.701013 np0000007856 nova-conductor[99097]: DEBUG cotyledon.oslo_config_glue [-] oslo_limit.insecure = False {{(pid=99097) log_opt_values /opt/stack/data/venv/lib/python3.12/site-packages/oslo_config/cfg.py:3560}}
Aug 20 07:41:28.701013 np0000007856 nova-conductor[99097]: DEBUG cotyledon.oslo_config_glue [-] oslo_limit.keyfile = None {{(pid=99097) log_opt_values /opt/stack/data/venv/lib/python3.12/site-packages/oslo_config/cfg.py:3560}}
Aug 20 07:41:28.701013 np0000007856 nova-conductor[99097]: DEBUG cotyledon.oslo_config_glue [-] oslo_limit.max_version = None {{(pid=99097) log_opt_values /opt/stack/data/venv/lib/python3.12/site-packages/oslo_config/cfg.py:3560}}
Aug 20 07:41:28.701164 np0000007856 nova-conductor[99097]: DEBUG cotyledon.oslo_config_glue [-] oslo_limit.min_version = None {{(pid=99097) log_opt_values /opt/stack/data/venv/lib/python3.12/site-packages/oslo_config/cfg.py:3560}}
Aug 20 07:41:28.701164 np0000007856 nova-conductor[99097]: DEBUG cotyledon.oslo_config_glue [-] oslo_limit.region_name = None {{(pid=99097) log_opt_values /opt/stack/data/venv/lib/python3.12/site-packages/oslo_config/cfg.py:3560}}
Aug 20 07:41:28.701164 np0000007856 nova-conductor[99097]: DEBUG cotyledon.oslo_config_glue [-] oslo_limit.retriable_status_codes = None {{(pid=99097) log_opt_values /opt/stack/data/venv/lib/python3.12/site-packages/oslo_config/cfg.py:3560}}
Aug 20 07:41:28.701164 np0000007856 nova-conductor[99097]: DEBUG cotyledon.oslo_config_glue [-] oslo_limit.service_name = None {{(pid=99097) log_opt_values /opt/stack/data/venv/lib/python3.12/site-packages/oslo_config/cfg.py:3560}}
Aug 20 07:41:28.701164 np0000007856 nova-conductor[99097]: DEBUG cotyledon.oslo_config_glue [-] oslo_limit.service_type = None {{(pid=99097) log_opt_values /opt/stack/data/venv/lib/python3.12/site-packages/oslo_config/cfg.py:3560}}
Aug 20 07:41:28.701164 np0000007856 nova-conductor[99097]: DEBUG cotyledon.oslo_config_glue [-] oslo_limit.split_loggers = False {{(pid=99097) log_opt_values /opt/stack/data/venv/lib/python3.12/site-packages/oslo_config/cfg.py:3560}}
Aug 20 07:41:28.701164 np0000007856 nova-conductor[99097]: DEBUG cotyledon.oslo_config_glue [-] oslo_limit.status_code_retries = None {{(pid=99097) log_opt_values /opt/stack/data/venv/lib/python3.12/site-packages/oslo_config/cfg.py:3560}}
Aug 20 07:41:28.701164 np0000007856 nova-conductor[99097]: DEBUG cotyledon.oslo_config_glue [-] oslo_limit.status_code_retry_delay = None {{(pid=99097) log_opt_values /opt/stack/data/venv/lib/python3.12/site-packages/oslo_config/cfg.py:3560}}
Aug 20 07:41:28.701164 np0000007856 nova-conductor[99097]: DEBUG cotyledon.oslo_config_glue [-] oslo_limit.timeout = None {{(pid=99097) log_opt_values /opt/stack/data/venv/lib/python3.12/site-packages/oslo_config/cfg.py:3560}}
Aug 20 07:41:28.701313 np0000007856 nova-conductor[99097]: DEBUG cotyledon.oslo_config_glue [-] oslo_limit.valid_interfaces = None {{(pid=99097) log_opt_values /opt/stack/data/venv/lib/python3.12/site-packages/oslo_config/cfg.py:3560}}
Aug 20 07:41:28.701313 np0000007856 nova-conductor[99097]: DEBUG cotyledon.oslo_config_glue [-] oslo_limit.version = None {{(pid=99097) log_opt_values /opt/stack/data/venv/lib/python3.12/site-packages/oslo_config/cfg.py:3560}}
Aug 20 07:41:28.701313 np0000007856 nova-conductor[99097]: DEBUG cotyledon.oslo_config_glue [-] oslo_reports.file_event_handler = None {{(pid=99097) log_opt_values /opt/stack/data/venv/lib/python3.12/site-packages/oslo_config/cfg.py:3560}}
Aug 20 07:41:28.701313 np0000007856 nova-conductor[99097]: DEBUG cotyledon.oslo_config_glue [-] oslo_reports.file_event_handler_interval = 1 {{(pid=99097) log_opt_values /opt/stack/data/venv/lib/python3.12/site-packages/oslo_config/cfg.py:3560}}
Aug 20 07:41:28.701313 np0000007856 nova-conductor[99097]: DEBUG cotyledon.oslo_config_glue [-] oslo_reports.log_dir = None {{(pid=99097) log_opt_values /opt/stack/data/venv/lib/python3.12/site-packages/oslo_config/cfg.py:3560}}
Aug 20 07:41:28.701313 np0000007856 nova-conductor[99097]: DEBUG cotyledon.oslo_config_glue [-] ******************************************************************************** {{(pid=99097) log_opt_values /opt/stack/data/venv/lib/python3.12/site-packages/oslo_config/cfg.py:3567}}
Aug 20 07:41:28.701313 np0000007856 nova-conductor[99097]: DEBUG cotyledon._service_worker [-] Run service ServiceWrapper(3) [99097] {{(pid=99097) wait_forever /opt/stack/data/venv/lib/python3.12/site-packages/cotyledon/_service_worker.py:218}}
Aug 20 07:41:28.701313 np0000007856 nova-conductor[99097]: INFO nova.service [-] Starting conductor node (version 33.1.0)
Aug 20 07:41:28.701313 np0000007856 nova-conductor[99097]: INFO dbcounter [None req-17d5bf1b-d679-4f4d-b87c-a8f904c585b1 None None] Registered counter for database nova_cell0
Aug 20 07:41:28.701584 np0000007856 nova-conductor[99081]: DEBUG dbcounter [-] [99081] Writer thread running {{(pid=99081) stat_writer /opt/stack/data/venv/lib/python3.12/site-packages/dbcounter.py:102}}
Aug 20 07:41:28.701584 np0000007856 nova-conductor[99081]: DEBUG nova.service [None req-f3ea93c4-bb40-4a4a-8c09-f2337b1d149f None None] Creating RPC server for service: nova-conductor on topic: conductor {{(pid=99081) start /opt/stack/nova/nova/service.py:262}}
Aug 20 07:41:28.702909 np0000007856 nova-conductor[99093]: DEBUG oslo_db.sqlalchemy.engines [None req-4f743948-9dc2-4da6-ab26-ecf66ccf1a6f None None] MySQL server mode set to STRICT_TRANS_TABLES,STRICT_ALL_TABLES,NO_ZERO_IN_DATE,NO_ZERO_DATE,ERROR_FOR_DIVISION_BY_ZERO,TRADITIONAL,NO_ENGINE_SUBSTITUTION {{(pid=99093) _check_effective_sql_mode /opt/stack/data/venv/lib/python3.12/site-packages/oslo_db/sqlalchemy/engines.py:325}}
Aug 20 07:41:28.716291 np0000007856 nova-conductor[99093]: DEBUG dbcounter [-] [99093] Writer thread running {{(pid=99093) stat_writer /opt/stack/data/venv/lib/python3.12/site-packages/dbcounter.py:102}}
Aug 20 07:41:28.717142 np0000007856 nova-conductor[99087]: DEBUG oslo_db.sqlalchemy.engines [None req-6b6a7999-3f72-47fa-9b03-f51d6becdcaa None None] MySQL server mode set to STRICT_TRANS_TABLES,STRICT_ALL_TABLES,NO_ZERO_IN_DATE,NO_ZERO_DATE,ERROR_FOR_DIVISION_BY_ZERO,TRADITIONAL,NO_ENGINE_SUBSTITUTION {{(pid=99087) _check_effective_sql_mode /opt/stack/data/venv/lib/python3.12/site-packages/oslo_db/sqlalchemy/engines.py:325}}
Aug 20 07:41:28.719956 np0000007856 nova-conductor[99093]: DEBUG nova.service [None req-4f743948-9dc2-4da6-ab26-ecf66ccf1a6f None None] Creating RPC server for service: nova-conductor on topic: conductor {{(pid=99093) start /opt/stack/nova/nova/service.py:262}}
Aug 20 07:41:28.726592 np0000007856 nova-conductor[99087]: DEBUG dbcounter [-] [99087] Writer thread running {{(pid=99087) stat_writer /opt/stack/data/venv/lib/python3.12/site-packages/dbcounter.py:102}}
Aug 20 07:41:28.726857 np0000007856 nova-conductor[99081]: DEBUG nova.service [None req-f3ea93c4-bb40-4a4a-8c09-f2337b1d149f None None] Join ServiceGroup membership for this service conductor {{(pid=99081) start /opt/stack/nova/nova/service.py:288}}
Aug 20 07:41:28.727060 np0000007856 nova-conductor[99081]: DEBUG nova.servicegroup.drivers.db [None req-f3ea93c4-bb40-4a4a-8c09-f2337b1d149f None None] DB_Driver: join new ServiceGroup member np0000007856 to the conductor group, service = {{(pid=99081) join /opt/stack/nova/nova/servicegroup/drivers/db.py:44}}
Aug 20 07:41:28.729467 np0000007856 nova-conductor[99087]: DEBUG nova.service [None req-6b6a7999-3f72-47fa-9b03-f51d6becdcaa None None] Creating RPC server for service: nova-conductor on topic: conductor {{(pid=99087) start /opt/stack/nova/nova/service.py:262}}
Aug 20 07:41:28.731604 np0000007856 nova-conductor[99097]: DEBUG oslo_db.sqlalchemy.engines [None req-17d5bf1b-d679-4f4d-b87c-a8f904c585b1 None None] MySQL server mode set to STRICT_TRANS_TABLES,STRICT_ALL_TABLES,NO_ZERO_IN_DATE,NO_ZERO_DATE,ERROR_FOR_DIVISION_BY_ZERO,TRADITIONAL,NO_ENGINE_SUBSTITUTION {{(pid=99097) _check_effective_sql_mode /opt/stack/data/venv/lib/python3.12/site-packages/oslo_db/sqlalchemy/engines.py:325}}
Aug 20 07:41:28.738931 np0000007856 nova-conductor[99093]: DEBUG nova.service [None req-4f743948-9dc2-4da6-ab26-ecf66ccf1a6f None None] Join ServiceGroup membership for this service conductor {{(pid=99093) start /opt/stack/nova/nova/service.py:288}}
Aug 20 07:41:28.739148 np0000007856 nova-conductor[99093]: DEBUG nova.servicegroup.drivers.db [None req-4f743948-9dc2-4da6-ab26-ecf66ccf1a6f None None] DB_Driver: join new ServiceGroup member np0000007856 to the conductor group, service = {{(pid=99093) join /opt/stack/nova/nova/servicegroup/drivers/db.py:44}}
Aug 20 07:41:28.743182 np0000007856 nova-conductor[99097]: DEBUG dbcounter [-] [99097] Writer thread running {{(pid=99097) stat_writer /opt/stack/data/venv/lib/python3.12/site-packages/dbcounter.py:102}}
Aug 20 07:41:28.746089 np0000007856 nova-conductor[99097]: DEBUG nova.service [None req-17d5bf1b-d679-4f4d-b87c-a8f904c585b1 None None] Creating RPC server for service: nova-conductor on topic: conductor {{(pid=99097) start /opt/stack/nova/nova/service.py:262}}
Aug 20 07:41:28.747484 np0000007856 nova-conductor[99087]: DEBUG nova.service [None req-6b6a7999-3f72-47fa-9b03-f51d6becdcaa None None] Join ServiceGroup membership for this service conductor {{(pid=99087) start /opt/stack/nova/nova/service.py:288}}
Aug 20 07:41:28.747484 np0000007856 nova-conductor[99087]: DEBUG nova.servicegroup.drivers.db [None req-6b6a7999-3f72-47fa-9b03-f51d6becdcaa None None] DB_Driver: join new ServiceGroup member np0000007856 to the conductor group, service = {{(pid=99087) join /opt/stack/nova/nova/servicegroup/drivers/db.py:44}}
Aug 20 07:41:28.761480 np0000007856 nova-conductor[99097]: DEBUG nova.service [None req-17d5bf1b-d679-4f4d-b87c-a8f904c585b1 None None] Join ServiceGroup membership for this service conductor {{(pid=99097) start /opt/stack/nova/nova/service.py:288}}
Aug 20 07:41:28.761685 np0000007856 nova-conductor[99097]: DEBUG nova.servicegroup.drivers.db [None req-17d5bf1b-d679-4f4d-b87c-a8f904c585b1 None None] DB_Driver: join new ServiceGroup member np0000007856 to the conductor group, service = {{(pid=99097) join /opt/stack/nova/nova/servicegroup/drivers/db.py:44}}
Aug 20 07:41:33.742669 np0000007856 nova-conductor[99093]: DEBUG oslo.service.backend._threading.loopingcall [None req-19656392-3131-4727-8256-a9d8a22ab019 None None] Dynamic interval looping call 'nova.service.Service.periodic_tasks' sleeping for 60.00 seconds {{(pid=99093) _run_loop /opt/stack/data/venv/lib/python3.12/site-packages/oslo_service/backend/_threading/loopingcall.py:125}}
Aug 20 07:41:33.745188 np0000007856 nova-conductor[99081]: DEBUG oslo.service.backend._threading.loopingcall [-] Fixed interval looping call 'nova.servicegroup.drivers.db.DbDriver._report_state' sleeping for 119.98 seconds {{(pid=99081) _run_loop /opt/stack/data/venv/lib/python3.12/site-packages/oslo_service/backend/_threading/loopingcall.py:125}}
Aug 20 07:41:33.751287 np0000007856 nova-conductor[99093]: DEBUG oslo.service.backend._threading.loopingcall [-] Fixed interval looping call 'nova.servicegroup.drivers.db.DbDriver._report_state' sleeping for 119.99 seconds {{(pid=99093) _run_loop /opt/stack/data/venv/lib/python3.12/site-packages/oslo_service/backend/_threading/loopingcall.py:125}}
Aug 20 07:41:33.761029 np0000007856 nova-conductor[99087]: DEBUG oslo.service.backend._threading.loopingcall [-] Fixed interval looping call 'nova.servicegroup.drivers.db.DbDriver._report_state' sleeping for 119.99 seconds {{(pid=99087) _run_loop /opt/stack/data/venv/lib/python3.12/site-packages/oslo_service/backend/_threading/loopingcall.py:125}}
Aug 20 07:41:33.772108 np0000007856 nova-conductor[99097]: DEBUG oslo.service.backend._threading.loopingcall [-] Fixed interval looping call 'nova.servicegroup.drivers.db.DbDriver._report_state' sleeping for 119.99 seconds {{(pid=99097) _run_loop /opt/stack/data/venv/lib/python3.12/site-packages/oslo_service/backend/_threading/loopingcall.py:125}}
Aug 20 07:41:37.313657 np0000007856 nova-conductor[97585]: DEBUG dbcounter [-] [97585] Writing DB stats nova_api:SELECT=1 {{(pid=97585) stat_writer /opt/stack/data/venv/lib/python3.12/site-packages/dbcounter.py:115}}
Aug 20 07:41:37.440823 np0000007856 nova-conductor[97585]: DEBUG dbcounter [-] [97585] Writing DB stats nova_cell0:SELECT=1 {{(pid=97585) stat_writer /opt/stack/data/venv/lib/python3.12/site-packages/dbcounter.py:115}}
Aug 20 07:41:37.444976 np0000007856 nova-conductor[97585]: DEBUG dbcounter [-] [97585] Writing DB stats nova_cell1:SELECT=1 {{(pid=97585) stat_writer /opt/stack/data/venv/lib/python3.12/site-packages/dbcounter.py:115}}
Aug 20 07:41:43.739643 np0000007856 nova-conductor[99081]: DEBUG dbcounter [-] [99081] Writing DB stats nova_cell0:SELECT=4,nova_cell0:INSERT=1,nova_cell0:UPDATE=1 {{(pid=99081) stat_writer /opt/stack/data/venv/lib/python3.12/site-packages/dbcounter.py:115}}
Aug 20 07:41:43.748476 np0000007856 nova-conductor[99093]: DEBUG dbcounter [-] [99093] Writing DB stats nova_cell0:SELECT=3 {{(pid=99093) stat_writer /opt/stack/data/venv/lib/python3.12/site-packages/dbcounter.py:115}}
Aug 20 07:41:43.757772 np0000007856 nova-conductor[99087]: DEBUG dbcounter [-] [99087] Writing DB stats nova_cell0:SELECT=3 {{(pid=99087) stat_writer /opt/stack/data/venv/lib/python3.12/site-packages/dbcounter.py:115}}
Aug 20 07:41:43.769655 np0000007856 nova-conductor[99097]: DEBUG dbcounter [-] [99097] Writing DB stats nova_cell0:SELECT=3 {{(pid=99097) stat_writer /opt/stack/data/venv/lib/python3.12/site-packages/dbcounter.py:115}}
Aug 20 07:41:58.749752 np0000007856 nova-conductor[99087]: DEBUG oslo.service.backend._threading.loopingcall [None req-f3e551f1-190d-4c74-b018-7d3fa0a298e2 None None] Dynamic interval looping call 'nova.service.Service.periodic_tasks' sleeping for 60.00 seconds {{(pid=99087) _run_loop /opt/stack/data/venv/lib/python3.12/site-packages/oslo_service/backend/_threading/loopingcall.py:125}}
Aug 20 07:42:05.729089 np0000007856 nova-conductor[99081]: DEBUG oslo.service.backend._threading.loopingcall [None req-3d3d17f7-88aa-4ecc-9d0a-f637f84d508e None None] Dynamic interval looping call 'nova.service.Service.periodic_tasks' sleeping for 60.00 seconds {{(pid=99081) _run_loop /opt/stack/data/venv/lib/python3.12/site-packages/oslo_service/backend/_threading/loopingcall.py:125}}
Aug 20 07:42:08.763598 np0000007856 nova-conductor[99097]: DEBUG oslo.service.backend._threading.loopingcall [None req-692a6236-9415-4b4c-9583-e26e809616cf None None] Dynamic interval looping call 'nova.service.Service.periodic_tasks' sleeping for 60.00 seconds {{(pid=99097) _run_loop /opt/stack/data/venv/lib/python3.12/site-packages/oslo_service/backend/_threading/loopingcall.py:125}}
Aug 20 07:42:33.743226 np0000007856 nova-conductor[99093]: DEBUG oslo.service.backend._threading.loopingcall [None req-19656392-3131-4727-8256-a9d8a22ab019 None None] Dynamic interval looping call 'nova.service.Service.periodic_tasks' sleeping for 60.00 seconds {{(pid=99093) _run_loop /opt/stack/data/venv/lib/python3.12/site-packages/oslo_service/backend/_threading/loopingcall.py:125}}
Aug 20 07:42:58.750377 np0000007856 nova-conductor[99087]: DEBUG oslo.service.backend._threading.loopingcall [None req-f3e551f1-190d-4c74-b018-7d3fa0a298e2 None None] Dynamic interval looping call 'nova.service.Service.periodic_tasks' sleeping for 60.00 seconds {{(pid=99087) _run_loop /opt/stack/data/venv/lib/python3.12/site-packages/oslo_service/backend/_threading/loopingcall.py:125}}
Aug 20 07:43:05.729682 np0000007856 nova-conductor[99081]: DEBUG oslo.service.backend._threading.loopingcall [None req-3d3d17f7-88aa-4ecc-9d0a-f637f84d508e None None] Dynamic interval looping call 'nova.service.Service.periodic_tasks' sleeping for 60.00 seconds {{(pid=99081) _run_loop /opt/stack/data/venv/lib/python3.12/site-packages/oslo_service/backend/_threading/loopingcall.py:125}}
Aug 20 07:43:08.764136 np0000007856 nova-conductor[99097]: DEBUG oslo.service.backend._threading.loopingcall [None req-692a6236-9415-4b4c-9583-e26e809616cf None None] Dynamic interval looping call 'nova.service.Service.periodic_tasks' sleeping for 60.00 seconds {{(pid=99097) _run_loop /opt/stack/data/venv/lib/python3.12/site-packages/oslo_service/backend/_threading/loopingcall.py:125}}
Aug 20 07:43:33.736818 np0000007856 nova-conductor[99081]: DEBUG oslo.service.backend._threading.loopingcall [-] Fixed interval looping call 'nova.servicegroup.drivers.db.DbDriver._report_state' sleeping for 119.99 seconds {{(pid=99081) _run_loop /opt/stack/data/venv/lib/python3.12/site-packages/oslo_service/backend/_threading/loopingcall.py:125}}
Aug 20 07:43:33.744237 np0000007856 nova-conductor[99093]: DEBUG oslo.service.backend._threading.loopingcall [None req-19656392-3131-4727-8256-a9d8a22ab019 None None] Dynamic interval looping call 'nova.service.Service.periodic_tasks' sleeping for 60.00 seconds {{(pid=99093) _run_loop /opt/stack/data/venv/lib/python3.12/site-packages/oslo_service/backend/_threading/loopingcall.py:125}}
Aug 20 07:43:33.746393 np0000007856 nova-conductor[99093]: DEBUG oslo.service.backend._threading.loopingcall [-] Fixed interval looping call 'nova.servicegroup.drivers.db.DbDriver._report_state' sleeping for 120.00 seconds {{(pid=99093) _run_loop /opt/stack/data/venv/lib/python3.12/site-packages/oslo_service/backend/_threading/loopingcall.py:125}}
Aug 20 07:43:33.755979 np0000007856 nova-conductor[99087]: DEBUG oslo.service.backend._threading.loopingcall [-] Fixed interval looping call 'nova.servicegroup.drivers.db.DbDriver._report_state' sleeping for 120.00 seconds {{(pid=99087) _run_loop /opt/stack/data/venv/lib/python3.12/site-packages/oslo_service/backend/_threading/loopingcall.py:125}}
Aug 20 07:43:33.767669 np0000007856 nova-conductor[99097]: DEBUG oslo.service.backend._threading.loopingcall [-] Fixed interval looping call 'nova.servicegroup.drivers.db.DbDriver._report_state' sleeping for 120.00 seconds {{(pid=99097) _run_loop /opt/stack/data/venv/lib/python3.12/site-packages/oslo_service/backend/_threading/loopingcall.py:125}}
Aug 20 07:43:43.729008 np0000007856 nova-conductor[99081]: DEBUG dbcounter [-] [99081] Writing DB stats nova_cell0:SELECT=1,nova_cell0:UPDATE=1 {{(pid=99081) stat_writer /opt/stack/data/venv/lib/python3.12/site-packages/dbcounter.py:115}}
Aug 20 07:43:43.744723 np0000007856 nova-conductor[99093]: DEBUG dbcounter [-] [99093] Writing DB stats nova_cell0:SELECT=1 {{(pid=99093) stat_writer /opt/stack/data/venv/lib/python3.12/site-packages/dbcounter.py:115}}
Aug 20 07:43:43.753421 np0000007856 nova-conductor[99087]: DEBUG dbcounter [-] [99087] Writing DB stats nova_cell0:SELECT=1 {{(pid=99087) stat_writer /opt/stack/data/venv/lib/python3.12/site-packages/dbcounter.py:115}}
Aug 20 07:43:43.764523 np0000007856 nova-conductor[99097]: DEBUG dbcounter [-] [99097] Writing DB stats nova_cell0:SELECT=1 {{(pid=99097) stat_writer /opt/stack/data/venv/lib/python3.12/site-packages/dbcounter.py:115}}
Aug 20 07:43:45.778131 np0000007856 nova-conductor[99081]: DEBUG oslo_db.sqlalchemy.engines [None req-7f12bd99-3fa7-48b4-bf5b-b3fd93a07eeb tempest-ServerBootFromVolumeStableRescueTest-92037112 tempest-ServerBootFromVolumeStableRescueTest-92037112-project-member] Parent process 97585 forked (99081) with an open database connection, which is being discarded and recreated. {{(pid=99081) checkout /opt/stack/data/venv/lib/python3.12/site-packages/oslo_db/sqlalchemy/engines.py:402}}
Aug 20 07:43:45.831423 np0000007856 nova-conductor[99081]: DEBUG dbcounter [-] [99081] Writer thread running {{(pid=99081) stat_writer /opt/stack/data/venv/lib/python3.12/site-packages/dbcounter.py:102}}
Aug 20 07:43:47.049629 np0000007856 nova-conductor[99081]: DEBUG nova.conductor.manager [None req-7f12bd99-3fa7-48b4-bf5b-b3fd93a07eeb tempest-ServerBootFromVolumeStableRescueTest-92037112 tempest-ServerBootFromVolumeStableRescueTest-92037112-project-member] Took 1.21 seconds to select destinations for 1 instance(s). {{(pid=99081) _schedule_instances /opt/stack/nova/nova/conductor/manager.py:956}}
Aug 20 07:43:47.077705 np0000007856 nova-conductor[99081]: DEBUG oslo_concurrency.lockutils [None req-7f12bd99-3fa7-48b4-bf5b-b3fd93a07eeb tempest-ServerBootFromVolumeStableRescueTest-92037112 tempest-ServerBootFromVolumeStableRescueTest-92037112-project-member] Acquiring lock "864407d2-ce32-4385-ac5d-139e467e59fb" by "nova.context.set_target_cell..get_or_set_cached_cell_and_set_connections" {{(pid=99081) inner /opt/stack/data/venv/lib/python3.12/site-packages/oslo_concurrency/lockutils.py:512}}
Aug 20 07:43:47.077841 np0000007856 nova-conductor[99081]: DEBUG oslo_concurrency.lockutils [None req-7f12bd99-3fa7-48b4-bf5b-b3fd93a07eeb tempest-ServerBootFromVolumeStableRescueTest-92037112 tempest-ServerBootFromVolumeStableRescueTest-92037112-project-member] Lock "864407d2-ce32-4385-ac5d-139e467e59fb" acquired by "nova.context.set_target_cell..get_or_set_cached_cell_and_set_connections" :: waited 0.000s {{(pid=99081) inner /opt/stack/data/venv/lib/python3.12/site-packages/oslo_concurrency/lockutils.py:525}}
Aug 20 07:43:47.079732 np0000007856 nova-conductor[99081]: DEBUG oslo_concurrency.lockutils [None req-7f12bd99-3fa7-48b4-bf5b-b3fd93a07eeb tempest-ServerBootFromVolumeStableRescueTest-92037112 tempest-ServerBootFromVolumeStableRescueTest-92037112-project-member] Lock "864407d2-ce32-4385-ac5d-139e467e59fb" "released" by "nova.context.set_target_cell..get_or_set_cached_cell_and_set_connections" :: held 0.001s {{(pid=99081) inner /opt/stack/data/venv/lib/python3.12/site-packages/oslo_concurrency/lockutils.py:544}}
Aug 20 07:43:47.082123 np0000007856 nova-conductor[99081]: INFO dbcounter [None req-7f12bd99-3fa7-48b4-bf5b-b3fd93a07eeb tempest-ServerBootFromVolumeStableRescueTest-92037112 tempest-ServerBootFromVolumeStableRescueTest-92037112-project-member] Registered counter for database nova_cell1
Aug 20 07:43:47.130309 np0000007856 nova-conductor[99081]: DEBUG oslo_db.sqlalchemy.engines [None req-7f12bd99-3fa7-48b4-bf5b-b3fd93a07eeb tempest-ServerBootFromVolumeStableRescueTest-92037112 tempest-ServerBootFromVolumeStableRescueTest-92037112-project-member] MySQL server mode set to STRICT_TRANS_TABLES,STRICT_ALL_TABLES,NO_ZERO_IN_DATE,NO_ZERO_DATE,ERROR_FOR_DIVISION_BY_ZERO,TRADITIONAL,NO_ENGINE_SUBSTITUTION {{(pid=99081) _check_effective_sql_mode /opt/stack/data/venv/lib/python3.12/site-packages/oslo_db/sqlalchemy/engines.py:325}}
Aug 20 07:43:47.137846 np0000007856 nova-conductor[99081]: DEBUG dbcounter [-] [99081] Writer thread running {{(pid=99081) stat_writer /opt/stack/data/venv/lib/python3.12/site-packages/dbcounter.py:102}}
Aug 20 07:43:47.233677 np0000007856 nova-conductor[99081]: INFO nova.utils [None req-7f12bd99-3fa7-48b4-bf5b-b3fd93a07eeb tempest-ServerBootFromVolumeStableRescueTest-92037112 tempest-ServerBootFromVolumeStableRescueTest-92037112-project-member] The cell worker thread pool ForkProcess-1.cell_worker is initialized
Aug 20 07:43:47.234063 np0000007856 nova-conductor[99081]: DEBUG oslo_concurrency.lockutils [None req-7f12bd99-3fa7-48b4-bf5b-b3fd93a07eeb tempest-ServerBootFromVolumeStableRescueTest-92037112 tempest-ServerBootFromVolumeStableRescueTest-92037112-project-member] Acquiring lock "00000000-0000-0000-0000-000000000000" by "nova.context.set_target_cell..get_or_set_cached_cell_and_set_connections" {{(pid=99081) inner /opt/stack/data/venv/lib/python3.12/site-packages/oslo_concurrency/lockutils.py:512}}
Aug 20 07:43:47.234240 np0000007856 nova-conductor[99081]: DEBUG oslo_concurrency.lockutils [None req-7f12bd99-3fa7-48b4-bf5b-b3fd93a07eeb tempest-ServerBootFromVolumeStableRescueTest-92037112 tempest-ServerBootFromVolumeStableRescueTest-92037112-project-member] Lock "00000000-0000-0000-0000-000000000000" acquired by "nova.context.set_target_cell..get_or_set_cached_cell_and_set_connections" :: waited 0.000s {{(pid=99081) inner /opt/stack/data/venv/lib/python3.12/site-packages/oslo_concurrency/lockutils.py:525}}
Aug 20 07:43:47.234710 np0000007856 nova-conductor[99081]: DEBUG oslo_concurrency.lockutils [None req-7f12bd99-3fa7-48b4-bf5b-b3fd93a07eeb tempest-ServerBootFromVolumeStableRescueTest-92037112 tempest-ServerBootFromVolumeStableRescueTest-92037112-project-member] Lock "00000000-0000-0000-0000-000000000000" "released" by "nova.context.set_target_cell..get_or_set_cached_cell_and_set_connections" :: held 0.000s {{(pid=99081) inner /opt/stack/data/venv/lib/python3.12/site-packages/oslo_concurrency/lockutils.py:544}}
Aug 20 07:43:47.235679 np0000007856 nova-conductor[99081]: DEBUG oslo_concurrency.lockutils [None req-7f12bd99-3fa7-48b4-bf5b-b3fd93a07eeb tempest-ServerBootFromVolumeStableRescueTest-92037112 tempest-ServerBootFromVolumeStableRescueTest-92037112-project-member] Acquiring lock "864407d2-ce32-4385-ac5d-139e467e59fb" by "nova.context.set_target_cell..get_or_set_cached_cell_and_set_connections" {{(pid=99081) inner /opt/stack/data/venv/lib/python3.12/site-packages/oslo_concurrency/lockutils.py:512}}
Aug 20 07:43:47.238706 np0000007856 nova-conductor[99081]: INFO dbcounter [None req-7f12bd99-3fa7-48b4-bf5b-b3fd93a07eeb tempest-ServerBootFromVolumeStableRescueTest-92037112 tempest-ServerBootFromVolumeStableRescueTest-92037112-project-member] Registered counter for database nova_cell0
Aug 20 07:43:47.239740 np0000007856 nova-conductor[99081]: DEBUG oslo_concurrency.lockutils [None req-7f12bd99-3fa7-48b4-bf5b-b3fd93a07eeb tempest-ServerBootFromVolumeStableRescueTest-92037112 tempest-ServerBootFromVolumeStableRescueTest-92037112-project-member] Lock "864407d2-ce32-4385-ac5d-139e467e59fb" acquired by "nova.context.set_target_cell..get_or_set_cached_cell_and_set_connections" :: waited 0.002s {{(pid=99081) inner /opt/stack/data/venv/lib/python3.12/site-packages/oslo_concurrency/lockutils.py:525}}
Aug 20 07:43:47.240147 np0000007856 nova-conductor[99081]: DEBUG oslo_concurrency.lockutils [None req-7f12bd99-3fa7-48b4-bf5b-b3fd93a07eeb tempest-ServerBootFromVolumeStableRescueTest-92037112 tempest-ServerBootFromVolumeStableRescueTest-92037112-project-member] Lock "864407d2-ce32-4385-ac5d-139e467e59fb" "released" by "nova.context.set_target_cell..get_or_set_cached_cell_and_set_connections" :: held 0.002s {{(pid=99081) inner /opt/stack/data/venv/lib/python3.12/site-packages/oslo_concurrency/lockutils.py:544}}
