Jul 07 11:23:08.533886 np0000004715 devstack@g-api.service[99575]: DEBUG glance.common.config [None req-437dec92-267b-41c1-b8dd-34c3dd343092 None None] barbican.split_loggers = False {{(pid=99575) log_opt_values /opt/stack/data/venv/lib/python3.12/site-packages/oslo_config/cfg.py:3253}}
Jul 07 11:23:08.533924 np0000004715 devstack@g-api.service[99574]: DEBUG glance.common.config [None req-baf0c16a-10ad-4f36-9ee9-4afab8c6d731 None None] barbican.verify_ssl = True {{(pid=99574) log_opt_values /opt/stack/data/venv/lib/python3.12/site-packages/oslo_config/cfg.py:3253}}
Jul 07 11:23:08.533989 np0000004715 devstack@g-api.service[99575]: DEBUG glance.common.config [None req-437dec92-267b-41c1-b8dd-34c3dd343092 None None] barbican.timeout = None {{(pid=99575) log_opt_values /opt/stack/data/venv/lib/python3.12/site-packages/oslo_config/cfg.py:3253}}
Jul 07 11:23:08.534033 np0000004715 devstack@g-api.service[99574]: DEBUG glance.common.config [None req-baf0c16a-10ad-4f36-9ee9-4afab8c6d731 None None] barbican.verify_ssl_path = None {{(pid=99574) log_opt_values /opt/stack/data/venv/lib/python3.12/site-packages/oslo_config/cfg.py:3253}}
Jul 07 11:23:08.534101 np0000004715 devstack@g-api.service[99575]: DEBUG glance.common.config [None req-437dec92-267b-41c1-b8dd-34c3dd343092 None None] barbican.verify_ssl = True {{(pid=99575) log_opt_values /opt/stack/data/venv/lib/python3.12/site-packages/oslo_config/cfg.py:3253}}
Jul 07 11:23:08.534167 np0000004715 devstack@g-api.service[99574]: DEBUG glance.common.config [None req-baf0c16a-10ad-4f36-9ee9-4afab8c6d731 None None] barbican_service_user.auth_section = None {{(pid=99574) log_opt_values /opt/stack/data/venv/lib/python3.12/site-packages/oslo_config/cfg.py:3253}}
Jul 07 11:23:08.534219 np0000004715 devstack@g-api.service[99575]: DEBUG glance.common.config [None req-437dec92-267b-41c1-b8dd-34c3dd343092 None None] barbican.verify_ssl_path = None {{(pid=99575) log_opt_values /opt/stack/data/venv/lib/python3.12/site-packages/oslo_config/cfg.py:3253}}
Jul 07 11:23:08.534303 np0000004715 devstack@g-api.service[99574]: DEBUG glance.common.config [None req-baf0c16a-10ad-4f36-9ee9-4afab8c6d731 None None] barbican_service_user.auth_type = None {{(pid=99574) log_opt_values /opt/stack/data/venv/lib/python3.12/site-packages/oslo_config/cfg.py:3253}}
Jul 07 11:23:08.534347 np0000004715 devstack@g-api.service[99575]: DEBUG glance.common.config [None req-437dec92-267b-41c1-b8dd-34c3dd343092 None None] barbican_service_user.auth_section = None {{(pid=99575) log_opt_values /opt/stack/data/venv/lib/python3.12/site-packages/oslo_config/cfg.py:3253}}
Jul 07 11:23:08.534431 np0000004715 devstack@g-api.service[99574]: DEBUG glance.common.config [None req-baf0c16a-10ad-4f36-9ee9-4afab8c6d731 None None] barbican_service_user.cafile = None {{(pid=99574) log_opt_values /opt/stack/data/venv/lib/python3.12/site-packages/oslo_config/cfg.py:3253}}
Jul 07 11:23:08.534460 np0000004715 devstack@g-api.service[99575]: DEBUG glance.common.config [None req-437dec92-267b-41c1-b8dd-34c3dd343092 None None] barbican_service_user.auth_type = None {{(pid=99575) log_opt_values /opt/stack/data/venv/lib/python3.12/site-packages/oslo_config/cfg.py:3253}}
Jul 07 11:23:08.534562 np0000004715 devstack@g-api.service[99574]: DEBUG glance.common.config [None req-baf0c16a-10ad-4f36-9ee9-4afab8c6d731 None None] barbican_service_user.certfile = None {{(pid=99574) log_opt_values /opt/stack/data/venv/lib/python3.12/site-packages/oslo_config/cfg.py:3253}}
Jul 07 11:23:08.534589 np0000004715 devstack@g-api.service[99575]: DEBUG glance.common.config [None req-437dec92-267b-41c1-b8dd-34c3dd343092 None None] barbican_service_user.cafile = None {{(pid=99575) log_opt_values /opt/stack/data/venv/lib/python3.12/site-packages/oslo_config/cfg.py:3253}}
Jul 07 11:23:08.534712 np0000004715 devstack@g-api.service[99574]: DEBUG glance.common.config [None req-baf0c16a-10ad-4f36-9ee9-4afab8c6d731 None None] barbican_service_user.collect_timing = False {{(pid=99574) log_opt_values /opt/stack/data/venv/lib/python3.12/site-packages/oslo_config/cfg.py:3253}}
Jul 07 11:23:08.534768 np0000004715 devstack@g-api.service[99575]: DEBUG glance.common.config [None req-437dec92-267b-41c1-b8dd-34c3dd343092 None None] barbican_service_user.certfile = None {{(pid=99575) log_opt_values /opt/stack/data/venv/lib/python3.12/site-packages/oslo_config/cfg.py:3253}}
Jul 07 11:23:08.534859 np0000004715 devstack@g-api.service[99575]: DEBUG glance.common.config [None req-437dec92-267b-41c1-b8dd-34c3dd343092 None None] barbican_service_user.collect_timing = False {{(pid=99575) log_opt_values /opt/stack/data/venv/lib/python3.12/site-packages/oslo_config/cfg.py:3253}}
Jul 07 11:23:08.534894 np0000004715 devstack@g-api.service[99574]: DEBUG glance.common.config [None req-baf0c16a-10ad-4f36-9ee9-4afab8c6d731 None None] barbican_service_user.insecure = False {{(pid=99574) log_opt_values /opt/stack/data/venv/lib/python3.12/site-packages/oslo_config/cfg.py:3253}}
Jul 07 11:23:08.534987 np0000004715 devstack@g-api.service[99575]: DEBUG glance.common.config [None req-437dec92-267b-41c1-b8dd-34c3dd343092 None None] barbican_service_user.insecure = False {{(pid=99575) log_opt_values /opt/stack/data/venv/lib/python3.12/site-packages/oslo_config/cfg.py:3253}}
Jul 07 11:23:08.535023 np0000004715 devstack@g-api.service[99574]: DEBUG glance.common.config [None req-baf0c16a-10ad-4f36-9ee9-4afab8c6d731 None None] barbican_service_user.keyfile = None {{(pid=99574) log_opt_values /opt/stack/data/venv/lib/python3.12/site-packages/oslo_config/cfg.py:3253}}
Jul 07 11:23:08.535109 np0000004715 devstack@g-api.service[99575]: DEBUG glance.common.config [None req-437dec92-267b-41c1-b8dd-34c3dd343092 None None] barbican_service_user.keyfile = None {{(pid=99575) log_opt_values /opt/stack/data/venv/lib/python3.12/site-packages/oslo_config/cfg.py:3253}}
Jul 07 11:23:08.535155 np0000004715 devstack@g-api.service[99574]: DEBUG glance.common.config [None req-baf0c16a-10ad-4f36-9ee9-4afab8c6d731 None None] barbican_service_user.split_loggers = False {{(pid=99574) log_opt_values /opt/stack/data/venv/lib/python3.12/site-packages/oslo_config/cfg.py:3253}}
Jul 07 11:23:08.535225 np0000004715 devstack@g-api.service[99575]: DEBUG glance.common.config [None req-437dec92-267b-41c1-b8dd-34c3dd343092 None None] barbican_service_user.split_loggers = False {{(pid=99575) log_opt_values /opt/stack/data/venv/lib/python3.12/site-packages/oslo_config/cfg.py:3253}}
Jul 07 11:23:08.535262 np0000004715 devstack@g-api.service[99574]: DEBUG glance.common.config [None req-baf0c16a-10ad-4f36-9ee9-4afab8c6d731 None None] barbican_service_user.timeout = None {{(pid=99574) log_opt_values /opt/stack/data/venv/lib/python3.12/site-packages/oslo_config/cfg.py:3253}}
Jul 07 11:23:08.535346 np0000004715 devstack@g-api.service[99575]: DEBUG glance.common.config [None req-437dec92-267b-41c1-b8dd-34c3dd343092 None None] barbican_service_user.timeout = None {{(pid=99575) log_opt_values /opt/stack/data/venv/lib/python3.12/site-packages/oslo_config/cfg.py:3253}}
Jul 07 11:23:08.535380 np0000004715 devstack@g-api.service[99574]: DEBUG glance.common.config [None req-baf0c16a-10ad-4f36-9ee9-4afab8c6d731 None None] database.asyncio_connection = **** {{(pid=99574) log_opt_values /opt/stack/data/venv/lib/python3.12/site-packages/oslo_config/cfg.py:3253}}
Jul 07 11:23:08.535481 np0000004715 devstack@g-api.service[99575]: DEBUG glance.common.config [None req-437dec92-267b-41c1-b8dd-34c3dd343092 None None] database.asyncio_connection = **** {{(pid=99575) log_opt_values /opt/stack/data/venv/lib/python3.12/site-packages/oslo_config/cfg.py:3253}}
Jul 07 11:23:08.535516 np0000004715 devstack@g-api.service[99574]: DEBUG glance.common.config [None req-baf0c16a-10ad-4f36-9ee9-4afab8c6d731 None None] database.asyncio_slave_connection = **** {{(pid=99574) log_opt_values /opt/stack/data/venv/lib/python3.12/site-packages/oslo_config/cfg.py:3253}}
Jul 07 11:23:08.535598 np0000004715 devstack@g-api.service[99575]: DEBUG glance.common.config [None req-437dec92-267b-41c1-b8dd-34c3dd343092 None None] database.asyncio_slave_connection = **** {{(pid=99575) log_opt_values /opt/stack/data/venv/lib/python3.12/site-packages/oslo_config/cfg.py:3253}}
Jul 07 11:23:08.535632 np0000004715 devstack@g-api.service[99574]: DEBUG glance.common.config [None req-baf0c16a-10ad-4f36-9ee9-4afab8c6d731 None None] database.backend = sqlalchemy {{(pid=99574) log_opt_values /opt/stack/data/venv/lib/python3.12/site-packages/oslo_config/cfg.py:3253}}
Jul 07 11:23:08.535736 np0000004715 devstack@g-api.service[99575]: DEBUG glance.common.config [None req-437dec92-267b-41c1-b8dd-34c3dd343092 None None] database.backend = sqlalchemy {{(pid=99575) log_opt_values /opt/stack/data/venv/lib/python3.12/site-packages/oslo_config/cfg.py:3253}}
Jul 07 11:23:08.535807 np0000004715 devstack@g-api.service[99574]: DEBUG glance.common.config [None req-baf0c16a-10ad-4f36-9ee9-4afab8c6d731 None None] database.connection = **** {{(pid=99574) log_opt_values /opt/stack/data/venv/lib/python3.12/site-packages/oslo_config/cfg.py:3253}}
Jul 07 11:23:08.535881 np0000004715 devstack@g-api.service[99575]: DEBUG glance.common.config [None req-437dec92-267b-41c1-b8dd-34c3dd343092 None None] database.connection = **** {{(pid=99575) log_opt_values /opt/stack/data/venv/lib/python3.12/site-packages/oslo_config/cfg.py:3253}}
Jul 07 11:23:08.535940 np0000004715 devstack@g-api.service[99574]: DEBUG glance.common.config [None req-baf0c16a-10ad-4f36-9ee9-4afab8c6d731 None None] database.connection_debug = 0 {{(pid=99574) log_opt_values /opt/stack/data/venv/lib/python3.12/site-packages/oslo_config/cfg.py:3253}}
Jul 07 11:23:08.536007 np0000004715 devstack@g-api.service[99575]: DEBUG glance.common.config [None req-437dec92-267b-41c1-b8dd-34c3dd343092 None None] database.connection_debug = 0 {{(pid=99575) log_opt_values /opt/stack/data/venv/lib/python3.12/site-packages/oslo_config/cfg.py:3253}}
Jul 07 11:23:08.536082 np0000004715 devstack@g-api.service[99574]: DEBUG glance.common.config [None req-baf0c16a-10ad-4f36-9ee9-4afab8c6d731 None None] database.connection_parameters = {{(pid=99574) log_opt_values /opt/stack/data/venv/lib/python3.12/site-packages/oslo_config/cfg.py:3253}}
Jul 07 11:23:08.536135 np0000004715 devstack@g-api.service[99575]: DEBUG glance.common.config [None req-437dec92-267b-41c1-b8dd-34c3dd343092 None None] database.connection_parameters = {{(pid=99575) log_opt_values /opt/stack/data/venv/lib/python3.12/site-packages/oslo_config/cfg.py:3253}}
Jul 07 11:23:08.536216 np0000004715 devstack@g-api.service[99574]: DEBUG glance.common.config [None req-baf0c16a-10ad-4f36-9ee9-4afab8c6d731 None None] database.connection_recycle_time = 3600 {{(pid=99574) log_opt_values /opt/stack/data/venv/lib/python3.12/site-packages/oslo_config/cfg.py:3253}}
Jul 07 11:23:08.536260 np0000004715 devstack@g-api.service[99575]: DEBUG glance.common.config [None req-437dec92-267b-41c1-b8dd-34c3dd343092 None None] database.connection_recycle_time = 3600 {{(pid=99575) log_opt_values /opt/stack/data/venv/lib/python3.12/site-packages/oslo_config/cfg.py:3253}}
Jul 07 11:23:08.536348 np0000004715 devstack@g-api.service[99574]: DEBUG glance.common.config [None req-baf0c16a-10ad-4f36-9ee9-4afab8c6d731 None None] database.connection_trace = False {{(pid=99574) log_opt_values /opt/stack/data/venv/lib/python3.12/site-packages/oslo_config/cfg.py:3253}}
Jul 07 11:23:08.536382 np0000004715 devstack@g-api.service[99575]: DEBUG glance.common.config [None req-437dec92-267b-41c1-b8dd-34c3dd343092 None None] database.connection_trace = False {{(pid=99575) log_opt_values /opt/stack/data/venv/lib/python3.12/site-packages/oslo_config/cfg.py:3253}}
Jul 07 11:23:08.536479 np0000004715 devstack@g-api.service[99574]: DEBUG glance.common.config [None req-baf0c16a-10ad-4f36-9ee9-4afab8c6d731 None None] database.db_inc_retry_interval = True {{(pid=99574) log_opt_values /opt/stack/data/venv/lib/python3.12/site-packages/oslo_config/cfg.py:3253}}
Jul 07 11:23:08.536511 np0000004715 devstack@g-api.service[99575]: DEBUG glance.common.config [None req-437dec92-267b-41c1-b8dd-34c3dd343092 None None] database.db_inc_retry_interval = True {{(pid=99575) log_opt_values /opt/stack/data/venv/lib/python3.12/site-packages/oslo_config/cfg.py:3253}}
Jul 07 11:23:08.536611 np0000004715 devstack@g-api.service[99575]: DEBUG glance.common.config [None req-437dec92-267b-41c1-b8dd-34c3dd343092 None None] database.db_max_retries = 20 {{(pid=99575) log_opt_values /opt/stack/data/venv/lib/python3.12/site-packages/oslo_config/cfg.py:3253}}
Jul 07 11:23:08.536639 np0000004715 devstack@g-api.service[99574]: DEBUG glance.common.config [None req-baf0c16a-10ad-4f36-9ee9-4afab8c6d731 None None] database.db_max_retries = 20 {{(pid=99574) log_opt_values /opt/stack/data/venv/lib/python3.12/site-packages/oslo_config/cfg.py:3253}}
Jul 07 11:23:08.536758 np0000004715 devstack@g-api.service[99575]: DEBUG glance.common.config [None req-437dec92-267b-41c1-b8dd-34c3dd343092 None None] database.db_max_retry_interval = 10 {{(pid=99575) log_opt_values /opt/stack/data/venv/lib/python3.12/site-packages/oslo_config/cfg.py:3253}}
Jul 07 11:23:08.536817 np0000004715 devstack@g-api.service[99574]: DEBUG glance.common.config [None req-baf0c16a-10ad-4f36-9ee9-4afab8c6d731 None None] database.db_max_retry_interval = 10 {{(pid=99574) log_opt_values /opt/stack/data/venv/lib/python3.12/site-packages/oslo_config/cfg.py:3253}}
Jul 07 11:23:08.536893 np0000004715 devstack@g-api.service[99575]: DEBUG glance.common.config [None req-437dec92-267b-41c1-b8dd-34c3dd343092 None None] database.db_retry_interval = 1 {{(pid=99575) log_opt_values /opt/stack/data/venv/lib/python3.12/site-packages/oslo_config/cfg.py:3253}}
Jul 07 11:23:08.536947 np0000004715 devstack@g-api.service[99574]: DEBUG glance.common.config [None req-baf0c16a-10ad-4f36-9ee9-4afab8c6d731 None None] database.db_retry_interval = 1 {{(pid=99574) log_opt_values /opt/stack/data/venv/lib/python3.12/site-packages/oslo_config/cfg.py:3253}}
Jul 07 11:23:08.537016 np0000004715 devstack@g-api.service[99575]: DEBUG glance.common.config [None req-437dec92-267b-41c1-b8dd-34c3dd343092 None None] database.max_overflow = 50 {{(pid=99575) log_opt_values /opt/stack/data/venv/lib/python3.12/site-packages/oslo_config/cfg.py:3253}}
Jul 07 11:23:08.537070 np0000004715 devstack@g-api.service[99574]: DEBUG glance.common.config [None req-baf0c16a-10ad-4f36-9ee9-4afab8c6d731 None None] database.max_overflow = 50 {{(pid=99574) log_opt_values /opt/stack/data/venv/lib/python3.12/site-packages/oslo_config/cfg.py:3253}}
Jul 07 11:23:08.537136 np0000004715 devstack@g-api.service[99575]: DEBUG glance.common.config [None req-437dec92-267b-41c1-b8dd-34c3dd343092 None None] database.max_pool_size = 5 {{(pid=99575) log_opt_values /opt/stack/data/venv/lib/python3.12/site-packages/oslo_config/cfg.py:3253}}
Jul 07 11:23:08.537168 np0000004715 devstack@g-api.service[99574]: DEBUG glance.common.config [None req-baf0c16a-10ad-4f36-9ee9-4afab8c6d731 None None] database.max_pool_size = 5 {{(pid=99574) log_opt_values /opt/stack/data/venv/lib/python3.12/site-packages/oslo_config/cfg.py:3253}}
Jul 07 11:23:08.537255 np0000004715 devstack@g-api.service[99575]: DEBUG glance.common.config [None req-437dec92-267b-41c1-b8dd-34c3dd343092 None None] database.max_retries = 10 {{(pid=99575) log_opt_values /opt/stack/data/venv/lib/python3.12/site-packages/oslo_config/cfg.py:3253}}
Jul 07 11:23:08.537289 np0000004715 devstack@g-api.service[99574]: DEBUG glance.common.config [None req-baf0c16a-10ad-4f36-9ee9-4afab8c6d731 None None] database.max_retries = 10 {{(pid=99574) log_opt_values /opt/stack/data/venv/lib/python3.12/site-packages/oslo_config/cfg.py:3253}}
Jul 07 11:23:08.537377 np0000004715 devstack@g-api.service[99575]: DEBUG glance.common.config [None req-437dec92-267b-41c1-b8dd-34c3dd343092 None None] database.mysql_sql_mode = TRADITIONAL {{(pid=99575) log_opt_values /opt/stack/data/venv/lib/python3.12/site-packages/oslo_config/cfg.py:3253}}
Jul 07 11:23:08.537424 np0000004715 devstack@g-api.service[99574]: DEBUG glance.common.config [None req-baf0c16a-10ad-4f36-9ee9-4afab8c6d731 None None] database.mysql_sql_mode = TRADITIONAL {{(pid=99574) log_opt_values /opt/stack/data/venv/lib/python3.12/site-packages/oslo_config/cfg.py:3253}}
Jul 07 11:23:08.537498 np0000004715 devstack@g-api.service[99575]: DEBUG glance.common.config [None req-437dec92-267b-41c1-b8dd-34c3dd343092 None None] database.mysql_wsrep_sync_wait = None {{(pid=99575) log_opt_values /opt/stack/data/venv/lib/python3.12/site-packages/oslo_config/cfg.py:3253}}
Jul 07 11:23:08.537558 np0000004715 devstack@g-api.service[99574]: DEBUG glance.common.config [None req-baf0c16a-10ad-4f36-9ee9-4afab8c6d731 None None] database.mysql_wsrep_sync_wait = None {{(pid=99574) log_opt_values /opt/stack/data/venv/lib/python3.12/site-packages/oslo_config/cfg.py:3253}}
Jul 07 11:23:08.537607 np0000004715 devstack@g-api.service[99575]: DEBUG glance.common.config [None req-437dec92-267b-41c1-b8dd-34c3dd343092 None None] database.pool_timeout = None {{(pid=99575) log_opt_values /opt/stack/data/venv/lib/python3.12/site-packages/oslo_config/cfg.py:3253}}
Jul 07 11:23:08.537708 np0000004715 devstack@g-api.service[99574]: DEBUG glance.common.config [None req-baf0c16a-10ad-4f36-9ee9-4afab8c6d731 None None] database.pool_timeout = None {{(pid=99574) log_opt_values /opt/stack/data/venv/lib/python3.12/site-packages/oslo_config/cfg.py:3253}}
Jul 07 11:23:08.537737 np0000004715 devstack@g-api.service[99575]: DEBUG glance.common.config [None req-437dec92-267b-41c1-b8dd-34c3dd343092 None None] database.retry_interval = 10 {{(pid=99575) log_opt_values /opt/stack/data/venv/lib/python3.12/site-packages/oslo_config/cfg.py:3253}}
Jul 07 11:23:08.537859 np0000004715 devstack@g-api.service[99575]: DEBUG glance.common.config [None req-437dec92-267b-41c1-b8dd-34c3dd343092 None None] database.slave_connection = **** {{(pid=99575) log_opt_values /opt/stack/data/venv/lib/python3.12/site-packages/oslo_config/cfg.py:3253}}
Jul 07 11:23:08.537904 np0000004715 devstack@g-api.service[99574]: DEBUG glance.common.config [None req-baf0c16a-10ad-4f36-9ee9-4afab8c6d731 None None] database.retry_interval = 10 {{(pid=99574) log_opt_values /opt/stack/data/venv/lib/python3.12/site-packages/oslo_config/cfg.py:3253}}
Jul 07 11:23:08.537968 np0000004715 devstack@g-api.service[99575]: DEBUG glance.common.config [None req-437dec92-267b-41c1-b8dd-34c3dd343092 None None] database.sqlite_synchronous = True {{(pid=99575) log_opt_values /opt/stack/data/venv/lib/python3.12/site-packages/oslo_config/cfg.py:3253}}
Jul 07 11:23:08.538008 np0000004715 devstack@g-api.service[99574]: DEBUG glance.common.config [None req-baf0c16a-10ad-4f36-9ee9-4afab8c6d731 None None] database.slave_connection = **** {{(pid=99574) log_opt_values /opt/stack/data/venv/lib/python3.12/site-packages/oslo_config/cfg.py:3253}}
Jul 07 11:23:08.538079 np0000004715 devstack@g-api.service[99575]: DEBUG glance.common.config [None req-437dec92-267b-41c1-b8dd-34c3dd343092 None None] database.synchronous_reader = True {{(pid=99575) log_opt_values /opt/stack/data/venv/lib/python3.12/site-packages/oslo_config/cfg.py:3253}}
Jul 07 11:23:08.538122 np0000004715 devstack@g-api.service[99574]: DEBUG glance.common.config [None req-baf0c16a-10ad-4f36-9ee9-4afab8c6d731 None None] database.sqlite_synchronous = True {{(pid=99574) log_opt_values /opt/stack/data/venv/lib/python3.12/site-packages/oslo_config/cfg.py:3253}}
Jul 07 11:23:08.538187 np0000004715 devstack@g-api.service[99575]: DEBUG glance.common.config [None req-437dec92-267b-41c1-b8dd-34c3dd343092 None None] database.use_db_reconnect = False {{(pid=99575) log_opt_values /opt/stack/data/venv/lib/python3.12/site-packages/oslo_config/cfg.py:3253}}
Jul 07 11:23:08.538255 np0000004715 devstack@g-api.service[99574]: DEBUG glance.common.config [None req-baf0c16a-10ad-4f36-9ee9-4afab8c6d731 None None] database.synchronous_reader = True {{(pid=99574) log_opt_values /opt/stack/data/venv/lib/python3.12/site-packages/oslo_config/cfg.py:3253}}
Jul 07 11:23:08.538309 np0000004715 devstack@g-api.service[99575]: DEBUG glance.common.config [None req-437dec92-267b-41c1-b8dd-34c3dd343092 None None] healthcheck.allowed_source_ranges = [] {{(pid=99575) log_opt_values /opt/stack/data/venv/lib/python3.12/site-packages/oslo_config/cfg.py:3253}}
Jul 07 11:23:08.538393 np0000004715 devstack@g-api.service[99574]: DEBUG glance.common.config [None req-baf0c16a-10ad-4f36-9ee9-4afab8c6d731 None None] database.use_db_reconnect = False {{(pid=99574) log_opt_values /opt/stack/data/venv/lib/python3.12/site-packages/oslo_config/cfg.py:3253}}
Jul 07 11:23:08.538441 np0000004715 devstack@g-api.service[99575]: DEBUG glance.common.config [None req-437dec92-267b-41c1-b8dd-34c3dd343092 None None] healthcheck.backends = ['disable_by_file'] {{(pid=99575) log_opt_values /opt/stack/data/venv/lib/python3.12/site-packages/oslo_config/cfg.py:3253}}
Jul 07 11:23:08.538528 np0000004715 devstack@g-api.service[99575]: DEBUG glance.common.config [None req-437dec92-267b-41c1-b8dd-34c3dd343092 None None] healthcheck.detailed = False {{(pid=99575) log_opt_values /opt/stack/data/venv/lib/python3.12/site-packages/oslo_config/cfg.py:3253}}
Jul 07 11:23:08.538557 np0000004715 devstack@g-api.service[99574]: DEBUG glance.common.config [None req-baf0c16a-10ad-4f36-9ee9-4afab8c6d731 None None] healthcheck.allowed_source_ranges = [] {{(pid=99574) log_opt_values /opt/stack/data/venv/lib/python3.12/site-packages/oslo_config/cfg.py:3253}}
Jul 07 11:23:08.538635 np0000004715 devstack@g-api.service[99575]: DEBUG glance.common.config [None req-437dec92-267b-41c1-b8dd-34c3dd343092 None None] healthcheck.disable_by_file_path = None {{(pid=99575) log_opt_values /opt/stack/data/venv/lib/python3.12/site-packages/oslo_config/cfg.py:3253}}
Jul 07 11:23:08.538663 np0000004715 devstack@g-api.service[99574]: DEBUG glance.common.config [None req-baf0c16a-10ad-4f36-9ee9-4afab8c6d731 None None] healthcheck.backends = ['disable_by_file'] {{(pid=99574) log_opt_values /opt/stack/data/venv/lib/python3.12/site-packages/oslo_config/cfg.py:3253}}
Jul 07 11:23:08.538773 np0000004715 devstack@g-api.service[99575]: DEBUG glance.common.config [None req-437dec92-267b-41c1-b8dd-34c3dd343092 None None] healthcheck.ignore_proxied_requests = False {{(pid=99575) log_opt_values /opt/stack/data/venv/lib/python3.12/site-packages/oslo_config/cfg.py:3253}}
Jul 07 11:23:08.538808 np0000004715 devstack@g-api.service[99574]: DEBUG glance.common.config [None req-baf0c16a-10ad-4f36-9ee9-4afab8c6d731 None None] healthcheck.detailed = False {{(pid=99574) log_opt_values /opt/stack/data/venv/lib/python3.12/site-packages/oslo_config/cfg.py:3253}}
Jul 07 11:23:08.538854 np0000004715 devstack@g-api.service[99575]: DEBUG glance.common.config [None req-437dec92-267b-41c1-b8dd-34c3dd343092 None None] ******************************************************************************** {{(pid=99575) log_opt_values /opt/stack/data/venv/lib/python3.12/site-packages/oslo_config/cfg.py:3260}}
Jul 07 11:23:08.538941 np0000004715 devstack@g-api.service[99574]: DEBUG glance.common.config [None req-baf0c16a-10ad-4f36-9ee9-4afab8c6d731 None None] healthcheck.disable_by_file_path = None {{(pid=99574) log_opt_values /opt/stack/data/venv/lib/python3.12/site-packages/oslo_config/cfg.py:3253}}
Jul 07 11:23:08.538969 np0000004715 devstack@g-api.service[99575]: WSGI app 0 (mountpoint='') ready in 3 seconds on interpreter 0x724c6cea4668 pid: 99575 (default app)
Jul 07 11:23:08.539072 np0000004715 devstack@g-api.service[99574]: DEBUG glance.common.config [None req-baf0c16a-10ad-4f36-9ee9-4afab8c6d731 None None] healthcheck.ignore_proxied_requests = False {{(pid=99574) log_opt_values /opt/stack/data/venv/lib/python3.12/site-packages/oslo_config/cfg.py:3253}}
Jul 07 11:23:08.539169 np0000004715 devstack@g-api.service[99574]: DEBUG glance.common.config [None req-baf0c16a-10ad-4f36-9ee9-4afab8c6d731 None None] ******************************************************************************** {{(pid=99574) log_opt_values /opt/stack/data/venv/lib/python3.12/site-packages/oslo_config/cfg.py:3260}}
Jul 07 11:23:08.539298 np0000004715 devstack@g-api.service[99574]: WSGI app 0 (mountpoint='') ready in 3 seconds on interpreter 0x724c6cea4668 pid: 99574 (default app)
Jul 07 11:23:08.539515 np0000004715 devstack@g-api.service[99575]: DEBUG glance.api.middleware.version_negotiation [None req-437dec92-267b-41c1-b8dd-34c3dd343092 None None] Determining version of request: GET / Accept: */* {{(pid=99575) process_request /opt/stack/glance/glance/api/middleware/version_negotiation.py:44}}
Jul 07 11:23:08.539643 np0000004715 devstack@g-api.service[99575]: DEBUG glance.api.middleware.version_negotiation [None req-437dec92-267b-41c1-b8dd-34c3dd343092 None None] Using url versioning {{(pid=99575) process_request /opt/stack/glance/glance/api/middleware/version_negotiation.py:57}}
Jul 07 11:23:08.539833 np0000004715 devstack@g-api.service[99575]: DEBUG glance.api.middleware.version_negotiation [None req-437dec92-267b-41c1-b8dd-34c3dd343092 None None] Unknown version. Returning version choices. {{(pid=99575) process_request /opt/stack/glance/glance/api/middleware/version_negotiation.py:64}}
Jul 07 11:23:08.540799 np0000004715 devstack@g-api.service[99575]: [pid: 99575|app: 0|req: 1/1] 127.0.0.1 () {34 vars in 451 bytes} [Tue Jul 7 11:23:08 2026] GET / => generated 1501 bytes in 1 msecs (HTTP/1.1 300) 3 headers in 106 bytes (1 switches on core 0)
Jul 07 11:23:08.558720 np0000004715 devstack@g-api.service[99576]: INFO dbcounter [None req-553cf85a-5184-4da9-8eea-c98f9c489491 None None] Registered counter for database glance
Jul 07 11:23:08.604576 np0000004715 devstack@g-api.service[99576]: DEBUG oslo_db.sqlalchemy.engines [None req-553cf85a-5184-4da9-8eea-c98f9c489491 None None] MySQL server mode set to STRICT_TRANS_TABLES,STRICT_ALL_TABLES,NO_ZERO_IN_DATE,NO_ZERO_DATE,ERROR_FOR_DIVISION_BY_ZERO,TRADITIONAL,NO_ENGINE_SUBSTITUTION {{(pid=99576) _check_effective_sql_mode /opt/stack/data/venv/lib/python3.12/site-packages/oslo_db/sqlalchemy/engines.py:325}}
Jul 07 11:23:08.626645 np0000004715 devstack@g-api.service[99576]: DEBUG dbcounter [-] [99576] Writer thread running {{(pid=99576) stat_writer /opt/stack/data/venv/lib/python3.12/site-packages/dbcounter.py:102}}
Jul 07 11:23:08.630046 np0000004715 devstack@g-api.service[99576]: DEBUG glance.image_cache.drivers.centralized_db [None req-553cf85a-5184-4da9-8eea-c98f9c489491 None None] Node reference is already recorded, ignoring it {{(pid=99576) configure /opt/stack/glance/glance/image_cache/drivers/centralized_db.py:71}}
Jul 07 11:23:08.636403 np0000004715 devstack@g-api.service[99576]: INFO glance.image_cache [None req-553cf85a-5184-4da9-8eea-c98f9c489491 None None] Image cache loaded driver 'centralized_db'.
Jul 07 11:23:08.739857 np0000004715 devstack@g-api.service[99576]: DEBUG glance.image_cache.drivers.centralized_db [None req-553cf85a-5184-4da9-8eea-c98f9c489491 None None] Node reference is already recorded, ignoring it {{(pid=99576) configure /opt/stack/glance/glance/image_cache/drivers/centralized_db.py:71}}
Jul 07 11:23:08.744951 np0000004715 devstack@g-api.service[99576]: DEBUG glance.api.v2.cached_images [None req-553cf85a-5184-4da9-8eea-c98f9c489491 None None] Started cache worker thread {{(pid=99576) __init__ /opt/stack/glance/glance/api/v2/cached_images.py:71}}
Jul 07 11:23:08.745683 np0000004715 devstack@g-api.service[99576]: INFO glance.image_cache [None req-553cf85a-5184-4da9-8eea-c98f9c489491 None None] Image cache loaded driver 'centralized_db'.
Jul 07 11:23:08.753158 np0000004715 devstack@g-api.service[99576]: DEBUG glance.image_cache.drivers.centralized_db [None req-553cf85a-5184-4da9-8eea-c98f9c489491 None None] Node reference is already recorded, ignoring it {{(pid=99576) configure /opt/stack/glance/glance/image_cache/drivers/centralized_db.py:71}}
Jul 07 11:23:08.757928 np0000004715 devstack@g-api.service[99576]: INFO glance.api.middleware.cache_manage [None req-553cf85a-5184-4da9-8eea-c98f9c489491 None None] Initialized image cache management middleware
Jul 07 11:23:08.758128 np0000004715 devstack@g-api.service[99576]: INFO glance.image_cache [None req-553cf85a-5184-4da9-8eea-c98f9c489491 None None] Image cache loaded driver 'centralized_db'.
Jul 07 11:23:08.767835 np0000004715 devstack@g-api.service[99576]: DEBUG glance.image_cache.drivers.centralized_db [None req-553cf85a-5184-4da9-8eea-c98f9c489491 None None] Node reference is already recorded, ignoring it {{(pid=99576) configure /opt/stack/glance/glance/image_cache/drivers/centralized_db.py:71}}
Jul 07 11:23:08.771961 np0000004715 devstack@g-api.service[99576]: INFO glance.api.middleware.cache [None req-553cf85a-5184-4da9-8eea-c98f9c489491 None None] Initialized image cache middleware
Jul 07 11:23:08.785962 np0000004715 devstack@g-api.service[99576]: DEBUG glance.common.config [None req-553cf85a-5184-4da9-8eea-c98f9c489491 None None] ******************************************************************************** {{(pid=99576) log_opt_values /opt/stack/data/venv/lib/python3.12/site-packages/oslo_config/cfg.py:3226}}
Jul 07 11:23:08.786083 np0000004715 devstack@g-api.service[99576]: DEBUG glance.common.config [None req-553cf85a-5184-4da9-8eea-c98f9c489491 None None] Configuration options gathered from: {{(pid=99576) log_opt_values /opt/stack/data/venv/lib/python3.12/site-packages/oslo_config/cfg.py:3227}}
Jul 07 11:23:08.786460 np0000004715 devstack@g-api.service[99576]: DEBUG glance.common.config [None req-553cf85a-5184-4da9-8eea-c98f9c489491 None None] command line args: [] {{(pid=99576) log_opt_values /opt/stack/data/venv/lib/python3.12/site-packages/oslo_config/cfg.py:3228}}
Jul 07 11:23:08.786614 np0000004715 devstack@g-api.service[99576]: DEBUG glance.common.config [None req-553cf85a-5184-4da9-8eea-c98f9c489491 None None] config files: ['/etc/glance/glance-image-import.conf', '/etc/glance/glance-api.conf'] {{(pid=99576) log_opt_values /opt/stack/data/venv/lib/python3.12/site-packages/oslo_config/cfg.py:3229}}
Jul 07 11:23:08.786730 np0000004715 devstack@g-api.service[99576]: DEBUG glance.common.config [None req-553cf85a-5184-4da9-8eea-c98f9c489491 None None] ================================================================================ {{(pid=99576) log_opt_values /opt/stack/data/venv/lib/python3.12/site-packages/oslo_config/cfg.py:3234}}
Jul 07 11:23:08.786907 np0000004715 devstack@g-api.service[99576]: DEBUG glance.common.config [None req-553cf85a-5184-4da9-8eea-c98f9c489491 None None] allow_anonymous_access = False {{(pid=99576) log_opt_values /opt/stack/data/venv/lib/python3.12/site-packages/oslo_config/cfg.py:3242}}
Jul 07 11:23:08.787045 np0000004715 devstack@g-api.service[99576]: DEBUG glance.common.config [None req-553cf85a-5184-4da9-8eea-c98f9c489491 None None] api_limit_max = 1000 {{(pid=99576) log_opt_values /opt/stack/data/venv/lib/python3.12/site-packages/oslo_config/cfg.py:3242}}
Jul 07 11:23:08.787171 np0000004715 devstack@g-api.service[99576]: DEBUG glance.common.config [None req-553cf85a-5184-4da9-8eea-c98f9c489491 None None] config_dir = [] {{(pid=99576) log_opt_values /opt/stack/data/venv/lib/python3.12/site-packages/oslo_config/cfg.py:3242}}
Jul 07 11:23:08.787287 np0000004715 devstack@g-api.service[99576]: DEBUG glance.common.config [None req-553cf85a-5184-4da9-8eea-c98f9c489491 None None] config_file = ['/etc/glance/glance-image-import.conf', '/etc/glance/glance-api.conf'] {{(pid=99576) log_opt_values /opt/stack/data/venv/lib/python3.12/site-packages/oslo_config/cfg.py:3242}}
Jul 07 11:23:08.787399 np0000004715 devstack@g-api.service[99576]: DEBUG glance.common.config [None req-553cf85a-5184-4da9-8eea-c98f9c489491 None None] config_source = [] {{(pid=99576) log_opt_values /opt/stack/data/venv/lib/python3.12/site-packages/oslo_config/cfg.py:3242}}
Jul 07 11:23:08.787500 np0000004715 devstack@g-api.service[99576]: DEBUG glance.common.config [None req-553cf85a-5184-4da9-8eea-c98f9c489491 None None] control_exchange = glance {{(pid=99576) log_opt_values /opt/stack/data/venv/lib/python3.12/site-packages/oslo_config/cfg.py:3242}}
Jul 07 11:23:08.787609 np0000004715 devstack@g-api.service[99576]: DEBUG glance.common.config [None req-553cf85a-5184-4da9-8eea-c98f9c489491 None None] debug = True {{(pid=99576) log_opt_values /opt/stack/data/venv/lib/python3.12/site-packages/oslo_config/cfg.py:3242}}
Jul 07 11:23:08.787912 np0000004715 devstack@g-api.service[99576]: DEBUG glance.common.config [None req-553cf85a-5184-4da9-8eea-c98f9c489491 None None] default_log_levels = ['amqp=WARN', 'boto=WARN', 'sqlalchemy=WARN', 'suds=INFO', 'oslo.messaging=INFO', 'oslo_messaging=INFO', 'iso8601=WARN', 'requests.packages.urllib3.connectionpool=WARN', 'urllib3.connectionpool=WARN', 'websocket=WARN', 'requests.packages.urllib3.util.retry=WARN', 'urllib3.util.retry=WARN', 'keystonemiddleware=WARN', 'routes.middleware=WARN', 'stevedore=WARN', 'taskflow=WARN', 'keystoneauth=WARN', 'oslo.cache=INFO', 'oslo_policy=INFO', 'dogpile.core.dogpile=INFO'] {{(pid=99576) log_opt_values /opt/stack/data/venv/lib/python3.12/site-packages/oslo_config/cfg.py:3242}}
Jul 07 11:23:08.788058 np0000004715 devstack@g-api.service[99576]: DEBUG glance.common.config [None req-553cf85a-5184-4da9-8eea-c98f9c489491 None None] default_publisher_id = image.localhost {{(pid=99576) log_opt_values /opt/stack/data/venv/lib/python3.12/site-packages/oslo_config/cfg.py:3242}}
Jul 07 11:23:08.788205 np0000004715 devstack@g-api.service[99576]: DEBUG glance.common.config [None req-553cf85a-5184-4da9-8eea-c98f9c489491 None None] delayed_delete = False {{(pid=99576) log_opt_values /opt/stack/data/venv/lib/python3.12/site-packages/oslo_config/cfg.py:3242}}
Jul 07 11:23:08.788354 np0000004715 devstack@g-api.service[99576]: DEBUG glance.common.config [None req-553cf85a-5184-4da9-8eea-c98f9c489491 None None] digest_algorithm = sha256 {{(pid=99576) log_opt_values /opt/stack/data/venv/lib/python3.12/site-packages/oslo_config/cfg.py:3242}}
Jul 07 11:23:08.788489 np0000004715 devstack@g-api.service[99576]: DEBUG glance.common.config [None req-553cf85a-5184-4da9-8eea-c98f9c489491 None None] disabled_notifications = [] {{(pid=99576) log_opt_values /opt/stack/data/venv/lib/python3.12/site-packages/oslo_config/cfg.py:3242}}
Jul 07 11:23:08.788596 np0000004715 devstack@g-api.service[99576]: DEBUG glance.common.config [None req-553cf85a-5184-4da9-8eea-c98f9c489491 None None] do_secure_hash = True {{(pid=99576) log_opt_values /opt/stack/data/venv/lib/python3.12/site-packages/oslo_config/cfg.py:3242}}
Jul 07 11:23:08.788705 np0000004715 devstack@g-api.service[99576]: DEBUG glance.common.config [None req-553cf85a-5184-4da9-8eea-c98f9c489491 None None] enabled_backends = None {{(pid=99576) log_opt_values /opt/stack/data/venv/lib/python3.12/site-packages/oslo_config/cfg.py:3242}}
Jul 07 11:23:08.788834 np0000004715 devstack@g-api.service[99576]: DEBUG glance.common.config [None req-553cf85a-5184-4da9-8eea-c98f9c489491 None None] enabled_import_methods = ['glance-direct', 'web-download', 'copy-image'] {{(pid=99576) log_opt_values /opt/stack/data/venv/lib/python3.12/site-packages/oslo_config/cfg.py:3242}}
Jul 07 11:23:08.788923 np0000004715 devstack@g-api.service[99576]: DEBUG glance.common.config [None req-553cf85a-5184-4da9-8eea-c98f9c489491 None None] fatal_deprecations = False {{(pid=99576) log_opt_values /opt/stack/data/venv/lib/python3.12/site-packages/oslo_config/cfg.py:3242}}
Jul 07 11:23:08.789035 np0000004715 devstack@g-api.service[99576]: DEBUG glance.common.config [None req-553cf85a-5184-4da9-8eea-c98f9c489491 None None] hashing_algorithm = sha512 {{(pid=99576) log_opt_values /opt/stack/data/venv/lib/python3.12/site-packages/oslo_config/cfg.py:3242}}
Jul 07 11:23:08.789126 np0000004715 devstack@g-api.service[99576]: DEBUG glance.common.config [None req-553cf85a-5184-4da9-8eea-c98f9c489491 None None] http_retries = 3 {{(pid=99576) log_opt_values /opt/stack/data/venv/lib/python3.12/site-packages/oslo_config/cfg.py:3242}}
Jul 07 11:23:08.789239 np0000004715 devstack@g-api.service[99576]: DEBUG glance.common.config [None req-553cf85a-5184-4da9-8eea-c98f9c489491 None None] image_cache_dir = /opt/stack/data/glance/cache/ {{(pid=99576) log_opt_values /opt/stack/data/venv/lib/python3.12/site-packages/oslo_config/cfg.py:3242}}
Jul 07 11:23:08.789334 np0000004715 devstack@g-api.service[99576]: DEBUG glance.common.config [None req-553cf85a-5184-4da9-8eea-c98f9c489491 None None] image_cache_driver = centralized_db {{(pid=99576) log_opt_values /opt/stack/data/venv/lib/python3.12/site-packages/oslo_config/cfg.py:3242}}
Jul 07 11:23:08.789470 np0000004715 devstack@g-api.service[99576]: DEBUG glance.common.config [None req-553cf85a-5184-4da9-8eea-c98f9c489491 None None] image_cache_max_size = 10737418240 {{(pid=99576) log_opt_values /opt/stack/data/venv/lib/python3.12/site-packages/oslo_config/cfg.py:3242}}
Jul 07 11:23:08.789612 np0000004715 devstack@g-api.service[99576]: DEBUG glance.common.config [None req-553cf85a-5184-4da9-8eea-c98f9c489491 None None] image_cache_sqlite_db = cache.db {{(pid=99576) log_opt_values /opt/stack/data/venv/lib/python3.12/site-packages/oslo_config/cfg.py:3242}}
Jul 07 11:23:08.789796 np0000004715 devstack@g-api.service[99576]: DEBUG glance.common.config [None req-553cf85a-5184-4da9-8eea-c98f9c489491 None None] image_cache_stall_time = 86400 {{(pid=99576) log_opt_values /opt/stack/data/venv/lib/python3.12/site-packages/oslo_config/cfg.py:3242}}
Jul 07 11:23:08.789919 np0000004715 devstack@g-api.service[99576]: DEBUG glance.common.config [None req-553cf85a-5184-4da9-8eea-c98f9c489491 None None] image_location_quota = 10 {{(pid=99576) log_opt_values /opt/stack/data/venv/lib/python3.12/site-packages/oslo_config/cfg.py:3242}}
Jul 07 11:23:08.790034 np0000004715 devstack@g-api.service[99576]: DEBUG glance.common.config [None req-553cf85a-5184-4da9-8eea-c98f9c489491 None None] image_member_quota = 128 {{(pid=99576) log_opt_values /opt/stack/data/venv/lib/python3.12/site-packages/oslo_config/cfg.py:3242}}
Jul 07 11:23:08.790144 np0000004715 devstack@g-api.service[99576]: DEBUG glance.common.config [None req-553cf85a-5184-4da9-8eea-c98f9c489491 None None] image_property_quota = 128 {{(pid=99576) log_opt_values /opt/stack/data/venv/lib/python3.12/site-packages/oslo_config/cfg.py:3242}}
Jul 07 11:23:08.790263 np0000004715 devstack@g-api.service[99576]: DEBUG glance.common.config [None req-553cf85a-5184-4da9-8eea-c98f9c489491 None None] image_size_cap = 1099511627776 {{(pid=99576) log_opt_values /opt/stack/data/venv/lib/python3.12/site-packages/oslo_config/cfg.py:3242}}
Jul 07 11:23:08.790385 np0000004715 devstack@g-api.service[99576]: DEBUG glance.common.config [None req-553cf85a-5184-4da9-8eea-c98f9c489491 None None] image_tag_quota = 128 {{(pid=99576) log_opt_values /opt/stack/data/venv/lib/python3.12/site-packages/oslo_config/cfg.py:3242}}
Jul 07 11:23:08.790510 np0000004715 devstack@g-api.service[99576]: DEBUG glance.common.config [None req-553cf85a-5184-4da9-8eea-c98f9c489491 None None] instance_format = [instance: %(uuid)s] {{(pid=99576) log_opt_values /opt/stack/data/venv/lib/python3.12/site-packages/oslo_config/cfg.py:3242}}
Jul 07 11:23:08.790650 np0000004715 devstack@g-api.service[99576]: DEBUG glance.common.config [None req-553cf85a-5184-4da9-8eea-c98f9c489491 None None] instance_uuid_format = [instance: %(uuid)s] {{(pid=99576) log_opt_values /opt/stack/data/venv/lib/python3.12/site-packages/oslo_config/cfg.py:3242}}
Jul 07 11:23:08.790773 np0000004715 devstack@g-api.service[99576]: DEBUG glance.common.config [None req-553cf85a-5184-4da9-8eea-c98f9c489491 None None] limit_param_default = 25 {{(pid=99576) log_opt_values /opt/stack/data/venv/lib/python3.12/site-packages/oslo_config/cfg.py:3242}}
Jul 07 11:23:08.790873 np0000004715 devstack@g-api.service[99576]: DEBUG glance.common.config [None req-553cf85a-5184-4da9-8eea-c98f9c489491 None None] log_color = False {{(pid=99576) log_opt_values /opt/stack/data/venv/lib/python3.12/site-packages/oslo_config/cfg.py:3242}}
Jul 07 11:23:08.790964 np0000004715 devstack@g-api.service[99576]: DEBUG glance.common.config [None req-553cf85a-5184-4da9-8eea-c98f9c489491 None None] log_config_append = None {{(pid=99576) log_opt_values /opt/stack/data/venv/lib/python3.12/site-packages/oslo_config/cfg.py:3242}}
Jul 07 11:23:08.791087 np0000004715 devstack@g-api.service[99576]: DEBUG glance.common.config [None req-553cf85a-5184-4da9-8eea-c98f9c489491 None None] log_date_format = %Y-%m-%d %H:%M:%S {{(pid=99576) log_opt_values /opt/stack/data/venv/lib/python3.12/site-packages/oslo_config/cfg.py:3242}}
Jul 07 11:23:08.791207 np0000004715 devstack@g-api.service[99576]: DEBUG glance.common.config [None req-553cf85a-5184-4da9-8eea-c98f9c489491 None None] log_dir = None {{(pid=99576) log_opt_values /opt/stack/data/venv/lib/python3.12/site-packages/oslo_config/cfg.py:3242}}
Jul 07 11:23:08.791303 np0000004715 devstack@g-api.service[99576]: DEBUG glance.common.config [None req-553cf85a-5184-4da9-8eea-c98f9c489491 None None] log_file = None {{(pid=99576) log_opt_values /opt/stack/data/venv/lib/python3.12/site-packages/oslo_config/cfg.py:3242}}
Jul 07 11:23:08.791390 np0000004715 devstack@g-api.service[99576]: DEBUG glance.common.config [None req-553cf85a-5184-4da9-8eea-c98f9c489491 None None] log_rotate_interval = 1 {{(pid=99576) log_opt_values /opt/stack/data/venv/lib/python3.12/site-packages/oslo_config/cfg.py:3242}}
Jul 07 11:23:08.791485 np0000004715 devstack@g-api.service[99576]: DEBUG glance.common.config [None req-553cf85a-5184-4da9-8eea-c98f9c489491 None None] log_rotate_interval_type = days {{(pid=99576) log_opt_values /opt/stack/data/venv/lib/python3.12/site-packages/oslo_config/cfg.py:3242}}
Jul 07 11:23:08.791576 np0000004715 devstack@g-api.service[99576]: DEBUG glance.common.config [None req-553cf85a-5184-4da9-8eea-c98f9c489491 None None] log_rotation_type = none {{(pid=99576) log_opt_values /opt/stack/data/venv/lib/python3.12/site-packages/oslo_config/cfg.py:3242}}
Jul 07 11:23:08.791648 np0000004715 devstack@g-api.service[99576]: DEBUG glance.common.config [None req-553cf85a-5184-4da9-8eea-c98f9c489491 None None] logging_context_format_string = %(color)s%(levelname)s %(name)s [%(global_request_id)s %(request_id)s %(project_name)s %(user_name)s%(color)s] %(instance)s%(color)s%(message)s {{(pid=99576) log_opt_values /opt/stack/data/venv/lib/python3.12/site-packages/oslo_config/cfg.py:3242}}
Jul 07 11:23:08.791732 np0000004715 devstack@g-api.service[99576]: DEBUG glance.common.config [None req-553cf85a-5184-4da9-8eea-c98f9c489491 None None] logging_debug_format_suffix = {{(pid=%(process)d) %(funcName)s %(pathname)s:%(lineno)d}} {{(pid=99576) log_opt_values /opt/stack/data/venv/lib/python3.12/site-packages/oslo_config/cfg.py:3242}}
Jul 07 11:23:08.791845 np0000004715 devstack@g-api.service[99576]: DEBUG glance.common.config [None req-553cf85a-5184-4da9-8eea-c98f9c489491 None None] logging_default_format_string = %(color)s%(levelname)s %(name)s [-%(color)s] %(instance)s%(color)s%(message)s {{(pid=99576) log_opt_values /opt/stack/data/venv/lib/python3.12/site-packages/oslo_config/cfg.py:3242}}
Jul 07 11:23:08.791933 np0000004715 devstack@g-api.service[99576]: DEBUG glance.common.config [None req-553cf85a-5184-4da9-8eea-c98f9c489491 None None] logging_exception_prefix = ERROR %(name)s %(instance)s {{(pid=99576) log_opt_values /opt/stack/data/venv/lib/python3.12/site-packages/oslo_config/cfg.py:3242}}
Jul 07 11:23:08.791993 np0000004715 devstack@g-api.service[99576]: DEBUG glance.common.config [None req-553cf85a-5184-4da9-8eea-c98f9c489491 None None] logging_user_identity_format = %(user)s %(project)s %(domain)s %(system_scope)s %(user_domain)s %(project_domain)s {{(pid=99576) log_opt_values /opt/stack/data/venv/lib/python3.12/site-packages/oslo_config/cfg.py:3242}}
Jul 07 11:23:08.792082 np0000004715 devstack@g-api.service[99576]: DEBUG glance.common.config [None req-553cf85a-5184-4da9-8eea-c98f9c489491 None None] max_logfile_count = 30 {{(pid=99576) log_opt_values /opt/stack/data/venv/lib/python3.12/site-packages/oslo_config/cfg.py:3242}}
Jul 07 11:23:08.792186 np0000004715 devstack@g-api.service[99576]: DEBUG glance.common.config [None req-553cf85a-5184-4da9-8eea-c98f9c489491 None None] max_logfile_size_mb = 200 {{(pid=99576) log_opt_values /opt/stack/data/venv/lib/python3.12/site-packages/oslo_config/cfg.py:3242}}
Jul 07 11:23:08.792274 np0000004715 devstack@g-api.service[99576]: DEBUG glance.common.config [None req-553cf85a-5184-4da9-8eea-c98f9c489491 None None] max_request_id_length = 64 {{(pid=99576) log_opt_values /opt/stack/data/venv/lib/python3.12/site-packages/oslo_config/cfg.py:3242}}
Jul 07 11:23:08.792367 np0000004715 devstack@g-api.service[99576]: DEBUG glance.common.config [None req-553cf85a-5184-4da9-8eea-c98f9c489491 None None] metadata_encryption_key = **** {{(pid=99576) log_opt_values /opt/stack/data/venv/lib/python3.12/site-packages/oslo_config/cfg.py:3242}}
Jul 07 11:23:08.792463 np0000004715 devstack@g-api.service[99576]: DEBUG glance.common.config [None req-553cf85a-5184-4da9-8eea-c98f9c489491 None None] node_staging_uri = file:///tmp/staging/ {{(pid=99576) log_opt_values /opt/stack/data/venv/lib/python3.12/site-packages/oslo_config/cfg.py:3242}}
Jul 07 11:23:08.792541 np0000004715 devstack@g-api.service[99576]: DEBUG glance.common.config [None req-553cf85a-5184-4da9-8eea-c98f9c489491 None None] property_protection_file = None {{(pid=99576) log_opt_values /opt/stack/data/venv/lib/python3.12/site-packages/oslo_config/cfg.py:3242}}
Jul 07 11:23:08.792632 np0000004715 devstack@g-api.service[99576]: DEBUG glance.common.config [None req-553cf85a-5184-4da9-8eea-c98f9c489491 None None] property_protection_rule_format = roles {{(pid=99576) log_opt_values /opt/stack/data/venv/lib/python3.12/site-packages/oslo_config/cfg.py:3242}}
Jul 07 11:23:08.792740 np0000004715 devstack@g-api.service[99576]: DEBUG glance.common.config [None req-553cf85a-5184-4da9-8eea-c98f9c489491 None None] public_endpoint = https://10.4.3.49/image {{(pid=99576) log_opt_values /opt/stack/data/venv/lib/python3.12/site-packages/oslo_config/cfg.py:3242}}
Jul 07 11:23:08.792846 np0000004715 devstack@g-api.service[99576]: DEBUG glance.common.config [None req-553cf85a-5184-4da9-8eea-c98f9c489491 None None] publish_errors = False {{(pid=99576) log_opt_values /opt/stack/data/venv/lib/python3.12/site-packages/oslo_config/cfg.py:3242}}
Jul 07 11:23:08.792936 np0000004715 devstack@g-api.service[99576]: DEBUG glance.common.config [None req-553cf85a-5184-4da9-8eea-c98f9c489491 None None] pydev_worker_debug_host = None {{(pid=99576) log_opt_values /opt/stack/data/venv/lib/python3.12/site-packages/oslo_config/cfg.py:3242}}
Jul 07 11:23:08.793063 np0000004715 devstack@g-api.service[99576]: DEBUG glance.common.config [None req-553cf85a-5184-4da9-8eea-c98f9c489491 None None] pydev_worker_debug_port = 5678 {{(pid=99576) log_opt_values /opt/stack/data/venv/lib/python3.12/site-packages/oslo_config/cfg.py:3242}}
Jul 07 11:23:08.793123 np0000004715 devstack@g-api.service[99576]: DEBUG glance.common.config [None req-553cf85a-5184-4da9-8eea-c98f9c489491 None None] rate_limit_burst = 0 {{(pid=99576) log_opt_values /opt/stack/data/venv/lib/python3.12/site-packages/oslo_config/cfg.py:3242}}
Jul 07 11:23:08.793230 np0000004715 devstack@g-api.service[99576]: DEBUG glance.common.config [None req-553cf85a-5184-4da9-8eea-c98f9c489491 None None] rate_limit_except_level = CRITICAL {{(pid=99576) log_opt_values /opt/stack/data/venv/lib/python3.12/site-packages/oslo_config/cfg.py:3242}}
Jul 07 11:23:08.793314 np0000004715 devstack@g-api.service[99576]: DEBUG glance.common.config [None req-553cf85a-5184-4da9-8eea-c98f9c489491 None None] rate_limit_interval = 0 {{(pid=99576) log_opt_values /opt/stack/data/venv/lib/python3.12/site-packages/oslo_config/cfg.py:3242}}
Jul 07 11:23:08.793402 np0000004715 devstack@g-api.service[99576]: DEBUG glance.common.config [None req-553cf85a-5184-4da9-8eea-c98f9c489491 None None] scrub_pool_size = 1 {{(pid=99576) log_opt_values /opt/stack/data/venv/lib/python3.12/site-packages/oslo_config/cfg.py:3242}}
Jul 07 11:23:08.793494 np0000004715 devstack@g-api.service[99576]: DEBUG glance.common.config [None req-553cf85a-5184-4da9-8eea-c98f9c489491 None None] scrub_time = 0 {{(pid=99576) log_opt_values /opt/stack/data/venv/lib/python3.12/site-packages/oslo_config/cfg.py:3242}}
Jul 07 11:23:08.793571 np0000004715 devstack@g-api.service[99576]: DEBUG glance.common.config [None req-553cf85a-5184-4da9-8eea-c98f9c489491 None None] shell_completion = None {{(pid=99576) log_opt_values /opt/stack/data/venv/lib/python3.12/site-packages/oslo_config/cfg.py:3242}}
Jul 07 11:23:08.793669 np0000004715 devstack@g-api.service[99576]: DEBUG glance.common.config [None req-553cf85a-5184-4da9-8eea-c98f9c489491 None None] show_image_direct_url = False {{(pid=99576) log_opt_values /opt/stack/data/venv/lib/python3.12/site-packages/oslo_config/cfg.py:3242}}
Jul 07 11:23:08.794146 np0000004715 devstack@g-api.service[99576]: WARNING oslo_config.cfg [None req-553cf85a-5184-4da9-8eea-c98f9c489491 None None] Deprecated: Option "show_multiple_locations" from group "DEFAULT" is deprecated for removal (Use of this option, deprecated since Newton, is a security risk and will be removed once we figure out a way to satisfy those use cases that currently require it. An earlier announcement that the same functionality can be achieved with greater granularity by using policies is incorrect. You cannot work around this option via policy configuration at the present time, though that is the direction we believe the fix will take. Please keep an eye on the Glance release notes to stay up to date on progress in addressing this issue.). Its value may be silently ignored in the future.
