Jul 07 11:22:44.995943 np0000004715 nova-scheduler[93306]: DEBUG cotyledon.oslo_config_glue [-] oslo_messaging_notifications.driver = ['messagingv2'] {{(pid=93306) log_opt_values /opt/stack/data/venv/lib/python3.12/site-packages/oslo_config/cfg.py:3253}}
Jul 07 11:22:44.995943 np0000004715 nova-scheduler[93306]: DEBUG cotyledon.oslo_config_glue [-] oslo_messaging_notifications.retry = -1 {{(pid=93306) log_opt_values /opt/stack/data/venv/lib/python3.12/site-packages/oslo_config/cfg.py:3253}}
Jul 07 11:22:44.995943 np0000004715 nova-scheduler[93306]: DEBUG cotyledon.oslo_config_glue [-] oslo_messaging_notifications.topics = ['notifications'] {{(pid=93306) log_opt_values /opt/stack/data/venv/lib/python3.12/site-packages/oslo_config/cfg.py:3253}}
Jul 07 11:22:44.996090 np0000004715 nova-scheduler[93306]: DEBUG cotyledon.oslo_config_glue [-] oslo_messaging_notifications.transport_url = **** {{(pid=93306) log_opt_values /opt/stack/data/venv/lib/python3.12/site-packages/oslo_config/cfg.py:3253}}
Jul 07 11:22:44.996090 np0000004715 nova-scheduler[93306]: DEBUG cotyledon.oslo_config_glue [-] oslo_limit.auth_section = None {{(pid=93306) log_opt_values /opt/stack/data/venv/lib/python3.12/site-packages/oslo_config/cfg.py:3253}}
Jul 07 11:22:44.996090 np0000004715 nova-scheduler[93306]: DEBUG cotyledon.oslo_config_glue [-] oslo_limit.auth_type = None {{(pid=93306) log_opt_values /opt/stack/data/venv/lib/python3.12/site-packages/oslo_config/cfg.py:3253}}
Jul 07 11:22:44.996090 np0000004715 nova-scheduler[93306]: DEBUG cotyledon.oslo_config_glue [-] oslo_limit.cafile = None {{(pid=93306) log_opt_values /opt/stack/data/venv/lib/python3.12/site-packages/oslo_config/cfg.py:3253}}
Jul 07 11:22:44.996090 np0000004715 nova-scheduler[93306]: DEBUG cotyledon.oslo_config_glue [-] oslo_limit.certfile = None {{(pid=93306) log_opt_values /opt/stack/data/venv/lib/python3.12/site-packages/oslo_config/cfg.py:3253}}
Jul 07 11:22:44.996090 np0000004715 nova-scheduler[93306]: DEBUG cotyledon.oslo_config_glue [-] oslo_limit.collect_timing = False {{(pid=93306) log_opt_values /opt/stack/data/venv/lib/python3.12/site-packages/oslo_config/cfg.py:3253}}
Jul 07 11:22:44.996090 np0000004715 nova-scheduler[93306]: DEBUG cotyledon.oslo_config_glue [-] oslo_limit.connect_retries = None {{(pid=93306) log_opt_values /opt/stack/data/venv/lib/python3.12/site-packages/oslo_config/cfg.py:3253}}
Jul 07 11:22:44.996090 np0000004715 nova-scheduler[93306]: DEBUG cotyledon.oslo_config_glue [-] oslo_limit.connect_retry_delay = None {{(pid=93306) log_opt_values /opt/stack/data/venv/lib/python3.12/site-packages/oslo_config/cfg.py:3253}}
Jul 07 11:22:44.996090 np0000004715 nova-scheduler[93306]: DEBUG cotyledon.oslo_config_glue [-] oslo_limit.endpoint_id = None {{(pid=93306) log_opt_values /opt/stack/data/venv/lib/python3.12/site-packages/oslo_config/cfg.py:3253}}
Jul 07 11:22:44.996240 np0000004715 nova-scheduler[93306]: DEBUG cotyledon.oslo_config_glue [-] oslo_limit.endpoint_interface = public {{(pid=93306) log_opt_values /opt/stack/data/venv/lib/python3.12/site-packages/oslo_config/cfg.py:3253}}
Jul 07 11:22:44.996240 np0000004715 nova-scheduler[93306]: DEBUG cotyledon.oslo_config_glue [-] oslo_limit.endpoint_override = None {{(pid=93306) log_opt_values /opt/stack/data/venv/lib/python3.12/site-packages/oslo_config/cfg.py:3253}}
Jul 07 11:22:44.996240 np0000004715 nova-scheduler[93306]: DEBUG cotyledon.oslo_config_glue [-] oslo_limit.endpoint_region_name = None {{(pid=93306) log_opt_values /opt/stack/data/venv/lib/python3.12/site-packages/oslo_config/cfg.py:3253}}
Jul 07 11:22:44.996240 np0000004715 nova-scheduler[93306]: DEBUG cotyledon.oslo_config_glue [-] oslo_limit.endpoint_service_name = None {{(pid=93306) log_opt_values /opt/stack/data/venv/lib/python3.12/site-packages/oslo_config/cfg.py:3253}}
Jul 07 11:22:44.996240 np0000004715 nova-scheduler[93306]: DEBUG cotyledon.oslo_config_glue [-] oslo_limit.endpoint_service_type = None {{(pid=93306) log_opt_values /opt/stack/data/venv/lib/python3.12/site-packages/oslo_config/cfg.py:3253}}
Jul 07 11:22:44.996240 np0000004715 nova-scheduler[93306]: DEBUG cotyledon.oslo_config_glue [-] oslo_limit.insecure = False {{(pid=93306) log_opt_values /opt/stack/data/venv/lib/python3.12/site-packages/oslo_config/cfg.py:3253}}
Jul 07 11:22:44.996240 np0000004715 nova-scheduler[93306]: DEBUG cotyledon.oslo_config_glue [-] oslo_limit.keyfile = None {{(pid=93306) log_opt_values /opt/stack/data/venv/lib/python3.12/site-packages/oslo_config/cfg.py:3253}}
Jul 07 11:22:44.996240 np0000004715 nova-scheduler[93306]: DEBUG cotyledon.oslo_config_glue [-] oslo_limit.max_version = None {{(pid=93306) log_opt_values /opt/stack/data/venv/lib/python3.12/site-packages/oslo_config/cfg.py:3253}}
Jul 07 11:22:44.996240 np0000004715 nova-scheduler[93306]: DEBUG cotyledon.oslo_config_glue [-] oslo_limit.min_version = None {{(pid=93306) log_opt_values /opt/stack/data/venv/lib/python3.12/site-packages/oslo_config/cfg.py:3253}}
Jul 07 11:22:44.996393 np0000004715 nova-scheduler[93306]: DEBUG cotyledon.oslo_config_glue [-] oslo_limit.region_name = None {{(pid=93306) log_opt_values /opt/stack/data/venv/lib/python3.12/site-packages/oslo_config/cfg.py:3253}}
Jul 07 11:22:44.996393 np0000004715 nova-scheduler[93306]: DEBUG cotyledon.oslo_config_glue [-] oslo_limit.retriable_status_codes = None {{(pid=93306) log_opt_values /opt/stack/data/venv/lib/python3.12/site-packages/oslo_config/cfg.py:3253}}
Jul 07 11:22:44.996393 np0000004715 nova-scheduler[93306]: DEBUG cotyledon.oslo_config_glue [-] oslo_limit.service_name = None {{(pid=93306) log_opt_values /opt/stack/data/venv/lib/python3.12/site-packages/oslo_config/cfg.py:3253}}
Jul 07 11:22:44.996393 np0000004715 nova-scheduler[93306]: DEBUG cotyledon.oslo_config_glue [-] oslo_limit.service_type = None {{(pid=93306) log_opt_values /opt/stack/data/venv/lib/python3.12/site-packages/oslo_config/cfg.py:3253}}
Jul 07 11:22:44.996393 np0000004715 nova-scheduler[93306]: DEBUG cotyledon.oslo_config_glue [-] oslo_limit.split_loggers = False {{(pid=93306) log_opt_values /opt/stack/data/venv/lib/python3.12/site-packages/oslo_config/cfg.py:3253}}
Jul 07 11:22:44.996393 np0000004715 nova-scheduler[93306]: DEBUG cotyledon.oslo_config_glue [-] oslo_limit.status_code_retries = None {{(pid=93306) log_opt_values /opt/stack/data/venv/lib/python3.12/site-packages/oslo_config/cfg.py:3253}}
Jul 07 11:22:44.996393 np0000004715 nova-scheduler[93306]: DEBUG cotyledon.oslo_config_glue [-] oslo_limit.status_code_retry_delay = None {{(pid=93306) log_opt_values /opt/stack/data/venv/lib/python3.12/site-packages/oslo_config/cfg.py:3253}}
Jul 07 11:22:44.996393 np0000004715 nova-scheduler[93306]: DEBUG cotyledon.oslo_config_glue [-] oslo_limit.timeout = None {{(pid=93306) log_opt_values /opt/stack/data/venv/lib/python3.12/site-packages/oslo_config/cfg.py:3253}}
Jul 07 11:22:44.996393 np0000004715 nova-scheduler[93306]: DEBUG cotyledon.oslo_config_glue [-] oslo_limit.valid_interfaces = None {{(pid=93306) log_opt_values /opt/stack/data/venv/lib/python3.12/site-packages/oslo_config/cfg.py:3253}}
Jul 07 11:22:44.996559 np0000004715 nova-scheduler[93306]: DEBUG cotyledon.oslo_config_glue [-] oslo_limit.version = None {{(pid=93306) log_opt_values /opt/stack/data/venv/lib/python3.12/site-packages/oslo_config/cfg.py:3253}}
Jul 07 11:22:44.996559 np0000004715 nova-scheduler[93306]: DEBUG cotyledon.oslo_config_glue [-] oslo_reports.file_event_handler = None {{(pid=93306) log_opt_values /opt/stack/data/venv/lib/python3.12/site-packages/oslo_config/cfg.py:3253}}
Jul 07 11:22:44.996559 np0000004715 nova-scheduler[93306]: DEBUG cotyledon.oslo_config_glue [-] oslo_reports.file_event_handler_interval = 1 {{(pid=93306) log_opt_values /opt/stack/data/venv/lib/python3.12/site-packages/oslo_config/cfg.py:3253}}
Jul 07 11:22:44.996559 np0000004715 nova-scheduler[93306]: DEBUG cotyledon.oslo_config_glue [-] oslo_reports.log_dir = None {{(pid=93306) log_opt_values /opt/stack/data/venv/lib/python3.12/site-packages/oslo_config/cfg.py:3253}}
Jul 07 11:22:44.996559 np0000004715 nova-scheduler[93306]: DEBUG cotyledon.oslo_config_glue [-] ******************************************************************************** {{(pid=93306) log_opt_values /opt/stack/data/venv/lib/python3.12/site-packages/oslo_config/cfg.py:3260}}
Jul 07 11:22:44.996559 np0000004715 nova-scheduler[93306]: DEBUG cotyledon._service_worker [-] Run service ServiceWrapper(2) [93306] {{(pid=93306) wait_forever /opt/stack/data/venv/lib/python3.12/site-packages/cotyledon/_service_worker.py:218}}
Jul 07 11:22:44.996559 np0000004715 nova-scheduler[93306]: INFO nova.service [-] Starting scheduler node (version 33.1.0)
Jul 07 11:22:44.996559 np0000004715 nova-scheduler[93306]: INFO dbcounter [None req-e91c156f-7bf7-4647-9a8f-eb12dec97555 None None] Registered counter for database nova_cell0
Jul 07 11:22:45.013384 np0000004715 nova-scheduler[93302]: DEBUG oslo_db.sqlalchemy.engines [None req-66447c90-5db3-4acb-b7ad-f018cba5f0fd None None] MySQL server mode set to STRICT_TRANS_TABLES,STRICT_ALL_TABLES,NO_ZERO_IN_DATE,NO_ZERO_DATE,ERROR_FOR_DIVISION_BY_ZERO,TRADITIONAL,NO_ENGINE_SUBSTITUTION {{(pid=93302) _check_effective_sql_mode /opt/stack/data/venv/lib/python3.12/site-packages/oslo_db/sqlalchemy/engines.py:325}}
Jul 07 11:22:45.016926 np0000004715 nova-scheduler[93304]: DEBUG oslo_db.sqlalchemy.engines [None req-66f373f4-2b84-404e-8afe-0a0e91347e12 None None] MySQL server mode set to STRICT_TRANS_TABLES,STRICT_ALL_TABLES,NO_ZERO_IN_DATE,NO_ZERO_DATE,ERROR_FOR_DIVISION_BY_ZERO,TRADITIONAL,NO_ENGINE_SUBSTITUTION {{(pid=93304) _check_effective_sql_mode /opt/stack/data/venv/lib/python3.12/site-packages/oslo_db/sqlalchemy/engines.py:325}}
Jul 07 11:22:45.021273 np0000004715 nova-scheduler[93306]: DEBUG oslo_db.sqlalchemy.engines [None req-e91c156f-7bf7-4647-9a8f-eb12dec97555 None None] MySQL server mode set to STRICT_TRANS_TABLES,STRICT_ALL_TABLES,NO_ZERO_IN_DATE,NO_ZERO_DATE,ERROR_FOR_DIVISION_BY_ZERO,TRADITIONAL,NO_ENGINE_SUBSTITUTION {{(pid=93306) _check_effective_sql_mode /opt/stack/data/venv/lib/python3.12/site-packages/oslo_db/sqlalchemy/engines.py:325}}
Jul 07 11:22:45.023579 np0000004715 nova-scheduler[93302]: DEBUG dbcounter [-] [93302] Writer thread running {{(pid=93302) stat_writer /opt/stack/data/venv/lib/python3.12/site-packages/dbcounter.py:102}}
Jul 07 11:22:45.028593 np0000004715 nova-scheduler[93304]: DEBUG dbcounter [-] [93304] Writer thread running {{(pid=93304) stat_writer /opt/stack/data/venv/lib/python3.12/site-packages/dbcounter.py:102}}
Jul 07 11:22:45.030885 np0000004715 nova-scheduler[93306]: DEBUG dbcounter [-] [93306] Writer thread running {{(pid=93306) stat_writer /opt/stack/data/venv/lib/python3.12/site-packages/dbcounter.py:102}}
Jul 07 11:22:45.040395 np0000004715 nova-scheduler[93302]: DEBUG nova.service [None req-66447c90-5db3-4acb-b7ad-f018cba5f0fd None None] Creating RPC server for service: nova-scheduler on topic: scheduler {{(pid=93302) start /opt/stack/nova/nova/service.py:196}}
Jul 07 11:22:45.048303 np0000004715 nova-scheduler[93304]: DEBUG nova.service [None req-66f373f4-2b84-404e-8afe-0a0e91347e12 None None] Creating RPC server for service: nova-scheduler on topic: scheduler {{(pid=93304) start /opt/stack/nova/nova/service.py:196}}
Jul 07 11:22:45.049178 np0000004715 nova-scheduler[93306]: DEBUG nova.service [None req-e91c156f-7bf7-4647-9a8f-eb12dec97555 None None] Creating RPC server for service: nova-scheduler on topic: scheduler {{(pid=93306) start /opt/stack/nova/nova/service.py:196}}
Jul 07 11:22:45.069637 np0000004715 nova-scheduler[93302]: DEBUG nova.service [None req-66447c90-5db3-4acb-b7ad-f018cba5f0fd None None] Join ServiceGroup membership for this service scheduler {{(pid=93302) start /opt/stack/nova/nova/service.py:222}}
Jul 07 11:22:45.069637 np0000004715 nova-scheduler[93302]: DEBUG nova.servicegroup.drivers.db [None req-66447c90-5db3-4acb-b7ad-f018cba5f0fd None None] DB_Driver: join new ServiceGroup member np0000004715 to the scheduler group, service = {{(pid=93302) join /opt/stack/nova/nova/servicegroup/drivers/db.py:44}}
Jul 07 11:22:45.070150 np0000004715 nova-scheduler[93304]: DEBUG nova.service [None req-66f373f4-2b84-404e-8afe-0a0e91347e12 None None] Join ServiceGroup membership for this service scheduler {{(pid=93304) start /opt/stack/nova/nova/service.py:222}}
Jul 07 11:22:45.070380 np0000004715 nova-scheduler[93304]: DEBUG nova.servicegroup.drivers.db [None req-66f373f4-2b84-404e-8afe-0a0e91347e12 None None] DB_Driver: join new ServiceGroup member np0000004715 to the scheduler group, service = {{(pid=93304) join /opt/stack/nova/nova/servicegroup/drivers/db.py:44}}
Jul 07 11:22:45.071661 np0000004715 nova-scheduler[93306]: DEBUG nova.service [None req-e91c156f-7bf7-4647-9a8f-eb12dec97555 None None] Join ServiceGroup membership for this service scheduler {{(pid=93306) start /opt/stack/nova/nova/service.py:222}}
Jul 07 11:22:45.072018 np0000004715 nova-scheduler[93306]: DEBUG nova.servicegroup.drivers.db [None req-e91c156f-7bf7-4647-9a8f-eb12dec97555 None None] DB_Driver: join new ServiceGroup member np0000004715 to the scheduler group, service = {{(pid=93306) join /opt/stack/nova/nova/servicegroup/drivers/db.py:44}}
Jul 07 11:22:50.082892 np0000004715 nova-scheduler[93302]: DEBUG oslo.service.backend._threading.loopingcall [-] Fixed interval looping call 'nova.servicegroup.drivers.db.DbDriver._report_state' sleeping for 119.99 seconds {{(pid=93302) _run_loop /opt/stack/data/venv/lib/python3.12/site-packages/oslo_service/backend/_threading/loopingcall.py:125}}
Jul 07 11:22:50.083324 np0000004715 nova-scheduler[93304]: DEBUG oslo.service.backend._threading.loopingcall [-] Fixed interval looping call 'nova.servicegroup.drivers.db.DbDriver._report_state' sleeping for 119.99 seconds {{(pid=93304) _run_loop /opt/stack/data/venv/lib/python3.12/site-packages/oslo_service/backend/_threading/loopingcall.py:125}}
Jul 07 11:22:50.083996 np0000004715 nova-scheduler[93306]: DEBUG oslo.service.backend._threading.loopingcall [-] Fixed interval looping call 'nova.servicegroup.drivers.db.DbDriver._report_state' sleeping for 119.99 seconds {{(pid=93306) _run_loop /opt/stack/data/venv/lib/python3.12/site-packages/oslo_service/backend/_threading/loopingcall.py:125}}
Jul 07 11:22:53.574961 np0000004715 nova-scheduler[92095]: DEBUG dbcounter [-] [92095] Writing DB stats nova_api:SELECT=3 {{(pid=92095) stat_writer /opt/stack/data/venv/lib/python3.12/site-packages/dbcounter.py:115}}
Jul 07 11:22:53.738928 np0000004715 nova-scheduler[92095]: DEBUG dbcounter [-] [92095] Writing DB stats nova_cell1:SELECT=1 {{(pid=92095) stat_writer /opt/stack/data/venv/lib/python3.12/site-packages/dbcounter.py:115}}
Jul 07 11:22:53.747110 np0000004715 nova-scheduler[92095]: DEBUG dbcounter [-] [92095] Writing DB stats nova_cell0:SELECT=1 {{(pid=92095) stat_writer /opt/stack/data/venv/lib/python3.12/site-packages/dbcounter.py:115}}
Jul 07 11:23:00.078962 np0000004715 nova-scheduler[93302]: DEBUG dbcounter [-] [93302] Writing DB stats nova_cell0:SELECT=4,nova_cell0:INSERT=1,nova_cell0:UPDATE=1 {{(pid=93302) stat_writer /opt/stack/data/venv/lib/python3.12/site-packages/dbcounter.py:115}}
Jul 07 11:23:00.079605 np0000004715 nova-scheduler[93304]: DEBUG dbcounter [-] [93304] Writing DB stats nova_cell0:SELECT=5,nova_cell0:INSERT=1,nova_cell0:UPDATE=1 {{(pid=93304) stat_writer /opt/stack/data/venv/lib/python3.12/site-packages/dbcounter.py:115}}
Jul 07 11:23:00.081991 np0000004715 nova-scheduler[93306]: DEBUG dbcounter [-] [93306] Writing DB stats nova_cell0:SELECT=5,nova_cell0:INSERT=1,nova_cell0:UPDATE=1 {{(pid=93306) stat_writer /opt/stack/data/venv/lib/python3.12/site-packages/dbcounter.py:115}}
Jul 07 11:23:10.074425 np0000004715 nova-scheduler[93306]: DEBUG oslo.service.backend._threading.loopingcall [None req-3fccce5e-10a8-4d3c-bf07-178a62a1967f None None] Dynamic interval looping call 'nova.service.Service.periodic_tasks' sleeping for 60.00 seconds {{(pid=93306) _run_loop /opt/stack/data/venv/lib/python3.12/site-packages/oslo_service/backend/_threading/loopingcall.py:125}}
Jul 07 11:23:26.071948 np0000004715 nova-scheduler[93302]: DEBUG oslo.service.backend._threading.loopingcall [None req-416f5377-ab00-4f4d-8b7e-f1a6f9b24140 None None] Dynamic interval looping call 'nova.service.Service.periodic_tasks' sleeping for 60.00 seconds {{(pid=93302) _run_loop /opt/stack/data/venv/lib/python3.12/site-packages/oslo_service/backend/_threading/loopingcall.py:125}}
Jul 07 11:23:33.072593 np0000004715 nova-scheduler[93304]: DEBUG oslo.service.backend._threading.loopingcall [None req-73596f46-bd6d-4cb5-8bf3-f4d8109a1ee4 None None] Dynamic interval looping call 'nova.service.Service.periodic_tasks' sleeping for 60.00 seconds {{(pid=93304) _run_loop /opt/stack/data/venv/lib/python3.12/site-packages/oslo_service/backend/_threading/loopingcall.py:125}}
Jul 07 11:24:10.074897 np0000004715 nova-scheduler[93306]: DEBUG oslo.service.backend._threading.loopingcall [None req-3fccce5e-10a8-4d3c-bf07-178a62a1967f None None] Dynamic interval looping call 'nova.service.Service.periodic_tasks' sleeping for 60.00 seconds {{(pid=93306) _run_loop /opt/stack/data/venv/lib/python3.12/site-packages/oslo_service/backend/_threading/loopingcall.py:125}}
Jul 07 11:24:26.072435 np0000004715 nova-scheduler[93302]: DEBUG oslo.service.backend._threading.loopingcall [None req-416f5377-ab00-4f4d-8b7e-f1a6f9b24140 None None] Dynamic interval looping call 'nova.service.Service.periodic_tasks' sleeping for 60.00 seconds {{(pid=93302) _run_loop /opt/stack/data/venv/lib/python3.12/site-packages/oslo_service/backend/_threading/loopingcall.py:125}}
Jul 07 11:24:33.073012 np0000004715 nova-scheduler[93304]: DEBUG oslo.service.backend._threading.loopingcall [None req-73596f46-bd6d-4cb5-8bf3-f4d8109a1ee4 None None] Dynamic interval looping call 'nova.service.Service.periodic_tasks' sleeping for 60.00 seconds {{(pid=93304) _run_loop /opt/stack/data/venv/lib/python3.12/site-packages/oslo_service/backend/_threading/loopingcall.py:125}}
Jul 07 11:24:50.082826 np0000004715 nova-scheduler[93304]: DEBUG oslo.service.backend._threading.loopingcall [-] Fixed interval looping call 'nova.servicegroup.drivers.db.DbDriver._report_state' sleeping for 119.99 seconds {{(pid=93304) _run_loop /opt/stack/data/venv/lib/python3.12/site-packages/oslo_service/backend/_threading/loopingcall.py:125}}
Jul 07 11:24:50.083297 np0000004715 nova-scheduler[93302]: DEBUG oslo.service.backend._threading.loopingcall [-] Fixed interval looping call 'nova.servicegroup.drivers.db.DbDriver._report_state' sleeping for 119.99 seconds {{(pid=93302) _run_loop /opt/stack/data/venv/lib/python3.12/site-packages/oslo_service/backend/_threading/loopingcall.py:125}}
Jul 07 11:24:50.083516 np0000004715 nova-scheduler[93306]: DEBUG oslo.service.backend._threading.loopingcall [-] Fixed interval looping call 'nova.servicegroup.drivers.db.DbDriver._report_state' sleeping for 119.99 seconds {{(pid=93306) _run_loop /opt/stack/data/venv/lib/python3.12/site-packages/oslo_service/backend/_threading/loopingcall.py:125}}
Jul 07 11:25:00.077522 np0000004715 nova-scheduler[93304]: DEBUG dbcounter [-] [93304] Writing DB stats nova_cell0:SELECT=1,nova_cell0:UPDATE=1 {{(pid=93304) stat_writer /opt/stack/data/venv/lib/python3.12/site-packages/dbcounter.py:115}}
Jul 07 11:25:00.077996 np0000004715 nova-scheduler[93302]: DEBUG dbcounter [-] [93302] Writing DB stats nova_cell0:SELECT=1,nova_cell0:UPDATE=1 {{(pid=93302) stat_writer /opt/stack/data/venv/lib/python3.12/site-packages/dbcounter.py:115}}
Jul 07 11:25:00.079197 np0000004715 nova-scheduler[93306]: DEBUG dbcounter [-] [93306] Writing DB stats nova_cell0:SELECT=1,nova_cell0:UPDATE=1 {{(pid=93306) stat_writer /opt/stack/data/venv/lib/python3.12/site-packages/dbcounter.py:115}}
Jul 07 11:25:02.663610 np0000004715 nova-scheduler[93302]: DEBUG nova.scheduler.manager [None req-7a024476-711a-4dd2-ad38-590f51ae350e tempest-ServerBootFromVolumeStableRescueTest-1324852730 tempest-ServerBootFromVolumeStableRescueTest-1324852730-project-member] Starting to schedule for instances: ['cdd36d36-154b-4deb-b556-b32a1f4f0991'] {{(pid=93302) select_destinations /opt/stack/nova/nova/scheduler/manager.py:209}}
Jul 07 11:25:02.664069 np0000004715 nova-scheduler[93302]: DEBUG nova.scheduler.request_filter [None req-7a024476-711a-4dd2-ad38-590f51ae350e tempest-ServerBootFromVolumeStableRescueTest-1324852730 tempest-ServerBootFromVolumeStableRescueTest-1324852730-project-member] compute_status_filter request filter added forbidden trait COMPUTE_STATUS_DISABLED {{(pid=93302) compute_status_filter /opt/stack/nova/nova/scheduler/request_filter.py:253}}
Jul 07 11:25:02.664212 np0000004715 nova-scheduler[93302]: DEBUG nova.scheduler.request_filter [None req-7a024476-711a-4dd2-ad38-590f51ae350e tempest-ServerBootFromVolumeStableRescueTest-1324852730 tempest-ServerBootFromVolumeStableRescueTest-1324852730-project-member] Request filter 'compute_status_filter' took 0.0 seconds {{(pid=93302) wrapper /opt/stack/nova/nova/scheduler/request_filter.py:46}}
Jul 07 11:25:02.664390 np0000004715 nova-scheduler[93302]: DEBUG nova.scheduler.request_filter [None req-7a024476-711a-4dd2-ad38-590f51ae350e tempest-ServerBootFromVolumeStableRescueTest-1324852730 tempest-ServerBootFromVolumeStableRescueTest-1324852730-project-member] Request filter 'accelerators_filter' took 0.0 seconds {{(pid=93302) wrapper /opt/stack/nova/nova/scheduler/request_filter.py:46}}
Jul 07 11:25:02.665037 np0000004715 nova-scheduler[93302]: DEBUG nova.scheduler.request_filter [None req-7a024476-711a-4dd2-ad38-590f51ae350e tempest-ServerBootFromVolumeStableRescueTest-1324852730 tempest-ServerBootFromVolumeStableRescueTest-1324852730-project-member] Request filter 'packed_virtqueue_filter' took 0.0 seconds {{(pid=93302) wrapper /opt/stack/nova/nova/scheduler/request_filter.py:46}}
Jul 07 11:25:02.665363 np0000004715 nova-scheduler[93302]: DEBUG nova.scheduler.request_filter [None req-7a024476-711a-4dd2-ad38-590f51ae350e tempest-ServerBootFromVolumeStableRescueTest-1324852730 tempest-ServerBootFromVolumeStableRescueTest-1324852730-project-member] Request filter 'remote_managed_ports_filter' took 0.0 seconds {{(pid=93302) wrapper /opt/stack/nova/nova/scheduler/request_filter.py:46}}
Jul 07 11:25:02.665609 np0000004715 nova-scheduler[93302]: DEBUG nova.scheduler.request_filter [None req-7a024476-711a-4dd2-ad38-590f51ae350e tempest-ServerBootFromVolumeStableRescueTest-1324852730 tempest-ServerBootFromVolumeStableRescueTest-1324852730-project-member] ephemeral_encryption_filter skipped {{(pid=93302) ephemeral_encryption_filter /opt/stack/nova/nova/scheduler/request_filter.py:426}}
Jul 07 11:25:02.667974 np0000004715 nova-scheduler[93302]: DEBUG nova.scheduler.request_filter [None req-7a024476-711a-4dd2-ad38-590f51ae350e tempest-ServerBootFromVolumeStableRescueTest-1324852730 tempest-ServerBootFromVolumeStableRescueTest-1324852730-project-member] virtio_sound_filter skipped {{(pid=93302) virtio_sound_filter /opt/stack/nova/nova/scheduler/request_filter.py:460}}
Jul 07 11:25:02.667974 np0000004715 nova-scheduler[93302]: DEBUG nova.scheduler.request_filter [None req-7a024476-711a-4dd2-ad38-590f51ae350e tempest-ServerBootFromVolumeStableRescueTest-1324852730 tempest-ServerBootFromVolumeStableRescueTest-1324852730-project-member] tpm_secret_security_filter skipped {{(pid=93302) tpm_secret_security_filter /opt/stack/nova/nova/scheduler/request_filter.py:477}}
Jul 07 11:25:03.378764 np0000004715 nova-scheduler[93302]: INFO nova.utils [None req-7a024476-711a-4dd2-ad38-590f51ae350e tempest-ServerBootFromVolumeStableRescueTest-1324852730 tempest-ServerBootFromVolumeStableRescueTest-1324852730-project-member] The cell worker thread pool ForkProcess-1.cell_worker is initialized
Jul 07 11:25:03.378764 np0000004715 nova-scheduler[93302]: DEBUG oslo_concurrency.lockutils [None req-7a024476-711a-4dd2-ad38-590f51ae350e tempest-ServerBootFromVolumeStableRescueTest-1324852730 tempest-ServerBootFromVolumeStableRescueTest-1324852730-project-member] Acquiring lock "2eccf3bf-8892-4293-98f1-2993c0e930ee" by "nova.context.set_target_cell..get_or_set_cached_cell_and_set_connections" {{(pid=93302) inner /opt/stack/data/venv/lib/python3.12/site-packages/oslo_concurrency/lockutils.py:511}}
Jul 07 11:25:03.379138 np0000004715 nova-scheduler[93302]: DEBUG oslo_concurrency.lockutils [None req-7a024476-711a-4dd2-ad38-590f51ae350e tempest-ServerBootFromVolumeStableRescueTest-1324852730 tempest-ServerBootFromVolumeStableRescueTest-1324852730-project-member] Lock "2eccf3bf-8892-4293-98f1-2993c0e930ee" acquired by "nova.context.set_target_cell..get_or_set_cached_cell_and_set_connections" :: waited 0.001s {{(pid=93302) inner /opt/stack/data/venv/lib/python3.12/site-packages/oslo_concurrency/lockutils.py:524}}
Jul 07 11:25:03.381117 np0000004715 nova-scheduler[93302]: DEBUG oslo_concurrency.lockutils [None req-7a024476-711a-4dd2-ad38-590f51ae350e tempest-ServerBootFromVolumeStableRescueTest-1324852730 tempest-ServerBootFromVolumeStableRescueTest-1324852730-project-member] Lock "2eccf3bf-8892-4293-98f1-2993c0e930ee" "released" by "nova.context.set_target_cell..get_or_set_cached_cell_and_set_connections" :: held 0.002s {{(pid=93302) inner /opt/stack/data/venv/lib/python3.12/site-packages/oslo_concurrency/lockutils.py:543}}
Jul 07 11:25:03.385530 np0000004715 nova-scheduler[93302]: INFO dbcounter [None req-7a024476-711a-4dd2-ad38-590f51ae350e tempest-ServerBootFromVolumeStableRescueTest-1324852730 tempest-ServerBootFromVolumeStableRescueTest-1324852730-project-member] Registered counter for database nova_cell1
Jul 07 11:25:03.429816 np0000004715 nova-scheduler[93302]: DEBUG oslo_db.sqlalchemy.engines [None req-7a024476-711a-4dd2-ad38-590f51ae350e tempest-ServerBootFromVolumeStableRescueTest-1324852730 tempest-ServerBootFromVolumeStableRescueTest-1324852730-project-member] MySQL server mode set to STRICT_TRANS_TABLES,STRICT_ALL_TABLES,NO_ZERO_IN_DATE,NO_ZERO_DATE,ERROR_FOR_DIVISION_BY_ZERO,TRADITIONAL,NO_ENGINE_SUBSTITUTION {{(pid=93302) _check_effective_sql_mode /opt/stack/data/venv/lib/python3.12/site-packages/oslo_db/sqlalchemy/engines.py:325}}
Jul 07 11:25:03.435968 np0000004715 nova-scheduler[93302]: DEBUG dbcounter [-] [93302] Writer thread running {{(pid=93302) stat_writer /opt/stack/data/venv/lib/python3.12/site-packages/dbcounter.py:102}}
Jul 07 11:25:03.450129 np0000004715 nova-scheduler[93302]: DEBUG oslo_db.sqlalchemy.engines [None req-7a024476-711a-4dd2-ad38-590f51ae350e tempest-ServerBootFromVolumeStableRescueTest-1324852730 tempest-ServerBootFromVolumeStableRescueTest-1324852730-project-member] Parent process 92095 forked (93302) with an open database connection, which is being discarded and recreated. {{(pid=93302) checkout /opt/stack/data/venv/lib/python3.12/site-packages/oslo_db/sqlalchemy/engines.py:402}}
Jul 07 11:25:03.487999 np0000004715 nova-scheduler[93302]: DEBUG dbcounter [-] [93302] Writer thread running {{(pid=93302) stat_writer /opt/stack/data/venv/lib/python3.12/site-packages/dbcounter.py:102}}
Jul 07 11:25:03.491418 np0000004715 nova-scheduler[93302]: DEBUG oslo_concurrency.lockutils [None req-7a024476-711a-4dd2-ad38-590f51ae350e tempest-ServerBootFromVolumeStableRescueTest-1324852730 tempest-ServerBootFromVolumeStableRescueTest-1324852730-project-member] Acquiring lock "2eccf3bf-8892-4293-98f1-2993c0e930ee" by "nova.context.set_target_cell..get_or_set_cached_cell_and_set_connections" {{(pid=93302) inner /opt/stack/data/venv/lib/python3.12/site-packages/oslo_concurrency/lockutils.py:511}}
Jul 07 11:25:03.491947 np0000004715 nova-scheduler[93302]: DEBUG oslo_concurrency.lockutils [None req-7a024476-711a-4dd2-ad38-590f51ae350e tempest-ServerBootFromVolumeStableRescueTest-1324852730 tempest-ServerBootFromVolumeStableRescueTest-1324852730-project-member] Lock "2eccf3bf-8892-4293-98f1-2993c0e930ee" acquired by "nova.context.set_target_cell..get_or_set_cached_cell_and_set_connections" :: waited 0.000s {{(pid=93302) inner /opt/stack/data/venv/lib/python3.12/site-packages/oslo_concurrency/lockutils.py:524}}
Jul 07 11:25:03.492313 np0000004715 nova-scheduler[93302]: DEBUG oslo_concurrency.lockutils [None req-7a024476-711a-4dd2-ad38-590f51ae350e tempest-ServerBootFromVolumeStableRescueTest-1324852730 tempest-ServerBootFromVolumeStableRescueTest-1324852730-project-member] Lock "2eccf3bf-8892-4293-98f1-2993c0e930ee" "released" by "nova.context.set_target_cell..get_or_set_cached_cell_and_set_connections" :: held 0.001s {{(pid=93302) inner /opt/stack/data/venv/lib/python3.12/site-packages/oslo_concurrency/lockutils.py:543}}
Jul 07 11:25:03.496487 np0000004715 nova-scheduler[93302]: DEBUG oslo_concurrency.lockutils [None req-7a024476-711a-4dd2-ad38-590f51ae350e tempest-ServerBootFromVolumeStableRescueTest-1324852730 tempest-ServerBootFromVolumeStableRescueTest-1324852730-project-member] Acquiring lock "np0000004715-np0000004715" by "nova.scheduler.host_manager.HostState.update.._locked_update" {{(pid=93302) inner /opt/stack/data/venv/lib/python3.12/site-packages/oslo_concurrency/lockutils.py:511}}
Jul 07 11:25:03.496894 np0000004715 nova-scheduler[93302]: DEBUG oslo_concurrency.lockutils [None req-7a024476-711a-4dd2-ad38-590f51ae350e tempest-ServerBootFromVolumeStableRescueTest-1324852730 tempest-ServerBootFromVolumeStableRescueTest-1324852730-project-member] Lock "np0000004715-np0000004715" acquired by "nova.scheduler.host_manager.HostState.update.._locked_update" :: waited 0.001s {{(pid=93302) inner /opt/stack/data/venv/lib/python3.12/site-packages/oslo_concurrency/lockutils.py:524}}
Jul 07 11:25:03.498456 np0000004715 nova-scheduler[93302]: DEBUG nova.scheduler.host_manager [None req-7a024476-711a-4dd2-ad38-590f51ae350e tempest-ServerBootFromVolumeStableRescueTest-1324852730 tempest-ServerBootFromVolumeStableRescueTest-1324852730-project-member] Update host state from compute node: ComputeNode(cpu_allocation_ratio=4.0,cpu_info='{"arch": "x86_64", "model": "EPYC-Milan", "vendor": "AMD", "topology": {"cells": 1, "sockets": 16, "cores": 1, "threads": 1}, "maxphysaddr": {"mode": "emulate", "bits": 40}, "features": ["fsrm", "mds-no", "xsaveopt", "sse", "svme-addr-chk", "3dnowprefetch", "ssbd", "sse4a", "wbnoinvd", "bmi1", "fma", "tsc_adjust", "ibrs", "sse4.2", "smap", "lahf_lm", "lbrv", "adx", "smep", "no-nested-data-bp", "fxsr_opt", "bmi2", "umip", "x2apic", "mce", "rdctl-no", "clflush", "xgetbv1", "perfctr_core", "fpu", "arch-capabilities", "amd-ssbd", "pni", "msr", "mmxext", "sse4.1", "rdtscp", "topoext", "amd-psfd", "fsgsbase", "pfthreshold", "pse36", "osvw", "pause-filter", "clwb", "vaes", "cr8legacy", "stibp-always-on", "virt-ssbd", "tsc-deadline", "f16c", "mmx", "ibpb", "invpcid", "clflushopt", "mca", "vpclmulqdq", "xsavec", "syscall", "apic", "flushbyasid", "rdseed", "tsc-scale", "pge", "cx16", "abm", "popcnt", "pcid", "ssse3", "xsaves", "tsc", "amd-stibp", "cmp_legacy", "nx", "sha-ni", "arat", "sep", "vmcb-clean", "hypervisor", "pse", "npt", "sse2", "fxsr", "vme", "vgif", "nrip-save", "pschange-mc-no", "pae", "null-sel-clr-base", "lfence-always-serializing", "rdrand", "pat", "aes", "xsave", "svm", "rdpid", "pclmuldq", "xsaveerptr", "erms", "spec-ctrl", "avx", "misalignsse", "gds-no", "pdpe1gb", "v-vmsave-vmload", "movbe", "mtrr", "avx2", "lm", "skip-l1dfl-vmentry", "stibp", "de", "clzero", "cx8", "cmov", "pku"]}',created_at=2026-07-07T11:23:11Z,current_workload=0,deleted=False,deleted_at=None,disk_allocation_ratio=1.0,disk_available_least=73,free_disk_gb=95,free_ram_mb=62765,host='np0000004715',host_ip=10.4.3.49,hypervisor_hostname='np0000004715',hypervisor_type='QEMU',hypervisor_version=8002002,id=1,local_gb=95,local_gb_used=0,mapped=1,memory_mb=63277,memory_mb_used=512,metrics='[]',numa_topology='{"nova_object.name": "NUMATopology", "nova_object.namespace": "nova", "nova_object.version": "1.2", "nova_object.data": {"cells": [{"nova_object.name": "NUMACell", "nova_object.namespace": "nova", "nova_object.version": "1.5", "nova_object.data": {"id": 0, "cpuset": [0, 1, 2, 3, 4, 5, 6, 7, 8, 9, 10, 11, 12, 13, 14, 15], "pcpuset": [0, 1, 2, 3, 4, 5, 6, 7, 8, 9, 10, 11, 12, 13, 14, 15], "memory": 63277, "cpu_usage": 0, "memory_usage": 0, "pinned_cpus": [], "siblings": [[6], [12], [2], [15], [5], [11], [8], [14], [4], [1], [7], [10], [0], [13], [3], [9]], "mempages": [{"nova_object.name": "NUMAPagesTopology", "nova_object.namespace": "nova", "nova_object.version": "1.1", "nova_object.data": {"size_kb": 4, "total": 16177929, "used": 0, "reserved": 0}, "nova_object.changes": ["total", "size_kb", "reserved", "used"]}, {"nova_object.name": "NUMAPagesTopology", "nova_object.namespace": "nova", "nova_object.version": "1.1", "nova_object.data": {"size_kb": 2048, "total": 41, "used": 0, "reserved": 0}, "nova_object.changes": ["total", "size_kb", "reserved", "used"]}, {"nova_object.name": "NUMAPagesTopology", "nova_object.namespace": "nova", "nova_object.version": "1.1", "nova_object.data": {"size_kb": 1048576, "total": 0, "used": 0, "reserved": 0}, "nova_object.changes": ["total", "size_kb", "reserved", "used"]}], "network_metadata": {"nova_object.name": "NetworkMetadata", "nova_object.namespace": "nova", "nova_object.version": "1.0", "nova_object.data": {"physnets": [], "tunneled": false}, "nova_object.changes": ["physnets", "tunneled"]}, "socket": null}, "nova_object.changes": ["pcpuset", "socket", "siblings", "network_metadata", "mempages", "memory", "cpuset", "id", "memory_usage", "cpu_usage", "pinned_cpus"]}]}, "nova_object.changes": ["cells"]}',pci_device_pools=PciDevicePoolList,ram_allocation_ratio=1.0,running_vms=0,service_id=2,stats={failed_builds='0',uptime=' 11:24:56 up 14 min, 2 users, load average: 2.36, 1.70, 0.96
Jul 07 11:25:03.498456 np0000004715 nova-scheduler[93302]: '},supported_hv_specs=[HVSpec,HVSpec,HVSpec,HVSpec,HVSpec,HVSpec,HVSpec,HVSpec,HVSpec,HVSpec,HVSpec,HVSpec,HVSpec,HVSpec,HVSpec,HVSpec,HVSpec,HVSpec,HVSpec,HVSpec,HVSpec,HVSpec,HVSpec,HVSpec,HVSpec],updated_at=2026-07-07T11:24:58Z,uuid=2d776f1d-ba62-4dcc-b437-d03f8ca60722,vcpus=16,vcpus_used=0) {{(pid=93302) _locked_update /opt/stack/nova/nova/scheduler/host_manager.py:168}}
Jul 07 11:25:03.500139 np0000004715 nova-scheduler[93302]: DEBUG nova.scheduler.host_manager [None req-7a024476-711a-4dd2-ad38-590f51ae350e tempest-ServerBootFromVolumeStableRescueTest-1324852730 tempest-ServerBootFromVolumeStableRescueTest-1324852730-project-member] Update host state with aggregates: [] {{(pid=93302) _locked_update /opt/stack/nova/nova/scheduler/host_manager.py:171}}
Jul 07 11:25:03.500412 np0000004715 nova-scheduler[93302]: DEBUG nova.scheduler.host_manager [None req-7a024476-711a-4dd2-ad38-590f51ae350e tempest-ServerBootFromVolumeStableRescueTest-1324852730 tempest-ServerBootFromVolumeStableRescueTest-1324852730-project-member] Update host state with service dict: {'id': 2, 'uuid': 'd0347162-060c-4670-a28d-101ca810ff4d', 'host': 'np0000004715', 'binary': 'nova-compute', 'topic': 'compute', 'report_count': 1, 'disabled': False, 'disabled_reason': None, 'last_seen_up': datetime.datetime(2026, 7, 7, 11, 23, 20, tzinfo=datetime.timezone.utc), 'forced_down': False, 'version': 72, 'created_at': datetime.datetime(2026, 7, 7, 11, 23, 10, tzinfo=datetime.timezone.utc), 'updated_at': datetime.datetime(2026, 7, 7, 11, 23, 20, tzinfo=datetime.timezone.utc), 'deleted_at': None, 'deleted': False} {{(pid=93302) _locked_update /opt/stack/nova/nova/scheduler/host_manager.py:174}}
Jul 07 11:25:03.500781 np0000004715 nova-scheduler[93302]: DEBUG nova.scheduler.host_manager [None req-7a024476-711a-4dd2-ad38-590f51ae350e tempest-ServerBootFromVolumeStableRescueTest-1324852730 tempest-ServerBootFromVolumeStableRescueTest-1324852730-project-member] Update host state with instances: [] {{(pid=93302) _locked_update /opt/stack/nova/nova/scheduler/host_manager.py:177}}
Jul 07 11:25:03.501099 np0000004715 nova-scheduler[93302]: DEBUG oslo_concurrency.lockutils [None req-7a024476-711a-4dd2-ad38-590f51ae350e tempest-ServerBootFromVolumeStableRescueTest-1324852730 tempest-ServerBootFromVolumeStableRescueTest-1324852730-project-member] Lock "np0000004715-np0000004715" "released" by "nova.scheduler.host_manager.HostState.update.._locked_update" :: held 0.004s {{(pid=93302) inner /opt/stack/data/venv/lib/python3.12/site-packages/oslo_concurrency/lockutils.py:543}}
Jul 07 11:25:03.501776 np0000004715 nova-scheduler[93302]: DEBUG nova.filters [None req-7a024476-711a-4dd2-ad38-590f51ae350e tempest-ServerBootFromVolumeStableRescueTest-1324852730 tempest-ServerBootFromVolumeStableRescueTest-1324852730-project-member] Starting with 1 host(s) {{(pid=93302) get_filtered_objects /opt/stack/nova/nova/filters.py:70}}
Jul 07 11:25:03.502260 np0000004715 nova-scheduler[93302]: DEBUG nova.filters [None req-7a024476-711a-4dd2-ad38-590f51ae350e tempest-ServerBootFromVolumeStableRescueTest-1324852730 tempest-ServerBootFromVolumeStableRescueTest-1324852730-project-member] Filter ComputeFilter returned 1 host(s) {{(pid=93302) get_filtered_objects /opt/stack/nova/nova/filters.py:102}}
Jul 07 11:25:03.502536 np0000004715 nova-scheduler[93302]: DEBUG nova.filters [None req-7a024476-711a-4dd2-ad38-590f51ae350e tempest-ServerBootFromVolumeStableRescueTest-1324852730 tempest-ServerBootFromVolumeStableRescueTest-1324852730-project-member] Filter ComputeCapabilitiesFilter returned 1 host(s) {{(pid=93302) get_filtered_objects /opt/stack/nova/nova/filters.py:102}}
Jul 07 11:25:03.502876 np0000004715 nova-scheduler[93302]: DEBUG nova.filters [None req-7a024476-711a-4dd2-ad38-590f51ae350e tempest-ServerBootFromVolumeStableRescueTest-1324852730 tempest-ServerBootFromVolumeStableRescueTest-1324852730-project-member] Filter ImagePropertiesFilter returned 1 host(s) {{(pid=93302) get_filtered_objects /opt/stack/nova/nova/filters.py:102}}
Jul 07 11:25:03.503059 np0000004715 nova-scheduler[93302]: DEBUG nova.filters [None req-7a024476-711a-4dd2-ad38-590f51ae350e tempest-ServerBootFromVolumeStableRescueTest-1324852730 tempest-ServerBootFromVolumeStableRescueTest-1324852730-project-member] Filter ServerGroupAntiAffinityFilter returned 1 host(s) {{(pid=93302) get_filtered_objects /opt/stack/nova/nova/filters.py:102}}
Jul 07 11:25:03.503308 np0000004715 nova-scheduler[93302]: DEBUG nova.filters [None req-7a024476-711a-4dd2-ad38-590f51ae350e tempest-ServerBootFromVolumeStableRescueTest-1324852730 tempest-ServerBootFromVolumeStableRescueTest-1324852730-project-member] Filter ServerGroupAffinityFilter returned 1 host(s) {{(pid=93302) get_filtered_objects /opt/stack/nova/nova/filters.py:102}}
Jul 07 11:25:03.503521 np0000004715 nova-scheduler[93302]: DEBUG nova.filters [None req-7a024476-711a-4dd2-ad38-590f51ae350e tempest-ServerBootFromVolumeStableRescueTest-1324852730 tempest-ServerBootFromVolumeStableRescueTest-1324852730-project-member] Filter SameHostFilter returned 1 host(s) {{(pid=93302) get_filtered_objects /opt/stack/nova/nova/filters.py:102}}
Jul 07 11:25:03.503740 np0000004715 nova-scheduler[93302]: DEBUG nova.filters [None req-7a024476-711a-4dd2-ad38-590f51ae350e tempest-ServerBootFromVolumeStableRescueTest-1324852730 tempest-ServerBootFromVolumeStableRescueTest-1324852730-project-member] Filter DifferentHostFilter returned 1 host(s) {{(pid=93302) get_filtered_objects /opt/stack/nova/nova/filters.py:102}}
Jul 07 11:25:03.503958 np0000004715 nova-scheduler[93302]: DEBUG nova.scheduler.manager [None req-7a024476-711a-4dd2-ad38-590f51ae350e tempest-ServerBootFromVolumeStableRescueTest-1324852730 tempest-ServerBootFromVolumeStableRescueTest-1324852730-project-member] Filtered [(np0000004715, np0000004715) ram: 62765MB disk: 74752MB io_ops: 0 instances: 0, allocation_candidates: 1] {{(pid=93302) _get_sorted_hosts /opt/stack/nova/nova/scheduler/manager.py:742}}
Jul 07 11:25:03.504297 np0000004715 nova-scheduler[93302]: DEBUG nova.scheduler.manager [None req-7a024476-711a-4dd2-ad38-590f51ae350e tempest-ServerBootFromVolumeStableRescueTest-1324852730 tempest-ServerBootFromVolumeStableRescueTest-1324852730-project-member] Weighed [WeighedHost [host: (np0000004715, np0000004715) ram: 62765MB disk: 74752MB io_ops: 0 instances: 0, allocation_candidates: 1, weight: 0.0]] {{(pid=93302) _get_sorted_hosts /opt/stack/nova/nova/scheduler/manager.py:764}}
Jul 07 11:25:03.504622 np0000004715 nova-scheduler[93302]: DEBUG nova.scheduler.utils [None req-7a024476-711a-4dd2-ad38-590f51ae350e tempest-ServerBootFromVolumeStableRescueTest-1324852730 tempest-ServerBootFromVolumeStableRescueTest-1324852730-project-member] Attempting to claim resources in the placement API for instance cdd36d36-154b-4deb-b556-b32a1f4f0991 {{(pid=93302) claim_resources /opt/stack/nova/nova/scheduler/utils.py:1345}}
Jul 07 11:25:03.659446 np0000004715 nova-scheduler[93302]: DEBUG nova.scheduler.manager [None req-7a024476-711a-4dd2-ad38-590f51ae350e tempest-ServerBootFromVolumeStableRescueTest-1324852730 tempest-ServerBootFromVolumeStableRescueTest-1324852730-project-member] [instance: cdd36d36-154b-4deb-b556-b32a1f4f0991] Selected host: (np0000004715, np0000004715) ram: 62765MB disk: 74752MB io_ops: 0 instances: 0, allocation_candidates: 1 {{(pid=93302) _consume_selected_host /opt/stack/nova/nova/scheduler/manager.py:624}}
Jul 07 11:25:03.659825 np0000004715 nova-scheduler[93302]: DEBUG oslo_concurrency.lockutils [None req-7a024476-711a-4dd2-ad38-590f51ae350e tempest-ServerBootFromVolumeStableRescueTest-1324852730 tempest-ServerBootFromVolumeStableRescueTest-1324852730-project-member] Acquiring lock "np0000004715-np0000004715" by "nova.scheduler.host_manager.HostState.consume_from_request.._locked" {{(pid=93302) inner /opt/stack/data/venv/lib/python3.12/site-packages/oslo_concurrency/lockutils.py:511}}
Jul 07 11:25:03.660038 np0000004715 nova-scheduler[93302]: DEBUG oslo_concurrency.lockutils [None req-7a024476-711a-4dd2-ad38-590f51ae350e tempest-ServerBootFromVolumeStableRescueTest-1324852730 tempest-ServerBootFromVolumeStableRescueTest-1324852730-project-member] Lock "np0000004715-np0000004715" acquired by "nova.scheduler.host_manager.HostState.consume_from_request.._locked" :: waited 0.000s {{(pid=93302) inner /opt/stack/data/venv/lib/python3.12/site-packages/oslo_concurrency/lockutils.py:524}}
Jul 07 11:25:03.660285 np0000004715 nova-scheduler[93302]: DEBUG oslo_concurrency.lockutils [None req-7a024476-711a-4dd2-ad38-590f51ae350e tempest-ServerBootFromVolumeStableRescueTest-1324852730 tempest-ServerBootFromVolumeStableRescueTest-1324852730-project-member] Lock "np0000004715-np0000004715" "released" by "nova.scheduler.host_manager.HostState.consume_from_request.._locked" :: held 0.000s {{(pid=93302) inner /opt/stack/data/venv/lib/python3.12/site-packages/oslo_concurrency/lockutils.py:543}}
Jul 07 11:25:03.673090 np0000004715 nova-scheduler[93304]: DEBUG nova.scheduler.manager [None req-00c7027f-0a64-4f10-8d2c-0cfdf1c5a8db tempest-ServerActionsTestOtherA-1364753256 tempest-ServerActionsTestOtherA-1364753256-project-member] Starting to schedule for instances: ['f72ccf8c-d4be-4585-b8c0-9d5fc6256ffb'] {{(pid=93304) select_destinations /opt/stack/nova/nova/scheduler/manager.py:209}}
Jul 07 11:25:03.673713 np0000004715 nova-scheduler[93304]: DEBUG nova.scheduler.request_filter [None req-00c7027f-0a64-4f10-8d2c-0cfdf1c5a8db tempest-ServerActionsTestOtherA-1364753256 tempest-ServerActionsTestOtherA-1364753256-project-member] compute_status_filter request filter added forbidden trait COMPUTE_STATUS_DISABLED {{(pid=93304) compute_status_filter /opt/stack/nova/nova/scheduler/request_filter.py:253}}
Jul 07 11:25:03.673713 np0000004715 nova-scheduler[93304]: DEBUG nova.scheduler.request_filter [None req-00c7027f-0a64-4f10-8d2c-0cfdf1c5a8db tempest-ServerActionsTestOtherA-1364753256 tempest-ServerActionsTestOtherA-1364753256-project-member] Request filter 'compute_status_filter' took 0.0 seconds {{(pid=93304) wrapper /opt/stack/nova/nova/scheduler/request_filter.py:46}}
Jul 07 11:25:03.673869 np0000004715 nova-scheduler[93304]: DEBUG nova.scheduler.request_filter [None req-00c7027f-0a64-4f10-8d2c-0cfdf1c5a8db tempest-ServerActionsTestOtherA-1364753256 tempest-ServerActionsTestOtherA-1364753256-project-member] Request filter 'accelerators_filter' took 0.0 seconds {{(pid=93304) wrapper /opt/stack/nova/nova/scheduler/request_filter.py:46}}
Jul 07 11:25:03.674072 np0000004715 nova-scheduler[93304]: DEBUG nova.scheduler.request_filter [None req-00c7027f-0a64-4f10-8d2c-0cfdf1c5a8db tempest-ServerActionsTestOtherA-1364753256 tempest-ServerActionsTestOtherA-1364753256-project-member] Request filter 'packed_virtqueue_filter' took 0.0 seconds {{(pid=93304) wrapper /opt/stack/nova/nova/scheduler/request_filter.py:46}}
Jul 07 11:25:03.674314 np0000004715 nova-scheduler[93304]: DEBUG nova.scheduler.request_filter [None req-00c7027f-0a64-4f10-8d2c-0cfdf1c5a8db tempest-ServerActionsTestOtherA-1364753256 tempest-ServerActionsTestOtherA-1364753256-project-member] Request filter 'remote_managed_ports_filter' took 0.0 seconds {{(pid=93304) wrapper /opt/stack/nova/nova/scheduler/request_filter.py:46}}
Jul 07 11:25:03.674493 np0000004715 nova-scheduler[93304]: DEBUG nova.scheduler.request_filter [None req-00c7027f-0a64-4f10-8d2c-0cfdf1c5a8db tempest-ServerActionsTestOtherA-1364753256 tempest-ServerActionsTestOtherA-1364753256-project-member] ephemeral_encryption_filter skipped {{(pid=93304) ephemeral_encryption_filter /opt/stack/nova/nova/scheduler/request_filter.py:426}}
Jul 07 11:25:03.674721 np0000004715 nova-scheduler[93304]: DEBUG nova.scheduler.request_filter [None req-00c7027f-0a64-4f10-8d2c-0cfdf1c5a8db tempest-ServerActionsTestOtherA-1364753256 tempest-ServerActionsTestOtherA-1364753256-project-member] virtio_sound_filter skipped {{(pid=93304) virtio_sound_filter /opt/stack/nova/nova/scheduler/request_filter.py:460}}
Jul 07 11:25:03.674889 np0000004715 nova-scheduler[93304]: DEBUG nova.scheduler.request_filter [None req-00c7027f-0a64-4f10-8d2c-0cfdf1c5a8db tempest-ServerActionsTestOtherA-1364753256 tempest-ServerActionsTestOtherA-1364753256-project-member] tpm_secret_security_filter skipped {{(pid=93304) tpm_secret_security_filter /opt/stack/nova/nova/scheduler/request_filter.py:477}}
Jul 07 11:25:03.800582 np0000004715 nova-scheduler[93304]: INFO nova.utils [None req-00c7027f-0a64-4f10-8d2c-0cfdf1c5a8db tempest-ServerActionsTestOtherA-1364753256 tempest-ServerActionsTestOtherA-1364753256-project-member] The cell worker thread pool ForkProcess-2.cell_worker is initialized
Jul 07 11:25:03.800982 np0000004715 nova-scheduler[93304]: DEBUG oslo_concurrency.lockutils [None req-00c7027f-0a64-4f10-8d2c-0cfdf1c5a8db tempest-ServerActionsTestOtherA-1364753256 tempest-ServerActionsTestOtherA-1364753256-project-member] Acquiring lock "2eccf3bf-8892-4293-98f1-2993c0e930ee" by "nova.context.set_target_cell..get_or_set_cached_cell_and_set_connections" {{(pid=93304) inner /opt/stack/data/venv/lib/python3.12/site-packages/oslo_concurrency/lockutils.py:511}}
Jul 07 11:25:03.801205 np0000004715 nova-scheduler[93304]: DEBUG oslo_concurrency.lockutils [None req-00c7027f-0a64-4f10-8d2c-0cfdf1c5a8db tempest-ServerActionsTestOtherA-1364753256 tempest-ServerActionsTestOtherA-1364753256-project-member] Lock "2eccf3bf-8892-4293-98f1-2993c0e930ee" acquired by "nova.context.set_target_cell..get_or_set_cached_cell_and_set_connections" :: waited 0.000s {{(pid=93304) inner /opt/stack/data/venv/lib/python3.12/site-packages/oslo_concurrency/lockutils.py:524}}
Jul 07 11:25:03.802500 np0000004715 nova-scheduler[93304]: DEBUG oslo_concurrency.lockutils [None req-00c7027f-0a64-4f10-8d2c-0cfdf1c5a8db tempest-ServerActionsTestOtherA-1364753256 tempest-ServerActionsTestOtherA-1364753256-project-member] Lock "2eccf3bf-8892-4293-98f1-2993c0e930ee" "released" by "nova.context.set_target_cell..get_or_set_cached_cell_and_set_connections" :: held 0.001s {{(pid=93304) inner /opt/stack/data/venv/lib/python3.12/site-packages/oslo_concurrency/lockutils.py:543}}
Jul 07 11:25:03.804801 np0000004715 nova-scheduler[93304]: INFO dbcounter [None req-00c7027f-0a64-4f10-8d2c-0cfdf1c5a8db tempest-ServerActionsTestOtherA-1364753256 tempest-ServerActionsTestOtherA-1364753256-project-member] Registered counter for database nova_cell1
Jul 07 11:25:03.840429 np0000004715 nova-scheduler[93304]: DEBUG oslo_db.sqlalchemy.engines [None req-00c7027f-0a64-4f10-8d2c-0cfdf1c5a8db tempest-ServerActionsTestOtherA-1364753256 tempest-ServerActionsTestOtherA-1364753256-project-member] MySQL server mode set to STRICT_TRANS_TABLES,STRICT_ALL_TABLES,NO_ZERO_IN_DATE,NO_ZERO_DATE,ERROR_FOR_DIVISION_BY_ZERO,TRADITIONAL,NO_ENGINE_SUBSTITUTION {{(pid=93304) _check_effective_sql_mode /opt/stack/data/venv/lib/python3.12/site-packages/oslo_db/sqlalchemy/engines.py:325}}
Jul 07 11:25:03.845510 np0000004715 nova-scheduler[93304]: DEBUG dbcounter [-] [93304] Writer thread running {{(pid=93304) stat_writer /opt/stack/data/venv/lib/python3.12/site-packages/dbcounter.py:102}}
Jul 07 11:25:03.906610 np0000004715 nova-scheduler[93304]: DEBUG dbcounter [-] [93304] Writer thread running {{(pid=93304) stat_writer /opt/stack/data/venv/lib/python3.12/site-packages/dbcounter.py:102}}
Jul 07 11:25:03.926088 np0000004715 nova-scheduler[93304]: DEBUG oslo_concurrency.lockutils [None req-00c7027f-0a64-4f10-8d2c-0cfdf1c5a8db tempest-ServerActionsTestOtherA-1364753256 tempest-ServerActionsTestOtherA-1364753256-project-member] Acquiring lock "2eccf3bf-8892-4293-98f1-2993c0e930ee" by "nova.context.set_target_cell..get_or_set_cached_cell_and_set_connections" {{(pid=93304) inner /opt/stack/data/venv/lib/python3.12/site-packages/oslo_concurrency/lockutils.py:511}}
