Jun 16 00:16:08.423508 np0000002903 nova-scheduler[95748]: DEBUG cotyledon.oslo_config_glue [-] oslo_limit.cafile = None {{(pid=95748) log_opt_values /opt/stack/data/venv/lib/python3.12/site-packages/oslo_config/cfg.py:3253}}
Jun 16 00:16:08.423508 np0000002903 nova-scheduler[95748]: DEBUG cotyledon.oslo_config_glue [-] oslo_limit.certfile = None {{(pid=95748) log_opt_values /opt/stack/data/venv/lib/python3.12/site-packages/oslo_config/cfg.py:3253}}
Jun 16 00:16:08.423508 np0000002903 nova-scheduler[95748]: DEBUG cotyledon.oslo_config_glue [-] oslo_limit.collect_timing = False {{(pid=95748) log_opt_values /opt/stack/data/venv/lib/python3.12/site-packages/oslo_config/cfg.py:3253}}
Jun 16 00:16:08.423508 np0000002903 nova-scheduler[95748]: DEBUG cotyledon.oslo_config_glue [-] oslo_limit.connect_retries = None {{(pid=95748) log_opt_values /opt/stack/data/venv/lib/python3.12/site-packages/oslo_config/cfg.py:3253}}
Jun 16 00:16:08.423508 np0000002903 nova-scheduler[95748]: DEBUG cotyledon.oslo_config_glue [-] oslo_limit.connect_retry_delay = None {{(pid=95748) log_opt_values /opt/stack/data/venv/lib/python3.12/site-packages/oslo_config/cfg.py:3253}}
Jun 16 00:16:08.423508 np0000002903 nova-scheduler[95748]: DEBUG cotyledon.oslo_config_glue [-] oslo_limit.endpoint_id = None {{(pid=95748) log_opt_values /opt/stack/data/venv/lib/python3.12/site-packages/oslo_config/cfg.py:3253}}
Jun 16 00:16:08.423508 np0000002903 nova-scheduler[95748]: DEBUG cotyledon.oslo_config_glue [-] oslo_limit.endpoint_interface = public {{(pid=95748) log_opt_values /opt/stack/data/venv/lib/python3.12/site-packages/oslo_config/cfg.py:3253}}
Jun 16 00:16:08.423710 np0000002903 nova-scheduler[95748]: DEBUG cotyledon.oslo_config_glue [-] oslo_limit.endpoint_override = None {{(pid=95748) log_opt_values /opt/stack/data/venv/lib/python3.12/site-packages/oslo_config/cfg.py:3253}}
Jun 16 00:16:08.423710 np0000002903 nova-scheduler[95748]: DEBUG cotyledon.oslo_config_glue [-] oslo_limit.endpoint_region_name = None {{(pid=95748) log_opt_values /opt/stack/data/venv/lib/python3.12/site-packages/oslo_config/cfg.py:3253}}
Jun 16 00:16:08.423710 np0000002903 nova-scheduler[95748]: DEBUG cotyledon.oslo_config_glue [-] oslo_limit.endpoint_service_name = None {{(pid=95748) log_opt_values /opt/stack/data/venv/lib/python3.12/site-packages/oslo_config/cfg.py:3253}}
Jun 16 00:16:08.423710 np0000002903 nova-scheduler[95748]: DEBUG cotyledon.oslo_config_glue [-] oslo_limit.endpoint_service_type = None {{(pid=95748) log_opt_values /opt/stack/data/venv/lib/python3.12/site-packages/oslo_config/cfg.py:3253}}
Jun 16 00:16:08.423710 np0000002903 nova-scheduler[95748]: DEBUG cotyledon.oslo_config_glue [-] oslo_limit.insecure = False {{(pid=95748) log_opt_values /opt/stack/data/venv/lib/python3.12/site-packages/oslo_config/cfg.py:3253}}
Jun 16 00:16:08.423710 np0000002903 nova-scheduler[95748]: DEBUG cotyledon.oslo_config_glue [-] oslo_limit.keyfile = None {{(pid=95748) log_opt_values /opt/stack/data/venv/lib/python3.12/site-packages/oslo_config/cfg.py:3253}}
Jun 16 00:16:08.423710 np0000002903 nova-scheduler[95748]: DEBUG cotyledon.oslo_config_glue [-] oslo_limit.max_version = None {{(pid=95748) log_opt_values /opt/stack/data/venv/lib/python3.12/site-packages/oslo_config/cfg.py:3253}}
Jun 16 00:16:08.423710 np0000002903 nova-scheduler[95748]: DEBUG cotyledon.oslo_config_glue [-] oslo_limit.min_version = None {{(pid=95748) log_opt_values /opt/stack/data/venv/lib/python3.12/site-packages/oslo_config/cfg.py:3253}}
Jun 16 00:16:08.423710 np0000002903 nova-scheduler[95748]: DEBUG cotyledon.oslo_config_glue [-] oslo_limit.region_name = None {{(pid=95748) log_opt_values /opt/stack/data/venv/lib/python3.12/site-packages/oslo_config/cfg.py:3253}}
Jun 16 00:16:08.423921 np0000002903 nova-scheduler[95748]: DEBUG cotyledon.oslo_config_glue [-] oslo_limit.retriable_status_codes = None {{(pid=95748) log_opt_values /opt/stack/data/venv/lib/python3.12/site-packages/oslo_config/cfg.py:3253}}
Jun 16 00:16:08.423921 np0000002903 nova-scheduler[95748]: DEBUG cotyledon.oslo_config_glue [-] oslo_limit.service_name = None {{(pid=95748) log_opt_values /opt/stack/data/venv/lib/python3.12/site-packages/oslo_config/cfg.py:3253}}
Jun 16 00:16:08.423921 np0000002903 nova-scheduler[95748]: DEBUG cotyledon.oslo_config_glue [-] oslo_limit.service_type = None {{(pid=95748) log_opt_values /opt/stack/data/venv/lib/python3.12/site-packages/oslo_config/cfg.py:3253}}
Jun 16 00:16:08.423921 np0000002903 nova-scheduler[95748]: DEBUG cotyledon.oslo_config_glue [-] oslo_limit.split_loggers = False {{(pid=95748) log_opt_values /opt/stack/data/venv/lib/python3.12/site-packages/oslo_config/cfg.py:3253}}
Jun 16 00:16:08.423921 np0000002903 nova-scheduler[95748]: DEBUG cotyledon.oslo_config_glue [-] oslo_limit.status_code_retries = None {{(pid=95748) log_opt_values /opt/stack/data/venv/lib/python3.12/site-packages/oslo_config/cfg.py:3253}}
Jun 16 00:16:08.423921 np0000002903 nova-scheduler[95748]: DEBUG cotyledon.oslo_config_glue [-] oslo_limit.status_code_retry_delay = None {{(pid=95748) log_opt_values /opt/stack/data/venv/lib/python3.12/site-packages/oslo_config/cfg.py:3253}}
Jun 16 00:16:08.423921 np0000002903 nova-scheduler[95748]: DEBUG cotyledon.oslo_config_glue [-] oslo_limit.timeout = None {{(pid=95748) log_opt_values /opt/stack/data/venv/lib/python3.12/site-packages/oslo_config/cfg.py:3253}}
Jun 16 00:16:08.423921 np0000002903 nova-scheduler[95748]: DEBUG cotyledon.oslo_config_glue [-] oslo_limit.valid_interfaces = None {{(pid=95748) log_opt_values /opt/stack/data/venv/lib/python3.12/site-packages/oslo_config/cfg.py:3253}}
Jun 16 00:16:08.423921 np0000002903 nova-scheduler[95748]: DEBUG cotyledon.oslo_config_glue [-] oslo_limit.version = None {{(pid=95748) log_opt_values /opt/stack/data/venv/lib/python3.12/site-packages/oslo_config/cfg.py:3253}}
Jun 16 00:16:08.424142 np0000002903 nova-scheduler[95748]: DEBUG cotyledon.oslo_config_glue [-] oslo_reports.file_event_handler = None {{(pid=95748) log_opt_values /opt/stack/data/venv/lib/python3.12/site-packages/oslo_config/cfg.py:3253}}
Jun 16 00:16:08.424142 np0000002903 nova-scheduler[95748]: DEBUG cotyledon.oslo_config_glue [-] oslo_reports.file_event_handler_interval = 1 {{(pid=95748) log_opt_values /opt/stack/data/venv/lib/python3.12/site-packages/oslo_config/cfg.py:3253}}
Jun 16 00:16:08.424142 np0000002903 nova-scheduler[95748]: DEBUG cotyledon.oslo_config_glue [-] oslo_reports.log_dir = None {{(pid=95748) log_opt_values /opt/stack/data/venv/lib/python3.12/site-packages/oslo_config/cfg.py:3253}}
Jun 16 00:16:08.424142 np0000002903 nova-scheduler[95748]: DEBUG cotyledon.oslo_config_glue [-] ******************************************************************************** {{(pid=95748) log_opt_values /opt/stack/data/venv/lib/python3.12/site-packages/oslo_config/cfg.py:3260}}
Jun 16 00:16:08.424142 np0000002903 nova-scheduler[95748]: DEBUG cotyledon._service_worker [-] Run service ServiceWrapper(2) [95748] {{(pid=95748) wait_forever /opt/stack/data/venv/lib/python3.12/site-packages/cotyledon/_service_worker.py:218}}
Jun 16 00:16:08.424142 np0000002903 nova-scheduler[95748]: INFO nova.service [-] Starting scheduler node (version 33.1.0)
Jun 16 00:16:08.424142 np0000002903 nova-scheduler[95748]: INFO dbcounter [None req-f55e8b6c-73bd-4bbb-b67e-9561bd2c5fc7 None None] Registered counter for database nova_cell0
Jun 16 00:16:08.424267 np0000002903 nova-scheduler[95744]: DEBUG oslo_db.sqlalchemy.engines [None req-bac36f2c-c3f3-4f39-84df-ebb04611336d None None] MySQL server mode set to STRICT_TRANS_TABLES,STRICT_ALL_TABLES,NO_ZERO_IN_DATE,NO_ZERO_DATE,ERROR_FOR_DIVISION_BY_ZERO,TRADITIONAL,NO_ENGINE_SUBSTITUTION {{(pid=95744) _check_effective_sql_mode /opt/stack/data/venv/lib/python3.12/site-packages/oslo_db/sqlalchemy/engines.py:325}}
Jun 16 00:16:08.431665 np0000002903 nova-scheduler[95744]: DEBUG dbcounter [-] [95744] Writer thread running {{(pid=95744) stat_writer /opt/stack/data/venv/lib/python3.12/site-packages/dbcounter.py:102}}
Jun 16 00:16:08.432883 np0000002903 nova-scheduler[95746]: DEBUG oslo_db.sqlalchemy.engines [None req-07cdb360-d05f-4fb9-9ebf-7331a25542f8 None None] MySQL server mode set to STRICT_TRANS_TABLES,STRICT_ALL_TABLES,NO_ZERO_IN_DATE,NO_ZERO_DATE,ERROR_FOR_DIVISION_BY_ZERO,TRADITIONAL,NO_ENGINE_SUBSTITUTION {{(pid=95746) _check_effective_sql_mode /opt/stack/data/venv/lib/python3.12/site-packages/oslo_db/sqlalchemy/engines.py:325}}
Jun 16 00:16:08.442430 np0000002903 nova-scheduler[95746]: DEBUG dbcounter [-] [95746] Writer thread running {{(pid=95746) stat_writer /opt/stack/data/venv/lib/python3.12/site-packages/dbcounter.py:102}}
Jun 16 00:16:08.446030 np0000002903 nova-scheduler[95744]: DEBUG nova.service [None req-bac36f2c-c3f3-4f39-84df-ebb04611336d None None] Creating RPC server for service: nova-scheduler on topic: scheduler {{(pid=95744) start /opt/stack/nova/nova/service.py:196}}
Jun 16 00:16:08.451495 np0000002903 nova-scheduler[95748]: DEBUG oslo_db.sqlalchemy.engines [None req-f55e8b6c-73bd-4bbb-b67e-9561bd2c5fc7 None None] MySQL server mode set to STRICT_TRANS_TABLES,STRICT_ALL_TABLES,NO_ZERO_IN_DATE,NO_ZERO_DATE,ERROR_FOR_DIVISION_BY_ZERO,TRADITIONAL,NO_ENGINE_SUBSTITUTION {{(pid=95748) _check_effective_sql_mode /opt/stack/data/venv/lib/python3.12/site-packages/oslo_db/sqlalchemy/engines.py:325}}
Jun 16 00:16:08.458278 np0000002903 nova-scheduler[95746]: DEBUG nova.service [None req-07cdb360-d05f-4fb9-9ebf-7331a25542f8 None None] Creating RPC server for service: nova-scheduler on topic: scheduler {{(pid=95746) start /opt/stack/nova/nova/service.py:196}}
Jun 16 00:16:08.461203 np0000002903 nova-scheduler[95748]: DEBUG dbcounter [-] [95748] Writer thread running {{(pid=95748) stat_writer /opt/stack/data/venv/lib/python3.12/site-packages/dbcounter.py:102}}
Jun 16 00:16:08.465540 np0000002903 nova-scheduler[95748]: DEBUG nova.service [None req-f55e8b6c-73bd-4bbb-b67e-9561bd2c5fc7 None None] Creating RPC server for service: nova-scheduler on topic: scheduler {{(pid=95748) start /opt/stack/nova/nova/service.py:196}}
Jun 16 00:16:08.474570 np0000002903 nova-scheduler[95744]: DEBUG nova.service [None req-bac36f2c-c3f3-4f39-84df-ebb04611336d None None] Join ServiceGroup membership for this service scheduler {{(pid=95744) start /opt/stack/nova/nova/service.py:222}}
Jun 16 00:16:08.475299 np0000002903 nova-scheduler[95744]: DEBUG nova.servicegroup.drivers.db [None req-bac36f2c-c3f3-4f39-84df-ebb04611336d None None] DB_Driver: join new ServiceGroup member np0000002903 to the scheduler group, service = {{(pid=95744) join /opt/stack/nova/nova/servicegroup/drivers/db.py:44}}
Jun 16 00:16:08.478011 np0000002903 nova-scheduler[95746]: DEBUG nova.service [None req-07cdb360-d05f-4fb9-9ebf-7331a25542f8 None None] Join ServiceGroup membership for this service scheduler {{(pid=95746) start /opt/stack/nova/nova/service.py:222}}
Jun 16 00:16:08.478101 np0000002903 nova-scheduler[95746]: DEBUG nova.servicegroup.drivers.db [None req-07cdb360-d05f-4fb9-9ebf-7331a25542f8 None None] DB_Driver: join new ServiceGroup member np0000002903 to the scheduler group, service = {{(pid=95746) join /opt/stack/nova/nova/servicegroup/drivers/db.py:44}}
Jun 16 00:16:08.485982 np0000002903 nova-scheduler[95748]: DEBUG nova.service [None req-f55e8b6c-73bd-4bbb-b67e-9561bd2c5fc7 None None] Join ServiceGroup membership for this service scheduler {{(pid=95748) start /opt/stack/nova/nova/service.py:222}}
Jun 16 00:16:08.486329 np0000002903 nova-scheduler[95748]: DEBUG nova.servicegroup.drivers.db [None req-f55e8b6c-73bd-4bbb-b67e-9561bd2c5fc7 None None] DB_Driver: join new ServiceGroup member np0000002903 to the scheduler group, service = {{(pid=95748) join /opt/stack/nova/nova/servicegroup/drivers/db.py:44}}
Jun 16 00:16:13.489146 np0000002903 nova-scheduler[95746]: DEBUG oslo.service.backend._threading.loopingcall [-] Fixed interval looping call 'nova.servicegroup.drivers.db.DbDriver._report_state' sleeping for 119.99 seconds {{(pid=95746) _run_loop /opt/stack/data/venv/lib/python3.12/site-packages/oslo_service/backend/_threading/loopingcall.py:125}}
Jun 16 00:16:13.490267 np0000002903 nova-scheduler[95744]: DEBUG oslo.service.backend._threading.loopingcall [-] Fixed interval looping call 'nova.servicegroup.drivers.db.DbDriver._report_state' sleeping for 119.99 seconds {{(pid=95744) _run_loop /opt/stack/data/venv/lib/python3.12/site-packages/oslo_service/backend/_threading/loopingcall.py:125}}
Jun 16 00:16:13.496863 np0000002903 nova-scheduler[95748]: DEBUG oslo.service.backend._threading.loopingcall [-] Fixed interval looping call 'nova.servicegroup.drivers.db.DbDriver._report_state' sleeping for 119.99 seconds {{(pid=95748) _run_loop /opt/stack/data/venv/lib/python3.12/site-packages/oslo_service/backend/_threading/loopingcall.py:125}}
Jun 16 00:16:17.061008 np0000002903 nova-scheduler[94548]: DEBUG dbcounter [-] [94548] Writing DB stats nova_api:SELECT=3 {{(pid=94548) stat_writer /opt/stack/data/venv/lib/python3.12/site-packages/dbcounter.py:115}}
Jun 16 00:16:17.191721 np0000002903 nova-scheduler[94548]: DEBUG dbcounter [-] [94548] Writing DB stats nova_cell1:SELECT=1 {{(pid=94548) stat_writer /opt/stack/data/venv/lib/python3.12/site-packages/dbcounter.py:115}}
Jun 16 00:16:17.196297 np0000002903 nova-scheduler[94548]: DEBUG dbcounter [-] [94548] Writing DB stats nova_cell0:SELECT=1 {{(pid=94548) stat_writer /opt/stack/data/venv/lib/python3.12/site-packages/dbcounter.py:115}}
Jun 16 00:16:23.485769 np0000002903 nova-scheduler[95746]: DEBUG dbcounter [-] [95746] Writing DB stats nova_cell0:SELECT=4,nova_cell0:INSERT=1,nova_cell0:UPDATE=1 {{(pid=95746) stat_writer /opt/stack/data/venv/lib/python3.12/site-packages/dbcounter.py:115}}
Jun 16 00:16:23.488914 np0000002903 nova-scheduler[95744]: DEBUG dbcounter [-] [95744] Writing DB stats nova_cell0:SELECT=4,nova_cell0:INSERT=1,nova_cell0:UPDATE=1 {{(pid=95744) stat_writer /opt/stack/data/venv/lib/python3.12/site-packages/dbcounter.py:115}}
Jun 16 00:16:23.494127 np0000002903 nova-scheduler[95748]: DEBUG dbcounter [-] [95748] Writing DB stats nova_cell0:SELECT=3 {{(pid=95748) stat_writer /opt/stack/data/venv/lib/python3.12/site-packages/dbcounter.py:115}}
Jun 16 00:16:48.480353 np0000002903 nova-scheduler[95746]: DEBUG oslo.service.backend._threading.loopingcall [None req-d30d579f-3d95-4afd-ba53-29e74e210d9a None None] Dynamic interval looping call 'nova.service.Service.periodic_tasks' sleeping for 60.00 seconds {{(pid=95746) _run_loop /opt/stack/data/venv/lib/python3.12/site-packages/oslo_service/backend/_threading/loopingcall.py:125}}
Jun 16 00:16:50.488192 np0000002903 nova-scheduler[95748]: DEBUG oslo.service.backend._threading.loopingcall [None req-411bc459-dba1-41fa-a7bf-93fc522b7ef2 None None] Dynamic interval looping call 'nova.service.Service.periodic_tasks' sleeping for 60.00 seconds {{(pid=95748) _run_loop /opt/stack/data/venv/lib/python3.12/site-packages/oslo_service/backend/_threading/loopingcall.py:125}}
Jun 16 00:17:08.478421 np0000002903 nova-scheduler[95744]: DEBUG oslo.service.backend._threading.loopingcall [None req-1a1964c3-e4b5-47a1-80bb-a9d7854d6214 None None] Dynamic interval looping call 'nova.service.Service.periodic_tasks' sleeping for 60.00 seconds {{(pid=95744) _run_loop /opt/stack/data/venv/lib/python3.12/site-packages/oslo_service/backend/_threading/loopingcall.py:125}}
Jun 16 00:17:48.480903 np0000002903 nova-scheduler[95746]: DEBUG oslo.service.backend._threading.loopingcall [None req-d30d579f-3d95-4afd-ba53-29e74e210d9a None None] Dynamic interval looping call 'nova.service.Service.periodic_tasks' sleeping for 60.00 seconds {{(pid=95746) _run_loop /opt/stack/data/venv/lib/python3.12/site-packages/oslo_service/backend/_threading/loopingcall.py:125}}
Jun 16 00:17:50.488665 np0000002903 nova-scheduler[95748]: DEBUG oslo.service.backend._threading.loopingcall [None req-411bc459-dba1-41fa-a7bf-93fc522b7ef2 None None] Dynamic interval looping call 'nova.service.Service.periodic_tasks' sleeping for 60.00 seconds {{(pid=95748) _run_loop /opt/stack/data/venv/lib/python3.12/site-packages/oslo_service/backend/_threading/loopingcall.py:125}}
Jun 16 00:18:08.478447 np0000002903 nova-scheduler[95744]: DEBUG oslo.service.backend._threading.loopingcall [None req-1a1964c3-e4b5-47a1-80bb-a9d7854d6214 None None] Dynamic interval looping call 'nova.service.Service.periodic_tasks' sleeping for 60.00 seconds {{(pid=95744) _run_loop /opt/stack/data/venv/lib/python3.12/site-packages/oslo_service/backend/_threading/loopingcall.py:125}}
Jun 16 00:18:13.489506 np0000002903 nova-scheduler[95746]: DEBUG oslo.service.backend._threading.loopingcall [-] Fixed interval looping call 'nova.servicegroup.drivers.db.DbDriver._report_state' sleeping for 119.99 seconds {{(pid=95746) _run_loop /opt/stack/data/venv/lib/python3.12/site-packages/oslo_service/backend/_threading/loopingcall.py:125}}
Jun 16 00:18:13.490278 np0000002903 nova-scheduler[95744]: DEBUG oslo.service.backend._threading.loopingcall [-] Fixed interval looping call 'nova.servicegroup.drivers.db.DbDriver._report_state' sleeping for 119.99 seconds {{(pid=95744) _run_loop /opt/stack/data/venv/lib/python3.12/site-packages/oslo_service/backend/_threading/loopingcall.py:125}}
Jun 16 00:18:13.492848 np0000002903 nova-scheduler[95748]: DEBUG oslo.service.backend._threading.loopingcall [-] Fixed interval looping call 'nova.servicegroup.drivers.db.DbDriver._report_state' sleeping for 119.99 seconds {{(pid=95748) _run_loop /opt/stack/data/venv/lib/python3.12/site-packages/oslo_service/backend/_threading/loopingcall.py:125}}
Jun 16 00:18:23.483017 np0000002903 nova-scheduler[95746]: DEBUG dbcounter [-] [95746] Writing DB stats nova_cell0:SELECT=1,nova_cell0:UPDATE=1 {{(pid=95746) stat_writer /opt/stack/data/venv/lib/python3.12/site-packages/dbcounter.py:115}}
Jun 16 00:18:23.483590 np0000002903 nova-scheduler[95744]: DEBUG dbcounter [-] [95744] Writing DB stats nova_cell0:SELECT=1,nova_cell0:UPDATE=1 {{(pid=95744) stat_writer /opt/stack/data/venv/lib/python3.12/site-packages/dbcounter.py:115}}
Jun 16 00:18:23.491734 np0000002903 nova-scheduler[95748]: DEBUG dbcounter [-] [95748] Writing DB stats nova_cell0:SELECT=1,nova_cell0:UPDATE=1 {{(pid=95748) stat_writer /opt/stack/data/venv/lib/python3.12/site-packages/dbcounter.py:115}}
Jun 16 00:18:48.481767 np0000002903 nova-scheduler[95746]: DEBUG oslo.service.backend._threading.loopingcall [None req-d30d579f-3d95-4afd-ba53-29e74e210d9a None None] Dynamic interval looping call 'nova.service.Service.periodic_tasks' sleeping for 60.00 seconds {{(pid=95746) _run_loop /opt/stack/data/venv/lib/python3.12/site-packages/oslo_service/backend/_threading/loopingcall.py:125}}
Jun 16 00:18:49.611934 np0000002903 nova-scheduler[95744]: DEBUG nova.scheduler.manager [None req-fe796811-6c1d-4f7a-aa40-e6a92c8934ef tempest-ServerRescueNegativeTestJSON-1727596882 tempest-ServerRescueNegativeTestJSON-1727596882-project-member] Starting to schedule for instances: ['1f9d4e32-5277-4f47-b9ec-13c713bab3c9'] {{(pid=95744) select_destinations /opt/stack/nova/nova/scheduler/manager.py:210}}
Jun 16 00:18:49.615676 np0000002903 nova-scheduler[95744]: DEBUG nova.scheduler.request_filter [None req-fe796811-6c1d-4f7a-aa40-e6a92c8934ef tempest-ServerRescueNegativeTestJSON-1727596882 tempest-ServerRescueNegativeTestJSON-1727596882-project-member] compute_status_filter request filter added forbidden trait COMPUTE_STATUS_DISABLED {{(pid=95744) compute_status_filter /opt/stack/nova/nova/scheduler/request_filter.py:253}}
Jun 16 00:18:49.615676 np0000002903 nova-scheduler[95744]: DEBUG nova.scheduler.request_filter [None req-fe796811-6c1d-4f7a-aa40-e6a92c8934ef tempest-ServerRescueNegativeTestJSON-1727596882 tempest-ServerRescueNegativeTestJSON-1727596882-project-member] Request filter 'compute_status_filter' took 0.0 seconds {{(pid=95744) wrapper /opt/stack/nova/nova/scheduler/request_filter.py:46}}
Jun 16 00:18:49.615676 np0000002903 nova-scheduler[95744]: DEBUG nova.scheduler.request_filter [None req-fe796811-6c1d-4f7a-aa40-e6a92c8934ef tempest-ServerRescueNegativeTestJSON-1727596882 tempest-ServerRescueNegativeTestJSON-1727596882-project-member] Request filter 'accelerators_filter' took 0.0 seconds {{(pid=95744) wrapper /opt/stack/nova/nova/scheduler/request_filter.py:46}}
Jun 16 00:18:49.615676 np0000002903 nova-scheduler[95744]: DEBUG nova.scheduler.request_filter [None req-fe796811-6c1d-4f7a-aa40-e6a92c8934ef tempest-ServerRescueNegativeTestJSON-1727596882 tempest-ServerRescueNegativeTestJSON-1727596882-project-member] Request filter 'packed_virtqueue_filter' took 0.0 seconds {{(pid=95744) wrapper /opt/stack/nova/nova/scheduler/request_filter.py:46}}
Jun 16 00:18:49.615676 np0000002903 nova-scheduler[95744]: DEBUG nova.scheduler.request_filter [None req-fe796811-6c1d-4f7a-aa40-e6a92c8934ef tempest-ServerRescueNegativeTestJSON-1727596882 tempest-ServerRescueNegativeTestJSON-1727596882-project-member] Request filter 'remote_managed_ports_filter' took 0.0 seconds {{(pid=95744) wrapper /opt/stack/nova/nova/scheduler/request_filter.py:46}}
Jun 16 00:18:49.615896 np0000002903 nova-scheduler[95744]: DEBUG nova.scheduler.request_filter [None req-fe796811-6c1d-4f7a-aa40-e6a92c8934ef tempest-ServerRescueNegativeTestJSON-1727596882 tempest-ServerRescueNegativeTestJSON-1727596882-project-member] ephemeral_encryption_filter skipped {{(pid=95744) ephemeral_encryption_filter /opt/stack/nova/nova/scheduler/request_filter.py:426}}
Jun 16 00:18:49.615896 np0000002903 nova-scheduler[95744]: DEBUG nova.scheduler.request_filter [None req-fe796811-6c1d-4f7a-aa40-e6a92c8934ef tempest-ServerRescueNegativeTestJSON-1727596882 tempest-ServerRescueNegativeTestJSON-1727596882-project-member] virtio_sound_filter skipped {{(pid=95744) virtio_sound_filter /opt/stack/nova/nova/scheduler/request_filter.py:460}}
Jun 16 00:18:49.615896 np0000002903 nova-scheduler[95744]: DEBUG nova.scheduler.request_filter [None req-fe796811-6c1d-4f7a-aa40-e6a92c8934ef tempest-ServerRescueNegativeTestJSON-1727596882 tempest-ServerRescueNegativeTestJSON-1727596882-project-member] tpm_secret_security_filter skipped {{(pid=95744) tpm_secret_security_filter /opt/stack/nova/nova/scheduler/request_filter.py:477}}
Jun 16 00:18:50.206547 np0000002903 nova-scheduler[95744]: INFO nova.utils [None req-fe796811-6c1d-4f7a-aa40-e6a92c8934ef tempest-ServerRescueNegativeTestJSON-1727596882 tempest-ServerRescueNegativeTestJSON-1727596882-project-member] The cell worker thread pool ForkProcess-1.cell_worker is initialized
Jun 16 00:18:50.207002 np0000002903 nova-scheduler[95744]: DEBUG oslo_concurrency.lockutils [None req-fe796811-6c1d-4f7a-aa40-e6a92c8934ef tempest-ServerRescueNegativeTestJSON-1727596882 tempest-ServerRescueNegativeTestJSON-1727596882-project-member] Acquiring lock "19220839-85a4-44c7-b6ee-ad0607caf4be" by "nova.context.set_target_cell..get_or_set_cached_cell_and_set_connections" {{(pid=95744) inner /opt/stack/data/venv/lib/python3.12/site-packages/oslo_concurrency/lockutils.py:511}}
Jun 16 00:18:50.207284 np0000002903 nova-scheduler[95744]: DEBUG oslo_concurrency.lockutils [None req-fe796811-6c1d-4f7a-aa40-e6a92c8934ef tempest-ServerRescueNegativeTestJSON-1727596882 tempest-ServerRescueNegativeTestJSON-1727596882-project-member] Lock "19220839-85a4-44c7-b6ee-ad0607caf4be" acquired by "nova.context.set_target_cell..get_or_set_cached_cell_and_set_connections" :: waited 0.000s {{(pid=95744) inner /opt/stack/data/venv/lib/python3.12/site-packages/oslo_concurrency/lockutils.py:524}}
Jun 16 00:18:50.209595 np0000002903 nova-scheduler[95744]: DEBUG oslo_concurrency.lockutils [None req-fe796811-6c1d-4f7a-aa40-e6a92c8934ef tempest-ServerRescueNegativeTestJSON-1727596882 tempest-ServerRescueNegativeTestJSON-1727596882-project-member] Lock "19220839-85a4-44c7-b6ee-ad0607caf4be" "released" by "nova.context.set_target_cell..get_or_set_cached_cell_and_set_connections" :: held 0.002s {{(pid=95744) inner /opt/stack/data/venv/lib/python3.12/site-packages/oslo_concurrency/lockutils.py:543}}
Jun 16 00:18:50.211630 np0000002903 nova-scheduler[95744]: INFO dbcounter [None req-fe796811-6c1d-4f7a-aa40-e6a92c8934ef tempest-ServerRescueNegativeTestJSON-1727596882 tempest-ServerRescueNegativeTestJSON-1727596882-project-member] Registered counter for database nova_cell1
Jun 16 00:18:50.246384 np0000002903 nova-scheduler[95744]: DEBUG oslo_db.sqlalchemy.engines [None req-fe796811-6c1d-4f7a-aa40-e6a92c8934ef tempest-ServerRescueNegativeTestJSON-1727596882 tempest-ServerRescueNegativeTestJSON-1727596882-project-member] MySQL server mode set to STRICT_TRANS_TABLES,STRICT_ALL_TABLES,NO_ZERO_IN_DATE,NO_ZERO_DATE,ERROR_FOR_DIVISION_BY_ZERO,TRADITIONAL,NO_ENGINE_SUBSTITUTION {{(pid=95744) _check_effective_sql_mode /opt/stack/data/venv/lib/python3.12/site-packages/oslo_db/sqlalchemy/engines.py:325}}
Jun 16 00:18:50.252316 np0000002903 nova-scheduler[95744]: DEBUG dbcounter [-] [95744] Writer thread running {{(pid=95744) stat_writer /opt/stack/data/venv/lib/python3.12/site-packages/dbcounter.py:102}}
Jun 16 00:18:50.265002 np0000002903 nova-scheduler[95744]: DEBUG oslo_db.sqlalchemy.engines [None req-fe796811-6c1d-4f7a-aa40-e6a92c8934ef tempest-ServerRescueNegativeTestJSON-1727596882 tempest-ServerRescueNegativeTestJSON-1727596882-project-member] Parent process 94548 forked (95744) with an open database connection, which is being discarded and recreated. {{(pid=95744) checkout /opt/stack/data/venv/lib/python3.12/site-packages/oslo_db/sqlalchemy/engines.py:402}}
Jun 16 00:18:50.311238 np0000002903 nova-scheduler[95744]: DEBUG dbcounter [-] [95744] Writer thread running {{(pid=95744) stat_writer /opt/stack/data/venv/lib/python3.12/site-packages/dbcounter.py:102}}
Jun 16 00:18:50.315199 np0000002903 nova-scheduler[95744]: DEBUG oslo_concurrency.lockutils [None req-fe796811-6c1d-4f7a-aa40-e6a92c8934ef tempest-ServerRescueNegativeTestJSON-1727596882 tempest-ServerRescueNegativeTestJSON-1727596882-project-member] Acquiring lock "19220839-85a4-44c7-b6ee-ad0607caf4be" by "nova.context.set_target_cell..get_or_set_cached_cell_and_set_connections" {{(pid=95744) inner /opt/stack/data/venv/lib/python3.12/site-packages/oslo_concurrency/lockutils.py:511}}
Jun 16 00:18:50.315395 np0000002903 nova-scheduler[95744]: DEBUG oslo_concurrency.lockutils [None req-fe796811-6c1d-4f7a-aa40-e6a92c8934ef tempest-ServerRescueNegativeTestJSON-1727596882 tempest-ServerRescueNegativeTestJSON-1727596882-project-member] Lock "19220839-85a4-44c7-b6ee-ad0607caf4be" acquired by "nova.context.set_target_cell..get_or_set_cached_cell_and_set_connections" :: waited 0.000s {{(pid=95744) inner /opt/stack/data/venv/lib/python3.12/site-packages/oslo_concurrency/lockutils.py:524}}
Jun 16 00:18:50.315535 np0000002903 nova-scheduler[95744]: DEBUG oslo_concurrency.lockutils [None req-fe796811-6c1d-4f7a-aa40-e6a92c8934ef tempest-ServerRescueNegativeTestJSON-1727596882 tempest-ServerRescueNegativeTestJSON-1727596882-project-member] Lock "19220839-85a4-44c7-b6ee-ad0607caf4be" "released" by "nova.context.set_target_cell..get_or_set_cached_cell_and_set_connections" :: held 0.000s {{(pid=95744) inner /opt/stack/data/venv/lib/python3.12/site-packages/oslo_concurrency/lockutils.py:543}}
Jun 16 00:18:50.320047 np0000002903 nova-scheduler[95744]: DEBUG oslo_concurrency.lockutils [None req-fe796811-6c1d-4f7a-aa40-e6a92c8934ef tempest-ServerRescueNegativeTestJSON-1727596882 tempest-ServerRescueNegativeTestJSON-1727596882-project-member] Acquiring lock "('np0000002903', 'np0000002903')" by "nova.scheduler.host_manager.HostState.update.._locked_update" {{(pid=95744) inner /opt/stack/data/venv/lib/python3.12/site-packages/oslo_concurrency/lockutils.py:511}}
Jun 16 00:18:50.320243 np0000002903 nova-scheduler[95744]: DEBUG oslo_concurrency.lockutils [None req-fe796811-6c1d-4f7a-aa40-e6a92c8934ef tempest-ServerRescueNegativeTestJSON-1727596882 tempest-ServerRescueNegativeTestJSON-1727596882-project-member] Lock "('np0000002903', 'np0000002903')" acquired by "nova.scheduler.host_manager.HostState.update.._locked_update" :: waited 0.000s {{(pid=95744) inner /opt/stack/data/venv/lib/python3.12/site-packages/oslo_concurrency/lockutils.py:524}}
Jun 16 00:18:50.321406 np0000002903 nova-scheduler[95744]: DEBUG nova.scheduler.host_manager [None req-fe796811-6c1d-4f7a-aa40-e6a92c8934ef tempest-ServerRescueNegativeTestJSON-1727596882 tempest-ServerRescueNegativeTestJSON-1727596882-project-member] Update host state from compute node: ComputeNode(cpu_allocation_ratio=4.0,cpu_info='{"arch": "x86_64", "model": "EPYC-Milan", "vendor": "AMD", "topology": {"cells": 1, "sockets": 12, "cores": 1, "threads": 1}, "maxphysaddr": {"mode": "emulate", "bits": 40}, "features": ["null-sel-clr-base", "smap", "xsaveopt", "pse", "avx", "ssse3", "bmi2", "mmxext", "sse4.1", "lbrv", "rdpid", "gds-no", "clflush", "topoext", "cmov", "pcid", "sse", "flushbyasid", "perfctr_core", "fxsr_opt", "sse4.2", "sse4a", "sep", "smep", "npt", "bmi1", "clzero", "pse36", "amd-stibp", "fma", "clflushopt", "vgif", "mca", "amd-ssbd", "ibrs", "xsavec", "mmx", "pat", "tsc", "stibp", "cx16", "osvw", "popcnt", "ssbd", "pschange-mc-no", "pause-filter", "clwb", "lfence-always-serializing", "v-vmsave-vmload", "pfthreshold", "adx", "spec-ctrl", "arch-capabilities", "no-nested-data-bp", "mce", "pdpe1gb", "fxsr", "mtrr", "rdrand", "skip-l1dfl-vmentry", "de", "nx", "fsgsbase", "pae", "amd-psfd", "xsaves", "lm", "pclmuldq", "stibp-always-on", "vaes", "sha-ni", "x2apic", "xgetbv1", "vme", "syscall", "aes", "tsc_adjust", "invpcid", "vmcb-clean", "arat", "ibpb", "3dnowprefetch", "svme-addr-chk", "pge", "misalignsse", "movbe", "cr8legacy", "nrip-save", "tsc-deadline", "xsaveerptr", "avx2", "apic", "erms", "fsrm", "msr", "pni", "xsave", "lahf_lm", "vpclmulqdq", "hypervisor", "rdtscp", "umip", "cx8", "sse2", "abm", "tsc-scale", "fpu", "cmp_legacy", "f16c", "rdctl-no", "wbnoinvd", "pku", "mds-no", "virt-ssbd", "rdseed", "svm"]}',created_at=2026-06-16T00:16:33Z,current_workload=0,deleted=False,deleted_at=None,disk_allocation_ratio=1.0,disk_available_least=74,free_disk_gb=95,free_ram_mb=23518,host='np0000002903',host_ip=10.4.3.21,hypervisor_hostname='np0000002903',hypervisor_type='QEMU',hypervisor_version=8002002,id=1,local_gb=95,local_gb_used=0,mapped=1,memory_mb=24030,memory_mb_used=512,metrics='[]',numa_topology='{"nova_object.name": "NUMATopology", "nova_object.namespace": "nova", "nova_object.version": "1.2", "nova_object.data": {"cells": [{"nova_object.name": "NUMACell", "nova_object.namespace": "nova", "nova_object.version": "1.5", "nova_object.data": {"id": 0, "cpuset": [0, 1, 2, 3, 4, 5, 6, 7, 8, 9, 10, 11], "pcpuset": [0, 1, 2, 3, 4, 5, 6, 7, 8, 9, 10, 11], "memory": 24030, "cpu_usage": 0, "memory_usage": 0, "pinned_cpus": [], "siblings": [[6], [2], [5], [11], [8], [4], [1], [7], [10], [0], [3], [9]], "mempages": [{"nova_object.name": "NUMAPagesTopology", "nova_object.namespace": "nova", "nova_object.version": "1.1", "nova_object.data": {"size_kb": 4, "total": 6151798, "used": 0, "reserved": 0}, "nova_object.changes": ["used", "reserved", "size_kb", "total"]}, {"nova_object.name": "NUMAPagesTopology", "nova_object.namespace": "nova", "nova_object.version": "1.1", "nova_object.data": {"size_kb": 2048, "total": 0, "used": 0, "reserved": 0}, "nova_object.changes": ["used", "reserved", "size_kb", "total"]}, {"nova_object.name": "NUMAPagesTopology", "nova_object.namespace": "nova", "nova_object.version": "1.1", "nova_object.data": {"size_kb": 1048576, "total": 0, "used": 0, "reserved": 0}, "nova_object.changes": ["used", "reserved", "size_kb", "total"]}], "network_metadata": {"nova_object.name": "NetworkMetadata", "nova_object.namespace": "nova", "nova_object.version": "1.0", "nova_object.data": {"physnets": [], "tunneled": false}, "nova_object.changes": ["tunneled", "physnets"]}, "socket": null}, "nova_object.changes": ["id", "pinned_cpus", "network_metadata", "memory", "memory_usage", "socket", "mempages", "pcpuset", "siblings", "cpuset", "cpu_usage"]}]}, "nova_object.changes": ["cells"]}',pci_device_pools=PciDevicePoolList,ram_allocation_ratio=1.0,running_vms=0,service_id=2,stats={failed_builds='0',uptime=' 00:18:19 up 24 min, 2 users, load average: 1.32, 1.36, 0.77
Jun 16 00:18:50.321406 np0000002903 nova-scheduler[95744]: '},supported_hv_specs=[HVSpec,HVSpec,HVSpec,HVSpec,HVSpec,HVSpec,HVSpec,HVSpec,HVSpec,HVSpec,HVSpec,HVSpec,HVSpec,HVSpec,HVSpec,HVSpec,HVSpec,HVSpec,HVSpec,HVSpec,HVSpec,HVSpec,HVSpec,HVSpec,HVSpec],updated_at=2026-06-16T00:18:21Z,uuid=49db8966-8bcf-403d-a68f-98d6ccd3babe,vcpus=12,vcpus_used=0) {{(pid=95744) _locked_update /opt/stack/nova/nova/scheduler/host_manager.py:168}}
Jun 16 00:18:50.322383 np0000002903 nova-scheduler[95744]: DEBUG nova.scheduler.host_manager [None req-fe796811-6c1d-4f7a-aa40-e6a92c8934ef tempest-ServerRescueNegativeTestJSON-1727596882 tempest-ServerRescueNegativeTestJSON-1727596882-project-member] Update host state with aggregates: [] {{(pid=95744) _locked_update /opt/stack/nova/nova/scheduler/host_manager.py:171}}
Jun 16 00:18:50.322548 np0000002903 nova-scheduler[95744]: DEBUG nova.scheduler.host_manager [None req-fe796811-6c1d-4f7a-aa40-e6a92c8934ef tempest-ServerRescueNegativeTestJSON-1727596882 tempest-ServerRescueNegativeTestJSON-1727596882-project-member] Update host state with service dict: {'id': 2, 'uuid': '178fdfcd-7987-4fc3-993e-c351b24eebbd', 'host': 'np0000002903', 'binary': 'nova-compute', 'topic': 'compute', 'report_count': 2, 'disabled': False, 'disabled_reason': None, 'last_seen_up': datetime.datetime(2026, 6, 16, 0, 18, 42, tzinfo=datetime.timezone.utc), 'forced_down': False, 'version': 72, 'created_at': datetime.datetime(2026, 6, 16, 0, 16, 32, tzinfo=datetime.timezone.utc), 'updated_at': datetime.datetime(2026, 6, 16, 0, 18, 42, tzinfo=datetime.timezone.utc), 'deleted_at': None, 'deleted': False} {{(pid=95744) _locked_update /opt/stack/nova/nova/scheduler/host_manager.py:174}}
Jun 16 00:18:50.322749 np0000002903 nova-scheduler[95744]: DEBUG nova.scheduler.host_manager [None req-fe796811-6c1d-4f7a-aa40-e6a92c8934ef tempest-ServerRescueNegativeTestJSON-1727596882 tempest-ServerRescueNegativeTestJSON-1727596882-project-member] Update host state with instances: [] {{(pid=95744) _locked_update /opt/stack/nova/nova/scheduler/host_manager.py:177}}
Jun 16 00:18:50.322852 np0000002903 nova-scheduler[95744]: DEBUG oslo_concurrency.lockutils [None req-fe796811-6c1d-4f7a-aa40-e6a92c8934ef tempest-ServerRescueNegativeTestJSON-1727596882 tempest-ServerRescueNegativeTestJSON-1727596882-project-member] Lock "('np0000002903', 'np0000002903')" "released" by "nova.scheduler.host_manager.HostState.update.._locked_update" :: held 0.003s {{(pid=95744) inner /opt/stack/data/venv/lib/python3.12/site-packages/oslo_concurrency/lockutils.py:543}}
Jun 16 00:18:50.323267 np0000002903 nova-scheduler[95744]: DEBUG nova.filters [None req-fe796811-6c1d-4f7a-aa40-e6a92c8934ef tempest-ServerRescueNegativeTestJSON-1727596882 tempest-ServerRescueNegativeTestJSON-1727596882-project-member] Starting with 1 host(s) {{(pid=95744) get_filtered_objects /opt/stack/nova/nova/filters.py:70}}
Jun 16 00:18:50.323449 np0000002903 nova-scheduler[95744]: DEBUG nova.filters [None req-fe796811-6c1d-4f7a-aa40-e6a92c8934ef tempest-ServerRescueNegativeTestJSON-1727596882 tempest-ServerRescueNegativeTestJSON-1727596882-project-member] Filter ComputeFilter returned 1 host(s) {{(pid=95744) get_filtered_objects /opt/stack/nova/nova/filters.py:102}}
Jun 16 00:18:50.323632 np0000002903 nova-scheduler[95744]: DEBUG nova.filters [None req-fe796811-6c1d-4f7a-aa40-e6a92c8934ef tempest-ServerRescueNegativeTestJSON-1727596882 tempest-ServerRescueNegativeTestJSON-1727596882-project-member] Filter ComputeCapabilitiesFilter returned 1 host(s) {{(pid=95744) get_filtered_objects /opt/stack/nova/nova/filters.py:102}}
Jun 16 00:18:50.323850 np0000002903 nova-scheduler[95744]: DEBUG nova.filters [None req-fe796811-6c1d-4f7a-aa40-e6a92c8934ef tempest-ServerRescueNegativeTestJSON-1727596882 tempest-ServerRescueNegativeTestJSON-1727596882-project-member] Filter ImagePropertiesFilter returned 1 host(s) {{(pid=95744) get_filtered_objects /opt/stack/nova/nova/filters.py:102}}
Jun 16 00:18:50.323982 np0000002903 nova-scheduler[95744]: DEBUG nova.filters [None req-fe796811-6c1d-4f7a-aa40-e6a92c8934ef tempest-ServerRescueNegativeTestJSON-1727596882 tempest-ServerRescueNegativeTestJSON-1727596882-project-member] Filter ServerGroupAntiAffinityFilter returned 1 host(s) {{(pid=95744) get_filtered_objects /opt/stack/nova/nova/filters.py:102}}
Jun 16 00:18:50.324085 np0000002903 nova-scheduler[95744]: DEBUG nova.filters [None req-fe796811-6c1d-4f7a-aa40-e6a92c8934ef tempest-ServerRescueNegativeTestJSON-1727596882 tempest-ServerRescueNegativeTestJSON-1727596882-project-member] Filter ServerGroupAffinityFilter returned 1 host(s) {{(pid=95744) get_filtered_objects /opt/stack/nova/nova/filters.py:102}}
Jun 16 00:18:50.324196 np0000002903 nova-scheduler[95744]: DEBUG nova.filters [None req-fe796811-6c1d-4f7a-aa40-e6a92c8934ef tempest-ServerRescueNegativeTestJSON-1727596882 tempest-ServerRescueNegativeTestJSON-1727596882-project-member] Filter SameHostFilter returned 1 host(s) {{(pid=95744) get_filtered_objects /opt/stack/nova/nova/filters.py:102}}
Jun 16 00:18:50.324295 np0000002903 nova-scheduler[95744]: DEBUG nova.filters [None req-fe796811-6c1d-4f7a-aa40-e6a92c8934ef tempest-ServerRescueNegativeTestJSON-1727596882 tempest-ServerRescueNegativeTestJSON-1727596882-project-member] Filter DifferentHostFilter returned 1 host(s) {{(pid=95744) get_filtered_objects /opt/stack/nova/nova/filters.py:102}}
Jun 16 00:18:50.324406 np0000002903 nova-scheduler[95744]: DEBUG nova.scheduler.manager [None req-fe796811-6c1d-4f7a-aa40-e6a92c8934ef tempest-ServerRescueNegativeTestJSON-1727596882 tempest-ServerRescueNegativeTestJSON-1727596882-project-member] Filtered [(np0000002903, np0000002903) ram: 23518MB disk: 75776MB io_ops: 0 instances: 0, allocation_candidates: 1] {{(pid=95744) _get_sorted_hosts /opt/stack/nova/nova/scheduler/manager.py:743}}
Jun 16 00:18:50.324578 np0000002903 nova-scheduler[95744]: DEBUG nova.scheduler.manager [None req-fe796811-6c1d-4f7a-aa40-e6a92c8934ef tempest-ServerRescueNegativeTestJSON-1727596882 tempest-ServerRescueNegativeTestJSON-1727596882-project-member] Weighed [WeighedHost [host: (np0000002903, np0000002903) ram: 23518MB disk: 75776MB io_ops: 0 instances: 0, allocation_candidates: 1, weight: 0.0]] {{(pid=95744) _get_sorted_hosts /opt/stack/nova/nova/scheduler/manager.py:765}}
Jun 16 00:18:50.324753 np0000002903 nova-scheduler[95744]: DEBUG nova.scheduler.utils [None req-fe796811-6c1d-4f7a-aa40-e6a92c8934ef tempest-ServerRescueNegativeTestJSON-1727596882 tempest-ServerRescueNegativeTestJSON-1727596882-project-member] Attempting to claim resources in the placement API for instance 1f9d4e32-5277-4f47-b9ec-13c713bab3c9 {{(pid=95744) claim_resources /opt/stack/nova/nova/scheduler/utils.py:1345}}
Jun 16 00:18:50.474439 np0000002903 nova-scheduler[95744]: DEBUG nova.scheduler.manager [None req-fe796811-6c1d-4f7a-aa40-e6a92c8934ef tempest-ServerRescueNegativeTestJSON-1727596882 tempest-ServerRescueNegativeTestJSON-1727596882-project-member] [instance: 1f9d4e32-5277-4f47-b9ec-13c713bab3c9] Selected host: (np0000002903, np0000002903) ram: 23518MB disk: 75776MB io_ops: 0 instances: 0, allocation_candidates: 1 {{(pid=95744) _consume_selected_host /opt/stack/nova/nova/scheduler/manager.py:625}}
Jun 16 00:18:50.474778 np0000002903 nova-scheduler[95744]: DEBUG oslo_concurrency.lockutils [None req-fe796811-6c1d-4f7a-aa40-e6a92c8934ef tempest-ServerRescueNegativeTestJSON-1727596882 tempest-ServerRescueNegativeTestJSON-1727596882-project-member] Acquiring lock "('np0000002903', 'np0000002903')" by "nova.scheduler.host_manager.HostState.consume_from_request.._locked" {{(pid=95744) inner /opt/stack/data/venv/lib/python3.12/site-packages/oslo_concurrency/lockutils.py:511}}
Jun 16 00:18:50.474977 np0000002903 nova-scheduler[95744]: DEBUG oslo_concurrency.lockutils [None req-fe796811-6c1d-4f7a-aa40-e6a92c8934ef tempest-ServerRescueNegativeTestJSON-1727596882 tempest-ServerRescueNegativeTestJSON-1727596882-project-member] Lock "('np0000002903', 'np0000002903')" acquired by "nova.scheduler.host_manager.HostState.consume_from_request.._locked" :: waited 0.000s {{(pid=95744) inner /opt/stack/data/venv/lib/python3.12/site-packages/oslo_concurrency/lockutils.py:524}}
Jun 16 00:18:50.475194 np0000002903 nova-scheduler[95744]: DEBUG oslo_concurrency.lockutils [None req-fe796811-6c1d-4f7a-aa40-e6a92c8934ef tempest-ServerRescueNegativeTestJSON-1727596882 tempest-ServerRescueNegativeTestJSON-1727596882-project-member] Lock "('np0000002903', 'np0000002903')" "released" by "nova.scheduler.host_manager.HostState.consume_from_request.._locked" :: held 0.000s {{(pid=95744) inner /opt/stack/data/venv/lib/python3.12/site-packages/oslo_concurrency/lockutils.py:543}}
Jun 16 00:18:50.489160 np0000002903 nova-scheduler[95748]: DEBUG oslo.service.backend._threading.loopingcall [None req-411bc459-dba1-41fa-a7bf-93fc522b7ef2 None None] Dynamic interval looping call 'nova.service.Service.periodic_tasks' sleeping for 60.00 seconds {{(pid=95748) _run_loop /opt/stack/data/venv/lib/python3.12/site-packages/oslo_service/backend/_threading/loopingcall.py:125}}
Jun 16 00:18:53.861656 np0000002903 nova-scheduler[95746]: DEBUG nova.scheduler.manager [None req-ffccc2cd-da1f-4c96-8e1e-23a17c8afdc3 tempest-ServerStableDeviceRescueTest-522817439 tempest-ServerStableDeviceRescueTest-522817439-project-member] Starting to schedule for instances: ['91911e07-2d10-4dcb-ad2e-f5fb05e0bd63'] {{(pid=95746) select_destinations /opt/stack/nova/nova/scheduler/manager.py:210}}
Jun 16 00:18:53.862092 np0000002903 nova-scheduler[95746]: DEBUG nova.scheduler.request_filter [None req-ffccc2cd-da1f-4c96-8e1e-23a17c8afdc3 tempest-ServerStableDeviceRescueTest-522817439 tempest-ServerStableDeviceRescueTest-522817439-project-member] compute_status_filter request filter added forbidden trait COMPUTE_STATUS_DISABLED {{(pid=95746) compute_status_filter /opt/stack/nova/nova/scheduler/request_filter.py:253}}
Jun 16 00:18:53.862207 np0000002903 nova-scheduler[95746]: DEBUG nova.scheduler.request_filter [None req-ffccc2cd-da1f-4c96-8e1e-23a17c8afdc3 tempest-ServerStableDeviceRescueTest-522817439 tempest-ServerStableDeviceRescueTest-522817439-project-member] Request filter 'compute_status_filter' took 0.0 seconds {{(pid=95746) wrapper /opt/stack/nova/nova/scheduler/request_filter.py:46}}
Jun 16 00:18:53.862437 np0000002903 nova-scheduler[95746]: DEBUG nova.scheduler.request_filter [None req-ffccc2cd-da1f-4c96-8e1e-23a17c8afdc3 tempest-ServerStableDeviceRescueTest-522817439 tempest-ServerStableDeviceRescueTest-522817439-project-member] Request filter 'accelerators_filter' took 0.0 seconds {{(pid=95746) wrapper /opt/stack/nova/nova/scheduler/request_filter.py:46}}
Jun 16 00:18:53.863066 np0000002903 nova-scheduler[95746]: DEBUG nova.scheduler.request_filter [None req-ffccc2cd-da1f-4c96-8e1e-23a17c8afdc3 tempest-ServerStableDeviceRescueTest-522817439 tempest-ServerStableDeviceRescueTest-522817439-project-member] Request filter 'packed_virtqueue_filter' took 0.0 seconds {{(pid=95746) wrapper /opt/stack/nova/nova/scheduler/request_filter.py:46}}
Jun 16 00:18:53.863370 np0000002903 nova-scheduler[95746]: DEBUG nova.scheduler.request_filter [None req-ffccc2cd-da1f-4c96-8e1e-23a17c8afdc3 tempest-ServerStableDeviceRescueTest-522817439 tempest-ServerStableDeviceRescueTest-522817439-project-member] Request filter 'remote_managed_ports_filter' took 0.0 seconds {{(pid=95746) wrapper /opt/stack/nova/nova/scheduler/request_filter.py:46}}
Jun 16 00:18:53.863524 np0000002903 nova-scheduler[95746]: DEBUG nova.scheduler.request_filter [None req-ffccc2cd-da1f-4c96-8e1e-23a17c8afdc3 tempest-ServerStableDeviceRescueTest-522817439 tempest-ServerStableDeviceRescueTest-522817439-project-member] ephemeral_encryption_filter skipped {{(pid=95746) ephemeral_encryption_filter /opt/stack/nova/nova/scheduler/request_filter.py:426}}
Jun 16 00:18:53.863711 np0000002903 nova-scheduler[95746]: DEBUG nova.scheduler.request_filter [None req-ffccc2cd-da1f-4c96-8e1e-23a17c8afdc3 tempest-ServerStableDeviceRescueTest-522817439 tempest-ServerStableDeviceRescueTest-522817439-project-member] virtio_sound_filter skipped {{(pid=95746) virtio_sound_filter /opt/stack/nova/nova/scheduler/request_filter.py:460}}
Jun 16 00:18:53.863871 np0000002903 nova-scheduler[95746]: DEBUG nova.scheduler.request_filter [None req-ffccc2cd-da1f-4c96-8e1e-23a17c8afdc3 tempest-ServerStableDeviceRescueTest-522817439 tempest-ServerStableDeviceRescueTest-522817439-project-member] tpm_secret_security_filter skipped {{(pid=95746) tpm_secret_security_filter /opt/stack/nova/nova/scheduler/request_filter.py:477}}
Jun 16 00:18:53.996491 np0000002903 nova-scheduler[95746]: INFO nova.utils [None req-ffccc2cd-da1f-4c96-8e1e-23a17c8afdc3 tempest-ServerStableDeviceRescueTest-522817439 tempest-ServerStableDeviceRescueTest-522817439-project-member] The cell worker thread pool ForkProcess-2.cell_worker is initialized
Jun 16 00:18:53.998665 np0000002903 nova-scheduler[95746]: DEBUG oslo_concurrency.lockutils [None req-ffccc2cd-da1f-4c96-8e1e-23a17c8afdc3 tempest-ServerStableDeviceRescueTest-522817439 tempest-ServerStableDeviceRescueTest-522817439-project-member] Acquiring lock "19220839-85a4-44c7-b6ee-ad0607caf4be" by "nova.context.set_target_cell..get_or_set_cached_cell_and_set_connections" {{(pid=95746) inner /opt/stack/data/venv/lib/python3.12/site-packages/oslo_concurrency/lockutils.py:511}}
Jun 16 00:18:53.998940 np0000002903 nova-scheduler[95746]: DEBUG oslo_concurrency.lockutils [None req-ffccc2cd-da1f-4c96-8e1e-23a17c8afdc3 tempest-ServerStableDeviceRescueTest-522817439 tempest-ServerStableDeviceRescueTest-522817439-project-member] Lock "19220839-85a4-44c7-b6ee-ad0607caf4be" acquired by "nova.context.set_target_cell..get_or_set_cached_cell_and_set_connections" :: waited 0.002s {{(pid=95746) inner /opt/stack/data/venv/lib/python3.12/site-packages/oslo_concurrency/lockutils.py:524}}
Jun 16 00:18:54.000464 np0000002903 nova-scheduler[95746]: DEBUG oslo_concurrency.lockutils [None req-ffccc2cd-da1f-4c96-8e1e-23a17c8afdc3 tempest-ServerStableDeviceRescueTest-522817439 tempest-ServerStableDeviceRescueTest-522817439-project-member] Lock "19220839-85a4-44c7-b6ee-ad0607caf4be" "released" by "nova.context.set_target_cell..get_or_set_cached_cell_and_set_connections" :: held 0.002s {{(pid=95746) inner /opt/stack/data/venv/lib/python3.12/site-packages/oslo_concurrency/lockutils.py:543}}
Jun 16 00:18:54.002327 np0000002903 nova-scheduler[95746]: INFO dbcounter [None req-ffccc2cd-da1f-4c96-8e1e-23a17c8afdc3 tempest-ServerStableDeviceRescueTest-522817439 tempest-ServerStableDeviceRescueTest-522817439-project-member] Registered counter for database nova_cell1
Jun 16 00:18:54.064786 np0000002903 nova-scheduler[95746]: DEBUG oslo_db.sqlalchemy.engines [None req-ffccc2cd-da1f-4c96-8e1e-23a17c8afdc3 tempest-ServerStableDeviceRescueTest-522817439 tempest-ServerStableDeviceRescueTest-522817439-project-member] MySQL server mode set to STRICT_TRANS_TABLES,STRICT_ALL_TABLES,NO_ZERO_IN_DATE,NO_ZERO_DATE,ERROR_FOR_DIVISION_BY_ZERO,TRADITIONAL,NO_ENGINE_SUBSTITUTION {{(pid=95746) _check_effective_sql_mode /opt/stack/data/venv/lib/python3.12/site-packages/oslo_db/sqlalchemy/engines.py:325}}
Jun 16 00:18:54.078729 np0000002903 nova-scheduler[95746]: DEBUG dbcounter [-] [95746] Writer thread running {{(pid=95746) stat_writer /opt/stack/data/venv/lib/python3.12/site-packages/dbcounter.py:102}}
Jun 16 00:18:54.138422 np0000002903 nova-scheduler[95746]: DEBUG dbcounter [-] [95746] Writer thread running {{(pid=95746) stat_writer /opt/stack/data/venv/lib/python3.12/site-packages/dbcounter.py:102}}
Jun 16 00:18:54.141606 np0000002903 nova-scheduler[95746]: DEBUG oslo_concurrency.lockutils [None req-ffccc2cd-da1f-4c96-8e1e-23a17c8afdc3 tempest-ServerStableDeviceRescueTest-522817439 tempest-ServerStableDeviceRescueTest-522817439-project-member] Acquiring lock "19220839-85a4-44c7-b6ee-ad0607caf4be" by "nova.context.set_target_cell..get_or_set_cached_cell_and_set_connections" {{(pid=95746) inner /opt/stack/data/venv/lib/python3.12/site-packages/oslo_concurrency/lockutils.py:511}}
Jun 16 00:18:54.141606 np0000002903 nova-scheduler[95746]: DEBUG oslo_concurrency.lockutils [None req-ffccc2cd-da1f-4c96-8e1e-23a17c8afdc3 tempest-ServerStableDeviceRescueTest-522817439 tempest-ServerStableDeviceRescueTest-522817439-project-member] Lock "19220839-85a4-44c7-b6ee-ad0607caf4be" acquired by "nova.context.set_target_cell..get_or_set_cached_cell_and_set_connections" :: waited 0.000s {{(pid=95746) inner /opt/stack/data/venv/lib/python3.12/site-packages/oslo_concurrency/lockutils.py:524}}
Jun 16 00:18:54.162565 np0000002903 nova-scheduler[95746]: DEBUG oslo_concurrency.lockutils [None req-ffccc2cd-da1f-4c96-8e1e-23a17c8afdc3 tempest-ServerStableDeviceRescueTest-522817439 tempest-ServerStableDeviceRescueTest-522817439-project-member] Lock "19220839-85a4-44c7-b6ee-ad0607caf4be" "released" by "nova.context.set_target_cell..get_or_set_cached_cell_and_set_connections" :: held 0.000s {{(pid=95746) inner /opt/stack/data/venv/lib/python3.12/site-packages/oslo_concurrency/lockutils.py:543}}
Jun 16 00:18:54.162565 np0000002903 nova-scheduler[95746]: DEBUG oslo_concurrency.lockutils [None req-ffccc2cd-da1f-4c96-8e1e-23a17c8afdc3 tempest-ServerStableDeviceRescueTest-522817439 tempest-ServerStableDeviceRescueTest-522817439-project-member] Acquiring lock "('np0000002903', 'np0000002903')" by "nova.scheduler.host_manager.HostState.update.._locked_update" {{(pid=95746) inner /opt/stack/data/venv/lib/python3.12/site-packages/oslo_concurrency/lockutils.py:511}}
