Jun 19 07:37:49.870246 np0000003254 nova-scheduler[95745]: DEBUG cotyledon.oslo_config_glue [-] oslo_limit.auth_section = None {{(pid=95745) log_opt_values /opt/stack/data/venv/lib/python3.12/site-packages/oslo_config/cfg.py:3253}}
Jun 19 07:37:49.870246 np0000003254 nova-scheduler[95745]: DEBUG cotyledon.oslo_config_glue [-] oslo_limit.auth_type = None {{(pid=95745) log_opt_values /opt/stack/data/venv/lib/python3.12/site-packages/oslo_config/cfg.py:3253}}
Jun 19 07:37:49.870246 np0000003254 nova-scheduler[95745]: DEBUG cotyledon.oslo_config_glue [-] oslo_limit.cafile = None {{(pid=95745) log_opt_values /opt/stack/data/venv/lib/python3.12/site-packages/oslo_config/cfg.py:3253}}
Jun 19 07:37:49.870405 np0000003254 nova-scheduler[95745]: DEBUG cotyledon.oslo_config_glue [-] oslo_limit.certfile = None {{(pid=95745) log_opt_values /opt/stack/data/venv/lib/python3.12/site-packages/oslo_config/cfg.py:3253}}
Jun 19 07:37:49.870405 np0000003254 nova-scheduler[95745]: DEBUG cotyledon.oslo_config_glue [-] oslo_limit.collect_timing = False {{(pid=95745) log_opt_values /opt/stack/data/venv/lib/python3.12/site-packages/oslo_config/cfg.py:3253}}
Jun 19 07:37:49.870405 np0000003254 nova-scheduler[95745]: DEBUG cotyledon.oslo_config_glue [-] oslo_limit.connect_retries = None {{(pid=95745) log_opt_values /opt/stack/data/venv/lib/python3.12/site-packages/oslo_config/cfg.py:3253}}
Jun 19 07:37:49.870405 np0000003254 nova-scheduler[95745]: DEBUG cotyledon.oslo_config_glue [-] oslo_limit.connect_retry_delay = None {{(pid=95745) log_opt_values /opt/stack/data/venv/lib/python3.12/site-packages/oslo_config/cfg.py:3253}}
Jun 19 07:37:49.870405 np0000003254 nova-scheduler[95745]: DEBUG cotyledon.oslo_config_glue [-] oslo_limit.endpoint_id = None {{(pid=95745) log_opt_values /opt/stack/data/venv/lib/python3.12/site-packages/oslo_config/cfg.py:3253}}
Jun 19 07:37:49.870405 np0000003254 nova-scheduler[95745]: DEBUG cotyledon.oslo_config_glue [-] oslo_limit.endpoint_interface = public {{(pid=95745) log_opt_values /opt/stack/data/venv/lib/python3.12/site-packages/oslo_config/cfg.py:3253}}
Jun 19 07:37:49.870405 np0000003254 nova-scheduler[95745]: DEBUG cotyledon.oslo_config_glue [-] oslo_limit.endpoint_override = None {{(pid=95745) log_opt_values /opt/stack/data/venv/lib/python3.12/site-packages/oslo_config/cfg.py:3253}}
Jun 19 07:37:49.870405 np0000003254 nova-scheduler[95745]: DEBUG cotyledon.oslo_config_glue [-] oslo_limit.endpoint_region_name = None {{(pid=95745) log_opt_values /opt/stack/data/venv/lib/python3.12/site-packages/oslo_config/cfg.py:3253}}
Jun 19 07:37:49.870405 np0000003254 nova-scheduler[95745]: DEBUG cotyledon.oslo_config_glue [-] oslo_limit.endpoint_service_name = None {{(pid=95745) log_opt_values /opt/stack/data/venv/lib/python3.12/site-packages/oslo_config/cfg.py:3253}}
Jun 19 07:37:49.870580 np0000003254 nova-scheduler[95745]: DEBUG cotyledon.oslo_config_glue [-] oslo_limit.endpoint_service_type = None {{(pid=95745) log_opt_values /opt/stack/data/venv/lib/python3.12/site-packages/oslo_config/cfg.py:3253}}
Jun 19 07:37:49.870580 np0000003254 nova-scheduler[95745]: DEBUG cotyledon.oslo_config_glue [-] oslo_limit.insecure = False {{(pid=95745) log_opt_values /opt/stack/data/venv/lib/python3.12/site-packages/oslo_config/cfg.py:3253}}
Jun 19 07:37:49.870580 np0000003254 nova-scheduler[95745]: DEBUG cotyledon.oslo_config_glue [-] oslo_limit.keyfile = None {{(pid=95745) log_opt_values /opt/stack/data/venv/lib/python3.12/site-packages/oslo_config/cfg.py:3253}}
Jun 19 07:37:49.870580 np0000003254 nova-scheduler[95745]: DEBUG cotyledon.oslo_config_glue [-] oslo_limit.max_version = None {{(pid=95745) log_opt_values /opt/stack/data/venv/lib/python3.12/site-packages/oslo_config/cfg.py:3253}}
Jun 19 07:37:49.870580 np0000003254 nova-scheduler[95745]: DEBUG cotyledon.oslo_config_glue [-] oslo_limit.min_version = None {{(pid=95745) log_opt_values /opt/stack/data/venv/lib/python3.12/site-packages/oslo_config/cfg.py:3253}}
Jun 19 07:37:49.870580 np0000003254 nova-scheduler[95745]: DEBUG cotyledon.oslo_config_glue [-] oslo_limit.region_name = None {{(pid=95745) log_opt_values /opt/stack/data/venv/lib/python3.12/site-packages/oslo_config/cfg.py:3253}}
Jun 19 07:37:49.870580 np0000003254 nova-scheduler[95745]: DEBUG cotyledon.oslo_config_glue [-] oslo_limit.retriable_status_codes = None {{(pid=95745) log_opt_values /opt/stack/data/venv/lib/python3.12/site-packages/oslo_config/cfg.py:3253}}
Jun 19 07:37:49.870580 np0000003254 nova-scheduler[95745]: DEBUG cotyledon.oslo_config_glue [-] oslo_limit.service_name = None {{(pid=95745) log_opt_values /opt/stack/data/venv/lib/python3.12/site-packages/oslo_config/cfg.py:3253}}
Jun 19 07:37:49.870580 np0000003254 nova-scheduler[95745]: DEBUG cotyledon.oslo_config_glue [-] oslo_limit.service_type = None {{(pid=95745) log_opt_values /opt/stack/data/venv/lib/python3.12/site-packages/oslo_config/cfg.py:3253}}
Jun 19 07:37:49.870767 np0000003254 nova-scheduler[95745]: DEBUG cotyledon.oslo_config_glue [-] oslo_limit.split_loggers = False {{(pid=95745) log_opt_values /opt/stack/data/venv/lib/python3.12/site-packages/oslo_config/cfg.py:3253}}
Jun 19 07:37:49.870767 np0000003254 nova-scheduler[95745]: DEBUG cotyledon.oslo_config_glue [-] oslo_limit.status_code_retries = None {{(pid=95745) log_opt_values /opt/stack/data/venv/lib/python3.12/site-packages/oslo_config/cfg.py:3253}}
Jun 19 07:37:49.870767 np0000003254 nova-scheduler[95745]: DEBUG cotyledon.oslo_config_glue [-] oslo_limit.status_code_retry_delay = None {{(pid=95745) log_opt_values /opt/stack/data/venv/lib/python3.12/site-packages/oslo_config/cfg.py:3253}}
Jun 19 07:37:49.870767 np0000003254 nova-scheduler[95745]: DEBUG cotyledon.oslo_config_glue [-] oslo_limit.timeout = None {{(pid=95745) log_opt_values /opt/stack/data/venv/lib/python3.12/site-packages/oslo_config/cfg.py:3253}}
Jun 19 07:37:49.870767 np0000003254 nova-scheduler[95745]: DEBUG cotyledon.oslo_config_glue [-] oslo_limit.valid_interfaces = None {{(pid=95745) log_opt_values /opt/stack/data/venv/lib/python3.12/site-packages/oslo_config/cfg.py:3253}}
Jun 19 07:37:49.870767 np0000003254 nova-scheduler[95745]: DEBUG cotyledon.oslo_config_glue [-] oslo_limit.version = None {{(pid=95745) log_opt_values /opt/stack/data/venv/lib/python3.12/site-packages/oslo_config/cfg.py:3253}}
Jun 19 07:37:49.870767 np0000003254 nova-scheduler[95745]: DEBUG cotyledon.oslo_config_glue [-] oslo_reports.file_event_handler = None {{(pid=95745) log_opt_values /opt/stack/data/venv/lib/python3.12/site-packages/oslo_config/cfg.py:3253}}
Jun 19 07:37:49.870767 np0000003254 nova-scheduler[95745]: DEBUG cotyledon.oslo_config_glue [-] oslo_reports.file_event_handler_interval = 1 {{(pid=95745) log_opt_values /opt/stack/data/venv/lib/python3.12/site-packages/oslo_config/cfg.py:3253}}
Jun 19 07:37:49.870767 np0000003254 nova-scheduler[95745]: DEBUG cotyledon.oslo_config_glue [-] oslo_reports.log_dir = None {{(pid=95745) log_opt_values /opt/stack/data/venv/lib/python3.12/site-packages/oslo_config/cfg.py:3253}}
Jun 19 07:37:49.870924 np0000003254 nova-scheduler[95745]: DEBUG cotyledon.oslo_config_glue [-] ******************************************************************************** {{(pid=95745) log_opt_values /opt/stack/data/venv/lib/python3.12/site-packages/oslo_config/cfg.py:3260}}
Jun 19 07:37:49.870924 np0000003254 nova-scheduler[95745]: DEBUG cotyledon._service_worker [-] Run service ServiceWrapper(2) [95745] {{(pid=95745) wait_forever /opt/stack/data/venv/lib/python3.12/site-packages/cotyledon/_service_worker.py:218}}
Jun 19 07:37:49.870924 np0000003254 nova-scheduler[95745]: INFO nova.service [-] Starting scheduler node (version 33.1.0)
Jun 19 07:37:49.873843 np0000003254 nova-scheduler[95745]: INFO dbcounter [None req-6d867201-43fb-40ca-84cf-e468a07f3f3e None None] Registered counter for database nova_cell0
Jun 19 07:37:49.889335 np0000003254 nova-scheduler[95715]: DEBUG oslo_db.sqlalchemy.engines [None req-b8351cde-1979-4ec7-aa34-96128d786abf None None] MySQL server mode set to STRICT_TRANS_TABLES,STRICT_ALL_TABLES,NO_ZERO_IN_DATE,NO_ZERO_DATE,ERROR_FOR_DIVISION_BY_ZERO,TRADITIONAL,NO_ENGINE_SUBSTITUTION {{(pid=95715) _check_effective_sql_mode /opt/stack/data/venv/lib/python3.12/site-packages/oslo_db/sqlalchemy/engines.py:325}}
Jun 19 07:37:49.892983 np0000003254 nova-scheduler[95717]: DEBUG oslo_db.sqlalchemy.engines [None req-2134cac3-a486-42c0-8e87-16b2caed6f39 None None] MySQL server mode set to STRICT_TRANS_TABLES,STRICT_ALL_TABLES,NO_ZERO_IN_DATE,NO_ZERO_DATE,ERROR_FOR_DIVISION_BY_ZERO,TRADITIONAL,NO_ENGINE_SUBSTITUTION {{(pid=95717) _check_effective_sql_mode /opt/stack/data/venv/lib/python3.12/site-packages/oslo_db/sqlalchemy/engines.py:325}}
Jun 19 07:37:49.897796 np0000003254 nova-scheduler[95715]: DEBUG dbcounter [-] [95715] Writer thread running {{(pid=95715) stat_writer /opt/stack/data/venv/lib/python3.12/site-packages/dbcounter.py:102}}
Jun 19 07:37:49.901848 np0000003254 nova-scheduler[95717]: DEBUG dbcounter [-] [95717] Writer thread running {{(pid=95717) stat_writer /opt/stack/data/venv/lib/python3.12/site-packages/dbcounter.py:102}}
Jun 19 07:37:49.910264 np0000003254 nova-scheduler[95715]: DEBUG nova.service [None req-b8351cde-1979-4ec7-aa34-96128d786abf None None] Creating RPC server for service: nova-scheduler on topic: scheduler {{(pid=95715) start /opt/stack/nova/nova/service.py:196}}
Jun 19 07:37:49.913318 np0000003254 nova-scheduler[95745]: DEBUG oslo_db.sqlalchemy.engines [None req-6d867201-43fb-40ca-84cf-e468a07f3f3e None None] MySQL server mode set to STRICT_TRANS_TABLES,STRICT_ALL_TABLES,NO_ZERO_IN_DATE,NO_ZERO_DATE,ERROR_FOR_DIVISION_BY_ZERO,TRADITIONAL,NO_ENGINE_SUBSTITUTION {{(pid=95745) _check_effective_sql_mode /opt/stack/data/venv/lib/python3.12/site-packages/oslo_db/sqlalchemy/engines.py:325}}
Jun 19 07:37:49.915570 np0000003254 nova-scheduler[95717]: DEBUG nova.service [None req-2134cac3-a486-42c0-8e87-16b2caed6f39 None None] Creating RPC server for service: nova-scheduler on topic: scheduler {{(pid=95717) start /opt/stack/nova/nova/service.py:196}}
Jun 19 07:37:49.927095 np0000003254 nova-scheduler[95745]: DEBUG dbcounter [-] [95745] Writer thread running {{(pid=95745) stat_writer /opt/stack/data/venv/lib/python3.12/site-packages/dbcounter.py:102}}
Jun 19 07:37:49.931871 np0000003254 nova-scheduler[95745]: DEBUG nova.service [None req-6d867201-43fb-40ca-84cf-e468a07f3f3e None None] Creating RPC server for service: nova-scheduler on topic: scheduler {{(pid=95745) start /opt/stack/nova/nova/service.py:196}}
Jun 19 07:37:49.940469 np0000003254 nova-scheduler[95715]: DEBUG nova.service [None req-b8351cde-1979-4ec7-aa34-96128d786abf None None] Join ServiceGroup membership for this service scheduler {{(pid=95715) start /opt/stack/nova/nova/service.py:222}}
Jun 19 07:37:49.940658 np0000003254 nova-scheduler[95717]: DEBUG nova.service [None req-2134cac3-a486-42c0-8e87-16b2caed6f39 None None] Join ServiceGroup membership for this service scheduler {{(pid=95717) start /opt/stack/nova/nova/service.py:222}}
Jun 19 07:37:49.940713 np0000003254 nova-scheduler[95715]: DEBUG nova.servicegroup.drivers.db [None req-b8351cde-1979-4ec7-aa34-96128d786abf None None] DB_Driver: join new ServiceGroup member np0000003254 to the scheduler group, service = {{(pid=95715) join /opt/stack/nova/nova/servicegroup/drivers/db.py:44}}
Jun 19 07:37:49.940921 np0000003254 nova-scheduler[95717]: DEBUG nova.servicegroup.drivers.db [None req-2134cac3-a486-42c0-8e87-16b2caed6f39 None None] DB_Driver: join new ServiceGroup member np0000003254 to the scheduler group, service = {{(pid=95717) join /opt/stack/nova/nova/servicegroup/drivers/db.py:44}}
Jun 19 07:37:49.953861 np0000003254 nova-scheduler[95745]: DEBUG nova.service [None req-6d867201-43fb-40ca-84cf-e468a07f3f3e None None] Join ServiceGroup membership for this service scheduler {{(pid=95745) start /opt/stack/nova/nova/service.py:222}}
Jun 19 07:37:49.954261 np0000003254 nova-scheduler[95745]: DEBUG nova.servicegroup.drivers.db [None req-6d867201-43fb-40ca-84cf-e468a07f3f3e None None] DB_Driver: join new ServiceGroup member np0000003254 to the scheduler group, service = {{(pid=95745) join /opt/stack/nova/nova/servicegroup/drivers/db.py:44}}
Jun 19 07:37:54.958029 np0000003254 nova-scheduler[95717]: DEBUG oslo.service.backend._threading.loopingcall [-] Fixed interval looping call 'nova.servicegroup.drivers.db.DbDriver._report_state' sleeping for 119.98 seconds {{(pid=95717) _run_loop /opt/stack/data/venv/lib/python3.12/site-packages/oslo_service/backend/_threading/loopingcall.py:125}}
Jun 19 07:37:54.959138 np0000003254 nova-scheduler[95715]: DEBUG oslo.service.backend._threading.loopingcall [-] Fixed interval looping call 'nova.servicegroup.drivers.db.DbDriver._report_state' sleeping for 119.98 seconds {{(pid=95715) _run_loop /opt/stack/data/venv/lib/python3.12/site-packages/oslo_service/backend/_threading/loopingcall.py:125}}
Jun 19 07:37:54.966858 np0000003254 nova-scheduler[95745]: DEBUG oslo.service.backend._threading.loopingcall [-] Fixed interval looping call 'nova.servicegroup.drivers.db.DbDriver._report_state' sleeping for 119.99 seconds {{(pid=95745) _run_loop /opt/stack/data/venv/lib/python3.12/site-packages/oslo_service/backend/_threading/loopingcall.py:125}}
Jun 19 07:37:56.942627 np0000003254 nova-scheduler[95715]: DEBUG oslo.service.backend._threading.loopingcall [None req-71e8a2bb-4dda-45d0-8403-2f8298c7da3a None None] Dynamic interval looping call 'nova.service.Service.periodic_tasks' sleeping for 60.00 seconds {{(pid=95715) _run_loop /opt/stack/data/venv/lib/python3.12/site-packages/oslo_service/backend/_threading/loopingcall.py:125}}
Jun 19 07:37:58.469463 np0000003254 nova-scheduler[94515]: DEBUG dbcounter [-] [94515] Writing DB stats nova_api:SELECT=3 {{(pid=94515) stat_writer /opt/stack/data/venv/lib/python3.12/site-packages/dbcounter.py:115}}
Jun 19 07:37:58.606495 np0000003254 nova-scheduler[94515]: DEBUG dbcounter [-] [94515] Writing DB stats nova_cell0:SELECT=1 {{(pid=94515) stat_writer /opt/stack/data/venv/lib/python3.12/site-packages/dbcounter.py:115}}
Jun 19 07:37:58.610730 np0000003254 nova-scheduler[94515]: DEBUG dbcounter [-] [94515] Writing DB stats nova_cell1:SELECT=1 {{(pid=94515) stat_writer /opt/stack/data/venv/lib/python3.12/site-packages/dbcounter.py:115}}
Jun 19 07:38:04.950442 np0000003254 nova-scheduler[95717]: DEBUG dbcounter [-] [95717] Writing DB stats nova_cell0:SELECT=5,nova_cell0:INSERT=1,nova_cell0:UPDATE=1 {{(pid=95717) stat_writer /opt/stack/data/venv/lib/python3.12/site-packages/dbcounter.py:115}}
Jun 19 07:38:04.951629 np0000003254 nova-scheduler[95715]: DEBUG dbcounter [-] [95715] Writing DB stats nova_cell0:SELECT=4,nova_cell0:INSERT=1,nova_cell0:UPDATE=1 {{(pid=95715) stat_writer /opt/stack/data/venv/lib/python3.12/site-packages/dbcounter.py:115}}
Jun 19 07:38:04.964230 np0000003254 nova-scheduler[95745]: DEBUG dbcounter [-] [95745] Writing DB stats nova_cell0:SELECT=3 {{(pid=95745) stat_writer /opt/stack/data/venv/lib/python3.12/site-packages/dbcounter.py:115}}
Jun 19 07:38:16.956398 np0000003254 nova-scheduler[95745]: DEBUG oslo.service.backend._threading.loopingcall [None req-0f60dfc9-83d0-4674-92b2-dd121cb22be5 None None] Dynamic interval looping call 'nova.service.Service.periodic_tasks' sleeping for 60.00 seconds {{(pid=95745) _run_loop /opt/stack/data/venv/lib/python3.12/site-packages/oslo_service/backend/_threading/loopingcall.py:125}}
Jun 19 07:38:34.943249 np0000003254 nova-scheduler[95717]: DEBUG oslo.service.backend._threading.loopingcall [None req-dc4f834f-c06a-4b55-adea-ee59543a4ac0 None None] Dynamic interval looping call 'nova.service.Service.periodic_tasks' sleeping for 60.00 seconds {{(pid=95717) _run_loop /opt/stack/data/venv/lib/python3.12/site-packages/oslo_service/backend/_threading/loopingcall.py:125}}
Jun 19 07:38:56.943280 np0000003254 nova-scheduler[95715]: DEBUG oslo.service.backend._threading.loopingcall [None req-71e8a2bb-4dda-45d0-8403-2f8298c7da3a None None] Dynamic interval looping call 'nova.service.Service.periodic_tasks' sleeping for 60.00 seconds {{(pid=95715) _run_loop /opt/stack/data/venv/lib/python3.12/site-packages/oslo_service/backend/_threading/loopingcall.py:125}}
Jun 19 07:39:16.956992 np0000003254 nova-scheduler[95745]: DEBUG oslo.service.backend._threading.loopingcall [None req-0f60dfc9-83d0-4674-92b2-dd121cb22be5 None None] Dynamic interval looping call 'nova.service.Service.periodic_tasks' sleeping for 60.00 seconds {{(pid=95745) _run_loop /opt/stack/data/venv/lib/python3.12/site-packages/oslo_service/backend/_threading/loopingcall.py:125}}
Jun 19 07:39:34.943607 np0000003254 nova-scheduler[95717]: DEBUG oslo.service.backend._threading.loopingcall [None req-dc4f834f-c06a-4b55-adea-ee59543a4ac0 None None] Dynamic interval looping call 'nova.service.Service.periodic_tasks' sleeping for 60.00 seconds {{(pid=95717) _run_loop /opt/stack/data/venv/lib/python3.12/site-packages/oslo_service/backend/_threading/loopingcall.py:125}}
Jun 19 07:39:54.945155 np0000003254 nova-scheduler[95717]: DEBUG oslo.service.backend._threading.loopingcall [-] Fixed interval looping call 'nova.servicegroup.drivers.db.DbDriver._report_state' sleeping for 119.99 seconds {{(pid=95717) _run_loop /opt/stack/data/venv/lib/python3.12/site-packages/oslo_service/backend/_threading/loopingcall.py:125}}
Jun 19 07:39:54.945629 np0000003254 nova-scheduler[95715]: DEBUG oslo.service.backend._threading.loopingcall [-] Fixed interval looping call 'nova.servicegroup.drivers.db.DbDriver._report_state' sleeping for 119.99 seconds {{(pid=95715) _run_loop /opt/stack/data/venv/lib/python3.12/site-packages/oslo_service/backend/_threading/loopingcall.py:125}}
Jun 19 07:39:54.960032 np0000003254 nova-scheduler[95745]: DEBUG oslo.service.backend._threading.loopingcall [-] Fixed interval looping call 'nova.servicegroup.drivers.db.DbDriver._report_state' sleeping for 120.00 seconds {{(pid=95745) _run_loop /opt/stack/data/venv/lib/python3.12/site-packages/oslo_service/backend/_threading/loopingcall.py:125}}
Jun 19 07:39:56.943851 np0000003254 nova-scheduler[95715]: DEBUG oslo.service.backend._threading.loopingcall [None req-71e8a2bb-4dda-45d0-8403-2f8298c7da3a None None] Dynamic interval looping call 'nova.service.Service.periodic_tasks' sleeping for 60.00 seconds {{(pid=95715) _run_loop /opt/stack/data/venv/lib/python3.12/site-packages/oslo_service/backend/_threading/loopingcall.py:125}}
Jun 19 07:40:04.941730 np0000003254 nova-scheduler[95717]: DEBUG dbcounter [-] [95717] Writing DB stats nova_cell0:SELECT=1,nova_cell0:UPDATE=1 {{(pid=95717) stat_writer /opt/stack/data/venv/lib/python3.12/site-packages/dbcounter.py:115}}
Jun 19 07:40:04.942105 np0000003254 nova-scheduler[95715]: DEBUG dbcounter [-] [95715] Writing DB stats nova_cell0:SELECT=1,nova_cell0:UPDATE=1 {{(pid=95715) stat_writer /opt/stack/data/venv/lib/python3.12/site-packages/dbcounter.py:115}}
Jun 19 07:40:04.958987 np0000003254 nova-scheduler[95745]: DEBUG dbcounter [-] [95745] Writing DB stats nova_cell0:SELECT=1 {{(pid=95745) stat_writer /opt/stack/data/venv/lib/python3.12/site-packages/dbcounter.py:115}}
Jun 19 07:40:16.957461 np0000003254 nova-scheduler[95745]: DEBUG oslo.service.backend._threading.loopingcall [None req-0f60dfc9-83d0-4674-92b2-dd121cb22be5 None None] Dynamic interval looping call 'nova.service.Service.periodic_tasks' sleeping for 60.00 seconds {{(pid=95745) _run_loop /opt/stack/data/venv/lib/python3.12/site-packages/oslo_service/backend/_threading/loopingcall.py:125}}
Jun 19 07:40:34.944103 np0000003254 nova-scheduler[95717]: DEBUG oslo.service.backend._threading.loopingcall [None req-dc4f834f-c06a-4b55-adea-ee59543a4ac0 None None] Dynamic interval looping call 'nova.service.Service.periodic_tasks' sleeping for 60.00 seconds {{(pid=95717) _run_loop /opt/stack/data/venv/lib/python3.12/site-packages/oslo_service/backend/_threading/loopingcall.py:125}}
Jun 19 07:40:36.558127 np0000003254 nova-scheduler[95717]: DEBUG nova.scheduler.manager [None req-d2b70ea8-b96e-4989-966e-2f4f48a8b038 tempest-ServerActionsTestOtherB-1039419831 tempest-ServerActionsTestOtherB-1039419831-project-member] Starting to schedule for instances: ['fc540050-02a4-4b6d-8018-2776e9aa89da'] {{(pid=95717) select_destinations /opt/stack/nova/nova/scheduler/manager.py:210}}
Jun 19 07:40:36.560721 np0000003254 nova-scheduler[95717]: DEBUG nova.scheduler.request_filter [None req-d2b70ea8-b96e-4989-966e-2f4f48a8b038 tempest-ServerActionsTestOtherB-1039419831 tempest-ServerActionsTestOtherB-1039419831-project-member] compute_status_filter request filter added forbidden trait COMPUTE_STATUS_DISABLED {{(pid=95717) compute_status_filter /opt/stack/nova/nova/scheduler/request_filter.py:253}}
Jun 19 07:40:36.560721 np0000003254 nova-scheduler[95717]: DEBUG nova.scheduler.request_filter [None req-d2b70ea8-b96e-4989-966e-2f4f48a8b038 tempest-ServerActionsTestOtherB-1039419831 tempest-ServerActionsTestOtherB-1039419831-project-member] Request filter 'compute_status_filter' took 0.0 seconds {{(pid=95717) wrapper /opt/stack/nova/nova/scheduler/request_filter.py:46}}
Jun 19 07:40:36.560721 np0000003254 nova-scheduler[95717]: DEBUG nova.scheduler.request_filter [None req-d2b70ea8-b96e-4989-966e-2f4f48a8b038 tempest-ServerActionsTestOtherB-1039419831 tempest-ServerActionsTestOtherB-1039419831-project-member] Request filter 'accelerators_filter' took 0.0 seconds {{(pid=95717) wrapper /opt/stack/nova/nova/scheduler/request_filter.py:46}}
Jun 19 07:40:36.560721 np0000003254 nova-scheduler[95717]: DEBUG nova.scheduler.request_filter [None req-d2b70ea8-b96e-4989-966e-2f4f48a8b038 tempest-ServerActionsTestOtherB-1039419831 tempest-ServerActionsTestOtherB-1039419831-project-member] Request filter 'packed_virtqueue_filter' took 0.0 seconds {{(pid=95717) wrapper /opt/stack/nova/nova/scheduler/request_filter.py:46}}
Jun 19 07:40:36.560721 np0000003254 nova-scheduler[95717]: DEBUG nova.scheduler.request_filter [None req-d2b70ea8-b96e-4989-966e-2f4f48a8b038 tempest-ServerActionsTestOtherB-1039419831 tempest-ServerActionsTestOtherB-1039419831-project-member] Request filter 'remote_managed_ports_filter' took 0.0 seconds {{(pid=95717) wrapper /opt/stack/nova/nova/scheduler/request_filter.py:46}}
Jun 19 07:40:36.561383 np0000003254 nova-scheduler[95717]: DEBUG nova.scheduler.request_filter [None req-d2b70ea8-b96e-4989-966e-2f4f48a8b038 tempest-ServerActionsTestOtherB-1039419831 tempest-ServerActionsTestOtherB-1039419831-project-member] ephemeral_encryption_filter skipped {{(pid=95717) ephemeral_encryption_filter /opt/stack/nova/nova/scheduler/request_filter.py:426}}
Jun 19 07:40:36.561383 np0000003254 nova-scheduler[95717]: DEBUG nova.scheduler.request_filter [None req-d2b70ea8-b96e-4989-966e-2f4f48a8b038 tempest-ServerActionsTestOtherB-1039419831 tempest-ServerActionsTestOtherB-1039419831-project-member] virtio_sound_filter skipped {{(pid=95717) virtio_sound_filter /opt/stack/nova/nova/scheduler/request_filter.py:460}}
Jun 19 07:40:36.561383 np0000003254 nova-scheduler[95717]: DEBUG nova.scheduler.request_filter [None req-d2b70ea8-b96e-4989-966e-2f4f48a8b038 tempest-ServerActionsTestOtherB-1039419831 tempest-ServerActionsTestOtherB-1039419831-project-member] tpm_secret_security_filter skipped {{(pid=95717) tpm_secret_security_filter /opt/stack/nova/nova/scheduler/request_filter.py:477}}
Jun 19 07:40:37.537827 np0000003254 nova-scheduler[95717]: INFO nova.utils [None req-d2b70ea8-b96e-4989-966e-2f4f48a8b038 tempest-ServerActionsTestOtherB-1039419831 tempest-ServerActionsTestOtherB-1039419831-project-member] The cell worker thread pool ForkProcess-2.cell_worker is initialized
Jun 19 07:40:37.537827 np0000003254 nova-scheduler[95717]: DEBUG oslo_concurrency.lockutils [None req-d2b70ea8-b96e-4989-966e-2f4f48a8b038 tempest-ServerActionsTestOtherB-1039419831 tempest-ServerActionsTestOtherB-1039419831-project-member] Acquiring lock "072b9c66-a0e2-4c7e-8109-4dc4490e7b3b" by "nova.context.set_target_cell..get_or_set_cached_cell_and_set_connections" {{(pid=95717) inner /opt/stack/data/venv/lib/python3.12/site-packages/oslo_concurrency/lockutils.py:511}}
Jun 19 07:40:37.537827 np0000003254 nova-scheduler[95717]: DEBUG oslo_concurrency.lockutils [None req-d2b70ea8-b96e-4989-966e-2f4f48a8b038 tempest-ServerActionsTestOtherB-1039419831 tempest-ServerActionsTestOtherB-1039419831-project-member] Lock "072b9c66-a0e2-4c7e-8109-4dc4490e7b3b" acquired by "nova.context.set_target_cell..get_or_set_cached_cell_and_set_connections" :: waited 0.000s {{(pid=95717) inner /opt/stack/data/venv/lib/python3.12/site-packages/oslo_concurrency/lockutils.py:524}}
Jun 19 07:40:37.537827 np0000003254 nova-scheduler[95717]: DEBUG oslo_concurrency.lockutils [None req-d2b70ea8-b96e-4989-966e-2f4f48a8b038 tempest-ServerActionsTestOtherB-1039419831 tempest-ServerActionsTestOtherB-1039419831-project-member] Lock "072b9c66-a0e2-4c7e-8109-4dc4490e7b3b" "released" by "nova.context.set_target_cell..get_or_set_cached_cell_and_set_connections" :: held 0.002s {{(pid=95717) inner /opt/stack/data/venv/lib/python3.12/site-packages/oslo_concurrency/lockutils.py:543}}
Jun 19 07:40:37.537827 np0000003254 nova-scheduler[95717]: INFO dbcounter [None req-d2b70ea8-b96e-4989-966e-2f4f48a8b038 tempest-ServerActionsTestOtherB-1039419831 tempest-ServerActionsTestOtherB-1039419831-project-member] Registered counter for database nova_cell1
Jun 19 07:40:37.539154 np0000003254 nova-scheduler[95717]: DEBUG oslo_db.sqlalchemy.engines [None req-d2b70ea8-b96e-4989-966e-2f4f48a8b038 tempest-ServerActionsTestOtherB-1039419831 tempest-ServerActionsTestOtherB-1039419831-project-member] MySQL server mode set to STRICT_TRANS_TABLES,STRICT_ALL_TABLES,NO_ZERO_IN_DATE,NO_ZERO_DATE,ERROR_FOR_DIVISION_BY_ZERO,TRADITIONAL,NO_ENGINE_SUBSTITUTION {{(pid=95717) _check_effective_sql_mode /opt/stack/data/venv/lib/python3.12/site-packages/oslo_db/sqlalchemy/engines.py:325}}
Jun 19 07:40:37.539154 np0000003254 nova-scheduler[95717]: DEBUG dbcounter [-] [95717] Writer thread running {{(pid=95717) stat_writer /opt/stack/data/venv/lib/python3.12/site-packages/dbcounter.py:102}}
Jun 19 07:40:37.539154 np0000003254 nova-scheduler[95717]: DEBUG oslo_db.sqlalchemy.engines [None req-d2b70ea8-b96e-4989-966e-2f4f48a8b038 tempest-ServerActionsTestOtherB-1039419831 tempest-ServerActionsTestOtherB-1039419831-project-member] Parent process 94515 forked (95717) with an open database connection, which is being discarded and recreated. {{(pid=95717) checkout /opt/stack/data/venv/lib/python3.12/site-packages/oslo_db/sqlalchemy/engines.py:402}}
Jun 19 07:40:37.539154 np0000003254 nova-scheduler[95717]: DEBUG dbcounter [-] [95717] Writer thread running {{(pid=95717) stat_writer /opt/stack/data/venv/lib/python3.12/site-packages/dbcounter.py:102}}
Jun 19 07:40:37.539154 np0000003254 nova-scheduler[95717]: DEBUG oslo_concurrency.lockutils [None req-d2b70ea8-b96e-4989-966e-2f4f48a8b038 tempest-ServerActionsTestOtherB-1039419831 tempest-ServerActionsTestOtherB-1039419831-project-member] Acquiring lock "072b9c66-a0e2-4c7e-8109-4dc4490e7b3b" by "nova.context.set_target_cell..get_or_set_cached_cell_and_set_connections" {{(pid=95717) inner /opt/stack/data/venv/lib/python3.12/site-packages/oslo_concurrency/lockutils.py:511}}
Jun 19 07:40:37.540007 np0000003254 nova-scheduler[95717]: DEBUG oslo_concurrency.lockutils [None req-d2b70ea8-b96e-4989-966e-2f4f48a8b038 tempest-ServerActionsTestOtherB-1039419831 tempest-ServerActionsTestOtherB-1039419831-project-member] Lock "072b9c66-a0e2-4c7e-8109-4dc4490e7b3b" acquired by "nova.context.set_target_cell..get_or_set_cached_cell_and_set_connections" :: waited 0.000s {{(pid=95717) inner /opt/stack/data/venv/lib/python3.12/site-packages/oslo_concurrency/lockutils.py:524}}
Jun 19 07:40:37.540007 np0000003254 nova-scheduler[95717]: DEBUG oslo_concurrency.lockutils [None req-d2b70ea8-b96e-4989-966e-2f4f48a8b038 tempest-ServerActionsTestOtherB-1039419831 tempest-ServerActionsTestOtherB-1039419831-project-member] Lock "072b9c66-a0e2-4c7e-8109-4dc4490e7b3b" "released" by "nova.context.set_target_cell..get_or_set_cached_cell_and_set_connections" :: held 0.000s {{(pid=95717) inner /opt/stack/data/venv/lib/python3.12/site-packages/oslo_concurrency/lockutils.py:543}}
Jun 19 07:40:37.540007 np0000003254 nova-scheduler[95717]: DEBUG oslo_concurrency.lockutils [None req-d2b70ea8-b96e-4989-966e-2f4f48a8b038 tempest-ServerActionsTestOtherB-1039419831 tempest-ServerActionsTestOtherB-1039419831-project-member] Acquiring lock "('np0000003254', 'np0000003254')" by "nova.scheduler.host_manager.HostState.update.._locked_update" {{(pid=95717) inner /opt/stack/data/venv/lib/python3.12/site-packages/oslo_concurrency/lockutils.py:511}}
Jun 19 07:40:37.540007 np0000003254 nova-scheduler[95717]: DEBUG oslo_concurrency.lockutils [None req-d2b70ea8-b96e-4989-966e-2f4f48a8b038 tempest-ServerActionsTestOtherB-1039419831 tempest-ServerActionsTestOtherB-1039419831-project-member] Lock "('np0000003254', 'np0000003254')" acquired by "nova.scheduler.host_manager.HostState.update.._locked_update" :: waited 0.000s {{(pid=95717) inner /opt/stack/data/venv/lib/python3.12/site-packages/oslo_concurrency/lockutils.py:524}}
Jun 19 07:40:37.540923 np0000003254 nova-scheduler[95717]: DEBUG nova.scheduler.host_manager [None req-d2b70ea8-b96e-4989-966e-2f4f48a8b038 tempest-ServerActionsTestOtherB-1039419831 tempest-ServerActionsTestOtherB-1039419831-project-member] Update host state from compute node: ComputeNode(cpu_allocation_ratio=4.0,cpu_info='{"arch": "x86_64", "model": "EPYC-Milan", "vendor": "AMD", "topology": {"cells": 1, "sockets": 12, "cores": 1, "threads": 1}, "maxphysaddr": {"mode": "emulate", "bits": 40}, "features": ["stibp", "msr", "ssbd", "fsgsbase", "ssse3", "erms", "bmi1", "amd-stibp", "lfence-always-serializing", "mmx", "de", "clflush", "syscall", "xgetbv1", "arch-capabilities", "xsaveopt", "clflushopt", "pku", "smep", "pclmuldq", "fsrm", "tsc", "cmov", "flushbyasid", "smap", "virt-ssbd", "wbnoinvd", "lm", "pschange-mc-no", "skip-l1dfl-vmentry", "tsc-scale", "fma", "hypervisor", "vmcb-clean", "avx", "adx", "xsaveerptr", "mce", "umip", "vgif", "rdtscp", "sse4.1", "bmi2", "vme", "cmp_legacy", "f16c", "topoext", "pat", "movbe", "mmxext", "perfctr_core", "vaes", "pge", "null-sel-clr-base", "rdrand", "npt", "lahf_lm", "amd-psfd", "svm", "tsc_adjust", "sha-ni", "pse36", "sse4a", "ibpb", "fxsr", "xsave", "pae", "pfthreshold", "tsc-deadline", "ibrs", "fxsr_opt", "osvw", "mca", "mtrr", "spec-ctrl", "pdpe1gb", "rdpid", "sse2", "rdctl-no", "sse", "x2apic", "apic", "sse4.2", "no-nested-data-bp", "lbrv", "nrip-save", "pcid", "clzero", "sep", "abm", "invpcid", "xsaves", "cx16", "gds-no", "3dnowprefetch", "vpclmulqdq", "stibp-always-on", "cr8legacy", "pause-filter", "popcnt", "v-vmsave-vmload", "mds-no", "aes", "misalignsse", "avx2", "pse", "xsavec", "arat", "fpu", "svme-addr-chk", "clwb", "rdseed", "amd-ssbd", "pni", "nx", "cx8"]}',created_at=2026-06-19T07:38:15Z,current_workload=0,deleted=False,deleted_at=None,disk_allocation_ratio=1.0,disk_available_least=74,free_disk_gb=95,free_ram_mb=23518,host='np0000003254',host_ip=10.4.3.56,hypervisor_hostname='np0000003254',hypervisor_type='QEMU',hypervisor_version=8002002,id=1,local_gb=95,local_gb_used=0,mapped=1,memory_mb=24030,memory_mb_used=512,metrics='[]',numa_topology='{"nova_object.name": "NUMATopology", "nova_object.namespace": "nova", "nova_object.version": "1.2", "nova_object.data": {"cells": [{"nova_object.name": "NUMACell", "nova_object.namespace": "nova", "nova_object.version": "1.5", "nova_object.data": {"id": 0, "cpuset": [0, 1, 2, 3, 4, 5, 6, 7, 8, 9, 10, 11], "pcpuset": [0, 1, 2, 3, 4, 5, 6, 7, 8, 9, 10, 11], "memory": 24030, "cpu_usage": 0, "memory_usage": 0, "pinned_cpus": [], "siblings": [[6], [2], [5], [11], [8], [4], [1], [7], [10], [0], [3], [9]], "mempages": [{"nova_object.name": "NUMAPagesTopology", "nova_object.namespace": "nova", "nova_object.version": "1.1", "nova_object.data": {"size_kb": 4, "total": 6151798, "used": 0, "reserved": 0}, "nova_object.changes": ["reserved", "size_kb", "used", "total"]}, {"nova_object.name": "NUMAPagesTopology", "nova_object.namespace": "nova", "nova_object.version": "1.1", "nova_object.data": {"size_kb": 2048, "total": 0, "used": 0, "reserved": 0}, "nova_object.changes": ["reserved", "size_kb", "used", "total"]}, {"nova_object.name": "NUMAPagesTopology", "nova_object.namespace": "nova", "nova_object.version": "1.1", "nova_object.data": {"size_kb": 1048576, "total": 0, "used": 0, "reserved": 0}, "nova_object.changes": ["reserved", "size_kb", "used", "total"]}], "network_metadata": {"nova_object.name": "NetworkMetadata", "nova_object.namespace": "nova", "nova_object.version": "1.0", "nova_object.data": {"physnets": [], "tunneled": false}, "nova_object.changes": ["physnets", "tunneled"]}, "socket": null}, "nova_object.changes": ["pinned_cpus", "memory", "siblings", "id", "socket", "pcpuset", "cpu_usage", "mempages", "memory_usage", "cpuset", "network_metadata"]}]}, "nova_object.changes": ["cells"]}',pci_device_pools=PciDevicePoolList,ram_allocation_ratio=1.0,running_vms=0,service_id=3,stats={failed_builds='0',uptime=' 07:40:01 up 24 min, 2 users, load average: 1.89, 1.63, 0.90
Jun 19 07:40:37.540923 np0000003254 nova-scheduler[95717]: '},supported_hv_specs=[HVSpec,HVSpec,HVSpec,HVSpec,HVSpec,HVSpec,HVSpec,HVSpec,HVSpec,HVSpec,HVSpec,HVSpec,HVSpec,HVSpec,HVSpec,HVSpec,HVSpec,HVSpec,HVSpec,HVSpec,HVSpec,HVSpec,HVSpec,HVSpec,HVSpec],updated_at=2026-06-19T07:40:03Z,uuid=dc8c2dd0-3d0c-4f38-9daf-a29b65b194c4,vcpus=12,vcpus_used=0) {{(pid=95717) _locked_update /opt/stack/nova/nova/scheduler/host_manager.py:168}}
Jun 19 07:40:37.540923 np0000003254 nova-scheduler[95717]: DEBUG nova.scheduler.host_manager [None req-d2b70ea8-b96e-4989-966e-2f4f48a8b038 tempest-ServerActionsTestOtherB-1039419831 tempest-ServerActionsTestOtherB-1039419831-project-member] Update host state with aggregates: [] {{(pid=95717) _locked_update /opt/stack/nova/nova/scheduler/host_manager.py:171}}
Jun 19 07:40:37.540923 np0000003254 nova-scheduler[95717]: DEBUG nova.scheduler.host_manager [None req-d2b70ea8-b96e-4989-966e-2f4f48a8b038 tempest-ServerActionsTestOtherB-1039419831 tempest-ServerActionsTestOtherB-1039419831-project-member] Update host state with service dict: {'id': 3, 'uuid': 'a998469a-798b-48d2-896c-7852053a5cc3', 'host': 'np0000003254', 'binary': 'nova-compute', 'topic': 'compute', 'report_count': 2, 'disabled': False, 'disabled_reason': None, 'last_seen_up': datetime.datetime(2026, 6, 19, 7, 40, 24, tzinfo=datetime.timezone.utc), 'forced_down': False, 'version': 72, 'created_at': datetime.datetime(2026, 6, 19, 7, 38, 14, tzinfo=datetime.timezone.utc), 'updated_at': datetime.datetime(2026, 6, 19, 7, 40, 24, tzinfo=datetime.timezone.utc), 'deleted_at': None, 'deleted': False} {{(pid=95717) _locked_update /opt/stack/nova/nova/scheduler/host_manager.py:174}}
Jun 19 07:40:37.540923 np0000003254 nova-scheduler[95717]: DEBUG nova.scheduler.host_manager [None req-d2b70ea8-b96e-4989-966e-2f4f48a8b038 tempest-ServerActionsTestOtherB-1039419831 tempest-ServerActionsTestOtherB-1039419831-project-member] Update host state with instances: [] {{(pid=95717) _locked_update /opt/stack/nova/nova/scheduler/host_manager.py:177}}
Jun 19 07:40:37.541906 np0000003254 nova-scheduler[95717]: DEBUG oslo_concurrency.lockutils [None req-d2b70ea8-b96e-4989-966e-2f4f48a8b038 tempest-ServerActionsTestOtherB-1039419831 tempest-ServerActionsTestOtherB-1039419831-project-member] Lock "('np0000003254', 'np0000003254')" "released" by "nova.scheduler.host_manager.HostState.update.._locked_update" :: held 0.003s {{(pid=95717) inner /opt/stack/data/venv/lib/python3.12/site-packages/oslo_concurrency/lockutils.py:543}}
Jun 19 07:40:37.541906 np0000003254 nova-scheduler[95717]: DEBUG nova.filters [None req-d2b70ea8-b96e-4989-966e-2f4f48a8b038 tempest-ServerActionsTestOtherB-1039419831 tempest-ServerActionsTestOtherB-1039419831-project-member] Starting with 1 host(s) {{(pid=95717) get_filtered_objects /opt/stack/nova/nova/filters.py:70}}
Jun 19 07:40:37.541906 np0000003254 nova-scheduler[95717]: DEBUG nova.filters [None req-d2b70ea8-b96e-4989-966e-2f4f48a8b038 tempest-ServerActionsTestOtherB-1039419831 tempest-ServerActionsTestOtherB-1039419831-project-member] Filter ComputeFilter returned 1 host(s) {{(pid=95717) get_filtered_objects /opt/stack/nova/nova/filters.py:102}}
Jun 19 07:40:37.541906 np0000003254 nova-scheduler[95717]: DEBUG nova.filters [None req-d2b70ea8-b96e-4989-966e-2f4f48a8b038 tempest-ServerActionsTestOtherB-1039419831 tempest-ServerActionsTestOtherB-1039419831-project-member] Filter ComputeCapabilitiesFilter returned 1 host(s) {{(pid=95717) get_filtered_objects /opt/stack/nova/nova/filters.py:102}}
Jun 19 07:40:37.541906 np0000003254 nova-scheduler[95717]: DEBUG nova.filters [None req-d2b70ea8-b96e-4989-966e-2f4f48a8b038 tempest-ServerActionsTestOtherB-1039419831 tempest-ServerActionsTestOtherB-1039419831-project-member] Filter ImagePropertiesFilter returned 1 host(s) {{(pid=95717) get_filtered_objects /opt/stack/nova/nova/filters.py:102}}
Jun 19 07:40:37.541906 np0000003254 nova-scheduler[95717]: DEBUG nova.filters [None req-d2b70ea8-b96e-4989-966e-2f4f48a8b038 tempest-ServerActionsTestOtherB-1039419831 tempest-ServerActionsTestOtherB-1039419831-project-member] Filter ServerGroupAntiAffinityFilter returned 1 host(s) {{(pid=95717) get_filtered_objects /opt/stack/nova/nova/filters.py:102}}
Jun 19 07:40:37.541906 np0000003254 nova-scheduler[95717]: DEBUG nova.filters [None req-d2b70ea8-b96e-4989-966e-2f4f48a8b038 tempest-ServerActionsTestOtherB-1039419831 tempest-ServerActionsTestOtherB-1039419831-project-member] Filter ServerGroupAffinityFilter returned 1 host(s) {{(pid=95717) get_filtered_objects /opt/stack/nova/nova/filters.py:102}}
Jun 19 07:40:37.541906 np0000003254 nova-scheduler[95717]: DEBUG nova.filters [None req-d2b70ea8-b96e-4989-966e-2f4f48a8b038 tempest-ServerActionsTestOtherB-1039419831 tempest-ServerActionsTestOtherB-1039419831-project-member] Filter SameHostFilter returned 1 host(s) {{(pid=95717) get_filtered_objects /opt/stack/nova/nova/filters.py:102}}
Jun 19 07:40:37.541906 np0000003254 nova-scheduler[95717]: DEBUG nova.filters [None req-d2b70ea8-b96e-4989-966e-2f4f48a8b038 tempest-ServerActionsTestOtherB-1039419831 tempest-ServerActionsTestOtherB-1039419831-project-member] Filter DifferentHostFilter returned 1 host(s) {{(pid=95717) get_filtered_objects /opt/stack/nova/nova/filters.py:102}}
Jun 19 07:40:37.541906 np0000003254 nova-scheduler[95717]: DEBUG nova.scheduler.manager [None req-d2b70ea8-b96e-4989-966e-2f4f48a8b038 tempest-ServerActionsTestOtherB-1039419831 tempest-ServerActionsTestOtherB-1039419831-project-member] Filtered [(np0000003254, np0000003254) ram: 23518MB disk: 75776MB io_ops: 0 instances: 0, allocation_candidates: 1] {{(pid=95717) _get_sorted_hosts /opt/stack/nova/nova/scheduler/manager.py:743}}
Jun 19 07:40:37.541906 np0000003254 nova-scheduler[95717]: DEBUG nova.scheduler.manager [None req-d2b70ea8-b96e-4989-966e-2f4f48a8b038 tempest-ServerActionsTestOtherB-1039419831 tempest-ServerActionsTestOtherB-1039419831-project-member] Weighed [WeighedHost [host: (np0000003254, np0000003254) ram: 23518MB disk: 75776MB io_ops: 0 instances: 0, allocation_candidates: 1, weight: 0.0]] {{(pid=95717) _get_sorted_hosts /opt/stack/nova/nova/scheduler/manager.py:765}}
Jun 19 07:40:37.541906 np0000003254 nova-scheduler[95717]: DEBUG nova.scheduler.utils [None req-d2b70ea8-b96e-4989-966e-2f4f48a8b038 tempest-ServerActionsTestOtherB-1039419831 tempest-ServerActionsTestOtherB-1039419831-project-member] Attempting to claim resources in the placement API for instance fc540050-02a4-4b6d-8018-2776e9aa89da {{(pid=95717) claim_resources /opt/stack/nova/nova/scheduler/utils.py:1345}}
Jun 19 07:40:37.541906 np0000003254 nova-scheduler[95717]: DEBUG nova.scheduler.manager [None req-d2b70ea8-b96e-4989-966e-2f4f48a8b038 tempest-ServerActionsTestOtherB-1039419831 tempest-ServerActionsTestOtherB-1039419831-project-member] [instance: fc540050-02a4-4b6d-8018-2776e9aa89da] Selected host: (np0000003254, np0000003254) ram: 23518MB disk: 75776MB io_ops: 0 instances: 0, allocation_candidates: 1 {{(pid=95717) _consume_selected_host /opt/stack/nova/nova/scheduler/manager.py:625}}
Jun 19 07:40:37.541906 np0000003254 nova-scheduler[95717]: DEBUG oslo_concurrency.lockutils [None req-d2b70ea8-b96e-4989-966e-2f4f48a8b038 tempest-ServerActionsTestOtherB-1039419831 tempest-ServerActionsTestOtherB-1039419831-project-member] Acquiring lock "('np0000003254', 'np0000003254')" by "nova.scheduler.host_manager.HostState.consume_from_request.._locked" {{(pid=95717) inner /opt/stack/data/venv/lib/python3.12/site-packages/oslo_concurrency/lockutils.py:511}}
Jun 19 07:40:37.541906 np0000003254 nova-scheduler[95717]: DEBUG oslo_concurrency.lockutils [None req-d2b70ea8-b96e-4989-966e-2f4f48a8b038 tempest-ServerActionsTestOtherB-1039419831 tempest-ServerActionsTestOtherB-1039419831-project-member] Lock "('np0000003254', 'np0000003254')" acquired by "nova.scheduler.host_manager.HostState.consume_from_request.._locked" :: waited 0.000s {{(pid=95717) inner /opt/stack/data/venv/lib/python3.12/site-packages/oslo_concurrency/lockutils.py:524}}
Jun 19 07:40:37.543214 np0000003254 nova-scheduler[95717]: DEBUG oslo_concurrency.lockutils [None req-d2b70ea8-b96e-4989-966e-2f4f48a8b038 tempest-ServerActionsTestOtherB-1039419831 tempest-ServerActionsTestOtherB-1039419831-project-member] Lock "('np0000003254', 'np0000003254')" "released" by "nova.scheduler.host_manager.HostState.consume_from_request.._locked" :: held 0.001s {{(pid=95717) inner /opt/stack/data/venv/lib/python3.12/site-packages/oslo_concurrency/lockutils.py:543}}
Jun 19 07:40:43.579373 np0000003254 nova-scheduler[95715]: DEBUG nova.scheduler.manager [None req-1e1e89d2-c4b6-4cf9-8081-fde04b551d1d tempest-VolumesAdminNegativeTest-175232279 tempest-VolumesAdminNegativeTest-175232279-project-member] Starting to schedule for instances: ['e028e963-635d-4685-9803-3cd29323525b'] {{(pid=95715) select_destinations /opt/stack/nova/nova/scheduler/manager.py:210}}
Jun 19 07:40:43.579884 np0000003254 nova-scheduler[95715]: DEBUG nova.scheduler.request_filter [None req-1e1e89d2-c4b6-4cf9-8081-fde04b551d1d tempest-VolumesAdminNegativeTest-175232279 tempest-VolumesAdminNegativeTest-175232279-project-member] compute_status_filter request filter added forbidden trait COMPUTE_STATUS_DISABLED {{(pid=95715) compute_status_filter /opt/stack/nova/nova/scheduler/request_filter.py:253}}
Jun 19 07:40:43.580295 np0000003254 nova-scheduler[95715]: DEBUG nova.scheduler.request_filter [None req-1e1e89d2-c4b6-4cf9-8081-fde04b551d1d tempest-VolumesAdminNegativeTest-175232279 tempest-VolumesAdminNegativeTest-175232279-project-member] Request filter 'compute_status_filter' took 0.0 seconds {{(pid=95715) wrapper /opt/stack/nova/nova/scheduler/request_filter.py:46}}
Jun 19 07:40:43.580611 np0000003254 nova-scheduler[95715]: DEBUG nova.scheduler.request_filter [None req-1e1e89d2-c4b6-4cf9-8081-fde04b551d1d tempest-VolumesAdminNegativeTest-175232279 tempest-VolumesAdminNegativeTest-175232279-project-member] Request filter 'accelerators_filter' took 0.0 seconds {{(pid=95715) wrapper /opt/stack/nova/nova/scheduler/request_filter.py:46}}
Jun 19 07:40:43.580832 np0000003254 nova-scheduler[95715]: DEBUG nova.scheduler.request_filter [None req-1e1e89d2-c4b6-4cf9-8081-fde04b551d1d tempest-VolumesAdminNegativeTest-175232279 tempest-VolumesAdminNegativeTest-175232279-project-member] Request filter 'packed_virtqueue_filter' took 0.0 seconds {{(pid=95715) wrapper /opt/stack/nova/nova/scheduler/request_filter.py:46}}
Jun 19 07:40:43.581156 np0000003254 nova-scheduler[95715]: DEBUG nova.scheduler.request_filter [None req-1e1e89d2-c4b6-4cf9-8081-fde04b551d1d tempest-VolumesAdminNegativeTest-175232279 tempest-VolumesAdminNegativeTest-175232279-project-member] Request filter 'remote_managed_ports_filter' took 0.0 seconds {{(pid=95715) wrapper /opt/stack/nova/nova/scheduler/request_filter.py:46}}
Jun 19 07:40:43.581319 np0000003254 nova-scheduler[95715]: DEBUG nova.scheduler.request_filter [None req-1e1e89d2-c4b6-4cf9-8081-fde04b551d1d tempest-VolumesAdminNegativeTest-175232279 tempest-VolumesAdminNegativeTest-175232279-project-member] ephemeral_encryption_filter skipped {{(pid=95715) ephemeral_encryption_filter /opt/stack/nova/nova/scheduler/request_filter.py:426}}
Jun 19 07:40:43.581495 np0000003254 nova-scheduler[95715]: DEBUG nova.scheduler.request_filter [None req-1e1e89d2-c4b6-4cf9-8081-fde04b551d1d tempest-VolumesAdminNegativeTest-175232279 tempest-VolumesAdminNegativeTest-175232279-project-member] virtio_sound_filter skipped {{(pid=95715) virtio_sound_filter /opt/stack/nova/nova/scheduler/request_filter.py:460}}
Jun 19 07:40:43.581658 np0000003254 nova-scheduler[95715]: DEBUG nova.scheduler.request_filter [None req-1e1e89d2-c4b6-4cf9-8081-fde04b551d1d tempest-VolumesAdminNegativeTest-175232279 tempest-VolumesAdminNegativeTest-175232279-project-member] tpm_secret_security_filter skipped {{(pid=95715) tpm_secret_security_filter /opt/stack/nova/nova/scheduler/request_filter.py:477}}
Jun 19 07:40:43.713190 np0000003254 nova-scheduler[95715]: INFO nova.utils [None req-1e1e89d2-c4b6-4cf9-8081-fde04b551d1d tempest-VolumesAdminNegativeTest-175232279 tempest-VolumesAdminNegativeTest-175232279-project-member] The cell worker thread pool ForkProcess-1.cell_worker is initialized
Jun 19 07:40:43.713333 np0000003254 nova-scheduler[95715]: DEBUG oslo_concurrency.lockutils [None req-1e1e89d2-c4b6-4cf9-8081-fde04b551d1d tempest-VolumesAdminNegativeTest-175232279 tempest-VolumesAdminNegativeTest-175232279-project-member] Acquiring lock "072b9c66-a0e2-4c7e-8109-4dc4490e7b3b" by "nova.context.set_target_cell..get_or_set_cached_cell_and_set_connections" {{(pid=95715) inner /opt/stack/data/venv/lib/python3.12/site-packages/oslo_concurrency/lockutils.py:511}}
Jun 19 07:40:43.713591 np0000003254 nova-scheduler[95715]: DEBUG oslo_concurrency.lockutils [None req-1e1e89d2-c4b6-4cf9-8081-fde04b551d1d tempest-VolumesAdminNegativeTest-175232279 tempest-VolumesAdminNegativeTest-175232279-project-member] Lock "072b9c66-a0e2-4c7e-8109-4dc4490e7b3b" acquired by "nova.context.set_target_cell..get_or_set_cached_cell_and_set_connections" :: waited 0.000s {{(pid=95715) inner /opt/stack/data/venv/lib/python3.12/site-packages/oslo_concurrency/lockutils.py:524}}
Jun 19 07:40:43.715707 np0000003254 nova-scheduler[95715]: DEBUG oslo_concurrency.lockutils [None req-1e1e89d2-c4b6-4cf9-8081-fde04b551d1d tempest-VolumesAdminNegativeTest-175232279 tempest-VolumesAdminNegativeTest-175232279-project-member] Lock "072b9c66-a0e2-4c7e-8109-4dc4490e7b3b" "released" by "nova.context.set_target_cell..get_or_set_cached_cell_and_set_connections" :: held 0.002s {{(pid=95715) inner /opt/stack/data/venv/lib/python3.12/site-packages/oslo_concurrency/lockutils.py:543}}
Jun 19 07:40:43.717959 np0000003254 nova-scheduler[95715]: INFO dbcounter [None req-1e1e89d2-c4b6-4cf9-8081-fde04b551d1d tempest-VolumesAdminNegativeTest-175232279 tempest-VolumesAdminNegativeTest-175232279-project-member] Registered counter for database nova_cell1
Jun 19 07:40:43.789687 np0000003254 nova-scheduler[95715]: DEBUG oslo_db.sqlalchemy.engines [None req-1e1e89d2-c4b6-4cf9-8081-fde04b551d1d tempest-VolumesAdminNegativeTest-175232279 tempest-VolumesAdminNegativeTest-175232279-project-member] MySQL server mode set to STRICT_TRANS_TABLES,STRICT_ALL_TABLES,NO_ZERO_IN_DATE,NO_ZERO_DATE,ERROR_FOR_DIVISION_BY_ZERO,TRADITIONAL,NO_ENGINE_SUBSTITUTION {{(pid=95715) _check_effective_sql_mode /opt/stack/data/venv/lib/python3.12/site-packages/oslo_db/sqlalchemy/engines.py:325}}
Jun 19 07:40:43.796856 np0000003254 nova-scheduler[95715]: DEBUG dbcounter [-] [95715] Writer thread running {{(pid=95715) stat_writer /opt/stack/data/venv/lib/python3.12/site-packages/dbcounter.py:102}}
Jun 19 07:40:43.868471 np0000003254 nova-scheduler[95715]: DEBUG dbcounter [-] [95715] Writer thread running {{(pid=95715) stat_writer /opt/stack/data/venv/lib/python3.12/site-packages/dbcounter.py:102}}
Jun 19 07:40:43.871831 np0000003254 nova-scheduler[95715]: DEBUG oslo_concurrency.lockutils [None req-1e1e89d2-c4b6-4cf9-8081-fde04b551d1d tempest-VolumesAdminNegativeTest-175232279 tempest-VolumesAdminNegativeTest-175232279-project-member] Acquiring lock "072b9c66-a0e2-4c7e-8109-4dc4490e7b3b" by "nova.context.set_target_cell..get_or_set_cached_cell_and_set_connections" {{(pid=95715) inner /opt/stack/data/venv/lib/python3.12/site-packages/oslo_concurrency/lockutils.py:511}}
Jun 19 07:40:43.872041 np0000003254 nova-scheduler[95715]: DEBUG oslo_concurrency.lockutils [None req-1e1e89d2-c4b6-4cf9-8081-fde04b551d1d tempest-VolumesAdminNegativeTest-175232279 tempest-VolumesAdminNegativeTest-175232279-project-member] Lock "072b9c66-a0e2-4c7e-8109-4dc4490e7b3b" acquired by "nova.context.set_target_cell..get_or_set_cached_cell_and_set_connections" :: waited 0.000s {{(pid=95715) inner /opt/stack/data/venv/lib/python3.12/site-packages/oslo_concurrency/lockutils.py:524}}
Jun 19 07:40:43.872194 np0000003254 nova-scheduler[95715]: DEBUG oslo_concurrency.lockutils [None req-1e1e89d2-c4b6-4cf9-8081-fde04b551d1d tempest-VolumesAdminNegativeTest-175232279 tempest-VolumesAdminNegativeTest-175232279-project-member] Lock "072b9c66-a0e2-4c7e-8109-4dc4490e7b3b" "released" by "nova.context.set_target_cell..get_or_set_cached_cell_and_set_connections" :: held 0.000s {{(pid=95715) inner /opt/stack/data/venv/lib/python3.12/site-packages/oslo_concurrency/lockutils.py:543}}
