May 20 15:21:25.708703 np0000001079 devstack@neutron-api.service[90048]: DEBUG neutron.api.v2.base [None req-ef0f3e18-fb0b-4654-863f-a74d41aa39bb admin admin] Request body: {'subnet': {'ip_version': 4, 'network_id': '51166c21-c3dc-41b0-b8ab-8b782e44b2f1', 'name': 'public-subnet', 'gateway_ip': '172.24.5.1', 'cidr': '172.24.5.0/24', 'enable_dhcp': False}} {{(pid=90048) prepare_request_body /opt/stack/neutron/neutron/api/v2/base.py:727}}
May 20 15:21:25.722358 np0000001079 devstack@neutron-api.service[90048]: DEBUG neutron.pecan_wsgi.hooks.quota_enforcement [None req-ef0f3e18-fb0b-4654-863f-a74d41aa39bb admin admin] Made reservation on behalf of 6c00953306384ee89b3c50d4997aca3a for: {'subnet': 1} {{(pid=90048) before /opt/stack/neutron/neutron/pecan_wsgi/hooks/quota_enforcement.py:66}}
May 20 15:21:25.725053 np0000001079 devstack@neutron-api.service[90048]: DEBUG neutron_lib.callbacks.manager [None req-ef0f3e18-fb0b-4654-863f-a74d41aa39bb admin admin] Publish callbacks [] for subnet (None), before_create {{(pid=90048) _notify_loop /opt/stack/data/venv/lib/python3.12/site-packages/neutron_lib/callbacks/manager.py:184}}
May 20 15:21:25.888994 np0000001079 devstack@neutron-api.service[90050]: DEBUG neutron.plugins.ml2.plugin [None req-27d5bf67-5526-4cf8-aa08-de7d4ed95c37 None None] Current status of the port 05b83874-9ace-49e1-bc8f-a8b37f74df98 is: ACTIVE; New status is: ACTIVE {{(pid=90050) _update_individual_port_db_status /opt/stack/neutron/neutron/plugins/ml2/plugin.py:2466}}
May 20 15:21:25.999559 np0000001079 devstack@neutron-api.service[90048]: DEBUG neutron.db.ovn_revision_numbers_db [None req-ef0f3e18-fb0b-4654-863f-a74d41aa39bb admin admin] create_initial_revision uuid=2a57afcb-133b-48ef-b940-0cf1a8ff4711, type=subnets, rev=-1 {{(pid=90048) create_initial_revision /opt/stack/neutron/neutron/db/ovn_revision_numbers_db.py:98}}
May 20 15:21:26.043963 np0000001079 devstack@neutron-api.service[90048]: DEBUG neutron.objects.ports [None req-ef0f3e18-fb0b-4654-863f-a74d41aa39bb admin admin] Time-cost: Fetching 0 ports in 0 security groups {{(pid=90048) get_objects /opt/stack/neutron/neutron/objects/ports.py:499}}
May 20 15:21:26.044372 np0000001079 devstack@neutron-api.service[90048]: DEBUG neutron_lib.callbacks.manager [None req-ef0f3e18-fb0b-4654-863f-a74d41aa39bb admin admin] Publish callbacks ['neutron.plugins.ml2.ovo_rpc._ObjectChangeHandler.handle_event-6684481'] for subnet (2a57afcb-133b-48ef-b940-0cf1a8ff4711), after_create {{(pid=90048) _notify_loop /opt/stack/data/venv/lib/python3.12/site-packages/neutron_lib/callbacks/manager.py:184}}
May 20 15:21:26.053607 np0000001079 devstack@neutron-api.service[90048]: DEBUG neutron.api.rpc.handlers.resources_rpc [None req-ef0f3e18-fb0b-4654-863f-a74d41aa39bb admin admin] Pushing event updated for resources: {'Subnet': ['ID=2a57afcb-133b-48ef-b940-0cf1a8ff4711,revision_number=0']} {{(pid=90048) push /opt/stack/neutron/neutron/api/rpc/handlers/resources_rpc.py:237}}
May 20 15:21:26.058388 np0000001079 devstack@neutron-api.service[90048]: DEBUG neutron.api.rpc.callbacks.version_manager [None req-ef0f3e18-fb0b-4654-863f-a74d41aa39bb admin admin] Tracked resource versions report:
May 20 15:21:26.058388 np0000001079 devstack@neutron-api.service[90048]: pushed versions:
May 20 15:21:26.058388 np0000001079 devstack@neutron-api.service[90048]: { 'AddressGroup': {'1.2'},
May 20 15:21:26.058388 np0000001079 devstack@neutron-api.service[90048]: 'Agent': {'1.1'},
May 20 15:21:26.058388 np0000001079 devstack@neutron-api.service[90048]: 'ConntrackHelper': {'1.0'},
May 20 15:21:26.058388 np0000001079 devstack@neutron-api.service[90048]: 'LocalIPAssociation': {'1.0'},
May 20 15:21:26.058388 np0000001079 devstack@neutron-api.service[90048]: 'Log': {'1.0'},
May 20 15:21:26.058388 np0000001079 devstack@neutron-api.service[90048]: 'NDPProxy': {'1.0'},
May 20 15:21:26.058388 np0000001079 devstack@neutron-api.service[90048]: 'Network': {'1.2'},
May 20 15:21:26.058388 np0000001079 devstack@neutron-api.service[90048]: 'Port': {'1.10'},
May 20 15:21:26.058388 np0000001079 devstack@neutron-api.service[90048]: 'PortForwarding': {'1.3'},
May 20 15:21:26.058388 np0000001079 devstack@neutron-api.service[90048]: 'QosPolicy': {'1.10'},
May 20 15:21:26.058388 np0000001079 devstack@neutron-api.service[90048]: 'SecurityGroup': {'1.6'},
May 20 15:21:26.058388 np0000001079 devstack@neutron-api.service[90048]: 'SecurityGroupRule': {'1.3'},
May 20 15:21:26.058388 np0000001079 devstack@neutron-api.service[90048]: 'SubPort': {'1.0'},
May 20 15:21:26.058388 np0000001079 devstack@neutron-api.service[90048]: 'Subnet': {'1.2'},
May 20 15:21:26.058388 np0000001079 devstack@neutron-api.service[90048]: 'Trunk': {'1.1'}}
May 20 15:21:26.058388 np0000001079 devstack@neutron-api.service[90048]: consumer versions:
May 20 15:21:26.058388 np0000001079 devstack@neutron-api.service[90048]: { OVN Controller Gateway agent@np0000001079: {},
May 20 15:21:26.058388 np0000001079 devstack@neutron-api.service[90048]: OVN Neutron agent@np0000001079: {}}
May 20 15:21:26.058388 np0000001079 devstack@neutron-api.service[90048]: {{(pid=90048) report /opt/stack/neutron/neutron/api/rpc/callbacks/version_manager.py:183}}
May 20 15:21:26.097752 np0000001079 devstack@neutron-api.service[90048]: INFO neutron.db.ovn_revision_numbers_db [None req-ef0f3e18-fb0b-4654-863f-a74d41aa39bb admin admin] Successfully bumped revision number for resource 2a57afcb-133b-48ef-b940-0cf1a8ff4711 (type: subnets) to 0
May 20 15:21:26.098807 np0000001079 devstack@neutron-api.service[90048]: DEBUG neutron.pecan_wsgi.hooks.policy_enforcement [None req-ef0f3e18-fb0b-4654-863f-a74d41aa39bb admin admin] Attributes excluded by policy engine: ['standard_attr_id', 'shared', 'network'] {{(pid=90048) _exclude_attributes_by_policy /opt/stack/neutron/neutron/pecan_wsgi/hooks/policy_enforcement.py:256}}
May 20 15:21:26.099048 np0000001079 devstack@neutron-api.service[90048]: DEBUG neutron_lib.callbacks.manager [None req-ef0f3e18-fb0b-4654-863f-a74d41aa39bb admin admin] Publish callbacks [] for subnet (None), before_response {{(pid=90048) _notify_loop /opt/stack/data/venv/lib/python3.12/site-packages/neutron_lib/callbacks/manager.py:184}}
May 20 15:21:26.109166 np0000001079 devstack@neutron-api.service[90048]: [pid: 90048|app: 0|req: 7/21] 10.4.3.253 () {68 vars in 1324 bytes} [Wed May 20 15:21:25 2026] POST /networking/v2.0/subnets => generated 640 bytes in 403 msecs (HTTP/1.1 201) 4 headers in 162 bytes (1 switches on core 0)
May 20 15:21:26.376322 np0000001079 devstack@neutron-api.service[90050]: DEBUG neutron.api.wsgi [None req-176e8d05-a22e-44a6-a042-0f29c34a9ecd admin admin] Missing Content-Type {{(pid=90050) get_content_type /opt/stack/neutron/neutron/api/wsgi.py:80}}
May 20 15:21:26.409696 np0000001079 devstack@neutron-api.service[90050]: [pid: 90050|app: 0|req: 7/22] 10.4.3.253 () {64 vars in 1381 bytes} [Wed May 20 15:21:26 2026] GET /networking/v2.0/routers/8ea55918-5b0b-4e17-9afe-bccfdf802b72 => generated 599 bytes in 35 msecs (HTTP/1.1 200) 4 headers in 157 bytes (1 switches on core 0)
May 20 15:21:26.444185 np0000001079 devstack@neutron-api.service[90049]: DEBUG neutron.pecan_wsgi.hooks.policy_enforcement [None req-15e1c3e0-73ef-49f7-8ef9-91acb8b5cbb1 admin admin] Attributes excluded by policy engine: ['standard_attr_id'] {{(pid=90049) _exclude_attributes_by_policy /opt/stack/neutron/neutron/pecan_wsgi/hooks/policy_enforcement.py:256}}
May 20 15:21:26.444798 np0000001079 devstack@neutron-api.service[90049]: [pid: 90049|app: 0|req: 9/23] 10.4.3.253 () {64 vars in 1384 bytes} [Wed May 20 15:21:26 2026] GET /networking/v2.0/networks/51166c21-c3dc-41b0-b8ab-8b782e44b2f1 => generated 717 bytes in 27 msecs (HTTP/1.1 200) 4 headers in 157 bytes (1 switches on core 0)
May 20 15:21:26.455182 np0000001079 devstack@neutron-api.service[90048]: DEBUG neutron.api.wsgi [None req-da9cc17e-5aed-4c03-9c7e-8eb2490067a0 admin admin] Missing Content-Type {{(pid=90048) get_content_type /opt/stack/neutron/neutron/api/wsgi.py:80}}
May 20 15:21:26.455585 np0000001079 devstack@neutron-api.service[90048]: DEBUG neutron.api.wsgi [None req-da9cc17e-5aed-4c03-9c7e-8eb2490067a0 admin admin] https://10.4.3.253/networking/v2.0/extensions/external-gateway-multihoming returned with HTTP 200 {{(pid=90048) __call__ /opt/stack/neutron/neutron/api/wsgi.py:540}}
May 20 15:21:26.456008 np0000001079 devstack@neutron-api.service[90048]: [pid: 90048|app: 0|req: 8/24] 10.4.3.253 () {64 vars in 1366 bytes} [Wed May 20 15:21:26 2026] GET /networking/v2.0/extensions/external-gateway-multihoming => generated 227 bytes in 4 msecs (HTTP/1.1 200) 4 headers in 157 bytes (1 switches on core 0)
May 20 15:21:26.645346 np0000001079 devstack@neutron-api.service[90050]: DEBUG neutron_lib.callbacks.manager [None req-7251cdf5-60d6-4cdc-b0b6-50ca70e057eb admin admin] Publish callbacks [] for router_gateway (8ea55918-5b0b-4e17-9afe-bccfdf802b72), precommit_update {{(pid=90050) _notify_loop /opt/stack/data/venv/lib/python3.12/site-packages/neutron_lib/callbacks/manager.py:184}}
May 20 15:21:26.722451 np0000001079 devstack@neutron-api.service[90050]: DEBUG neutron_lib.callbacks.manager [None req-7251cdf5-60d6-4cdc-b0b6-50ca70e057eb admin admin] Publish callbacks [] for router_gateway (8ea55918-5b0b-4e17-9afe-bccfdf802b72), before_create {{(pid=90050) _notify_loop /opt/stack/data/venv/lib/python3.12/site-packages/neutron_lib/callbacks/manager.py:184}}
May 20 15:21:26.748499 np0000001079 devstack@neutron-api.service[90050]: DEBUG neutron_lib.callbacks.manager [None req-7251cdf5-60d6-4cdc-b0b6-50ca70e057eb admin admin] Publish callbacks ['neutron.plugins.ml2.plugin.SecurityGroupDbMixin._ensure_default_security_group_handler-3616425'] for port (None), before_create {{(pid=90050) _notify_loop /opt/stack/data/venv/lib/python3.12/site-packages/neutron_lib/callbacks/manager.py:184}}
May 20 15:21:26.794045 np0000001079 devstack@neutron-api.service[90050]: DEBUG neutron.db.db_base_plugin_common [None req-7251cdf5-60d6-4cdc-b0b6-50ca70e057eb admin admin] Allocated IP 172.24.5.68 (51166c21-c3dc-41b0-b8ab-8b782e44b2f1/2a57afcb-133b-48ef-b940-0cf1a8ff4711/f4dc72c5-26da-49dd-a398-a5ff59494a0c) {{(pid=90050) _store_ip_allocation /opt/stack/neutron/neutron/db/db_base_plugin_common.py:131}}
May 20 15:21:26.841894 np0000001079 devstack@neutron-api.service[90050]: DEBUG neutron_lib.callbacks.manager [None req-7251cdf5-60d6-4cdc-b0b6-50ca70e057eb admin admin] Publish callbacks ['neutron.plugins.ml2.drivers.ovn.mech_driver.mech_driver.OVNMechanismDriver._validate_allowed_address_pairs-457355'] for allowed_address_pair (f4dc72c5-26da-49dd-a398-a5ff59494a0c), before_create {{(pid=90050) _notify_loop /opt/stack/data/venv/lib/python3.12/site-packages/neutron_lib/callbacks/manager.py:184}}
May 20 15:21:26.842894 np0000001079 devstack@neutron-api.service[90050]: DEBUG neutron_lib.callbacks.manager [None req-7251cdf5-60d6-4cdc-b0b6-50ca70e057eb admin admin] Publish callbacks [] for port (f4dc72c5-26da-49dd-a398-a5ff59494a0c), precommit_create {{(pid=90050) _notify_loop /opt/stack/data/venv/lib/python3.12/site-packages/neutron_lib/callbacks/manager.py:184}}
May 20 15:21:26.843167 np0000001079 devstack@neutron-api.service[90050]: DEBUG neutron.plugins.ml2.drivers.ovn.mech_driver.mech_driver [None req-7251cdf5-60d6-4cdc-b0b6-50ca70e057eb admin admin] No provisioning block for port f4dc72c5-26da-49dd-a398-a5ff59494a0c since it does not have a host {{(pid=90050) _is_port_provisioning_required /opt/stack/neutron/neutron/plugins/ml2/drivers/ovn/mech_driver/mech_driver.py:894}}
May 20 15:21:26.843408 np0000001079 devstack@neutron-api.service[90050]: DEBUG neutron.db.ovn_revision_numbers_db [None req-7251cdf5-60d6-4cdc-b0b6-50ca70e057eb admin admin] create_initial_revision uuid=f4dc72c5-26da-49dd-a398-a5ff59494a0c, type=ports, rev=-1 {{(pid=90050) create_initial_revision /opt/stack/neutron/neutron/db/ovn_revision_numbers_db.py:98}}
May 20 15:21:26.902230 np0000001079 devstack@neutron-api.service[90050]: DEBUG neutron.db.ovn_revision_numbers_db [None req-7251cdf5-60d6-4cdc-b0b6-50ca70e057eb admin admin] create_initial_revision uuid=f4dc72c5-26da-49dd-a398-a5ff59494a0c, type=router_ports, rev=-1 {{(pid=90050) create_initial_revision /opt/stack/neutron/neutron/db/ovn_revision_numbers_db.py:98}}
May 20 15:21:26.923211 np0000001079 devstack@neutron-api.service[90050]: DEBUG neutron_lib.callbacks.manager [None req-7251cdf5-60d6-4cdc-b0b6-50ca70e057eb admin admin] Publish callbacks ['neutron.plugins.ml2.ovo_rpc._ObjectChangeHandler.handle_event-2010366'] for port (f4dc72c5-26da-49dd-a398-a5ff59494a0c), after_create {{(pid=90050) _notify_loop /opt/stack/data/venv/lib/python3.12/site-packages/neutron_lib/callbacks/manager.py:184}}
May 20 15:21:26.945757 np0000001079 devstack@neutron-api.service[90050]: DEBUG neutron.api.rpc.handlers.resources_rpc [None req-7251cdf5-60d6-4cdc-b0b6-50ca70e057eb admin admin] Pushing event updated for resources: {'Port': ['ID=f4dc72c5-26da-49dd-a398-a5ff59494a0c,revision_number=1']} {{(pid=90050) push /opt/stack/neutron/neutron/api/rpc/handlers/resources_rpc.py:237}}
May 20 15:21:26.960907 np0000001079 devstack@neutron-api.service[90049]: DEBUG futurist.periodics [-] Submitting periodic callback 'neutron.plugins.ml2.drivers.ovn.mech_driver.ovsdb.maintenance.HashRingHealthCheckPeriodics.touch_hash_ring_node' {{(pid=90049) _process_scheduled /opt/stack/data/venv/lib/python3.12/site-packages/futurist/periodics.py:784}}
May 20 15:21:26.961813 np0000001079 devstack@neutron-api.service[90049]: DEBUG neutron.plugins.ml2.drivers.ovn.mech_driver.ovsdb.maintenance [-] Touching Hash Ring node "d1fdc5ab723c5b968d6e9ec606de3e55" from periodic health check thread {{(pid=90049) touch_hash_ring_node /opt/stack/neutron/neutron/plugins/ml2/drivers/ovn/mech_driver/ovsdb/maintenance.py:1466}}
May 20 15:21:26.968391 np0000001079 devstack@neutron-api.service[90050]: DEBUG ovsdbapp.backend.ovs_idl.transaction [None req-863c794b-4362-45b2-b397-1cd4786d0cb8 None None] Running txn n=1 command(idx=0): AddLSwitchPortCommand(_result=None, lport=f4dc72c5-26da-49dd-a398-a5ff59494a0c, lswitch=neutron-51166c21-c3dc-41b0-b8ab-8b782e44b2f1, may_exist=True, network_uuid=51166c21-c3dc-41b0-b8ab-8b782e44b2f1, columns={'addresses': ['unknown'], 'external_ids': {'neutron:port_name': '', 'neutron:device_id': '8ea55918-5b0b-4e17-9afe-bccfdf802b72', 'neutron:project_id': '', 'neutron:cidrs': '172.24.5.68/24', 'neutron:device_owner': 'network:router_gateway', 'neutron:subnet_pool_addr_scope4': '', 'neutron:subnet_pool_addr_scope6': '', 'neutron:network_name': 'neutron-51166c21-c3dc-41b0-b8ab-8b782e44b2f1', 'neutron:security_group_ids': '', 'neutron:revision_number': '1', 'neutron:vnic_type': 'normal', 'neutron:port_capabilities': '', 'neutron:mtu': ''}, 'parent_name': [], 'tag': [], 'enabled': True, 'options': {}, 'type': '', 'port_security': [], 'dhcpv4_options': [], 'dhcpv6_options': []}) {{(pid=90050) do_commit /opt/stack/data/venv/lib/python3.12/site-packages/ovsdbapp/backend/ovs_idl/transaction.py:89}}
May 20 15:21:26.968926 np0000001079 devstack@neutron-api.service[90050]: DEBUG ovsdbapp.backend.ovs_idl.transaction [None req-863c794b-4362-45b2-b397-1cd4786d0cb8 None None] Running txn n=1 command(idx=1): QoSDelCommand(_result=None, switch=neutron-51166c21-c3dc-41b0-b8ab-8b782e44b2f1, conditions=[('direction', '=', 'to-lport'), ('priority', '=', 2002), ('match', '=', 'outport == "f4dc72c5-26da-49dd-a398-a5ff59494a0c"')], if_exists=True) {{(pid=90050) do_commit /opt/stack/data/venv/lib/python3.12/site-packages/ovsdbapp/backend/ovs_idl/transaction.py:89}}
May 20 15:21:26.969096 np0000001079 devstack@neutron-api.service[90050]: DEBUG ovsdbapp.backend.ovs_idl.transaction [None req-863c794b-4362-45b2-b397-1cd4786d0cb8 None None] Running txn n=1 command(idx=2): QoSDelCommand(_result=None, switch=neutron-51166c21-c3dc-41b0-b8ab-8b782e44b2f1, conditions=[('direction', '=', 'from-lport'), ('priority', '=', 2002), ('match', '=', 'inport == "f4dc72c5-26da-49dd-a398-a5ff59494a0c"')], if_exists=True) {{(pid=90050) do_commit /opt/stack/data/venv/lib/python3.12/site-packages/ovsdbapp/backend/ovs_idl/transaction.py:89}}
May 20 15:21:26.969283 np0000001079 devstack@neutron-api.service[90050]: DEBUG ovsdbapp.backend.ovs_idl.transaction [None req-863c794b-4362-45b2-b397-1cd4786d0cb8 None None] Running txn n=1 command(idx=3): UpdateLSwitchPortQosOptionsCommand(_result=None, lport=AddLSwitchPortCommand(_result=1c589738-e2d6-4807-a324-646c36d53f6d, lport=f4dc72c5-26da-49dd-a398-a5ff59494a0c, lswitch=neutron-51166c21-c3dc-41b0-b8ab-8b782e44b2f1, may_exist=True, network_uuid=51166c21-c3dc-41b0-b8ab-8b782e44b2f1, columns={'addresses': ['unknown'], 'external_ids': {'neutron:port_name': '', 'neutron:device_id': '8ea55918-5b0b-4e17-9afe-bccfdf802b72', 'neutron:project_id': '', 'neutron:cidrs': '172.24.5.68/24', 'neutron:device_owner': 'network:router_gateway', 'neutron:subnet_pool_addr_scope4': '', 'neutron:subnet_pool_addr_scope6': '', 'neutron:network_name': 'neutron-51166c21-c3dc-41b0-b8ab-8b782e44b2f1', 'neutron:security_group_ids': '', 'neutron:revision_number': '1', 'neutron:vnic_type': 'normal', 'neutron:port_capabilities': '', 'neutron:mtu': ''}, 'parent_name': [], 'enabled': True, 'options': {}, 'type': '', 'port_security': []}), if_exists=True, qos={'qos_max_rate': None, 'qos_burst': None, 'qos_min_rate': None}) {{(pid=90050) do_commit /opt/stack/data/venv/lib/python3.12/site-packages/ovsdbapp/backend/ovs_idl/transaction.py:89}}
May 20 15:21:26.972447 np0000001079 devstack@neutron-api.service[90048]: DEBUG neutron.plugins.ml2.drivers.ovn.mech_driver.ovsdb.ovsdb_monitor [-] Hash Ring: Node 86f680433ccb5c13a51a89dc24adea0b (host: np0000001079) handling event "update" for row 51166c21-c3dc-41b0-b8ab-8b782e44b2f1 (table: Logical_Switch) {{(pid=90048) notify /opt/stack/neutron/neutron/plugins/ml2/drivers/ovn/mech_driver/ovsdb/ovsdb_monitor.py:986}}
May 20 15:21:26.973474 np0000001079 devstack@neutron-api.service[90049]: DEBUG neutron.plugins.ml2.drivers.ovn.mech_driver.ovsdb.ovsdb_monitor [None req-328280cb-2570-4bd8-9164-bdb2aa153771 None None] Hash Ring: Node d1fdc5ab723c5b968d6e9ec606de3e55 (host: np0000001079) handling event "update" for row 51166c21-c3dc-41b0-b8ab-8b782e44b2f1 (table: Logical_Switch) {{(pid=90049) notify /opt/stack/neutron/neutron/plugins/ml2/drivers/ovn/mech_driver/ovsdb/ovsdb_monitor.py:986}}
May 20 15:21:26.973718 np0000001079 devstack@neutron-api.service[90049]: DEBUG neutron.plugins.ml2.drivers.ovn.mech_driver.ovsdb.ovsdb_monitor [None req-328280cb-2570-4bd8-9164-bdb2aa153771 None None] Hash Ring: Node d1fdc5ab723c5b968d6e9ec606de3e55 (host: np0000001079) handling event "create" for row 7d9aa795-d652-4683-8607-b462f4460aea (table: Logical_Switch_Port) {{(pid=90049) notify /opt/stack/neutron/neutron/plugins/ml2/drivers/ovn/mech_driver/ovsdb/ovsdb_monitor.py:986}}
May 20 15:21:26.974882 np0000001079 devstack@neutron-api.service[90049]: DEBUG ovsdbapp.backend.ovs_idl.event [None req-328280cb-2570-4bd8-9164-bdb2aa153771 None None] Matched CREATE: LogicalSwitchPortCreateEvent(events=('create',), table='Logical_Switch_Port', conditions=[], old_conditions=None), priority=20 to row=Logical_Switch_Port(uuid=7d9aa795-d652-4683-8607-b462f4460aea, addresses=['unknown'], dhcpv4_options=[], dhcpv6_options=[], dynamic_addresses=[], enabled=True, external_ids={'neutron:cidrs': '172.24.5.68/24', 'neutron:device_id': '8ea55918-5b0b-4e17-9afe-bccfdf802b72', 'neutron:device_owner': 'network:router_gateway', 'neutron:mtu': '', 'neutron:network_name': 'neutron-51166c21-c3dc-41b0-b8ab-8b782e44b2f1', 'neutron:port_capabilities': '', 'neutron:port_name': '', 'neutron:project_id': '', 'neutron:revision_number': '1', 'neutron:security_group_ids': '', 'neutron:subnet_pool_addr_scope4': '', 'neutron:subnet_pool_addr_scope6': '', 'neutron:vnic_type': 'normal'}, ha_chassis_group=[], mirror_rules=[], name='f4dc72c5-26da-49dd-a398-a5ff59494a0c', options={}, parent_name=[], port_security=[], tag=[], tag_request=[], type='', up=[]) old= {{(pid=90049) matches /opt/stack/data/venv/lib/python3.12/site-packages/ovsdbapp/backend/ovs_idl/event.py:55}}
May 20 15:21:26.975014 np0000001079 devstack@neutron-api.service[90050]: DEBUG neutron.plugins.ml2.drivers.ovn.mech_driver.ovsdb.ovsdb_monitor [-] Hash Ring: Node 39f746d4a8c954dea10fdb5de2036495 (host: np0000001079) handling event "create" for row 0fc8ef41-d80b-47f8-a883-30cfad491448 (table: Port_Binding) {{(pid=90050) notify /opt/stack/neutron/neutron/plugins/ml2/drivers/ovn/mech_driver/ovsdb/ovsdb_monitor.py:986}}
May 20 15:21:26.975692 np0000001079 devstack@neutron-api.service[90049]: DEBUG neutron.plugins.ml2.drivers.ovn.mech_driver.ovsdb.ovsdb_monitor [None req-328280cb-2570-4bd8-9164-bdb2aa153771 None None] Hash Ring: Node d1fdc5ab723c5b968d6e9ec606de3e55 (host: np0000001079) handling event "update" for row 7d9aa795-d652-4683-8607-b462f4460aea (table: Logical_Switch_Port) {{(pid=90049) notify /opt/stack/neutron/neutron/plugins/ml2/drivers/ovn/mech_driver/ovsdb/ovsdb_monitor.py:986}}
May 20 15:21:26.977315 np0000001079 devstack@neutron-api.service[90049]: DEBUG neutron.plugins.ml2.drivers.ovn.mech_driver.ovsdb.ovsdb_monitor [-] Hash Ring: Node d1fdc5ab723c5b968d6e9ec606de3e55 (host: np0000001079) handling event "create" for row 0fc8ef41-d80b-47f8-a883-30cfad491448 (table: Port_Binding) {{(pid=90049) notify /opt/stack/neutron/neutron/plugins/ml2/drivers/ovn/mech_driver/ovsdb/ovsdb_monitor.py:986}}
May 20 15:21:26.997475 np0000001079 devstack@neutron-api.service[90050]: INFO neutron.db.ovn_revision_numbers_db [None req-7251cdf5-60d6-4cdc-b0b6-50ca70e057eb admin admin] Successfully bumped revision number for resource f4dc72c5-26da-49dd-a398-a5ff59494a0c (type: ports) to 1
May 20 15:21:27.109953 np0000001079 devstack@neutron-api.service[90050]: DEBUG neutron_lib.callbacks.manager [None req-7251cdf5-60d6-4cdc-b0b6-50ca70e057eb admin admin] Publish callbacks [] for router_gateway (8ea55918-5b0b-4e17-9afe-bccfdf802b72), after_create {{(pid=90050) _notify_loop /opt/stack/data/venv/lib/python3.12/site-packages/neutron_lib/callbacks/manager.py:184}}
May 20 15:21:27.281051 np0000001079 devstack@neutron-api.service[90050]: DEBUG neutron_lib.callbacks.manager [None req-7251cdf5-60d6-4cdc-b0b6-50ca70e057eb admin admin] Publish callbacks ['neutron.services.ovn_l3.plugin.ExtraGatewaysDbOnlyMixin._process_bfd_ecmp_update-7969940', 'neutron.services.ovn_l3.service_providers.driver_controller.DriverController._update_router_provider-12427'] for router (8ea55918-5b0b-4e17-9afe-bccfdf802b72), precommit_update {{(pid=90050) _notify_loop /opt/stack/data/venv/lib/python3.12/site-packages/neutron_lib/callbacks/manager.py:184}}
May 20 15:21:27.283927 np0000001079 devstack@neutron-api.service[90050]: DEBUG neutron_lib.callbacks.manager [None req-7251cdf5-60d6-4cdc-b0b6-50ca70e057eb admin admin] Publish callbacks ['neutron.services.ovn_l3.service_providers.ovn.OvnDriver._process_router_update-6563'] for router (8ea55918-5b0b-4e17-9afe-bccfdf802b72), after_update {{(pid=90050) _notify_loop /opt/stack/data/venv/lib/python3.12/site-packages/neutron_lib/callbacks/manager.py:184}}
May 20 15:21:27.673614 np0000001079 devstack@neutron-api.service[90050]: DEBUG ovsdbapp.backend.ovs_idl.transaction [None req-863c794b-4362-45b2-b397-1cd4786d0cb8 None None] Running txn n=1 command(idx=0): CheckRevisionNumberCommand(_result=None, name=neutron-8ea55918-5b0b-4e17-9afe-bccfdf802b72, resource={'id': '8ea55918-5b0b-4e17-9afe-bccfdf802b72', 'name': 'router1', 'project_id': '6c00953306384ee89b3c50d4997aca3a', 'admin_state_up': True, 'status': 'ACTIVE', 'enable_snat': True, 'external_gateway_info': {'network_id': '51166c21-c3dc-41b0-b8ab-8b782e44b2f1', 'external_fixed_ips': [{'subnet_id': '2a57afcb-133b-48ef-b940-0cf1a8ff4711', 'ip_address': '172.24.5.68'}], 'enable_snat': True}, 'gw_port_id': 'f4dc72c5-26da-49dd-a398-a5ff59494a0c', 'description': '', 'availability_zones': [], 'distributed': False, 'ha': True, 'ha_vr_id': 0, 'availability_zone_hints': [], 'enable_default_route_ecmp': False, 'enable_default_route_bfd': False, 'external_gateways': [{'network_id': '51166c21-c3dc-41b0-b8ab-8b782e44b2f1', 'external_fixed_ips': [{'ip_address': '172.24.5.68', 'subnet_id': '2a57afcb-133b-48ef-b940-0cf1a8ff4711'}]}], 'routes': [], 'flavor_id': None, 'tags': [], 'created_at': '2026-05-20T15:21:22Z', 'updated_at': '2026-05-20T15:21:27Z', 'revision_number': 3, 'tenant_id': '6c00953306384ee89b3c50d4997aca3a'}, resource_type=routers, if_exists=True) {{(pid=90050) do_commit /opt/stack/data/venv/lib/python3.12/site-packages/ovsdbapp/backend/ovs_idl/transaction.py:89}}
May 20 15:21:27.674082 np0000001079 devstack@neutron-api.service[90050]: DEBUG ovsdbapp.backend.ovs_idl.transaction [None req-863c794b-4362-45b2-b397-1cd4786d0cb8 None None] Running txn n=1 command(idx=1): DeleteLRouterExtGwCommand(_result=None, lrouter=neutron-8ea55918-5b0b-4e17-9afe-bccfdf802b72, if_exists=True, maintain_bfd=True) {{(pid=90050) do_commit /opt/stack/data/venv/lib/python3.12/site-packages/ovsdbapp/backend/ovs_idl/transaction.py:89}}
May 20 15:21:27.674128 np0000001079 devstack@neutron-api.service[90050]: DEBUG ovsdbapp.backend.ovs_idl.transaction [None req-863c794b-4362-45b2-b397-1cd4786d0cb8 None None] Running txn n=1 command(idx=2): DeleteNATRuleInLRouterCommand(_result=None, lrouter=neutron-8ea55918-5b0b-4e17-9afe-bccfdf802b72, type=snat, logical_ip=10.1.0.0/26, external_ip=172.24.5.68, if_exists=True) {{(pid=90050) do_commit /opt/stack/data/venv/lib/python3.12/site-packages/ovsdbapp/backend/ovs_idl/transaction.py:89}}
May 20 15:21:27.674319 np0000001079 devstack@neutron-api.service[90050]: DEBUG ovsdbapp.backend.ovs_idl.transaction [None req-863c794b-4362-45b2-b397-1cd4786d0cb8 None None] Running txn n=1 command(idx=3): DelStaticRoutesCommand(_result=None, lrouter=neutron-8ea55918-5b0b-4e17-9afe-bccfdf802b72, routes=[('0.0.0.0/0', '172.24.5.1')], if_exists=True) {{(pid=90050) do_commit /opt/stack/data/venv/lib/python3.12/site-packages/ovsdbapp/backend/ovs_idl/transaction.py:89}}
May 20 15:21:27.674489 np0000001079 devstack@neutron-api.service[90050]: DEBUG ovsdbapp.backend.ovs_idl.transaction [None req-863c794b-4362-45b2-b397-1cd4786d0cb8 None None] Running txn n=1 command(idx=4): DelLRouterPortCommand(_result=None, name=lrp-f4dc72c5-26da-49dd-a398-a5ff59494a0c, lrouter=neutron-8ea55918-5b0b-4e17-9afe-bccfdf802b72, if_exists=True) {{(pid=90050) do_commit /opt/stack/data/venv/lib/python3.12/site-packages/ovsdbapp/backend/ovs_idl/transaction.py:89}}
May 20 15:21:27.674683 np0000001079 devstack@neutron-api.service[90050]: DEBUG ovsdbapp.backend.ovs_idl.transaction [None req-863c794b-4362-45b2-b397-1cd4786d0cb8 None None] Running txn n=1 command(idx=5): AddLRouterPortCommand(_result=None, name=lrp-f4dc72c5-26da-49dd-a398-a5ff59494a0c, lrouter=neutron-8ea55918-5b0b-4e17-9afe-bccfdf802b72, may_exist=True, columns={'mac': 'fa:16:3e:b0:c4:b0', 'networks': ['172.24.5.68/24'], 'external_ids': {'neutron:revision_number': '1', 'neutron:subnet_ids': '2a57afcb-133b-48ef-b940-0cf1a8ff4711', 'neutron:network_name': 'neutron-51166c21-c3dc-41b0-b8ab-8b782e44b2f1', 'neutron:is_ext_gw': 'True', 'neutron:router_name': 'neutron-8ea55918-5b0b-4e17-9afe-bccfdf802b72'}, 'options': {'reside-on-redirect-chassis': 'true', 'gateway_mtu': '1372'}}) {{(pid=90050) do_commit /opt/stack/data/venv/lib/python3.12/site-packages/ovsdbapp/backend/ovs_idl/transaction.py:89}}
May 20 15:21:27.675045 np0000001079 devstack@neutron-api.service[90050]: DEBUG ovsdbapp.backend.ovs_idl.transaction [None req-863c794b-4362-45b2-b397-1cd4786d0cb8 None None] Running txn n=1 command(idx=6): ScheduleNewGatewayCommand(_result=None, g_name=lrp-f4dc72c5-26da-49dd-a398-a5ff59494a0c, sb_api=, lrouter_name=neutron-8ea55918-5b0b-4e17-9afe-bccfdf802b72, ovn_client=, scheduler=, physnet=public, az_hints=[]) {{(pid=90050) do_commit /opt/stack/data/venv/lib/python3.12/site-packages/ovsdbapp/backend/ovs_idl/transaction.py:89}}
May 20 15:21:27.675589 np0000001079 devstack@neutron-api.service[90050]: DEBUG neutron.plugins.ml2.drivers.ovn.mech_driver.ovsdb.ovn_client [None req-863c794b-4362-45b2-b397-1cd4786d0cb8 None None] Chassis candidates for scheduling gateway router ports for "public" physical network: ['245fd176-b2a1-49a6-8fd7-36112a1d2e0e'] {{(pid=90050) get_candidates_for_scheduling /opt/stack/neutron/neutron/plugins/ml2/drivers/ovn/mech_driver/ovsdb/ovn_client.py:1718}}
May 20 15:21:27.675951 np0000001079 devstack@neutron-api.service[90050]: DEBUG neutron.scheduler.l3_ovn_scheduler [None req-863c794b-4362-45b2-b397-1cd4786d0cb8 None None] Gateway lrp-f4dc72c5-26da-49dd-a398-a5ff59494a0c scheduled on chassis ['245fd176-b2a1-49a6-8fd7-36112a1d2e0e'] {{(pid=90050) _schedule_gateway /opt/stack/neutron/neutron/scheduler/l3_ovn_scheduler.py:88}}
May 20 15:21:27.676322 np0000001079 devstack@neutron-api.service[90050]: DEBUG ovsdbapp.backend.ovs_idl.transaction [None req-863c794b-4362-45b2-b397-1cd4786d0cb8 None None] Running txn n=1 command(idx=7): SetLRouterPortInLSwitchPortCommand(_result=None, lswitch_port=f4dc72c5-26da-49dd-a398-a5ff59494a0c, lrouter_port=lrp-f4dc72c5-26da-49dd-a398-a5ff59494a0c, is_gw_port=True, if_exists=True, lsp_address=router) {{(pid=90050) do_commit /opt/stack/data/venv/lib/python3.12/site-packages/ovsdbapp/backend/ovs_idl/transaction.py:89}}
May 20 15:21:27.676563 np0000001079 devstack@neutron-api.service[90050]: DEBUG ovsdbapp.backend.ovs_idl.transaction [None req-863c794b-4362-45b2-b397-1cd4786d0cb8 None None] Running txn n=1 command(idx=8): AddStaticRouteCommand(_result=None, lrouter=neutron-8ea55918-5b0b-4e17-9afe-bccfdf802b72, maintain_bfd=False, columns={'ip_prefix': '0.0.0.0/0', 'nexthop': '172.24.5.1', 'external_ids': {'neutron:is_ext_gw': 'true', 'neutron:subnet_id': '2a57afcb-133b-48ef-b940-0cf1a8ff4711', 'neutron:is_static_route': 'true'}}) {{(pid=90050) do_commit /opt/stack/data/venv/lib/python3.12/site-packages/ovsdbapp/backend/ovs_idl/transaction.py:89}}
May 20 15:21:27.676791 np0000001079 devstack@neutron-api.service[90050]: DEBUG ovsdbapp.backend.ovs_idl.transaction [None req-863c794b-4362-45b2-b397-1cd4786d0cb8 None None] Running txn n=1 command(idx=9): AddNATRuleInLRouterCommand(_result=None, lrouter=neutron-8ea55918-5b0b-4e17-9afe-bccfdf802b72, columns={'type': 'snat', 'logical_ip': '10.1.0.0/26', 'external_ip': '172.24.5.68'}) {{(pid=90050) do_commit /opt/stack/data/venv/lib/python3.12/site-packages/ovsdbapp/backend/ovs_idl/transaction.py:89}}
May 20 15:21:27.677003 np0000001079 devstack@neutron-api.service[90050]: DEBUG ovsdbapp.backend.ovs_idl.transaction [None req-863c794b-4362-45b2-b397-1cd4786d0cb8 None None] Running txn n=1 command(idx=10): UpdateLRouterCommand(_result=None, name=neutron-8ea55918-5b0b-4e17-9afe-bccfdf802b72, columns={'external_ids': {'neutron:router_name': 'router1', 'neutron:revision_number': '3', 'neutron:availability_zone_hints': ''}, 'enabled': True}, if_exists=True) {{(pid=90050) do_commit /opt/stack/data/venv/lib/python3.12/site-packages/ovsdbapp/backend/ovs_idl/transaction.py:89}}
May 20 15:21:27.677243 np0000001079 devstack@neutron-api.service[90050]: DEBUG ovsdbapp.backend.ovs_idl.transaction [None req-863c794b-4362-45b2-b397-1cd4786d0cb8 None None] Running txn n=1 command(idx=11): QoSDelCommand(_result=None, switch=neutron-51166c21-c3dc-41b0-b8ab-8b782e44b2f1, conditions=[('direction', '=', 'from-lport'), ('priority', '=', 2002), ('match', '=', 'inport == "f4dc72c5-26da-49dd-a398-a5ff59494a0c"')], if_exists=True) {{(pid=90050) do_commit /opt/stack/data/venv/lib/python3.12/site-packages/ovsdbapp/backend/ovs_idl/transaction.py:89}}
May 20 15:21:27.677445 np0000001079 devstack@neutron-api.service[90050]: DEBUG ovsdbapp.backend.ovs_idl.transaction [None req-863c794b-4362-45b2-b397-1cd4786d0cb8 None None] Running txn n=1 command(idx=12): QoSDelCommand(_result=None, switch=neutron-51166c21-c3dc-41b0-b8ab-8b782e44b2f1, conditions=[('direction', '=', 'to-lport'), ('priority', '=', 2002), ('match', '=', 'outport == "f4dc72c5-26da-49dd-a398-a5ff59494a0c"')], if_exists=True) {{(pid=90050) do_commit /opt/stack/data/venv/lib/python3.12/site-packages/ovsdbapp/backend/ovs_idl/transaction.py:89}}
May 20 15:21:27.688618 np0000001079 devstack@neutron-api.service[90050]: DEBUG neutron.plugins.ml2.drivers.ovn.mech_driver.ovsdb.ovsdb_monitor [None req-863c794b-4362-45b2-b397-1cd4786d0cb8 None None] Hash Ring: Node 39f746d4a8c954dea10fdb5de2036495 (host: np0000001079) handling event "create" for row 91f1c9a4-0d01-44c6-84be-c6e563c5bf94 (table: HA_Chassis) {{(pid=90050) notify /opt/stack/neutron/neutron/plugins/ml2/drivers/ovn/mech_driver/ovsdb/ovsdb_monitor.py:986}}
May 20 15:21:27.688679 np0000001079 devstack@neutron-api.service[90048]: DEBUG neutron.plugins.ml2.drivers.ovn.mech_driver.ovsdb.ovsdb_monitor [-] Hash Ring: Node 86f680433ccb5c13a51a89dc24adea0b (host: np0000001079) handling event "create" for row 91f1c9a4-0d01-44c6-84be-c6e563c5bf94 (table: HA_Chassis) {{(pid=90048) notify /opt/stack/neutron/neutron/plugins/ml2/drivers/ovn/mech_driver/ovsdb/ovsdb_monitor.py:986}}
May 20 15:21:27.688989 np0000001079 devstack@neutron-api.service[90049]: DEBUG neutron.plugins.ml2.drivers.ovn.mech_driver.ovsdb.ovsdb_monitor [None req-328280cb-2570-4bd8-9164-bdb2aa153771 None None] Touching Hash Ring node "d1fdc5ab723c5b968d6e9ec606de3e55" from IDL notify handler {{(pid=90049) notify /opt/stack/neutron/neutron/plugins/ml2/drivers/ovn/mech_driver/ovsdb/ovsdb_monitor.py:978}}
May 20 15:21:27.689249 np0000001079 devstack@neutron-api.service[90048]: DEBUG neutron.plugins.ml2.drivers.ovn.mech_driver.ovsdb.ovsdb_monitor [-] Hash Ring: Node 86f680433ccb5c13a51a89dc24adea0b (host: np0000001079) handling event "create" for row 28eddd20-fbd2-4047-8f09-7e1c7d8e1846 (table: HA_Chassis_Group) {{(pid=90048) notify /opt/stack/neutron/neutron/plugins/ml2/drivers/ovn/mech_driver/ovsdb/ovsdb_monitor.py:986}}
May 20 15:21:27.689249 np0000001079 devstack@neutron-api.service[90048]: DEBUG neutron.plugins.ml2.drivers.ovn.mech_driver.ovsdb.ovsdb_monitor [-] Hash Ring: Node 86f680433ccb5c13a51a89dc24adea0b (host: np0000001079) handling event "create" for row 15b4e605-01b8-4d42-9bc0-5b7b4d58db38 (table: Logical_Router_Port) {{(pid=90048) notify /opt/stack/neutron/neutron/plugins/ml2/drivers/ovn/mech_driver/ovsdb/ovsdb_monitor.py:986}}
May 20 15:21:27.689343 np0000001079 devstack@neutron-api.service[90048]: DEBUG ovsdbapp.backend.ovs_idl.event [-] Matched CREATE: LogicalRouterPortEvent(events=('create', 'delete'), table='Logical_Router_Port', conditions=None, old_conditions=None), priority=20 to row=Logical_Router_Port(uuid=15b4e605-01b8-4d42-9bc0-5b7b4d58db38, enabled=[], external_ids={'neutron:is_ext_gw': 'True', 'neutron:network_name': 'neutron-51166c21-c3dc-41b0-b8ab-8b782e44b2f1', 'neutron:revision_number': '1', 'neutron:router_name': 'neutron-8ea55918-5b0b-4e17-9afe-bccfdf802b72', 'neutron:subnet_ids': '2a57afcb-133b-48ef-b940-0cf1a8ff4711'}, gateway_chassis=[], ha_chassis_group=28eddd20-fbd2-4047-8f09-7e1c7d8e1846, ipv6_prefix=[], ipv6_ra_configs={}, mac='fa:16:3e:b0:c4:b0', name='lrp-f4dc72c5-26da-49dd-a398-a5ff59494a0c', networks=['172.24.5.68/24'], options={'gateway_mtu': '1372', 'reside-on-redirect-chassis': 'true'}, peer=[], status={}) old= {{(pid=90048) matches /opt/stack/data/venv/lib/python3.12/site-packages/ovsdbapp/backend/ovs_idl/event.py:55}}
May 20 15:21:27.689866 np0000001079 devstack@neutron-api.service[90048]: DEBUG neutron.plugins.ml2.drivers.ovn.mech_driver.ovsdb.ovsdb_monitor [-] Hash Ring: Node 86f680433ccb5c13a51a89dc24adea0b (host: np0000001079) handling event "create" for row b0d7938f-05e9-4d69-9fb2-44b3a74bb6dd (table: Logical_Router_Static_Route) {{(pid=90048) notify /opt/stack/neutron/neutron/plugins/ml2/drivers/ovn/mech_driver/ovsdb/ovsdb_monitor.py:986}}
May 20 15:21:27.689866 np0000001079 devstack@neutron-api.service[90048]: DEBUG neutron.plugins.ml2.drivers.ovn.mech_driver.ovsdb.ovsdb_monitor [-] Hash Ring: Node 86f680433ccb5c13a51a89dc24adea0b (host: np0000001079) handling event "create" for row 28f708d3-59c2-4f6a-a6f9-eb7965372cb4 (table: NAT) {{(pid=90048) notify /opt/stack/neutron/neutron/plugins/ml2/drivers/ovn/mech_driver/ovsdb/ovsdb_monitor.py:986}}
May 20 15:21:27.690320 np0000001079 devstack@neutron-api.service[90048]: INFO neutron.plugins.ml2.drivers.ovn.mech_driver.ovsdb.extensions.qos [None req-bb4cfedb-4a9b-4cfb-a898-9a24dd515be7 None None] Starting OVNClientQosExtension
May 20 15:21:27.693603 np0000001079 devstack@neutron-api.service[90049]: DEBUG neutron.plugins.ml2.drivers.ovn.mech_driver.ovsdb.ovsdb_monitor [None req-2e07011f-53d9-4391-82ec-ff92f7ec7f81 None None] Touching Hash Ring node "d1fdc5ab723c5b968d6e9ec606de3e55" from IDL notify handler {{(pid=90049) notify /opt/stack/neutron/neutron/plugins/ml2/drivers/ovn/mech_driver/ovsdb/ovsdb_monitor.py:978}}
May 20 15:21:27.694065 np0000001079 devstack@neutron-api.service[90050]: DEBUG neutron.plugins.ml2.drivers.ovn.mech_driver.ovsdb.ovsdb_monitor [-] Hash Ring: Node 39f746d4a8c954dea10fdb5de2036495 (host: np0000001079) handling event "update" for row 0fc8ef41-d80b-47f8-a883-30cfad491448 (table: Port_Binding) {{(pid=90050) notify /opt/stack/neutron/neutron/plugins/ml2/drivers/ovn/mech_driver/ovsdb/ovsdb_monitor.py:986}}
May 20 15:21:27.702436 np0000001079 devstack@neutron-api.service[90048]: DEBUG neutron.plugins.ml2.drivers.ovn.mech_driver.ovsdb.ovsdb_monitor [-] Hash Ring: Node 86f680433ccb5c13a51a89dc24adea0b (host: np0000001079) handling event "update" for row 15b4e605-01b8-4d42-9bc0-5b7b4d58db38 (table: Logical_Router_Port) {{(pid=90048) notify /opt/stack/neutron/neutron/plugins/ml2/drivers/ovn/mech_driver/ovsdb/ovsdb_monitor.py:986}}
May 20 15:21:27.702737 np0000001079 devstack@neutron-api.service[90049]: DEBUG neutron.plugins.ml2.drivers.ovn.mech_driver.ovsdb.ovsdb_monitor [None req-328280cb-2570-4bd8-9164-bdb2aa153771 None None] Hash Ring: Node d1fdc5ab723c5b968d6e9ec606de3e55 (host: np0000001079) handling event "create" for row 91f1c9a4-0d01-44c6-84be-c6e563c5bf94 (table: HA_Chassis) {{(pid=90049) notify /opt/stack/neutron/neutron/plugins/ml2/drivers/ovn/mech_driver/ovsdb/ovsdb_monitor.py:986}}
May 20 15:21:27.703967 np0000001079 devstack@neutron-api.service[90049]: DEBUG neutron.plugins.ml2.drivers.ovn.mech_driver.ovsdb.ovsdb_monitor [None req-328280cb-2570-4bd8-9164-bdb2aa153771 None None] Touching Hash Ring node "d1fdc5ab723c5b968d6e9ec606de3e55" from IDL notify handler {{(pid=90049) notify /opt/stack/neutron/neutron/plugins/ml2/drivers/ovn/mech_driver/ovsdb/ovsdb_monitor.py:978}}
May 20 15:21:27.705350 np0000001079 devstack@neutron-api.service[90049]: DEBUG neutron.plugins.ml2.drivers.ovn.mech_driver.ovsdb.ovsdb_monitor [None req-2e07011f-53d9-4391-82ec-ff92f7ec7f81 None None] Hash Ring: Node d1fdc5ab723c5b968d6e9ec606de3e55 (host: np0000001079) handling event "create" for row 0cd57c04-5393-4998-b045-6147397ae357 (table: Port_Binding) {{(pid=90049) notify /opt/stack/neutron/neutron/plugins/ml2/drivers/ovn/mech_driver/ovsdb/ovsdb_monitor.py:986}}
May 20 15:21:27.705866 np0000001079 devstack@neutron-api.service[90048]: DEBUG neutron.plugins.ml2.drivers.ovn.mech_driver.ovsdb.ovsdb_monitor [-] Hash Ring: Node 86f680433ccb5c13a51a89dc24adea0b (host: np0000001079) handling event "create" for row 0cd57c04-5393-4998-b045-6147397ae357 (table: Port_Binding) {{(pid=90048) notify /opt/stack/neutron/neutron/plugins/ml2/drivers/ovn/mech_driver/ovsdb/ovsdb_monitor.py:986}}
May 20 15:21:27.707266 np0000001079 devstack@neutron-api.service[90049]: DEBUG neutron.plugins.ml2.drivers.ovn.mech_driver.ovsdb.ovsdb_monitor [None req-2e07011f-53d9-4391-82ec-ff92f7ec7f81 None None] Touching Hash Ring node "d1fdc5ab723c5b968d6e9ec606de3e55" from IDL notify handler {{(pid=90049) notify /opt/stack/neutron/neutron/plugins/ml2/drivers/ovn/mech_driver/ovsdb/ovsdb_monitor.py:978}}
May 20 15:21:27.709094 np0000001079 devstack@neutron-api.service[90049]: DEBUG neutron.plugins.ml2.drivers.ovn.mech_driver.ovsdb.ovsdb_monitor [None req-328280cb-2570-4bd8-9164-bdb2aa153771 None None] Hash Ring: Node d1fdc5ab723c5b968d6e9ec606de3e55 (host: np0000001079) handling event "create" for row 28eddd20-fbd2-4047-8f09-7e1c7d8e1846 (table: HA_Chassis_Group) {{(pid=90049) notify /opt/stack/neutron/neutron/plugins/ml2/drivers/ovn/mech_driver/ovsdb/ovsdb_monitor.py:986}}
May 20 15:21:27.710889 np0000001079 devstack@neutron-api.service[90049]: DEBUG neutron.plugins.ml2.drivers.ovn.mech_driver.ovsdb.ovsdb_monitor [None req-328280cb-2570-4bd8-9164-bdb2aa153771 None None] Touching Hash Ring node "d1fdc5ab723c5b968d6e9ec606de3e55" from IDL notify handler {{(pid=90049) notify /opt/stack/neutron/neutron/plugins/ml2/drivers/ovn/mech_driver/ovsdb/ovsdb_monitor.py:978}}
May 20 15:21:27.711727 np0000001079 devstack@neutron-api.service[90049]: DEBUG neutron.plugins.ml2.drivers.ovn.mech_driver.ovsdb.ovsdb_monitor [None req-2e07011f-53d9-4391-82ec-ff92f7ec7f81 None None] Hash Ring: Node d1fdc5ab723c5b968d6e9ec606de3e55 (host: np0000001079) handling event "update" for row 0fc8ef41-d80b-47f8-a883-30cfad491448 (table: Port_Binding) {{(pid=90049) notify /opt/stack/neutron/neutron/plugins/ml2/drivers/ovn/mech_driver/ovsdb/ovsdb_monitor.py:986}}
May 20 15:21:27.713456 np0000001079 devstack@neutron-api.service[90049]: DEBUG neutron.plugins.ml2.drivers.ovn.mech_driver.ovsdb.ovsdb_monitor [None req-2e07011f-53d9-4391-82ec-ff92f7ec7f81 None None] Touching Hash Ring node "d1fdc5ab723c5b968d6e9ec606de3e55" from IDL notify handler {{(pid=90049) notify /opt/stack/neutron/neutron/plugins/ml2/drivers/ovn/mech_driver/ovsdb/ovsdb_monitor.py:978}}
May 20 15:21:27.715550 np0000001079 devstack@neutron-api.service[90049]: DEBUG neutron.plugins.ml2.drivers.ovn.mech_driver.ovsdb.ovsdb_monitor [None req-328280cb-2570-4bd8-9164-bdb2aa153771 None None] Hash Ring: Node d1fdc5ab723c5b968d6e9ec606de3e55 (host: np0000001079) handling event "update" for row 90e3ebda-d85e-4297-87a6-16c20c3e165f (table: Logical_Router) {{(pid=90049) notify /opt/stack/neutron/neutron/plugins/ml2/drivers/ovn/mech_driver/ovsdb/ovsdb_monitor.py:986}}
May 20 15:21:27.716664 np0000001079 devstack@neutron-api.service[90049]: DEBUG neutron.plugins.ml2.drivers.ovn.mech_driver.ovsdb.ovsdb_monitor [None req-2e07011f-53d9-4391-82ec-ff92f7ec7f81 None None] Hash Ring: Node d1fdc5ab723c5b968d6e9ec606de3e55 (host: np0000001079) handling event "create" for row ff74e20c-3167-4b97-bd01-d8aadf727fa1 (table: Port_Binding) {{(pid=90049) notify /opt/stack/neutron/neutron/plugins/ml2/drivers/ovn/mech_driver/ovsdb/ovsdb_monitor.py:986}}
May 20 15:21:27.717204 np0000001079 devstack@neutron-api.service[90049]: DEBUG neutron.plugins.ml2.drivers.ovn.mech_driver.ovsdb.ovsdb_monitor [None req-328280cb-2570-4bd8-9164-bdb2aa153771 None None] Touching Hash Ring node "d1fdc5ab723c5b968d6e9ec606de3e55" from IDL notify handler {{(pid=90049) notify /opt/stack/neutron/neutron/plugins/ml2/drivers/ovn/mech_driver/ovsdb/ovsdb_monitor.py:978}}
May 20 15:21:27.719749 np0000001079 devstack@neutron-api.service[90049]: DEBUG neutron.plugins.ml2.drivers.ovn.mech_driver.ovsdb.ovsdb_monitor [None req-2e07011f-53d9-4391-82ec-ff92f7ec7f81 None None] Touching Hash Ring node "d1fdc5ab723c5b968d6e9ec606de3e55" from IDL notify handler {{(pid=90049) notify /opt/stack/neutron/neutron/plugins/ml2/drivers/ovn/mech_driver/ovsdb/ovsdb_monitor.py:978}}
May 20 15:21:27.721654 np0000001079 devstack@neutron-api.service[90049]: DEBUG neutron.plugins.ml2.drivers.ovn.mech_driver.ovsdb.ovsdb_monitor [None req-328280cb-2570-4bd8-9164-bdb2aa153771 None None] Hash Ring: Node d1fdc5ab723c5b968d6e9ec606de3e55 (host: np0000001079) handling event "create" for row 15b4e605-01b8-4d42-9bc0-5b7b4d58db38 (table: Logical_Router_Port) {{(pid=90049) notify /opt/stack/neutron/neutron/plugins/ml2/drivers/ovn/mech_driver/ovsdb/ovsdb_monitor.py:986}}
May 20 15:21:27.722938 np0000001079 devstack@neutron-api.service[90049]: DEBUG ovsdbapp.backend.ovs_idl.event [None req-328280cb-2570-4bd8-9164-bdb2aa153771 None None] Matched CREATE: LogicalRouterPortEvent(events=('create', 'delete'), table='Logical_Router_Port', conditions=None, old_conditions=None), priority=20 to row=Logical_Router_Port(uuid=15b4e605-01b8-4d42-9bc0-5b7b4d58db38, enabled=[], external_ids={'neutron:is_ext_gw': 'True', 'neutron:network_name': 'neutron-51166c21-c3dc-41b0-b8ab-8b782e44b2f1', 'neutron:revision_number': '1', 'neutron:router_name': 'neutron-8ea55918-5b0b-4e17-9afe-bccfdf802b72', 'neutron:subnet_ids': '2a57afcb-133b-48ef-b940-0cf1a8ff4711'}, gateway_chassis=[], ha_chassis_group=28eddd20-fbd2-4047-8f09-7e1c7d8e1846, ipv6_prefix=[], ipv6_ra_configs={}, mac='fa:16:3e:b0:c4:b0', name='lrp-f4dc72c5-26da-49dd-a398-a5ff59494a0c', networks=['172.24.5.68/24'], options={'gateway_mtu': '1372', 'reside-on-redirect-chassis': 'true'}, peer=[], status={}) old= {{(pid=90049) matches /opt/stack/data/venv/lib/python3.12/site-packages/ovsdbapp/backend/ovs_idl/event.py:55}}
May 20 15:21:27.724573 np0000001079 devstack@neutron-api.service[90049]: DEBUG neutron.plugins.ml2.drivers.ovn.mech_driver.ovsdb.ovsdb_monitor [None req-328280cb-2570-4bd8-9164-bdb2aa153771 None None] Touching Hash Ring node "d1fdc5ab723c5b968d6e9ec606de3e55" from IDL notify handler {{(pid=90049) notify /opt/stack/neutron/neutron/plugins/ml2/drivers/ovn/mech_driver/ovsdb/ovsdb_monitor.py:978}}
May 20 15:21:27.725474 np0000001079 devstack@neutron-api.service[90049]: DEBUG neutron.plugins.ml2.drivers.ovn.mech_driver.ovsdb.ovsdb_monitor [None req-2e07011f-53d9-4391-82ec-ff92f7ec7f81 None None] Hash Ring: Node d1fdc5ab723c5b968d6e9ec606de3e55 (host: np0000001079) handling event "update" for row ff74e20c-3167-4b97-bd01-d8aadf727fa1 (table: Port_Binding) {{(pid=90049) notify /opt/stack/neutron/neutron/plugins/ml2/drivers/ovn/mech_driver/ovsdb/ovsdb_monitor.py:986}}
May 20 15:21:27.725552 np0000001079 devstack@neutron-api.service[90048]: INFO neutron.common.ovn.utils [None req-bb4cfedb-4a9b-4cfb-a898-9a24dd515be7 None None] HA Chassis Group neutron-07a3bf37-457c-44d5-bb6c-28ecad433ec8 synchronized; highest priority chassis 245fd176-b2a1-49a6-8fd7-36112a1d2e0e
May 20 15:21:27.725947 np0000001079 devstack@neutron-api.service[90048]: DEBUG ovsdbapp.backend.ovs_idl.transaction [-] Running txn n=1 command(idx=0): HAChassisGroupAddCommand(_result=None, name=neutron-07a3bf37-457c-44d5-bb6c-28ecad433ec8, may_exist=True, columns={'external_ids': {'neutron:availability_zone_hints': '', 'neutron:network_id': '07a3bf37-457c-44d5-bb6c-28ecad433ec8', 'neutron:router_id': '8ea55918-5b0b-4e17-9afe-bccfdf802b72'}}) {{(pid=90048) do_commit /opt/stack/data/venv/lib/python3.12/site-packages/ovsdbapp/backend/ovs_idl/transaction.py:89}}
May 20 15:21:27.726223 np0000001079 devstack@neutron-api.service[90048]: DEBUG ovsdbapp.backend.ovs_idl.transaction [-] Running txn n=1 command(idx=1): HAChassisGroupAddChassisCommand(_result=None, hcg=neutron-07a3bf37-457c-44d5-bb6c-28ecad433ec8, chassis=245fd176-b2a1-49a6-8fd7-36112a1d2e0e, priority=1, columns={}) {{(pid=90048) do_commit /opt/stack/data/venv/lib/python3.12/site-packages/ovsdbapp/backend/ovs_idl/transaction.py:89}}
May 20 15:21:27.727748 np0000001079 devstack@neutron-api.service[90049]: DEBUG ovsdbapp.backend.ovs_idl.event [None req-2e07011f-53d9-4391-82ec-ff92f7ec7f81 None None] Matched UPDATE: PortBindingChassisEvent(events=('update',), table='Port_Binding', conditions=None, old_conditions=None), priority=20 to row=Port_Binding(uuid=ff74e20c-3167-4b97-bd01-d8aadf727fa1, additional_chassis=[], additional_encap=[], chassis=7f498ca0-8c5c-435c-976a-a6ec66165485, datapath=853bcaa1-1c2b-4b3a-8163-d3668c3d71ed, encap=[], external_ids={'neutron:is_ext_gw': 'True', 'neutron:network_name': 'neutron-51166c21-c3dc-41b0-b8ab-8b782e44b2f1', 'neutron:revision_number': '1', 'neutron:router_name': 'neutron-8ea55918-5b0b-4e17-9afe-bccfdf802b72', 'neutron:subnet_ids': '2a57afcb-133b-48ef-b940-0cf1a8ff4711'}, gateway_chassis=[], logical_port='cr-lrp-f4dc72c5-26da-49dd-a398-a5ff59494a0c', mac=['fa:16:3e:b0:c4:b0 172.24.5.68/24'], mirror_rules=[], nat_addresses=[], options={'always-redirect': 'true', 'distributed-port': 'lrp-f4dc72c5-26da-49dd-a398-a5ff59494a0c'}, parent_port=[], port_security=[], requested_additional_chassis=[], requested_chassis=[], tag=[], tunnel_key=3, type='chassisredirect', up=True, virtual_parent=[]) old=Port_Binding(uuid=ff74e20c-3167-4b97-bd01-d8aadf727fa1, chassis=[], up=False) {{(pid=90049) matches /opt/stack/data/venv/lib/python3.12/site-packages/ovsdbapp/backend/ovs_idl/event.py:55}}
May 20 15:21:27.728340 np0000001079 devstack@neutron-api.service[90048]: DEBUG neutron.plugins.ml2.drivers.ovn.mech_driver.ovsdb.ovsdb_monitor [-] Hash Ring: Node 86f680433ccb5c13a51a89dc24adea0b (host: np0000001079) handling event "create" for row 31374b79-fd46-4d2b-9495-c417ffd4836f (table: HA_Chassis_Group) {{(pid=90048) notify /opt/stack/neutron/neutron/plugins/ml2/drivers/ovn/mech_driver/ovsdb/ovsdb_monitor.py:986}}
May 20 15:21:27.729111 np0000001079 devstack@neutron-api.service[90049]: INFO neutron.plugins.ml2.drivers.ovn.mech_driver.ovsdb.ovsdb_monitor [-] Router 8ea55918-5b0b-4e17-9afe-bccfdf802b72 is bound to host np0000001079
May 20 15:21:27.729965 np0000001079 devstack@neutron-api.service[90049]: DEBUG neutron.plugins.ml2.drivers.ovn.mech_driver.ovsdb.ovsdb_monitor [None req-328280cb-2570-4bd8-9164-bdb2aa153771 None None] Hash Ring: Node d1fdc5ab723c5b968d6e9ec606de3e55 (host: np0000001079) handling event "create" for row b0d7938f-05e9-4d69-9fb2-44b3a74bb6dd (table: Logical_Router_Static_Route) {{(pid=90049) notify /opt/stack/neutron/neutron/plugins/ml2/drivers/ovn/mech_driver/ovsdb/ovsdb_monitor.py:986}}
