Jul 27 08:14:34.689443 np0000005885 devstack@neutron-api.service[87751]: DEBUG ovsdbapp.backend.ovs_idl.transaction [-] Running txn n=1 command(idx=0): CheckRevisionNumberCommand(_result=None, name=45eb2c06-1f5a-4174-80ea-be5001bab5df, resource={'id': '45eb2c06-1f5a-4174-80ea-be5001bab5df', 'name': '', 'network_id': 'b7ad3cbd-2aad-4ddc-84b5-ab3377880a8e', 'project_id': '9f3f81ec62ed49429223fd2a4306a206', 'mac_address': 'fa:16:3e:d6:d2:cb', 'admin_state_up': True, 'status': 'DOWN', 'device_id': 'ovnmeta-b7ad3cbd-2aad-4ddc-84b5-ab3377880a8e', 'device_owner': 'network:distributed', 'standard_attr_id': 14, 'fixed_ips': [{'subnet_id': 'ca3758c5-1067-482d-971c-027ad861b7fd', 'ip_address': '10.1.0.2'}, {'subnet_id': '4fa8c05b-ebf9-486c-9a44-e6a4ff6234a3', 'ip_address': 'fda6:cf99:edf8:0:f816:3eff:fed6:d2cb'}], 'allowed_address_pairs': [], 'extra_dhcp_opts': [], 'security_groups': [], 'description': '', 'binding:vnic_type': 'normal', 'binding:profile': {}, 'binding:host_id': '', 'binding:vif_type': 'unbound', 'binding:vif_details': {}, 'port_security_enabled': False, 'tags': [], 'created_at': '2026-07-27T08:14:32Z', 'updated_at': '2026-07-27T08:14:34Z', 'revision_number': 3, 'tenant_id': '9f3f81ec62ed49429223fd2a4306a206', 'network': {'id': 'b7ad3cbd-2aad-4ddc-84b5-ab3377880a8e', 'name': 'private', 'tenant_id': '9f3f81ec62ed49429223fd2a4306a206', 'project_id': '9f3f81ec62ed49429223fd2a4306a206', 'admin_state_up': True, 'mtu': 1372, 'status': 'ACTIVE', 'subnets': ['4fa8c05b-ebf9-486c-9a44-e6a4ff6234a3', 'ca3758c5-1067-482d-971c-027ad861b7fd'], 'standard_attr_id': 12, 'shared': False, 'availability_zone_hints': [], 'availability_zones': [], 'ipv4_address_scope': None, 'ipv6_address_scope': None, 'router:external': False, 'qinq': False, 'vlan_transparent': False, 'description': '', 'port_security_enabled': True, 'tags': [], 'created_at': '2026-07-27T08:14:32Z', 'updated_at': '2026-07-27T08:14:34Z', 'revision_number': 3, 'provider:network_type': 'geneve', 'provider:physical_network': None, 'provider:segmentation_id': 50505}}, resource_type=ports, if_exists=True) {{(pid=87751) do_commit /opt/stack/data/venv/lib/python3.12/site-packages/ovsdbapp/backend/ovs_idl/transaction.py:89}}
Jul 27 08:14:34.689443 np0000005885 devstack@neutron-api.service[87751]: DEBUG ovsdbapp.backend.ovs_idl.transaction [-] Running txn n=1 command(idx=1): SetLSwitchPortCommand(_result=None, lport=45eb2c06-1f5a-4174-80ea-be5001bab5df, external_ids_update=None, columns={'external_ids': {'neutron:port_name': '', 'neutron:device_id': 'ovnmeta-b7ad3cbd-2aad-4ddc-84b5-ab3377880a8e', 'neutron:project_id': '9f3f81ec62ed49429223fd2a4306a206', 'neutron:cidrs': '10.1.0.2/26 fda6:cf99:edf8:0:f816:3eff:fed6:d2cb/64', 'neutron:device_owner': 'network:distributed', 'neutron:subnet_pool_addr_scope4': '', 'neutron:subnet_pool_addr_scope6': '', 'neutron:network_name': 'neutron-b7ad3cbd-2aad-4ddc-84b5-ab3377880a8e', 'neutron:security_group_ids': '', 'neutron:revision_number': '3', 'neutron:vnic_type': 'normal', 'neutron:port_capabilities': '', 'neutron:mtu': '1372'}, 'parent_name': [], 'options': {}, 'enabled': True, 'port_security': [], 'dhcpv4_options': [], 'dhcpv6_options': [], 'type': 'localport', 'addresses': ['fa:16:3e:d6:d2:cb 10.1.0.2 fda6:cf99:edf8:0:f816:3eff:fed6:d2cb'], 'ha_chassis_group': [], 'tag_request': []}, if_exists=False) {{(pid=87751) do_commit /opt/stack/data/venv/lib/python3.12/site-packages/ovsdbapp/backend/ovs_idl/transaction.py:89}}
Jul 27 08:14:34.689443 np0000005885 devstack@neutron-api.service[87751]: DEBUG ovsdbapp.backend.ovs_idl.transaction [-] Running txn n=1 command(idx=2): PgDelPortCommand(_result=None, port_group=neutron_pg_drop, lsp=['45eb2c06-1f5a-4174-80ea-be5001bab5df'], if_exists=False) {{(pid=87751) do_commit /opt/stack/data/venv/lib/python3.12/site-packages/ovsdbapp/backend/ovs_idl/transaction.py:89}}
Jul 27 08:14:34.692224 np0000005885 devstack@neutron-api.service[87753]: DEBUG neutron.plugins.ml2.drivers.ovn.mech_driver.ovsdb.ovsdb_monitor [-] Hash Ring: Node 7b76a7bb012d55c581cd705614592176 (host: np0000005885) handling event "update" for row 9955ea37-20aa-4a48-9f1a-422188825c92 (table: Logical_Switch_Port) {{(pid=87753) notify /opt/stack/neutron/neutron/plugins/ml2/drivers/ovn/mech_driver/ovsdb/ovsdb_monitor.py:1013}}
Jul 27 08:14:34.693965 np0000005885 devstack@neutron-api.service[87751]: DEBUG neutron.plugins.ml2.drivers.ovn.mech_driver.ovsdb.ovsdb_monitor [-] Hash Ring: Node 55f8f3509e2b5c1b81ce9e543cdcaf66 (host: np0000005885) handling event "update" for row db57c238-f987-46c8-bafe-593782454d67 (table: Port_Binding) {{(pid=87751) notify /opt/stack/neutron/neutron/plugins/ml2/drivers/ovn/mech_driver/ovsdb/ovsdb_monitor.py:1013}}
Jul 27 08:14:34.694061 np0000005885 devstack@neutron-api.service[87753]: DEBUG neutron.plugins.ml2.drivers.ovn.mech_driver.ovsdb.ovsdb_monitor [-] Hash Ring: Node 7b76a7bb012d55c581cd705614592176 (host: np0000005885) handling event "update" for row db57c238-f987-46c8-bafe-593782454d67 (table: Port_Binding) {{(pid=87753) notify /opt/stack/neutron/neutron/plugins/ml2/drivers/ovn/mech_driver/ovsdb/ovsdb_monitor.py:1013}}
Jul 27 08:14:34.694137 np0000005885 devstack@neutron-api.service[87752]: DEBUG neutron.plugins.ml2.drivers.ovn.mech_driver.ovsdb.ovsdb_monitor [-] Hash Ring: Node f21750904ca5547f986c289077051137 (host: np0000005885) handling event "update" for row 9955ea37-20aa-4a48-9f1a-422188825c92 (table: Logical_Switch_Port) {{(pid=87752) notify /opt/stack/neutron/neutron/plugins/ml2/drivers/ovn/mech_driver/ovsdb/ovsdb_monitor.py:1013}}
Jul 27 08:14:34.696033 np0000005885 devstack@neutron-api.service[87751]: DEBUG neutron.plugins.ml2.drivers.ovn.mech_driver.ovsdb.ovsdb_monitor [-] Hash Ring: Node 55f8f3509e2b5c1b81ce9e543cdcaf66 (host: np0000005885) handling event "update" for row 9955ea37-20aa-4a48-9f1a-422188825c92 (table: Logical_Switch_Port) {{(pid=87751) notify /opt/stack/neutron/neutron/plugins/ml2/drivers/ovn/mech_driver/ovsdb/ovsdb_monitor.py:1013}}
Jul 27 08:14:34.722036 np0000005885 devstack@neutron-api.service[87751]: INFO neutron.db.ovn_revision_numbers_db [None req-66586abd-af7f-488f-8e07-fb63c94dd9a8 admin admin] Successfully bumped revision number for resource 45eb2c06-1f5a-4174-80ea-be5001bab5df (type: ports) to 3
Jul 27 08:14:34.730011 np0000005885 devstack@neutron-api.service[87751]: DEBUG neutron_lib.callbacks.manager [None req-66586abd-af7f-488f-8e07-fb63c94dd9a8 admin admin] Publish callbacks ['neutron.plugins.ml2.ovo_rpc._ObjectChangeHandler.handle_event-1054142'] for subnet (4fa8c05b-ebf9-486c-9a44-e6a4ff6234a3), after_create {{(pid=87751) _notify_loop /opt/stack/data/venv/lib/python3.12/site-packages/neutron_lib/callbacks/manager.py:184}}
Jul 27 08:14:34.742472 np0000005885 devstack@neutron-api.service[87751]: DEBUG neutron.api.rpc.handlers.resources_rpc [None req-66586abd-af7f-488f-8e07-fb63c94dd9a8 admin admin] Pushing event updated for resources: {'Subnet': ['ID=4fa8c05b-ebf9-486c-9a44-e6a4ff6234a3,revision_number=0']} {{(pid=87751) push /opt/stack/neutron/neutron/api/rpc/handlers/resources_rpc.py:237}}
Jul 27 08:14:34.759986 np0000005885 devstack@neutron-api.service[87751]: INFO neutron.db.ovn_revision_numbers_db [None req-66586abd-af7f-488f-8e07-fb63c94dd9a8 admin admin] Successfully bumped revision number for resource 4fa8c05b-ebf9-486c-9a44-e6a4ff6234a3 (type: subnets) to 0
Jul 27 08:14:34.760924 np0000005885 devstack@neutron-api.service[87751]: DEBUG neutron.pecan_wsgi.hooks.policy_enforcement [None req-66586abd-af7f-488f-8e07-fb63c94dd9a8 admin admin] Attributes excluded by policy engine: ['standard_attr_id', 'shared', 'network'] {{(pid=87751) _exclude_attributes_by_policy /opt/stack/neutron/neutron/pecan_wsgi/hooks/policy_enforcement.py:259}}
Jul 27 08:14:34.761180 np0000005885 devstack@neutron-api.service[87751]: DEBUG neutron_lib.callbacks.manager [None req-66586abd-af7f-488f-8e07-fb63c94dd9a8 admin admin] Publish callbacks [] for subnet (None), before_response {{(pid=87751) _notify_loop /opt/stack/data/venv/lib/python3.12/site-packages/neutron_lib/callbacks/manager.py:184}}
Jul 27 08:14:34.768731 np0000005885 devstack@neutron-api.service[87751]: [pid: 87751|app: 0|req: 5/11] 10.4.3.103 () {68 vars in 1324 bytes} [Mon Jul 27 08:14:34 2026] POST /networking/v2.0/subnets => generated 730 bytes in 559 msecs (HTTP/1.1 201) 4 headers in 162 bytes (1 switches on core 0)
Jul 27 08:14:34.999733 np0000005885 devstack@neutron-api.service[87752]: DEBUG neutron.api.wsgi [None req-9f06151f-b41e-4d86-b113-1dec3bf50a98 admin admin] Missing Content-Type {{(pid=87752) get_content_type /opt/stack/neutron/neutron/api/wsgi.py:80}}
Jul 27 08:14:35.000320 np0000005885 devstack@neutron-api.service[87752]: DEBUG neutron.api.wsgi [None req-9f06151f-b41e-4d86-b113-1dec3bf50a98 admin admin] https://10.4.3.103/networking/v2.0/extensions returned with HTTP 200 {{(pid=87752) __call__ /opt/stack/neutron/neutron/api/wsgi.py:540}}
Jul 27 08:14:35.000790 np0000005885 devstack@neutron-api.service[87752]: [pid: 87752|app: 0|req: 4/12] 10.4.3.103 () {64 vars in 1292 bytes} [Mon Jul 27 08:14:34 2026] GET /networking/v2.0/extensions => generated 16171 bytes in 5 msecs (HTTP/1.1 200) 4 headers in 159 bytes (1 switches on core 0)
Jul 27 08:14:35.261904 np0000005885 devstack@neutron-api.service[87753]: DEBUG neutron.api.wsgi [None req-5235ce0e-81a7-444d-9e4a-0912312128e7 admin admin] Missing Content-Type {{(pid=87753) get_content_type /opt/stack/neutron/neutron/api/wsgi.py:80}}
Jul 27 08:14:35.262273 np0000005885 devstack@neutron-api.service[87753]: DEBUG neutron.api.wsgi [None req-5235ce0e-81a7-444d-9e4a-0912312128e7 admin admin] https://10.4.3.103/networking/v2.0/extensions returned with HTTP 200 {{(pid=87753) __call__ /opt/stack/neutron/neutron/api/wsgi.py:540}}
Jul 27 08:14:35.262598 np0000005885 devstack@neutron-api.service[87753]: [pid: 87753|app: 0|req: 4/13] 10.4.3.103 () {64 vars in 1292 bytes} [Mon Jul 27 08:14:35 2026] GET /networking/v2.0/extensions => generated 16171 bytes in 3 msecs (HTTP/1.1 200) 4 headers in 159 bytes (1 switches on core 0)
Jul 27 08:14:35.518856 np0000005885 devstack@neutron-api.service[87751]: DEBUG neutron.api.v2.base [None req-0cddd68c-15e5-41f3-9ab6-eb552325fd8d admin admin] Request body: {'router': {'name': 'router1', 'admin_state_up': True}} {{(pid=87751) prepare_request_body /opt/stack/neutron/neutron/api/v2/base.py:727}}
Jul 27 08:14:35.532162 np0000005885 devstack@neutron-api.service[87751]: DEBUG neutron_lib.callbacks.manager [None req-0cddd68c-15e5-41f3-9ab6-eb552325fd8d admin admin] Publish callbacks ['neutron.services.ovn_l3.service_providers.driver_controller.DriverController._check_router_request-16298375'] for router (f55df84c-972d-442c-8578-8b0d3cc45b62), before_create {{(pid=87751) _notify_loop /opt/stack/data/venv/lib/python3.12/site-packages/neutron_lib/callbacks/manager.py:184}}
Jul 27 08:14:35.532880 np0000005885 devstack@neutron-api.service[87751]: DEBUG neutron_lib.callbacks.manager [None req-0cddd68c-15e5-41f3-9ab6-eb552325fd8d admin admin] Publish callbacks ['neutron.services.ovn_l3.service_providers.ovn.OVN_L3_HA_db_mixin._precommit_router_create-16289533', 'neutron.services.ovn_l3.plugin.RouterAvailabilityZoneMixin._process_az_request-1054625', 'neutron.services.ovn_l3.plugin.ExtraGatewaysDbOnlyMixin._process_bfd_ecmp_create-16455247', 'neutron.services.ovn_l3.service_providers.ovn.OvnDriver._process_router_create_precommit-16289435', 'neutron.services.ovn_l3.service_providers.driver_controller.DriverController._set_router_provider-16298381'] for router (f55df84c-972d-442c-8578-8b0d3cc45b62), precommit_create {{(pid=87751) _notify_loop /opt/stack/data/venv/lib/python3.12/site-packages/neutron_lib/callbacks/manager.py:184}}
Jul 27 08:14:35.544147 np0000005885 devstack@neutron-api.service[87751]: DEBUG neutron.db.ovn_revision_numbers_db [None req-0cddd68c-15e5-41f3-9ab6-eb552325fd8d admin admin] create_initial_revision uuid=f55df84c-972d-442c-8578-8b0d3cc45b62, type=routers, rev=-1 {{(pid=87751) create_initial_revision /opt/stack/neutron/neutron/db/ovn_revision_numbers_db.py:98}}
Jul 27 08:14:35.605072 np0000005885 devstack@neutron-api.service[87751]: DEBUG neutron_lib.callbacks.manager [None req-0cddd68c-15e5-41f3-9ab6-eb552325fd8d admin admin] Publish callbacks [] for router_controller (f55df84c-972d-442c-8578-8b0d3cc45b62), precommit_add_association {{(pid=87751) _notify_loop /opt/stack/data/venv/lib/python3.12/site-packages/neutron_lib/callbacks/manager.py:184}}
Jul 27 08:14:35.608942 np0000005885 devstack@neutron-api.service[87751]: DEBUG neutron_lib.callbacks.manager [None req-0cddd68c-15e5-41f3-9ab6-eb552325fd8d admin admin] Publish callbacks ['neutron.services.ovn_l3.service_providers.ovn.OvnDriver._process_router_create-16289473'] for router (f55df84c-972d-442c-8578-8b0d3cc45b62), after_create {{(pid=87751) _notify_loop /opt/stack/data/venv/lib/python3.12/site-packages/neutron_lib/callbacks/manager.py:184}}
Jul 27 08:14:35.609090 np0000005885 devstack@neutron-api.service[87751]: INFO neutron.plugins.ml2.drivers.ovn.mech_driver.ovsdb.extensions.qos [None req-0cddd68c-15e5-41f3-9ab6-eb552325fd8d admin admin] Starting OVNClientQosExtension
Jul 27 08:14:35.609375 np0000005885 devstack@neutron-api.service[87751]: DEBUG neutron.plugins.ml2.drivers.ovn.mech_driver.ovsdb.extensions.qos [None req-0cddd68c-15e5-41f3-9ab6-eb552325fd8d admin admin] Router f55df84c-972d-442c-8578-8b0d3cc45b62 does not have ID or gateway assigned {{(pid=87751) update_router /opt/stack/neutron/neutron/plugins/ml2/drivers/ovn/mech_driver/ovsdb/extensions/qos.py:527}}
Jul 27 08:14:35.610561 np0000005885 devstack@neutron-api.service[87751]: DEBUG ovsdbapp.backend.ovs_idl.transaction [-] Running txn n=1 command(idx=0): LrAddCommand(_result=None, router=neutron-f55df84c-972d-442c-8578-8b0d3cc45b62, may_exist=True, columns={'external_ids': {'neutron:router_name': 'router1', 'neutron:revision_number': '1', 'neutron:availability_zone_hints': ''}, 'enabled': True, 'options': {'always_learn_from_arp_request': 'false', 'dynamic_neigh_routers': 'true', 'mac_binding_age_threshold': '300'}}) {{(pid=87751) do_commit /opt/stack/data/venv/lib/python3.12/site-packages/ovsdbapp/backend/ovs_idl/transaction.py:89}}
Jul 27 08:14:35.611992 np0000005885 devstack@neutron-api.service[87751]: DEBUG neutron.plugins.ml2.drivers.ovn.mech_driver.ovsdb.ovsdb_monitor [-] Hash Ring: Node 55f8f3509e2b5c1b81ce9e543cdcaf66 (host: np0000005885) handling event "create" for row dfc48247-c11a-4c40-b576-0c47709370a9 (table: Logical_Router) {{(pid=87751) notify /opt/stack/neutron/neutron/plugins/ml2/drivers/ovn/mech_driver/ovsdb/ovsdb_monitor.py:1013}}
Jul 27 08:14:35.619017 np0000005885 devstack@neutron-api.service[87752]: DEBUG neutron.plugins.ml2.drivers.ovn.mech_driver.ovsdb.ovsdb_monitor [-] Hash Ring: Node f21750904ca5547f986c289077051137 (host: np0000005885) handling event "create" for row e7bfd9d4-57c3-41f4-ae87-530999739de5 (table: Datapath_Binding) {{(pid=87752) notify /opt/stack/neutron/neutron/plugins/ml2/drivers/ovn/mech_driver/ovsdb/ovsdb_monitor.py:1013}}
Jul 27 08:14:35.632344 np0000005885 devstack@neutron-api.service[87751]: DEBUG neutron.plugins.ml2.drivers.ovn.mech_driver.ovsdb.ovsdb_monitor [-] Hash Ring: Node 55f8f3509e2b5c1b81ce9e543cdcaf66 (host: np0000005885) handling event "create" for row e7bfd9d4-57c3-41f4-ae87-530999739de5 (table: Datapath_Binding) {{(pid=87751) notify /opt/stack/neutron/neutron/plugins/ml2/drivers/ovn/mech_driver/ovsdb/ovsdb_monitor.py:1013}}
Jul 27 08:14:35.700196 np0000005885 devstack@neutron-api.service[87751]: INFO neutron.db.ovn_revision_numbers_db [None req-0cddd68c-15e5-41f3-9ab6-eb552325fd8d admin admin] Successfully bumped revision number for resource f55df84c-972d-442c-8578-8b0d3cc45b62 (type: routers) to 1
Jul 27 08:14:35.712402 np0000005885 devstack@neutron-api.service[87751]: DEBUG neutron_lib.callbacks.manager [None req-0cddd68c-15e5-41f3-9ab6-eb552325fd8d admin admin] Publish callbacks [] for router (None), before_response {{(pid=87751) _notify_loop /opt/stack/data/venv/lib/python3.12/site-packages/neutron_lib/callbacks/manager.py:184}}
Jul 27 08:14:35.713059 np0000005885 devstack@neutron-api.service[87751]: [pid: 87751|app: 0|req: 6/14] 10.4.3.103 () {68 vars in 1323 bytes} [Mon Jul 27 08:14:35 2026] POST /networking/v2.0/routers => generated 599 bytes in 197 msecs (HTTP/1.1 201) 4 headers in 162 bytes (1 switches on core 0)
Jul 27 08:14:35.940813 np0000005885 devstack@neutron-api.service[87752]: DEBUG neutron.api.wsgi [None req-6b11983d-6ecf-4911-b905-8367dc7a8522 admin admin] Missing Content-Type {{(pid=87752) get_content_type /opt/stack/neutron/neutron/api/wsgi.py:80}}
Jul 27 08:14:35.941181 np0000005885 devstack@neutron-api.service[87752]: DEBUG neutron.api.wsgi [None req-6b11983d-6ecf-4911-b905-8367dc7a8522 admin admin] https://10.4.3.103/networking/v2.0/extensions returned with HTTP 200 {{(pid=87752) __call__ /opt/stack/neutron/neutron/api/wsgi.py:540}}
Jul 27 08:14:35.941485 np0000005885 devstack@neutron-api.service[87752]: [pid: 87752|app: 0|req: 5/15] 10.4.3.103 () {64 vars in 1292 bytes} [Mon Jul 27 08:14:35 2026] GET /networking/v2.0/extensions => generated 16171 bytes in 3 msecs (HTTP/1.1 200) 4 headers in 159 bytes (1 switches on core 0)
Jul 27 08:14:36.190659 np0000005885 devstack@neutron-api.service[87753]: DEBUG neutron.api.v2.base [None req-e178ceaa-c25c-45a3-9b34-7f6b3b6d0a91 admin admin] Request body: {'network': {'provider:network_type': 'flat', 'admin_state_up': True, 'router:external': True, 'is_default': True, 'name': 'public', 'provider:physical_network': 'public'}} {{(pid=87753) prepare_request_body /opt/stack/neutron/neutron/api/v2/base.py:727}}
Jul 27 08:14:36.203932 np0000005885 devstack@neutron-api.service[87753]: DEBUG neutron.pecan_wsgi.hooks.quota_enforcement [None req-e178ceaa-c25c-45a3-9b34-7f6b3b6d0a91 admin admin] Made reservation on behalf of 9f3f81ec62ed49429223fd2a4306a206 for: {'network': 1} {{(pid=87753) before /opt/stack/neutron/neutron/pecan_wsgi/hooks/quota_enforcement.py:66}}
Jul 27 08:14:36.207160 np0000005885 devstack@neutron-api.service[87753]: DEBUG neutron_lib.callbacks.manager [None req-e178ceaa-c25c-45a3-9b34-7f6b3b6d0a91 admin admin] Publish callbacks ['neutron.plugins.ml2.plugin.SecurityGroupDbMixin._ensure_default_security_group_handler-3176254'] for network (None), before_create {{(pid=87753) _notify_loop /opt/stack/data/venv/lib/python3.12/site-packages/neutron_lib/callbacks/manager.py:184}}
Jul 27 08:14:36.238069 np0000005885 devstack@neutron-api.service[87753]: DEBUG neutron.plugins.ml2.drivers.type_flat [None req-e178ceaa-c25c-45a3-9b34-7f6b3b6d0a91 admin admin] Reserving flat network on physical network public {{(pid=87753) reserve_provider_segment /opt/stack/neutron/neutron/plugins/ml2/drivers/type_flat.py:100}}
Jul 27 08:14:36.249653 np0000005885 devstack@neutron-api.service[87753]: DEBUG neutron_lib.callbacks.manager [None req-e178ceaa-c25c-45a3-9b34-7f6b3b6d0a91 admin admin] Publish callbacks ['neutron.services.segments.db._add_segment_host_mapping_for_segment-8267838492472', 'neutron.plugins.ml2.plugin.Ml2Plugin._handle_segment_change-3445642'] for segment (4aa9da4f-9e4f-48ea-a152-c179ae1248f5), precommit_create {{(pid=87753) _notify_loop /opt/stack/data/venv/lib/python3.12/site-packages/neutron_lib/callbacks/manager.py:184}}
Jul 27 08:14:36.249899 np0000005885 devstack@neutron-api.service[87753]: DEBUG neutron_lib.callbacks.manager [None req-e178ceaa-c25c-45a3-9b34-7f6b3b6d0a91 admin admin] Unsubscribe: segment precommit_create {{(pid=87753) unsubscribe /opt/stack/data/venv/lib/python3.12/site-packages/neutron_lib/callbacks/manager.py:90}}
Jul 27 08:14:36.250087 np0000005885 devstack@neutron-api.service[87753]: INFO neutron.db.segments_db [None req-e178ceaa-c25c-45a3-9b34-7f6b3b6d0a91 admin admin] Added segment 4aa9da4f-9e4f-48ea-a152-c179ae1248f5 of type flat for network 89c07b9a-1cb1-480d-9b13-f7dd00edb815
Jul 27 08:14:36.285669 np0000005885 devstack@neutron-api.service[87753]: DEBUG neutron_lib.callbacks.manager [None req-e178ceaa-c25c-45a3-9b34-7f6b3b6d0a91 admin admin] Publish callbacks ['neutron.services.auto_allocate.db._ensure_external_network_default_value_callback-8267836507480'] for network (89c07b9a-1cb1-480d-9b13-f7dd00edb815), precommit_create {{(pid=87753) _notify_loop /opt/stack/data/venv/lib/python3.12/site-packages/neutron_lib/callbacks/manager.py:184}}
Jul 27 08:14:36.304591 np0000005885 devstack@neutron-api.service[87753]: DEBUG neutron.plugins.ml2.drivers.ovn.mech_driver.mech_driver [None req-e178ceaa-c25c-45a3-9b34-7f6b3b6d0a91 admin admin] Validating network segment with type flat, segmentation ID None, physical network public {{(pid=87753) _validate_network_segments /opt/stack/neutron/neutron/plugins/ml2/drivers/ovn/mech_driver/mech_driver.py:646}}
Jul 27 08:14:36.304777 np0000005885 devstack@neutron-api.service[87753]: DEBUG neutron.db.ovn_revision_numbers_db [None req-e178ceaa-c25c-45a3-9b34-7f6b3b6d0a91 admin admin] create_initial_revision uuid=89c07b9a-1cb1-480d-9b13-f7dd00edb815, type=networks, rev=-1 {{(pid=87753) create_initial_revision /opt/stack/neutron/neutron/db/ovn_revision_numbers_db.py:98}}
Jul 27 08:14:36.322353 np0000005885 devstack@neutron-api.service[87753]: DEBUG neutron_lib.callbacks.manager [None req-e178ceaa-c25c-45a3-9b34-7f6b3b6d0a91 admin admin] Publish callbacks ['neutron.plugins.ml2.ovo_rpc._ObjectChangeHandler.handle_event-15113630'] for network (89c07b9a-1cb1-480d-9b13-f7dd00edb815), after_create {{(pid=87753) _notify_loop /opt/stack/data/venv/lib/python3.12/site-packages/neutron_lib/callbacks/manager.py:184}}
Jul 27 08:14:36.369716 np0000005885 devstack@neutron-api.service[87753]: DEBUG neutron.api.rpc.handlers.resources_rpc [None req-e178ceaa-c25c-45a3-9b34-7f6b3b6d0a91 admin admin] Pushing event updated for resources: {'Network': ['ID=89c07b9a-1cb1-480d-9b13-f7dd00edb815,revision_number=1']} {{(pid=87753) push /opt/stack/neutron/neutron/api/rpc/handlers/resources_rpc.py:237}}
Jul 27 08:14:36.374854 np0000005885 devstack@neutron-api.service[87753]: DEBUG neutron.api.rpc.callbacks.version_manager [None req-e178ceaa-c25c-45a3-9b34-7f6b3b6d0a91 admin admin] Tracked resource versions report:
Jul 27 08:14:36.374854 np0000005885 devstack@neutron-api.service[87753]: pushed versions:
Jul 27 08:14:36.374854 np0000005885 devstack@neutron-api.service[87753]: { 'AddressGroup': {'1.2'},
Jul 27 08:14:36.374854 np0000005885 devstack@neutron-api.service[87753]: 'Agent': {'1.1'},
Jul 27 08:14:36.374854 np0000005885 devstack@neutron-api.service[87753]: 'ConntrackHelper': {'1.0'},
Jul 27 08:14:36.374854 np0000005885 devstack@neutron-api.service[87753]: 'LocalIPAssociation': {'1.0'},
Jul 27 08:14:36.374854 np0000005885 devstack@neutron-api.service[87753]: 'Log': {'1.0'},
Jul 27 08:14:36.374854 np0000005885 devstack@neutron-api.service[87753]: 'NDPProxy': {'1.0'},
Jul 27 08:14:36.374854 np0000005885 devstack@neutron-api.service[87753]: 'Network': {'1.3'},
Jul 27 08:14:36.374854 np0000005885 devstack@neutron-api.service[87753]: 'Port': {'1.11'},
Jul 27 08:14:36.374854 np0000005885 devstack@neutron-api.service[87753]: 'PortForwarding': {'1.3'},
Jul 27 08:14:36.374854 np0000005885 devstack@neutron-api.service[87753]: 'QosPolicy': {'1.10'},
Jul 27 08:14:36.374854 np0000005885 devstack@neutron-api.service[87753]: 'SecurityGroup': {'1.6'},
Jul 27 08:14:36.374854 np0000005885 devstack@neutron-api.service[87753]: 'SecurityGroupRule': {'1.3'},
Jul 27 08:14:36.374854 np0000005885 devstack@neutron-api.service[87753]: 'SubPort': {'1.0'},
Jul 27 08:14:36.374854 np0000005885 devstack@neutron-api.service[87753]: 'Subnet': {'1.2'},
Jul 27 08:14:36.374854 np0000005885 devstack@neutron-api.service[87753]: 'Trunk': {'1.1'}}
Jul 27 08:14:36.374854 np0000005885 devstack@neutron-api.service[87753]: consumer versions:
Jul 27 08:14:36.374854 np0000005885 devstack@neutron-api.service[87753]: { OVN Controller Gateway agent@np0000005885: {},
Jul 27 08:14:36.374854 np0000005885 devstack@neutron-api.service[87753]: OVN Neutron agent@np0000005885: {}}
Jul 27 08:14:36.374854 np0000005885 devstack@neutron-api.service[87753]: {{(pid=87753) report /opt/stack/neutron/neutron/api/rpc/callbacks/version_manager.py:183}}
Jul 27 08:14:36.390753 np0000005885 devstack@neutron-api.service[87753]: DEBUG ovsdbapp.backend.ovs_idl.transaction [-] Running txn n=1 command(idx=0): AddNetworkCommand(_result=None, network_uuid=89c07b9a-1cb1-480d-9b13-f7dd00edb815, may_exist=True, columns={'external_ids': {'neutron:network_name': 'public', 'neutron:mtu': '1430', 'neutron:revision_number': '1', 'neutron:availability_zone_hints': '', 'neutron:provnet-network-type': 'flat', 'neutron:provnet-physical-network': 'public'}, 'other_config': {'mcast_snoop': 'false', 'mcast_flood_unregistered': 'false', 'vlan-passthru': 'false', 'fdb_age_threshold': '300', 'broadcast-arps-to-all-routers': 'true'}}) {{(pid=87753) do_commit /opt/stack/data/venv/lib/python3.12/site-packages/ovsdbapp/backend/ovs_idl/transaction.py:89}}
Jul 27 08:14:36.391164 np0000005885 devstack@neutron-api.service[87753]: DEBUG neutron.common.ovn.utils [-] OVS persist_uuid supported=True {{(pid=87753) ovs_persist_uuid_supported /opt/stack/neutron/neutron/common/ovn/utils.py:1565}}
Jul 27 08:14:36.391504 np0000005885 devstack@neutron-api.service[87753]: DEBUG ovsdbapp.backend.ovs_idl.transaction [-] Running txn n=1 command(idx=1): AddLSwitchPortCommand(_result=None, lport=provnet-4aa9da4f-9e4f-48ea-a152-c179ae1248f5, lswitch=neutron-89c07b9a-1cb1-480d-9b13-f7dd00edb815, may_exist=True, network_uuid=89c07b9a-1cb1-480d-9b13-f7dd00edb815, columns={'addresses': ['unknown'], 'external_ids': {'neutron:provnet-physical-network': 'public'}, 'type': 'localnet', 'tag_request': [], 'options': {'network_name': 'public', 'mcast_flood_reports': 'true', 'mcast_flood': 'false', 'localnet_learn_fdb': 'false'}}) {{(pid=87753) do_commit /opt/stack/data/venv/lib/python3.12/site-packages/ovsdbapp/backend/ovs_idl/transaction.py:89}}
Jul 27 08:14:36.395409 np0000005885 devstack@neutron-api.service[87751]: DEBUG neutron.plugins.ml2.drivers.ovn.mech_driver.ovsdb.ovsdb_monitor [-] Hash Ring: Node 55f8f3509e2b5c1b81ce9e543cdcaf66 (host: np0000005885) handling event "create" for row 89c07b9a-1cb1-480d-9b13-f7dd00edb815 (table: Logical_Switch) {{(pid=87751) notify /opt/stack/neutron/neutron/plugins/ml2/drivers/ovn/mech_driver/ovsdb/ovsdb_monitor.py:1013}}
Jul 27 08:14:36.395613 np0000005885 devstack@neutron-api.service[87751]: DEBUG neutron.plugins.ml2.drivers.ovn.mech_driver.ovsdb.ovsdb_monitor [-] Hash Ring: Node 55f8f3509e2b5c1b81ce9e543cdcaf66 (host: np0000005885) handling event "create" for row c5b0fe2e-3ed9-4c73-a347-342fad0e42fd (table: Logical_Switch_Port) {{(pid=87751) notify /opt/stack/neutron/neutron/plugins/ml2/drivers/ovn/mech_driver/ovsdb/ovsdb_monitor.py:1013}}
Jul 27 08:14:36.399085 np0000005885 devstack@neutron-api.service[87751]: DEBUG neutron.plugins.ml2.drivers.ovn.mech_driver.ovsdb.ovsdb_monitor [-] Hash Ring: Node 55f8f3509e2b5c1b81ce9e543cdcaf66 (host: np0000005885) handling event "update" for row c5b0fe2e-3ed9-4c73-a347-342fad0e42fd (table: Logical_Switch_Port) {{(pid=87751) notify /opt/stack/neutron/neutron/plugins/ml2/drivers/ovn/mech_driver/ovsdb/ovsdb_monitor.py:1013}}
Jul 27 08:14:36.399515 np0000005885 devstack@neutron-api.service[87752]: DEBUG neutron.plugins.ml2.drivers.ovn.mech_driver.ovsdb.ovsdb_monitor [-] Hash Ring: Node f21750904ca5547f986c289077051137 (host: np0000005885) handling event "create" for row 9c0310dc-7fd4-41be-b280-c12cfdb775aa (table: Datapath_Binding) {{(pid=87752) notify /opt/stack/neutron/neutron/plugins/ml2/drivers/ovn/mech_driver/ovsdb/ovsdb_monitor.py:1013}}
Jul 27 08:14:36.399693 np0000005885 devstack@neutron-api.service[87752]: DEBUG neutron.plugins.ml2.drivers.ovn.mech_driver.ovsdb.ovsdb_monitor [-] Hash Ring: Node f21750904ca5547f986c289077051137 (host: np0000005885) handling event "create" for row 83d4bbd4-0d79-400a-ab0e-5cd2b40de5ea (table: Port_Binding) {{(pid=87752) notify /opt/stack/neutron/neutron/plugins/ml2/drivers/ovn/mech_driver/ovsdb/ovsdb_monitor.py:1013}}
Jul 27 08:14:36.400277 np0000005885 devstack@neutron-api.service[87751]: DEBUG neutron.plugins.ml2.drivers.ovn.mech_driver.ovsdb.ovsdb_monitor [-] Hash Ring: Node 55f8f3509e2b5c1b81ce9e543cdcaf66 (host: np0000005885) handling event "create" for row 9c0310dc-7fd4-41be-b280-c12cfdb775aa (table: Datapath_Binding) {{(pid=87751) notify /opt/stack/neutron/neutron/plugins/ml2/drivers/ovn/mech_driver/ovsdb/ovsdb_monitor.py:1013}}
Jul 27 08:14:36.400465 np0000005885 devstack@neutron-api.service[87751]: DEBUG neutron.plugins.ml2.drivers.ovn.mech_driver.ovsdb.ovsdb_monitor [-] Hash Ring: Node 55f8f3509e2b5c1b81ce9e543cdcaf66 (host: np0000005885) handling event "create" for row 83d4bbd4-0d79-400a-ab0e-5cd2b40de5ea (table: Port_Binding) {{(pid=87751) notify /opt/stack/neutron/neutron/plugins/ml2/drivers/ovn/mech_driver/ovsdb/ovsdb_monitor.py:1013}}
Jul 27 08:14:36.427762 np0000005885 devstack@neutron-api.service[87753]: INFO neutron.db.ovn_revision_numbers_db [None req-e178ceaa-c25c-45a3-9b34-7f6b3b6d0a91 admin admin] Successfully bumped revision number for resource 89c07b9a-1cb1-480d-9b13-f7dd00edb815 (type: networks) to 1
Jul 27 08:14:36.645664 np0000005885 devstack@neutron-api.service[87753]: DEBUG neutron_lib.callbacks.manager [None req-e178ceaa-c25c-45a3-9b34-7f6b3b6d0a91 admin admin] Publish callbacks ['neutron.plugins.ml2.plugin.SecurityGroupDbMixin._ensure_default_security_group_handler-3176254'] for port (None), before_create {{(pid=87753) _notify_loop /opt/stack/data/venv/lib/python3.12/site-packages/neutron_lib/callbacks/manager.py:184}}
Jul 27 08:14:36.723226 np0000005885 devstack@neutron-api.service[87753]: DEBUG neutron_lib.callbacks.manager [None req-e178ceaa-c25c-45a3-9b34-7f6b3b6d0a91 admin admin] Publish callbacks ['neutron.plugins.ml2.drivers.ovn.mech_driver.mech_driver.OVNMechanismDriver._validate_allowed_address_pairs-1936431'] for allowed_address_pair (b5fa89ab-1470-4b2c-971f-8eb9310f15a2), before_create {{(pid=87753) _notify_loop /opt/stack/data/venv/lib/python3.12/site-packages/neutron_lib/callbacks/manager.py:184}}
Jul 27 08:14:36.723710 np0000005885 devstack@neutron-api.service[87753]: DEBUG neutron_lib.callbacks.manager [None req-e178ceaa-c25c-45a3-9b34-7f6b3b6d0a91 admin admin] Publish callbacks [] for port (b5fa89ab-1470-4b2c-971f-8eb9310f15a2), precommit_create {{(pid=87753) _notify_loop /opt/stack/data/venv/lib/python3.12/site-packages/neutron_lib/callbacks/manager.py:184}}
Jul 27 08:14:36.723892 np0000005885 devstack@neutron-api.service[87753]: DEBUG neutron.plugins.ml2.drivers.ovn.mech_driver.mech_driver [None req-e178ceaa-c25c-45a3-9b34-7f6b3b6d0a91 admin admin] No provisioning block for port b5fa89ab-1470-4b2c-971f-8eb9310f15a2 since it does not have a host {{(pid=87753) _is_port_provisioning_required /opt/stack/neutron/neutron/plugins/ml2/drivers/ovn/mech_driver/mech_driver.py:899}}
Jul 27 08:14:36.723999 np0000005885 devstack@neutron-api.service[87753]: DEBUG neutron.db.ovn_revision_numbers_db [None req-e178ceaa-c25c-45a3-9b34-7f6b3b6d0a91 admin admin] create_initial_revision uuid=b5fa89ab-1470-4b2c-971f-8eb9310f15a2, type=ports, rev=-1 {{(pid=87753) create_initial_revision /opt/stack/neutron/neutron/db/ovn_revision_numbers_db.py:98}}
Jul 27 08:14:36.769920 np0000005885 devstack@neutron-api.service[87753]: DEBUG neutron_lib.callbacks.manager [None req-e178ceaa-c25c-45a3-9b34-7f6b3b6d0a91 admin admin] Publish callbacks ['neutron.plugins.ml2.ovo_rpc._ObjectChangeHandler.handle_event-15113620'] for port (b5fa89ab-1470-4b2c-971f-8eb9310f15a2), after_create {{(pid=87753) _notify_loop /opt/stack/data/venv/lib/python3.12/site-packages/neutron_lib/callbacks/manager.py:184}}
Jul 27 08:14:36.813803 np0000005885 devstack@neutron-api.service[87753]: DEBUG neutron.api.rpc.handlers.resources_rpc [None req-e178ceaa-c25c-45a3-9b34-7f6b3b6d0a91 admin admin] Pushing event updated for resources: {'Port': ['ID=b5fa89ab-1470-4b2c-971f-8eb9310f15a2,revision_number=1']} {{(pid=87753) push /opt/stack/neutron/neutron/api/rpc/handlers/resources_rpc.py:237}}
Jul 27 08:14:36.841794 np0000005885 devstack@neutron-api.service[87753]: DEBUG neutron.plugins.ml2.drivers.ovn.mech_driver.ovsdb.commands [None req-e178ceaa-c25c-45a3-9b34-7f6b3b6d0a91 admin admin] Converting tag [] to a tag_request {{(pid=87753) _tag_column_to_tag_request /opt/stack/neutron/neutron/plugins/ml2/drivers/ovn/mech_driver/ovsdb/commands.py:205}}
Jul 27 08:14:36.842656 np0000005885 devstack@neutron-api.service[87753]: DEBUG ovsdbapp.backend.ovs_idl.transaction [-] Running txn n=1 command(idx=0): AddLSwitchPortCommand(_result=None, lport=b5fa89ab-1470-4b2c-971f-8eb9310f15a2, lswitch=neutron-89c07b9a-1cb1-480d-9b13-f7dd00edb815, may_exist=True, network_uuid=89c07b9a-1cb1-480d-9b13-f7dd00edb815, columns={'addresses': ['fa:16:3e:a1:5c:5d'], 'external_ids': {'neutron:port_name': '', 'neutron:device_id': 'ovnmeta-89c07b9a-1cb1-480d-9b13-f7dd00edb815', 'neutron:project_id': '9f3f81ec62ed49429223fd2a4306a206', 'neutron:cidrs': '', 'neutron:device_owner': 'network:distributed', 'neutron:subnet_pool_addr_scope4': '', 'neutron:subnet_pool_addr_scope6': '', 'neutron:network_name': 'neutron-89c07b9a-1cb1-480d-9b13-f7dd00edb815', 'neutron:security_group_ids': '', 'neutron:revision_number': '1', 'neutron:vnic_type': 'normal', 'neutron:port_capabilities': '', 'neutron:mtu': '1430'}, 'parent_name': [], 'enabled': True, 'options': {}, 'type': 'localport', 'port_security': [], 'dhcpv4_options': [], 'dhcpv6_options': [], 'tag_request': []}) {{(pid=87753) do_commit /opt/stack/data/venv/lib/python3.12/site-packages/ovsdbapp/backend/ovs_idl/transaction.py:89}}
Jul 27 08:14:36.843282 np0000005885 devstack@neutron-api.service[87753]: DEBUG ovsdbapp.backend.ovs_idl.transaction [-] Running txn n=1 command(idx=1): QoSDelCommand(_result=None, switch=neutron-89c07b9a-1cb1-480d-9b13-f7dd00edb815, conditions=[('direction', '=', 'to-lport'), ('priority', '=', 2002), ('match', '=', 'outport == "b5fa89ab-1470-4b2c-971f-8eb9310f15a2"')], if_exists=True) {{(pid=87753) do_commit /opt/stack/data/venv/lib/python3.12/site-packages/ovsdbapp/backend/ovs_idl/transaction.py:89}}
Jul 27 08:14:36.843478 np0000005885 devstack@neutron-api.service[87753]: DEBUG ovsdbapp.backend.ovs_idl.transaction [-] Running txn n=1 command(idx=2): QoSDelCommand(_result=None, switch=neutron-89c07b9a-1cb1-480d-9b13-f7dd00edb815, conditions=[('direction', '=', 'from-lport'), ('priority', '=', 2002), ('match', '=', 'inport == "b5fa89ab-1470-4b2c-971f-8eb9310f15a2"')], if_exists=True) {{(pid=87753) do_commit /opt/stack/data/venv/lib/python3.12/site-packages/ovsdbapp/backend/ovs_idl/transaction.py:89}}
Jul 27 08:14:36.843696 np0000005885 devstack@neutron-api.service[87753]: DEBUG ovsdbapp.backend.ovs_idl.transaction [-] Running txn n=1 command(idx=3): UpdateLSwitchPortQosOptionsCommand(_result=None, lport=AddLSwitchPortCommand(_result=19e9ea75-c264-4475-a811-b42a721a80ab, lport=b5fa89ab-1470-4b2c-971f-8eb9310f15a2, lswitch=neutron-89c07b9a-1cb1-480d-9b13-f7dd00edb815, may_exist=True, network_uuid=89c07b9a-1cb1-480d-9b13-f7dd00edb815, columns={'addresses': ['fa:16:3e:a1:5c:5d'], 'external_ids': {'neutron:port_name': '', 'neutron:device_id': 'ovnmeta-89c07b9a-1cb1-480d-9b13-f7dd00edb815', 'neutron:project_id': '9f3f81ec62ed49429223fd2a4306a206', 'neutron:cidrs': '', 'neutron:device_owner': 'network:distributed', 'neutron:subnet_pool_addr_scope4': '', 'neutron:subnet_pool_addr_scope6': '', 'neutron:network_name': 'neutron-89c07b9a-1cb1-480d-9b13-f7dd00edb815', 'neutron:security_group_ids': '', 'neutron:revision_number': '1', 'neutron:vnic_type': 'normal', 'neutron:port_capabilities': '', 'neutron:mtu': '1430'}, 'parent_name': [], 'enabled': True, 'options': {}, 'type': 'localport', 'port_security': [], 'tag_request': []}), if_exists=True, qos={'qos_max_rate': None, 'qos_burst': None, 'qos_min_rate': None}) {{(pid=87753) do_commit /opt/stack/data/venv/lib/python3.12/site-packages/ovsdbapp/backend/ovs_idl/transaction.py:89}}
Jul 27 08:14:36.847419 np0000005885 devstack@neutron-api.service[87751]: DEBUG neutron.plugins.ml2.drivers.ovn.mech_driver.ovsdb.ovsdb_monitor [-] Hash Ring: Node 55f8f3509e2b5c1b81ce9e543cdcaf66 (host: np0000005885) handling event "update" for row 89c07b9a-1cb1-480d-9b13-f7dd00edb815 (table: Logical_Switch) {{(pid=87751) notify /opt/stack/neutron/neutron/plugins/ml2/drivers/ovn/mech_driver/ovsdb/ovsdb_monitor.py:1013}}
Jul 27 08:14:36.847891 np0000005885 devstack@neutron-api.service[87751]: DEBUG neutron.plugins.ml2.drivers.ovn.mech_driver.ovsdb.ovsdb_monitor [-] Hash Ring: Node 55f8f3509e2b5c1b81ce9e543cdcaf66 (host: np0000005885) handling event "create" for row e4a3310a-f496-4110-b90c-cf41695640ce (table: Logical_Switch_Port) {{(pid=87751) notify /opt/stack/neutron/neutron/plugins/ml2/drivers/ovn/mech_driver/ovsdb/ovsdb_monitor.py:1013}}
Jul 27 08:14:36.849156 np0000005885 devstack@neutron-api.service[87751]: DEBUG ovsdbapp.backend.ovs_idl.event [-] Matched CREATE: LogicalSwitchPortCreateEvent(events=('create',), table='Logical_Switch_Port', conditions=[], old_conditions=None), priority=20 to row=Logical_Switch_Port(uuid=e4a3310a-f496-4110-b90c-cf41695640ce, addresses=['fa:16:3e:a1:5c:5d'], dhcpv4_options=[], dhcpv6_options=[], dynamic_addresses=[], enabled=True, external_ids={'neutron:cidrs': '', 'neutron:device_id': 'ovnmeta-89c07b9a-1cb1-480d-9b13-f7dd00edb815', 'neutron:device_owner': 'network:distributed', 'neutron:mtu': '1430', 'neutron:network_name': 'neutron-89c07b9a-1cb1-480d-9b13-f7dd00edb815', 'neutron:port_capabilities': '', 'neutron:port_name': '', 'neutron:project_id': '9f3f81ec62ed49429223fd2a4306a206', 'neutron:revision_number': '1', 'neutron:security_group_ids': '', 'neutron:subnet_pool_addr_scope4': '', 'neutron:subnet_pool_addr_scope6': '', 'neutron:vnic_type': 'normal'}, ha_chassis_group=[], mirror_rules=[], name='b5fa89ab-1470-4b2c-971f-8eb9310f15a2', options={}, parent_name=[], port_security=[], tag=[], tag_request=[], type='localport', up=[]) old= {{(pid=87751) matches /opt/stack/data/venv/lib/python3.12/site-packages/ovsdbapp/backend/ovs_idl/event.py:55}}
Jul 27 08:14:36.850808 np0000005885 devstack@neutron-api.service[87751]: INFO neutron.plugins.ml2.drivers.ovn.mech_driver.mech_driver [None req-09fa9c49-4555-463a-85d7-566d978a5079 None None] OVN reports status down for port: b5fa89ab-1470-4b2c-971f-8eb9310f15a2
Jul 27 08:14:36.851573 np0000005885 devstack@neutron-api.service[87751]: DEBUG neutron.plugins.ml2.drivers.ovn.mech_driver.ovsdb.ovsdb_monitor [-] Hash Ring: Node 55f8f3509e2b5c1b81ce9e543cdcaf66 (host: np0000005885) handling event "update" for row e4a3310a-f496-4110-b90c-cf41695640ce (table: Logical_Switch_Port) {{(pid=87751) notify /opt/stack/neutron/neutron/plugins/ml2/drivers/ovn/mech_driver/ovsdb/ovsdb_monitor.py:1013}}
Jul 27 08:14:36.852778 np0000005885 devstack@neutron-api.service[87751]: DEBUG neutron.plugins.ml2.drivers.ovn.mech_driver.ovsdb.ovsdb_monitor [-] Hash Ring: Node 55f8f3509e2b5c1b81ce9e543cdcaf66 (host: np0000005885) handling event "create" for row 2bcc1515-0922-4210-8a7c-27946fb1843a (table: Port_Binding) {{(pid=87751) notify /opt/stack/neutron/neutron/plugins/ml2/drivers/ovn/mech_driver/ovsdb/ovsdb_monitor.py:1013}}
Jul 27 08:14:36.853919 np0000005885 devstack@neutron-api.service[87752]: DEBUG neutron.plugins.ml2.drivers.ovn.mech_driver.ovsdb.ovsdb_monitor [-] Hash Ring: Node f21750904ca5547f986c289077051137 (host: np0000005885) handling event "create" for row 2bcc1515-0922-4210-8a7c-27946fb1843a (table: Port_Binding) {{(pid=87752) notify /opt/stack/neutron/neutron/plugins/ml2/drivers/ovn/mech_driver/ovsdb/ovsdb_monitor.py:1013}}
Jul 27 08:14:36.872804 np0000005885 devstack@neutron-api.service[87751]: DEBUG neutron.db.provisioning_blocks [None req-09fa9c49-4555-463a-85d7-566d978a5079 None None] Transition to ACTIVE for port object b5fa89ab-1470-4b2c-971f-8eb9310f15a2 will not be triggered until provisioned by entity L2. {{(pid=87751) add_provisioning_component /opt/stack/neutron/neutron/db/provisioning_blocks.py:74}}
Jul 27 08:14:36.888758 np0000005885 devstack@neutron-api.service[87753]: INFO neutron.db.ovn_revision_numbers_db [None req-e178ceaa-c25c-45a3-9b34-7f6b3b6d0a91 admin admin] Successfully bumped revision number for resource b5fa89ab-1470-4b2c-971f-8eb9310f15a2 (type: ports) to 1
Jul 27 08:14:36.892649 np0000005885 devstack@neutron-api.service[87751]: DEBUG neutron.plugins.ml2.plugin [None req-09fa9c49-4555-463a-85d7-566d978a5079 None None] Current status of the port b5fa89ab-1470-4b2c-971f-8eb9310f15a2 is: DOWN; New status is: DOWN {{(pid=87751) _update_individual_port_db_status /opt/stack/neutron/neutron/plugins/ml2/plugin.py:2473}}
Jul 27 08:14:36.893643 np0000005885 devstack@neutron-api.service[87751]: DEBUG ovsdbapp.backend.ovs_idl.transaction [-] Running txn n=1 command(idx=0): DbRemoveCommand(_result=None, table=Logical_Switch_Port, record=b5fa89ab-1470-4b2c-971f-8eb9310f15a2, column=external_ids, values=('neutron:host_id',), keyvalues={}, if_exists=True) {{(pid=87751) do_commit /opt/stack/data/venv/lib/python3.12/site-packages/ovsdbapp/backend/ovs_idl/transaction.py:89}}
Jul 27 08:14:36.899669 np0000005885 devstack@neutron-api.service[87753]: DEBUG neutron.pecan_wsgi.hooks.policy_enforcement [None req-e178ceaa-c25c-45a3-9b34-7f6b3b6d0a91 admin admin] Attributes excluded by policy engine: ['standard_attr_id'] {{(pid=87753) _exclude_attributes_by_policy /opt/stack/neutron/neutron/pecan_wsgi/hooks/policy_enforcement.py:259}}
Jul 27 08:14:36.899976 np0000005885 devstack@neutron-api.service[87753]: DEBUG neutron_lib.callbacks.manager [None req-e178ceaa-c25c-45a3-9b34-7f6b3b6d0a91 admin admin] Publish callbacks [] for network (None), before_response {{(pid=87753) _notify_loop /opt/stack/data/venv/lib/python3.12/site-packages/neutron_lib/callbacks/manager.py:184}}
Jul 27 08:14:36.912354 np0000005885 devstack@neutron-api.service[87753]: [pid: 87753|app: 0|req: 5/16] 10.4.3.103 () {68 vars in 1327 bytes} [Mon Jul 27 08:14:36 2026] POST /networking/v2.0/networks => generated 679 bytes in 724 msecs (HTTP/1.1 201) 4 headers in 162 bytes (1 switches on core 0)
Jul 27 08:14:37.135335 np0000005885 devstack@neutron-api.service[87751]: DEBUG neutron.pecan_wsgi.hooks.policy_enforcement [None req-fcdf883d-622b-428a-89f7-1a1e14186a20 admin admin] Attributes excluded by policy engine: ['standard_attr_id', 'shared'] {{(pid=87751) _exclude_attributes_by_policy /opt/stack/neutron/neutron/pecan_wsgi/hooks/policy_enforcement.py:259}}
Jul 27 08:14:37.136365 np0000005885 devstack@neutron-api.service[87751]: [pid: 87751|app: 0|req: 7/17] 10.4.3.103 () {64 vars in 1381 bytes} [Mon Jul 27 08:14:37 2026] GET /networking/v2.0/subnets/ca3758c5-1067-482d-971c-027ad861b7fd => generated 666 bytes in 17 msecs (HTTP/1.1 200) 4 headers in 157 bytes (1 switches on core 0)
Jul 27 08:14:37.146158 np0000005885 devstack@neutron-api.service[87752]: DEBUG neutron.api.wsgi [None req-5bc50723-6969-432e-bc67-75ee0bf7777a admin admin] Missing Content-Type {{(pid=87752) get_content_type /opt/stack/neutron/neutron/api/wsgi.py:80}}
Jul 27 08:14:37.422364 np0000005885 devstack@neutron-api.service[87752]: [pid: 87752|app: 0|req: 6/18] 10.4.3.103 () {64 vars in 1381 bytes} [Mon Jul 27 08:14:37 2026] GET /networking/v2.0/routers/f55df84c-972d-442c-8578-8b0d3cc45b62 => generated 599 bytes in 278 msecs (HTTP/1.1 200) 4 headers in 157 bytes (1 switches on core 0)
Jul 27 08:14:37.564514 np0000005885 devstack@neutron-api.service[87753]: DEBUG neutron_lib.callbacks.manager [None req-2568546e-b698-4541-b7ea-e68075d55285 admin admin] Publish callbacks ['neutron.plugins.ml2.plugin.SecurityGroupDbMixin._ensure_default_security_group_handler-3176254'] for port (None), before_create {{(pid=87753) _notify_loop /opt/stack/data/venv/lib/python3.12/site-packages/neutron_lib/callbacks/manager.py:184}}
Jul 27 08:14:37.660944 np0000005885 devstack@neutron-api.service[87753]: DEBUG neutron.db.db_base_plugin_common [None req-2568546e-b698-4541-b7ea-e68075d55285 admin admin] Allocated IP 10.1.0.1 (b7ad3cbd-2aad-4ddc-84b5-ab3377880a8e/ca3758c5-1067-482d-971c-027ad861b7fd/d56968be-0efc-4d5d-a19f-8f7bfa8a8242) {{(pid=87753) _store_ip_allocation /opt/stack/neutron/neutron/db/db_base_plugin_common.py:131}}
Jul 27 08:14:37.714245 np0000005885 devstack@neutron-api.service[87753]: DEBUG neutron_lib.callbacks.manager [None req-2568546e-b698-4541-b7ea-e68075d55285 admin admin] Publish callbacks ['neutron.plugins.ml2.drivers.ovn.mech_driver.mech_driver.OVNMechanismDriver._validate_allowed_address_pairs-1936431'] for allowed_address_pair (d56968be-0efc-4d5d-a19f-8f7bfa8a8242), before_create {{(pid=87753) _notify_loop /opt/stack/data/venv/lib/python3.12/site-packages/neutron_lib/callbacks/manager.py:184}}
Jul 27 08:14:37.714784 np0000005885 devstack@neutron-api.service[87753]: DEBUG neutron_lib.callbacks.manager [None req-2568546e-b698-4541-b7ea-e68075d55285 admin admin] Publish callbacks [] for port (d56968be-0efc-4d5d-a19f-8f7bfa8a8242), precommit_create {{(pid=87753) _notify_loop /opt/stack/data/venv/lib/python3.12/site-packages/neutron_lib/callbacks/manager.py:184}}
Jul 27 08:14:37.714950 np0000005885 devstack@neutron-api.service[87753]: DEBUG neutron.plugins.ml2.drivers.ovn.mech_driver.mech_driver [None req-2568546e-b698-4541-b7ea-e68075d55285 admin admin] No provisioning block for port d56968be-0efc-4d5d-a19f-8f7bfa8a8242 since it does not have a host {{(pid=87753) _is_port_provisioning_required /opt/stack/neutron/neutron/plugins/ml2/drivers/ovn/mech_driver/mech_driver.py:899}}
Jul 27 08:14:37.715057 np0000005885 devstack@neutron-api.service[87753]: DEBUG neutron.db.ovn_revision_numbers_db [None req-2568546e-b698-4541-b7ea-e68075d55285 admin admin] create_initial_revision uuid=d56968be-0efc-4d5d-a19f-8f7bfa8a8242, type=ports, rev=-1 {{(pid=87753) create_initial_revision /opt/stack/neutron/neutron/db/ovn_revision_numbers_db.py:98}}
Jul 27 08:14:37.771893 np0000005885 devstack@neutron-api.service[87753]: DEBUG neutron.db.ovn_revision_numbers_db [None req-2568546e-b698-4541-b7ea-e68075d55285 admin admin] create_initial_revision uuid=d56968be-0efc-4d5d-a19f-8f7bfa8a8242, type=router_ports, rev=-1 {{(pid=87753) create_initial_revision /opt/stack/neutron/neutron/db/ovn_revision_numbers_db.py:98}}
Jul 27 08:14:37.793764 np0000005885 devstack@neutron-api.service[87753]: DEBUG neutron_lib.callbacks.manager [None req-2568546e-b698-4541-b7ea-e68075d55285 admin admin] Publish callbacks ['neutron.plugins.ml2.ovo_rpc._ObjectChangeHandler.handle_event-15113620'] for port (d56968be-0efc-4d5d-a19f-8f7bfa8a8242), after_create {{(pid=87753) _notify_loop /opt/stack/data/venv/lib/python3.12/site-packages/neutron_lib/callbacks/manager.py:184}}
Jul 27 08:14:37.813052 np0000005885 devstack@neutron-api.service[87753]: DEBUG neutron.api.rpc.handlers.resources_rpc [None req-2568546e-b698-4541-b7ea-e68075d55285 admin admin] Pushing event updated for resources: {'Port': ['ID=d56968be-0efc-4d5d-a19f-8f7bfa8a8242,revision_number=1']} {{(pid=87753) push /opt/stack/neutron/neutron/api/rpc/handlers/resources_rpc.py:237}}
Jul 27 08:14:37.861853 np0000005885 devstack@neutron-api.service[87753]: DEBUG neutron.plugins.ml2.drivers.ovn.mech_driver.ovsdb.commands [None req-2568546e-b698-4541-b7ea-e68075d55285 admin admin] Converting tag [] to a tag_request {{(pid=87753) _tag_column_to_tag_request /opt/stack/neutron/neutron/plugins/ml2/drivers/ovn/mech_driver/ovsdb/commands.py:205}}
Jul 27 08:14:37.862617 np0000005885 devstack@neutron-api.service[87753]: DEBUG ovsdbapp.backend.ovs_idl.transaction [-] Running txn n=1 command(idx=0): AddLSwitchPortCommand(_result=None, lport=d56968be-0efc-4d5d-a19f-8f7bfa8a8242, lswitch=neutron-b7ad3cbd-2aad-4ddc-84b5-ab3377880a8e, may_exist=True, network_uuid=b7ad3cbd-2aad-4ddc-84b5-ab3377880a8e, columns={'addresses': ['unknown'], 'external_ids': {'neutron:port_name': '', 'neutron:device_id': 'f55df84c-972d-442c-8578-8b0d3cc45b62', 'neutron:project_id': '9f3f81ec62ed49429223fd2a4306a206', 'neutron:cidrs': '10.1.0.1/26', 'neutron:device_owner': 'network:router_interface', 'neutron:subnet_pool_addr_scope4': '', 'neutron:subnet_pool_addr_scope6': '', 'neutron:network_name': 'neutron-b7ad3cbd-2aad-4ddc-84b5-ab3377880a8e', 'neutron:security_group_ids': '', 'neutron:revision_number': '1', 'neutron:vnic_type': 'normal', 'neutron:port_capabilities': '', 'neutron:mtu': ''}, 'parent_name': [], 'enabled': True, 'options': {}, 'type': '', 'port_security': [], 'dhcpv4_options': [], 'dhcpv6_options': [], 'tag_request': []}) {{(pid=87753) do_commit /opt/stack/data/venv/lib/python3.12/site-packages/ovsdbapp/backend/ovs_idl/transaction.py:89}}
Jul 27 08:14:37.863090 np0000005885 devstack@neutron-api.service[87753]: DEBUG ovsdbapp.backend.ovs_idl.transaction [-] Running txn n=1 command(idx=1): QoSDelCommand(_result=None, switch=neutron-b7ad3cbd-2aad-4ddc-84b5-ab3377880a8e, conditions=[('direction', '=', 'to-lport'), ('priority', '=', 2002), ('match', '=', 'outport == "d56968be-0efc-4d5d-a19f-8f7bfa8a8242"')], if_exists=True) {{(pid=87753) do_commit /opt/stack/data/venv/lib/python3.12/site-packages/ovsdbapp/backend/ovs_idl/transaction.py:89}}
Jul 27 08:14:37.863279 np0000005885 devstack@neutron-api.service[87753]: DEBUG ovsdbapp.backend.ovs_idl.transaction [-] Running txn n=1 command(idx=2): QoSDelCommand(_result=None, switch=neutron-b7ad3cbd-2aad-4ddc-84b5-ab3377880a8e, conditions=[('direction', '=', 'from-lport'), ('priority', '=', 2002), ('match', '=', 'inport == "d56968be-0efc-4d5d-a19f-8f7bfa8a8242"')], if_exists=True) {{(pid=87753) do_commit /opt/stack/data/venv/lib/python3.12/site-packages/ovsdbapp/backend/ovs_idl/transaction.py:89}}
