Jul 27 08:16:58.883981 np0000005885 devstack@neutron-api.service[87753]: INFO neutron.db.ovn_revision_numbers_db [None req-3131a477-cd97-40a6-9ca6-f31e1cbc600d admin admin] Successfully bumped revision number for resource 6cb1746c-ee57-483d-a89d-ee313d1f890d (type: security_group_rules) to 0
Jul 27 08:16:58.895734 np0000005885 devstack@neutron-api.service[87753]: INFO neutron.db.ovn_revision_numbers_db [None req-3131a477-cd97-40a6-9ca6-f31e1cbc600d admin admin] Successfully bumped revision number for resource e2414b7c-5e1e-404f-8e7a-d37020bae8bb (type: security_group_rules) to 0
Jul 27 08:16:58.909616 np0000005885 devstack@neutron-api.service[87753]: INFO neutron.db.ovn_revision_numbers_db [None req-3131a477-cd97-40a6-9ca6-f31e1cbc600d admin admin] Successfully bumped revision number for resource e3911e5e-aeb7-4858-8ed0-11c6e8ac2c61 (type: security_group_rules) to 0
Jul 27 08:16:58.927809 np0000005885 devstack@neutron-api.service[87751]: DEBUG neutron.db.provisioning_blocks [None req-86c0de23-c02e-4473-bafe-9047c1beb456 None None] Transition to ACTIVE for port object 2fea3bbc-c7c1-4c19-8a12-62cb76ff2c44 will not be triggered until provisioned by entity L2. {{(pid=87751) add_provisioning_component /opt/stack/neutron/neutron/db/provisioning_blocks.py:74}}
Jul 27 08:16:58.936250 np0000005885 devstack@neutron-api.service[87753]: DEBUG neutron.api.rpc.handlers.resources_rpc [None req-3131a477-cd97-40a6-9ca6-f31e1cbc600d admin admin] Pushing event updated for resources: {'SecurityGroup': ['ID=96ece001-9910-460b-8ad9-08a80d9cd1bf,revision_number=1']} {{(pid=87753) push /opt/stack/neutron/neutron/api/rpc/handlers/resources_rpc.py:237}}
Jul 27 08:16:58.940056 np0000005885 devstack@neutron-api.service[87751]: INFO neutron.db.ovn_revision_numbers_db [None req-b118f533-c12d-4178-83d3-e9f16f9bba35 admin admin] Successfully bumped revision number for resource 2fea3bbc-c7c1-4c19-8a12-62cb76ff2c44 (type: ports) to 1
Jul 27 08:16:58.943129 np0000005885 devstack@neutron-api.service[87753]: DEBUG neutron.api.rpc.callbacks.version_manager [None req-3131a477-cd97-40a6-9ca6-f31e1cbc600d admin admin] Tracked resource versions report:
Jul 27 08:16:58.943129 np0000005885 devstack@neutron-api.service[87753]: pushed versions:
Jul 27 08:16:58.943129 np0000005885 devstack@neutron-api.service[87753]: { 'AddressGroup': {'1.2'},
Jul 27 08:16:58.943129 np0000005885 devstack@neutron-api.service[87753]: 'Agent': {'1.1'},
Jul 27 08:16:58.943129 np0000005885 devstack@neutron-api.service[87753]: 'ConntrackHelper': {'1.0'},
Jul 27 08:16:58.943129 np0000005885 devstack@neutron-api.service[87753]: 'LocalIPAssociation': {'1.0'},
Jul 27 08:16:58.943129 np0000005885 devstack@neutron-api.service[87753]: 'Log': {'1.0'},
Jul 27 08:16:58.943129 np0000005885 devstack@neutron-api.service[87753]: 'NDPProxy': {'1.0'},
Jul 27 08:16:58.943129 np0000005885 devstack@neutron-api.service[87753]: 'Network': {'1.3'},
Jul 27 08:16:58.943129 np0000005885 devstack@neutron-api.service[87753]: 'Port': {'1.11'},
Jul 27 08:16:58.943129 np0000005885 devstack@neutron-api.service[87753]: 'PortForwarding': {'1.3'},
Jul 27 08:16:58.943129 np0000005885 devstack@neutron-api.service[87753]: 'QosPolicy': {'1.10'},
Jul 27 08:16:58.943129 np0000005885 devstack@neutron-api.service[87753]: 'SecurityGroup': {'1.6'},
Jul 27 08:16:58.943129 np0000005885 devstack@neutron-api.service[87753]: 'SecurityGroupRule': {'1.3'},
Jul 27 08:16:58.943129 np0000005885 devstack@neutron-api.service[87753]: 'SubPort': {'1.0'},
Jul 27 08:16:58.943129 np0000005885 devstack@neutron-api.service[87753]: 'Subnet': {'1.2'},
Jul 27 08:16:58.943129 np0000005885 devstack@neutron-api.service[87753]: 'Trunk': {'1.1'}}
Jul 27 08:16:58.943129 np0000005885 devstack@neutron-api.service[87753]: consumer versions:
Jul 27 08:16:58.943129 np0000005885 devstack@neutron-api.service[87753]: { OVN Controller Gateway agent@np0000005885: {},
Jul 27 08:16:58.943129 np0000005885 devstack@neutron-api.service[87753]: OVN Neutron agent@np0000005885: {}}
Jul 27 08:16:58.943129 np0000005885 devstack@neutron-api.service[87753]: {{(pid=87753) report /opt/stack/neutron/neutron/api/rpc/callbacks/version_manager.py:183}}
Jul 27 08:16:58.948568 np0000005885 devstack@neutron-api.service[87752]: DEBUG neutron_lib.callbacks.manager [None req-bd02c35e-2e3d-4176-aef5-fbedf99bd914 admin admin] Publish callbacks ['neutron.plugins.ml2.drivers.ovn.mech_driver.mech_driver.OVNMechanismDriver._validate_allowed_address_pairs-1906553'] for allowed_address_pair (c3724c29-4fab-456a-a2a9-ae230a3f0fff), before_create {{(pid=87752) _notify_loop /opt/stack/data/venv/lib/python3.12/site-packages/neutron_lib/callbacks/manager.py:184}}
Jul 27 08:16:58.949249 np0000005885 devstack@neutron-api.service[87752]: DEBUG neutron_lib.callbacks.manager [None req-bd02c35e-2e3d-4176-aef5-fbedf99bd914 admin admin] Publish callbacks [] for port (c3724c29-4fab-456a-a2a9-ae230a3f0fff), precommit_create {{(pid=87752) _notify_loop /opt/stack/data/venv/lib/python3.12/site-packages/neutron_lib/callbacks/manager.py:184}}
Jul 27 08:16:58.949442 np0000005885 devstack@neutron-api.service[87752]: DEBUG neutron.plugins.ml2.drivers.ovn.mech_driver.mech_driver [None req-bd02c35e-2e3d-4176-aef5-fbedf99bd914 admin admin] No provisioning block for port c3724c29-4fab-456a-a2a9-ae230a3f0fff since it does not have a host {{(pid=87752) _is_port_provisioning_required /opt/stack/neutron/neutron/plugins/ml2/drivers/ovn/mech_driver/mech_driver.py:899}}
Jul 27 08:16:58.949615 np0000005885 devstack@neutron-api.service[87752]: DEBUG neutron.db.ovn_revision_numbers_db [None req-bd02c35e-2e3d-4176-aef5-fbedf99bd914 admin admin] create_initial_revision uuid=c3724c29-4fab-456a-a2a9-ae230a3f0fff, type=ports, rev=-1 {{(pid=87752) create_initial_revision /opt/stack/neutron/neutron/db/ovn_revision_numbers_db.py:98}}
Jul 27 08:16:58.971086 np0000005885 devstack@neutron-api.service[87751]: DEBUG neutron.pecan_wsgi.hooks.policy_enforcement [None req-b118f533-c12d-4178-83d3-e9f16f9bba35 admin admin] Attributes excluded by policy engine: ['standard_attr_id'] {{(pid=87751) _exclude_attributes_by_policy /opt/stack/neutron/neutron/pecan_wsgi/hooks/policy_enforcement.py:259}}
Jul 27 08:16:58.971473 np0000005885 devstack@neutron-api.service[87751]: DEBUG neutron_lib.callbacks.manager [None req-b118f533-c12d-4178-83d3-e9f16f9bba35 admin admin] Publish callbacks [] for network (None), before_response {{(pid=87751) _notify_loop /opt/stack/data/venv/lib/python3.12/site-packages/neutron_lib/callbacks/manager.py:184}}
Jul 27 08:16:58.982841 np0000005885 devstack@neutron-api.service[87753]: DEBUG neutron.plugins.ml2.drivers.helpers [None req-3131a477-cd97-40a6-9ca6-f31e1cbc600d admin admin] geneve segment allocate from pool success with {'geneve_vni': 42289} {{(pid=87753) allocate_partially_specified_segment /opt/stack/neutron/neutron/plugins/ml2/drivers/helpers.py:142}}
Jul 27 08:16:58.985140 np0000005885 devstack@neutron-api.service[87751]: DEBUG neutron.plugins.ml2.plugin [None req-86c0de23-c02e-4473-bafe-9047c1beb456 None None] Current status of the port 2fea3bbc-c7c1-4c19-8a12-62cb76ff2c44 is: DOWN; New status is: DOWN {{(pid=87751) _update_individual_port_db_status /opt/stack/neutron/neutron/plugins/ml2/plugin.py:2473}}
Jul 27 08:16:58.986367 np0000005885 devstack@neutron-api.service[87751]: DEBUG ovsdbapp.backend.ovs_idl.transaction [None req-77a571ca-f747-4417-86a9-369a5f4a2322 None None] Running txn n=1 command(idx=0): DbRemoveCommand(_result=None, table=Logical_Switch_Port, record=2fea3bbc-c7c1-4c19-8a12-62cb76ff2c44, column=external_ids, values=('neutron:host_id',), keyvalues={}, if_exists=True) {{(pid=87751) do_commit /opt/stack/data/venv/lib/python3.12/site-packages/ovsdbapp/backend/ovs_idl/transaction.py:89}}
Jul 27 08:16:58.988872 np0000005885 devstack@neutron-api.service[87753]: DEBUG neutron_lib.callbacks.manager [None req-3131a477-cd97-40a6-9ca6-f31e1cbc600d admin admin] Publish callbacks ['neutron.plugins.ml2.plugin.Ml2Plugin._handle_segment_change-3445642'] for segment (a29e43c3-fb78-41a9-a10c-bdb52aa4d970), precommit_create {{(pid=87753) _notify_loop /opt/stack/data/venv/lib/python3.12/site-packages/neutron_lib/callbacks/manager.py:184}}
Jul 27 08:16:58.989014 np0000005885 devstack@neutron-api.service[87753]: INFO neutron.db.segments_db [None req-3131a477-cd97-40a6-9ca6-f31e1cbc600d admin admin] Added segment a29e43c3-fb78-41a9-a10c-bdb52aa4d970 of type geneve for network 1beabe6d-50df-42b1-97a3-7889fa6a89aa
Jul 27 08:16:58.993324 np0000005885 devstack@neutron-api.service[87751]: [pid: 87751|app: 0|req: 16/44] 10.4.3.103 () {68 vars in 1277 bytes} [Mon Jul 27 08:16:57 2026] POST /networking/v2.0/networks => generated 724 bytes in 1030 msecs (HTTP/1.1 201) 4 headers in 162 bytes (1 switches on core 0)
Jul 27 08:16:58.994807 np0000005885 devstack@neutron-api.service[87752]: DEBUG neutron_lib.callbacks.manager [None req-bd02c35e-2e3d-4176-aef5-fbedf99bd914 admin admin] Publish callbacks ['neutron.plugins.ml2.ovo_rpc._ObjectChangeHandler.handle_event-15342090'] for port (c3724c29-4fab-456a-a2a9-ae230a3f0fff), after_create {{(pid=87752) _notify_loop /opt/stack/data/venv/lib/python3.12/site-packages/neutron_lib/callbacks/manager.py:184}}
Jul 27 08:16:59.002034 np0000005885 devstack@neutron-api.service[87753]: DEBUG neutron_lib.callbacks.manager [None req-3131a477-cd97-40a6-9ca6-f31e1cbc600d admin admin] Publish callbacks ['neutron.services.auto_allocate.db._ensure_external_network_default_value_callback-8267836507480'] for network (1beabe6d-50df-42b1-97a3-7889fa6a89aa), precommit_create {{(pid=87753) _notify_loop /opt/stack/data/venv/lib/python3.12/site-packages/neutron_lib/callbacks/manager.py:184}}
Jul 27 08:16:59.011770 np0000005885 devstack@neutron-api.service[87753]: DEBUG neutron.plugins.ml2.drivers.ovn.mech_driver.mech_driver [None req-3131a477-cd97-40a6-9ca6-f31e1cbc600d admin admin] Validating network segment with type geneve, segmentation ID 42289, physical network None {{(pid=87753) _validate_network_segments /opt/stack/neutron/neutron/plugins/ml2/drivers/ovn/mech_driver/mech_driver.py:646}}
Jul 27 08:16:59.011885 np0000005885 devstack@neutron-api.service[87753]: DEBUG neutron.db.ovn_revision_numbers_db [None req-3131a477-cd97-40a6-9ca6-f31e1cbc600d admin admin] create_initial_revision uuid=1beabe6d-50df-42b1-97a3-7889fa6a89aa, type=networks, rev=-1 {{(pid=87753) create_initial_revision /opt/stack/neutron/neutron/db/ovn_revision_numbers_db.py:98}}
Jul 27 08:16:59.022799 np0000005885 devstack@neutron-api.service[87753]: DEBUG neutron_lib.callbacks.manager [None req-3131a477-cd97-40a6-9ca6-f31e1cbc600d admin admin] Publish callbacks ['neutron.plugins.ml2.ovo_rpc._ObjectChangeHandler.handle_event-15113630'] for network (1beabe6d-50df-42b1-97a3-7889fa6a89aa), after_create {{(pid=87753) _notify_loop /opt/stack/data/venv/lib/python3.12/site-packages/neutron_lib/callbacks/manager.py:184}}
Jul 27 08:16:59.025124 np0000005885 devstack@neutron-api.service[87752]: DEBUG neutron.api.rpc.handlers.resources_rpc [None req-bd02c35e-2e3d-4176-aef5-fbedf99bd914 admin admin] Pushing event updated for resources: {'Port': ['ID=c3724c29-4fab-456a-a2a9-ae230a3f0fff,revision_number=1']} {{(pid=87752) push /opt/stack/neutron/neutron/api/rpc/handlers/resources_rpc.py:237}}
Jul 27 08:16:59.036849 np0000005885 devstack@neutron-api.service[87753]: DEBUG neutron.api.rpc.handlers.resources_rpc [None req-3131a477-cd97-40a6-9ca6-f31e1cbc600d admin admin] Pushing event updated for resources: {'Network': ['ID=1beabe6d-50df-42b1-97a3-7889fa6a89aa,revision_number=1']} {{(pid=87753) push /opt/stack/neutron/neutron/api/rpc/handlers/resources_rpc.py:237}}
Jul 27 08:16:59.037623 np0000005885 devstack@neutron-api.service[87752]: DEBUG neutron.plugins.ml2.drivers.ovn.mech_driver.ovsdb.commands [None req-bd02c35e-2e3d-4176-aef5-fbedf99bd914 admin admin] Converting tag [] to a tag_request {{(pid=87752) _tag_column_to_tag_request /opt/stack/neutron/neutron/plugins/ml2/drivers/ovn/mech_driver/ovsdb/commands.py:205}}
Jul 27 08:16:59.038174 np0000005885 devstack@neutron-api.service[87752]: DEBUG ovsdbapp.backend.ovs_idl.transaction [None req-b29ac0e4-2ef1-4927-8e70-4da9ac403948 None None] Running txn n=1 command(idx=0): AddLSwitchPortCommand(_result=None, lport=c3724c29-4fab-456a-a2a9-ae230a3f0fff, lswitch=neutron-ce39cb85-89ac-437c-89aa-11c43c457b6b, may_exist=True, network_uuid=ce39cb85-89ac-437c-89aa-11c43c457b6b, columns={'addresses': ['fa:16:3e:8f:fc:6c'], 'external_ids': {'neutron:port_name': '', 'neutron:device_id': 'ovnmeta-ce39cb85-89ac-437c-89aa-11c43c457b6b', 'neutron:project_id': '9be9079646844b55a8a13eda5f055cba', 'neutron:cidrs': '', 'neutron:device_owner': 'network:distributed', 'neutron:subnet_pool_addr_scope4': '', 'neutron:subnet_pool_addr_scope6': '', 'neutron:network_name': 'neutron-ce39cb85-89ac-437c-89aa-11c43c457b6b', 'neutron:security_group_ids': '', 'neutron:revision_number': '1', 'neutron:vnic_type': 'normal', 'neutron:port_capabilities': '', 'neutron:mtu': '1372'}, 'parent_name': [], 'enabled': True, 'options': {}, 'type': 'localport', 'port_security': [], 'dhcpv4_options': [], 'dhcpv6_options': [], 'tag_request': []}) {{(pid=87752) do_commit /opt/stack/data/venv/lib/python3.12/site-packages/ovsdbapp/backend/ovs_idl/transaction.py:89}}
Jul 27 08:16:59.038647 np0000005885 devstack@neutron-api.service[87752]: DEBUG ovsdbapp.backend.ovs_idl.transaction [None req-b29ac0e4-2ef1-4927-8e70-4da9ac403948 None None] Running txn n=1 command(idx=1): QoSDelCommand(_result=None, switch=neutron-ce39cb85-89ac-437c-89aa-11c43c457b6b, conditions=[('direction', '=', 'to-lport'), ('priority', '=', 2002), ('match', '=', 'outport == "c3724c29-4fab-456a-a2a9-ae230a3f0fff"')], if_exists=True) {{(pid=87752) do_commit /opt/stack/data/venv/lib/python3.12/site-packages/ovsdbapp/backend/ovs_idl/transaction.py:89}}
Jul 27 08:16:59.038803 np0000005885 devstack@neutron-api.service[87752]: DEBUG ovsdbapp.backend.ovs_idl.transaction [None req-b29ac0e4-2ef1-4927-8e70-4da9ac403948 None None] Running txn n=1 command(idx=2): QoSDelCommand(_result=None, switch=neutron-ce39cb85-89ac-437c-89aa-11c43c457b6b, conditions=[('direction', '=', 'from-lport'), ('priority', '=', 2002), ('match', '=', 'inport == "c3724c29-4fab-456a-a2a9-ae230a3f0fff"')], if_exists=True) {{(pid=87752) do_commit /opt/stack/data/venv/lib/python3.12/site-packages/ovsdbapp/backend/ovs_idl/transaction.py:89}}
Jul 27 08:16:59.043736 np0000005885 devstack@neutron-api.service[87751]: DEBUG neutron.plugins.ml2.drivers.ovn.mech_driver.ovsdb.ovsdb_monitor [None req-77a571ca-f747-4417-86a9-369a5f4a2322 None None] Hash Ring: Node 55f8f3509e2b5c1b81ce9e543cdcaf66 (host: np0000005885) handling event "update" for row ce39cb85-89ac-437c-89aa-11c43c457b6b (table: Logical_Switch) {{(pid=87751) notify /opt/stack/neutron/neutron/plugins/ml2/drivers/ovn/mech_driver/ovsdb/ovsdb_monitor.py:1013}}
Jul 27 08:16:59.047454 np0000005885 devstack@neutron-api.service[87753]: DEBUG neutron.plugins.ml2.drivers.ovn.mech_driver.ovsdb.ovsdb_monitor [None req-7ece3ffc-026a-4b42-904b-2c2d644e3c8c None None] Hash Ring: Node 7b76a7bb012d55c581cd705614592176 (host: np0000005885) handling event "create" for row 2c0df9a1-270b-4e59-bd8f-20117e97f0d8 (table: Logical_Switch_Port) {{(pid=87753) notify /opt/stack/neutron/neutron/plugins/ml2/drivers/ovn/mech_driver/ovsdb/ovsdb_monitor.py:1013}}
Jul 27 08:16:59.049250 np0000005885 devstack@neutron-api.service[87753]: DEBUG ovsdbapp.backend.ovs_idl.event [None req-7ece3ffc-026a-4b42-904b-2c2d644e3c8c None None] Matched CREATE: LogicalSwitchPortCreateEvent(events=('create',), table='Logical_Switch_Port', conditions=[], old_conditions=None), priority=20 to row=Logical_Switch_Port(uuid=2c0df9a1-270b-4e59-bd8f-20117e97f0d8, addresses=['fa:16:3e:8f:fc:6c'], dhcpv4_options=[], dhcpv6_options=[], dynamic_addresses=[], enabled=True, external_ids={'neutron:cidrs': '', 'neutron:device_id': 'ovnmeta-ce39cb85-89ac-437c-89aa-11c43c457b6b', 'neutron:device_owner': 'network:distributed', 'neutron:mtu': '1372', 'neutron:network_name': 'neutron-ce39cb85-89ac-437c-89aa-11c43c457b6b', 'neutron:port_capabilities': '', 'neutron:port_name': '', 'neutron:project_id': '9be9079646844b55a8a13eda5f055cba', 'neutron:revision_number': '1', 'neutron:security_group_ids': '', 'neutron:subnet_pool_addr_scope4': '', 'neutron:subnet_pool_addr_scope6': '', 'neutron:vnic_type': 'normal'}, ha_chassis_group=[], mirror_rules=[], name='c3724c29-4fab-456a-a2a9-ae230a3f0fff', options={}, parent_name=[], port_security=[], tag=[], tag_request=[], type='localport', up=[]) old= {{(pid=87753) matches /opt/stack/data/venv/lib/python3.12/site-packages/ovsdbapp/backend/ovs_idl/event.py:55}}
Jul 27 08:16:59.052009 np0000005885 devstack@neutron-api.service[87753]: INFO neutron.plugins.ml2.drivers.ovn.mech_driver.mech_driver [None req-fd88085e-a06f-4114-910f-230d26f86c1f None None] OVN reports status down for port: c3724c29-4fab-456a-a2a9-ae230a3f0fff
Jul 27 08:16:59.053150 np0000005885 devstack@neutron-api.service[87753]: DEBUG neutron.plugins.ml2.drivers.ovn.mech_driver.ovsdb.ovsdb_monitor [None req-7ece3ffc-026a-4b42-904b-2c2d644e3c8c None None] Hash Ring: Node 7b76a7bb012d55c581cd705614592176 (host: np0000005885) handling event "update" for row 2c0df9a1-270b-4e59-bd8f-20117e97f0d8 (table: Logical_Switch_Port) {{(pid=87753) notify /opt/stack/neutron/neutron/plugins/ml2/drivers/ovn/mech_driver/ovsdb/ovsdb_monitor.py:1013}}
Jul 27 08:16:59.053266 np0000005885 devstack@neutron-api.service[87752]: DEBUG neutron.plugins.ml2.drivers.ovn.mech_driver.ovsdb.ovsdb_monitor [None req-da56749c-a805-4c2f-b6f6-a0c992ef0953 None None] Hash Ring: Node f21750904ca5547f986c289077051137 (host: np0000005885) handling event "create" for row 233c274b-c689-4004-bd6f-8312082f1bf6 (table: Port_Binding) {{(pid=87752) notify /opt/stack/neutron/neutron/plugins/ml2/drivers/ovn/mech_driver/ovsdb/ovsdb_monitor.py:1013}}
Jul 27 08:16:59.058232 np0000005885 devstack@neutron-api.service[87753]: DEBUG ovsdbapp.backend.ovs_idl.transaction [None req-7ece3ffc-026a-4b42-904b-2c2d644e3c8c None None] Running txn n=1 command(idx=0): AddNetworkCommand(_result=None, network_uuid=1beabe6d-50df-42b1-97a3-7889fa6a89aa, may_exist=True, columns={'external_ids': {'neutron:network_name': 'tempest-VolumesAssistedSnapshotsTest-1868128432-network', 'neutron:mtu': '1372', 'neutron:revision_number': '1', 'neutron:availability_zone_hints': '', 'neutron:provnet-network-type': 'geneve'}, 'other_config': {'mcast_snoop': 'false', 'mcast_flood_unregistered': 'false', 'vlan-passthru': 'false'}}) {{(pid=87753) do_commit /opt/stack/data/venv/lib/python3.12/site-packages/ovsdbapp/backend/ovs_idl/transaction.py:89}}
Jul 27 08:16:59.061255 np0000005885 devstack@neutron-api.service[87751]: DEBUG neutron.plugins.ml2.drivers.ovn.mech_driver.ovsdb.ovsdb_monitor [None req-77a571ca-f747-4417-86a9-369a5f4a2322 None None] Hash Ring: Node 55f8f3509e2b5c1b81ce9e543cdcaf66 (host: np0000005885) handling event "create" for row 1beabe6d-50df-42b1-97a3-7889fa6a89aa (table: Logical_Switch) {{(pid=87751) notify /opt/stack/neutron/neutron/plugins/ml2/drivers/ovn/mech_driver/ovsdb/ovsdb_monitor.py:1013}}
Jul 27 08:16:59.067991 np0000005885 devstack@neutron-api.service[87753]: DEBUG neutron.plugins.ml2.drivers.ovn.mech_driver.ovsdb.ovsdb_monitor [None req-5311b158-9aa4-4069-bda7-3b755adccb2b None None] Hash Ring: Node 7b76a7bb012d55c581cd705614592176 (host: np0000005885) handling event "create" for row 0efb8f04-8614-40a7-a685-835fd6b25bf5 (table: Datapath_Binding) {{(pid=87753) notify /opt/stack/neutron/neutron/plugins/ml2/drivers/ovn/mech_driver/ovsdb/ovsdb_monitor.py:1013}}
Jul 27 08:16:59.077656 np0000005885 devstack@neutron-api.service[87752]: INFO neutron.db.ovn_revision_numbers_db [None req-bd02c35e-2e3d-4176-aef5-fbedf99bd914 admin admin] Successfully bumped revision number for resource c3724c29-4fab-456a-a2a9-ae230a3f0fff (type: ports) to 1
Jul 27 08:16:59.099462 np0000005885 devstack@neutron-api.service[87752]: DEBUG neutron.pecan_wsgi.hooks.policy_enforcement [None req-bd02c35e-2e3d-4176-aef5-fbedf99bd914 admin admin] Attributes excluded by policy engine: ['standard_attr_id'] {{(pid=87752) _exclude_attributes_by_policy /opt/stack/neutron/neutron/pecan_wsgi/hooks/policy_enforcement.py:259}}
Jul 27 08:16:59.099777 np0000005885 devstack@neutron-api.service[87752]: DEBUG neutron_lib.callbacks.manager [None req-bd02c35e-2e3d-4176-aef5-fbedf99bd914 admin admin] Publish callbacks [] for network (None), before_response {{(pid=87752) _notify_loop /opt/stack/data/venv/lib/python3.12/site-packages/neutron_lib/callbacks/manager.py:184}}
Jul 27 08:16:59.115084 np0000005885 devstack@neutron-api.service[87752]: [pid: 87752|app: 0|req: 15/45] 10.4.3.103 () {68 vars in 1277 bytes} [Mon Jul 27 08:16:58 2026] POST /networking/v2.0/networks => generated 715 bytes in 1060 msecs (HTTP/1.1 201) 4 headers in 162 bytes (1 switches on core 0)
Jul 27 08:16:59.131959 np0000005885 devstack@neutron-api.service[87753]: DEBUG neutron.db.provisioning_blocks [None req-fd88085e-a06f-4114-910f-230d26f86c1f None None] Transition to ACTIVE for port object c3724c29-4fab-456a-a2a9-ae230a3f0fff will not be triggered until provisioned by entity L2. {{(pid=87753) add_provisioning_component /opt/stack/neutron/neutron/db/provisioning_blocks.py:74}}
Jul 27 08:16:59.132753 np0000005885 devstack@neutron-api.service[87753]: INFO neutron.db.ovn_revision_numbers_db [None req-3131a477-cd97-40a6-9ca6-f31e1cbc600d admin admin] Successfully bumped revision number for resource 1beabe6d-50df-42b1-97a3-7889fa6a89aa (type: networks) to 1
Jul 27 08:16:59.147008 np0000005885 devstack@neutron-api.service[87753]: DEBUG neutron_lib.callbacks.manager [None req-3131a477-cd97-40a6-9ca6-f31e1cbc600d admin admin] Publish callbacks ['neutron.plugins.ml2.plugin.SecurityGroupDbMixin._ensure_default_security_group_handler-3176254'] for port (None), before_create {{(pid=87753) _notify_loop /opt/stack/data/venv/lib/python3.12/site-packages/neutron_lib/callbacks/manager.py:184}}
Jul 27 08:16:59.190690 np0000005885 devstack@neutron-api.service[87753]: DEBUG neutron.plugins.ml2.plugin [None req-fd88085e-a06f-4114-910f-230d26f86c1f None None] Current status of the port c3724c29-4fab-456a-a2a9-ae230a3f0fff is: DOWN; New status is: DOWN {{(pid=87753) _update_individual_port_db_status /opt/stack/neutron/neutron/plugins/ml2/plugin.py:2473}}
Jul 27 08:16:59.191478 np0000005885 devstack@neutron-api.service[87753]: DEBUG ovsdbapp.backend.ovs_idl.transaction [None req-7ece3ffc-026a-4b42-904b-2c2d644e3c8c None None] Running txn n=1 command(idx=0): DbRemoveCommand(_result=None, table=Logical_Switch_Port, record=c3724c29-4fab-456a-a2a9-ae230a3f0fff, column=external_ids, values=('neutron:host_id',), keyvalues={}, if_exists=True) {{(pid=87753) do_commit /opt/stack/data/venv/lib/python3.12/site-packages/ovsdbapp/backend/ovs_idl/transaction.py:89}}
Jul 27 08:16:59.309018 np0000005885 devstack@neutron-api.service[87751]: DEBUG neutron.api.v2.base [None req-6f56773c-8a32-471c-8638-968e2e2007f9 admin admin] Request body: {'network': {'name': 'tempest-ServerRescueNegativeTestJSON-1743558126-network', 'project_id': '83b63da4fbef4f7485aa57dd123efc31'}} {{(pid=87751) prepare_request_body /opt/stack/neutron/neutron/api/v2/base.py:727}}
Jul 27 08:16:59.319012 np0000005885 devstack@neutron-api.service[87753]: DEBUG neutron_lib.callbacks.manager [None req-3131a477-cd97-40a6-9ca6-f31e1cbc600d admin admin] Publish callbacks ['neutron.plugins.ml2.drivers.ovn.mech_driver.mech_driver.OVNMechanismDriver._validate_allowed_address_pairs-1936431'] for allowed_address_pair (c18254c7-ec53-49bd-b8b1-5e6d6a9ba21b), before_create {{(pid=87753) _notify_loop /opt/stack/data/venv/lib/python3.12/site-packages/neutron_lib/callbacks/manager.py:184}}
Jul 27 08:16:59.320448 np0000005885 devstack@neutron-api.service[87753]: DEBUG neutron_lib.callbacks.manager [None req-3131a477-cd97-40a6-9ca6-f31e1cbc600d admin admin] Publish callbacks [] for port (c18254c7-ec53-49bd-b8b1-5e6d6a9ba21b), precommit_create {{(pid=87753) _notify_loop /opt/stack/data/venv/lib/python3.12/site-packages/neutron_lib/callbacks/manager.py:184}}
Jul 27 08:16:59.320448 np0000005885 devstack@neutron-api.service[87753]: DEBUG neutron.plugins.ml2.drivers.ovn.mech_driver.mech_driver [None req-3131a477-cd97-40a6-9ca6-f31e1cbc600d admin admin] No provisioning block for port c18254c7-ec53-49bd-b8b1-5e6d6a9ba21b since it does not have a host {{(pid=87753) _is_port_provisioning_required /opt/stack/neutron/neutron/plugins/ml2/drivers/ovn/mech_driver/mech_driver.py:899}}
Jul 27 08:16:59.320448 np0000005885 devstack@neutron-api.service[87753]: DEBUG neutron.db.ovn_revision_numbers_db [None req-3131a477-cd97-40a6-9ca6-f31e1cbc600d admin admin] create_initial_revision uuid=c18254c7-ec53-49bd-b8b1-5e6d6a9ba21b, type=ports, rev=-1 {{(pid=87753) create_initial_revision /opt/stack/neutron/neutron/db/ovn_revision_numbers_db.py:98}}
Jul 27 08:16:59.330744 np0000005885 devstack@neutron-api.service[87752]: DEBUG neutron.api.v2.base [None req-7bcc3f53-1f26-4561-a1b5-7fd5c2d96062 admin admin] Request body: {'network': {'name': 'tempest-AttachSCSIVolumeTestJSON-1535281721-network', 'project_id': '8afaebd4671c47c58ea591d1ffdf3af7'}} {{(pid=87752) prepare_request_body /opt/stack/neutron/neutron/api/v2/base.py:727}}
Jul 27 08:16:59.356522 np0000005885 devstack@neutron-api.service[87751]: DEBUG neutron.pecan_wsgi.hooks.quota_enforcement [None req-6f56773c-8a32-471c-8638-968e2e2007f9 admin admin] Made reservation on behalf of 83b63da4fbef4f7485aa57dd123efc31 for: {'network': 1} {{(pid=87751) before /opt/stack/neutron/neutron/pecan_wsgi/hooks/quota_enforcement.py:66}}
Jul 27 08:16:59.359122 np0000005885 devstack@neutron-api.service[87751]: DEBUG neutron_lib.callbacks.manager [None req-6f56773c-8a32-471c-8638-968e2e2007f9 admin admin] Publish callbacks ['neutron.plugins.ml2.plugin.SecurityGroupDbMixin._ensure_default_security_group_handler-42259'] for network (None), before_create {{(pid=87751) _notify_loop /opt/stack/data/venv/lib/python3.12/site-packages/neutron_lib/callbacks/manager.py:184}}
Jul 27 08:16:59.369621 np0000005885 devstack@neutron-api.service[87751]: DEBUG neutron_lib.callbacks.manager [None req-6f56773c-8a32-471c-8638-968e2e2007f9 admin admin] Publish callbacks [] for security_group (None), before_create {{(pid=87751) _notify_loop /opt/stack/data/venv/lib/python3.12/site-packages/neutron_lib/callbacks/manager.py:184}}
Jul 27 08:16:59.371209 np0000005885 devstack@neutron-api.service[87752]: DEBUG neutron.pecan_wsgi.hooks.quota_enforcement [None req-7bcc3f53-1f26-4561-a1b5-7fd5c2d96062 admin admin] Made reservation on behalf of 8afaebd4671c47c58ea591d1ffdf3af7 for: {'network': 1} {{(pid=87752) before /opt/stack/neutron/neutron/pecan_wsgi/hooks/quota_enforcement.py:66}}
Jul 27 08:16:59.373802 np0000005885 devstack@neutron-api.service[87752]: DEBUG neutron_lib.callbacks.manager [None req-7bcc3f53-1f26-4561-a1b5-7fd5c2d96062 admin admin] Publish callbacks ['neutron.plugins.ml2.plugin.SecurityGroupDbMixin._ensure_default_security_group_handler-3272993'] for network (None), before_create {{(pid=87752) _notify_loop /opt/stack/data/venv/lib/python3.12/site-packages/neutron_lib/callbacks/manager.py:184}}
Jul 27 08:16:59.378066 np0000005885 devstack@neutron-api.service[87752]: DEBUG neutron_lib.callbacks.manager [None req-7bcc3f53-1f26-4561-a1b5-7fd5c2d96062 admin admin] Publish callbacks [] for security_group (None), before_create {{(pid=87752) _notify_loop /opt/stack/data/venv/lib/python3.12/site-packages/neutron_lib/callbacks/manager.py:184}}
Jul 27 08:16:59.378301 np0000005885 devstack@neutron-api.service[87753]: DEBUG neutron_lib.callbacks.manager [None req-3131a477-cd97-40a6-9ca6-f31e1cbc600d admin admin] Publish callbacks ['neutron.plugins.ml2.ovo_rpc._ObjectChangeHandler.handle_event-15113620'] for port (c18254c7-ec53-49bd-b8b1-5e6d6a9ba21b), after_create {{(pid=87753) _notify_loop /opt/stack/data/venv/lib/python3.12/site-packages/neutron_lib/callbacks/manager.py:184}}
Jul 27 08:16:59.465964 np0000005885 devstack@neutron-api.service[87752]: DEBUG neutron_lib.callbacks.manager [None req-7bcc3f53-1f26-4561-a1b5-7fd5c2d96062 admin admin] Publish callbacks ['neutron.plugins.ml2.drivers.ovn.mech_driver.mech_driver.OVNMechanismDriver._create_security_group_precommit-1906401'] for security_group (70c272aa-e3cb-4e3b-b33a-89328e75a504), precommit_create {{(pid=87752) _notify_loop /opt/stack/data/venv/lib/python3.12/site-packages/neutron_lib/callbacks/manager.py:184}}
Jul 27 08:16:59.466415 np0000005885 devstack@neutron-api.service[87752]: DEBUG neutron.db.ovn_revision_numbers_db [None req-7bcc3f53-1f26-4561-a1b5-7fd5c2d96062 admin admin] create_initial_revision uuid=70c272aa-e3cb-4e3b-b33a-89328e75a504, type=security_groups, rev=-1 {{(pid=87752) create_initial_revision /opt/stack/neutron/neutron/db/ovn_revision_numbers_db.py:98}}
Jul 27 08:16:59.472109 np0000005885 devstack@neutron-api.service[87751]: DEBUG neutron_lib.callbacks.manager [None req-6f56773c-8a32-471c-8638-968e2e2007f9 admin admin] Publish callbacks ['neutron.plugins.ml2.drivers.ovn.mech_driver.mech_driver.OVNMechanismDriver._create_security_group_precommit-1913009'] for security_group (722ca8f2-d6bb-4344-ac65-8f85bc00616d), precommit_create {{(pid=87751) _notify_loop /opt/stack/data/venv/lib/python3.12/site-packages/neutron_lib/callbacks/manager.py:184}}
Jul 27 08:16:59.472109 np0000005885 devstack@neutron-api.service[87751]: DEBUG neutron.db.ovn_revision_numbers_db [None req-6f56773c-8a32-471c-8638-968e2e2007f9 admin admin] create_initial_revision uuid=722ca8f2-d6bb-4344-ac65-8f85bc00616d, type=security_groups, rev=-1 {{(pid=87751) create_initial_revision /opt/stack/neutron/neutron/db/ovn_revision_numbers_db.py:98}}
Jul 27 08:16:59.496927 np0000005885 devstack@neutron-api.service[87752]: DEBUG neutron.db.ovn_revision_numbers_db [None req-7bcc3f53-1f26-4561-a1b5-7fd5c2d96062 admin admin] create_initial_revision uuid=1fa51691-5a70-46d1-bbb0-ea4996e95d3d, type=security_group_rules, rev=-1 {{(pid=87752) create_initial_revision /opt/stack/neutron/neutron/db/ovn_revision_numbers_db.py:98}}
Jul 27 08:16:59.497028 np0000005885 devstack@neutron-api.service[87751]: DEBUG neutron.db.ovn_revision_numbers_db [None req-6f56773c-8a32-471c-8638-968e2e2007f9 admin admin] create_initial_revision uuid=016b628e-22d7-4056-b1cd-286053b7c780, type=security_group_rules, rev=-1 {{(pid=87751) create_initial_revision /opt/stack/neutron/neutron/db/ovn_revision_numbers_db.py:98}}
Jul 27 08:16:59.498211 np0000005885 devstack@neutron-api.service[87752]: DEBUG neutron.db.ovn_revision_numbers_db [None req-7bcc3f53-1f26-4561-a1b5-7fd5c2d96062 admin admin] create_initial_revision uuid=5683eae7-55a3-4fe7-a0ea-658cbf458d43, type=security_group_rules, rev=-1 {{(pid=87752) create_initial_revision /opt/stack/neutron/neutron/db/ovn_revision_numbers_db.py:98}}
Jul 27 08:16:59.498578 np0000005885 devstack@neutron-api.service[87751]: DEBUG neutron.db.ovn_revision_numbers_db [None req-6f56773c-8a32-471c-8638-968e2e2007f9 admin admin] create_initial_revision uuid=84310e2f-e1f6-4c0d-9531-9eeda9473571, type=security_group_rules, rev=-1 {{(pid=87751) create_initial_revision /opt/stack/neutron/neutron/db/ovn_revision_numbers_db.py:98}}
Jul 27 08:16:59.499258 np0000005885 devstack@neutron-api.service[87752]: DEBUG neutron.db.ovn_revision_numbers_db [None req-7bcc3f53-1f26-4561-a1b5-7fd5c2d96062 admin admin] create_initial_revision uuid=b422b79b-7df7-4e74-ab17-751f551873e9, type=security_group_rules, rev=-1 {{(pid=87752) create_initial_revision /opt/stack/neutron/neutron/db/ovn_revision_numbers_db.py:98}}
Jul 27 08:16:59.510079 np0000005885 devstack@neutron-api.service[87751]: DEBUG neutron.db.ovn_revision_numbers_db [None req-6f56773c-8a32-471c-8638-968e2e2007f9 admin admin] create_initial_revision uuid=ba6816ea-29df-447b-90be-d7660646f9dd, type=security_group_rules, rev=-1 {{(pid=87751) create_initial_revision /opt/stack/neutron/neutron/db/ovn_revision_numbers_db.py:98}}
Jul 27 08:16:59.510203 np0000005885 devstack@neutron-api.service[87752]: DEBUG neutron.db.ovn_revision_numbers_db [None req-7bcc3f53-1f26-4561-a1b5-7fd5c2d96062 admin admin] create_initial_revision uuid=d9df2aef-1536-4756-afb6-0cde1b8195ac, type=security_group_rules, rev=-1 {{(pid=87752) create_initial_revision /opt/stack/neutron/neutron/db/ovn_revision_numbers_db.py:98}}
Jul 27 08:16:59.510262 np0000005885 devstack@neutron-api.service[87751]: DEBUG neutron.db.ovn_revision_numbers_db [None req-6f56773c-8a32-471c-8638-968e2e2007f9 admin admin] create_initial_revision uuid=e84bab4c-ea06-4a4f-8761-cd82fea290bc, type=security_group_rules, rev=-1 {{(pid=87751) create_initial_revision /opt/stack/neutron/neutron/db/ovn_revision_numbers_db.py:98}}
Jul 27 08:16:59.535858 np0000005885 devstack@neutron-api.service[87752]: DEBUG neutron_lib.callbacks.manager [None req-7bcc3f53-1f26-4561-a1b5-7fd5c2d96062 admin admin] Publish callbacks ['neutron.plugins.ml2.drivers.ovn.mech_driver.mech_driver.OVNMechanismDriver._create_security_group-1906411', 'neutron.plugins.ml2.ovo_rpc._ObjectChangeHandler.handle_event-15342086'] for security_group (70c272aa-e3cb-4e3b-b33a-89328e75a504), after_create {{(pid=87752) _notify_loop /opt/stack/data/venv/lib/python3.12/site-packages/neutron_lib/callbacks/manager.py:184}}
Jul 27 08:16:59.536368 np0000005885 devstack@neutron-api.service[87752]: DEBUG ovsdbapp.backend.ovs_idl.transaction [None req-b29ac0e4-2ef1-4927-8e70-4da9ac403948 None None] Running txn n=1 command(idx=0): PgAddCommand(_result=None, name=pg_70c272aa_e3cb_4e3b_b33a_89328e75a504, may_exist=False, columns={'acls': [], 'external_ids': {'neutron:security_group_id': '70c272aa-e3cb-4e3b-b33a-89328e75a504'}}) {{(pid=87752) do_commit /opt/stack/data/venv/lib/python3.12/site-packages/ovsdbapp/backend/ovs_idl/transaction.py:89}}
Jul 27 08:16:59.536667 np0000005885 devstack@neutron-api.service[87752]: DEBUG ovsdbapp.backend.ovs_idl.transaction [None req-b29ac0e4-2ef1-4927-8e70-4da9ac403948 None None] Running txn n=1 command(idx=1): PgAclAddCommand(_result=None, entity=pg_70c272aa_e3cb_4e3b_b33a_89328e75a504, direction=from-lport, priority=1002, match=inport == @pg_70c272aa_e3cb_4e3b_b33a_89328e75a504 && ip6, action=allow-related, log=False, may_exist=True, severity=[], name=[], meter=[], external_ids={'neutron:security_group_rule_id': '1fa51691-5a70-46d1-bbb0-ea4996e95d3d'}) {{(pid=87752) do_commit /opt/stack/data/venv/lib/python3.12/site-packages/ovsdbapp/backend/ovs_idl/transaction.py:89}}
Jul 27 08:16:59.536925 np0000005885 devstack@neutron-api.service[87752]: DEBUG ovsdbapp.backend.ovs_idl.transaction [None req-b29ac0e4-2ef1-4927-8e70-4da9ac403948 None None] Running txn n=1 command(idx=2): PgAclAddCommand(_result=None, entity=pg_70c272aa_e3cb_4e3b_b33a_89328e75a504, direction=to-lport, priority=1002, match=outport == @pg_70c272aa_e3cb_4e3b_b33a_89328e75a504 && ip4 && ip4.src == $pg_70c272aa_e3cb_4e3b_b33a_89328e75a504_ip4, action=allow-related, log=False, may_exist=True, severity=[], name=[], meter=[], external_ids={'neutron:security_group_rule_id': '5683eae7-55a3-4fe7-a0ea-658cbf458d43'}) {{(pid=87752) do_commit /opt/stack/data/venv/lib/python3.12/site-packages/ovsdbapp/backend/ovs_idl/transaction.py:89}}
Jul 27 08:16:59.537201 np0000005885 devstack@neutron-api.service[87752]: DEBUG ovsdbapp.backend.ovs_idl.transaction [None req-b29ac0e4-2ef1-4927-8e70-4da9ac403948 None None] Running txn n=1 command(idx=3): PgAclAddCommand(_result=None, entity=pg_70c272aa_e3cb_4e3b_b33a_89328e75a504, direction=to-lport, priority=1002, match=outport == @pg_70c272aa_e3cb_4e3b_b33a_89328e75a504 && ip6 && ip6.src == $pg_70c272aa_e3cb_4e3b_b33a_89328e75a504_ip6, action=allow-related, log=False, may_exist=True, severity=[], name=[], meter=[], external_ids={'neutron:security_group_rule_id': 'b422b79b-7df7-4e74-ab17-751f551873e9'}) {{(pid=87752) do_commit /opt/stack/data/venv/lib/python3.12/site-packages/ovsdbapp/backend/ovs_idl/transaction.py:89}}
Jul 27 08:16:59.537282 np0000005885 devstack@neutron-api.service[87751]: DEBUG neutron_lib.callbacks.manager [None req-6f56773c-8a32-471c-8638-968e2e2007f9 admin admin] Publish callbacks ['neutron.plugins.ml2.drivers.ovn.mech_driver.mech_driver.OVNMechanismDriver._create_security_group-1913023', 'neutron.plugins.ml2.ovo_rpc._ObjectChangeHandler.handle_event-1054121'] for security_group (722ca8f2-d6bb-4344-ac65-8f85bc00616d), after_create {{(pid=87751) _notify_loop /opt/stack/data/venv/lib/python3.12/site-packages/neutron_lib/callbacks/manager.py:184}}
Jul 27 08:16:59.537422 np0000005885 devstack@neutron-api.service[87752]: DEBUG ovsdbapp.backend.ovs_idl.transaction [None req-b29ac0e4-2ef1-4927-8e70-4da9ac403948 None None] Running txn n=1 command(idx=4): PgAclAddCommand(_result=None, entity=pg_70c272aa_e3cb_4e3b_b33a_89328e75a504, direction=from-lport, priority=1002, match=inport == @pg_70c272aa_e3cb_4e3b_b33a_89328e75a504 && ip4, action=allow-related, log=False, may_exist=True, severity=[], name=[], meter=[], external_ids={'neutron:security_group_rule_id': 'd9df2aef-1536-4756-afb6-0cde1b8195ac'}) {{(pid=87752) do_commit /opt/stack/data/venv/lib/python3.12/site-packages/ovsdbapp/backend/ovs_idl/transaction.py:89}}
Jul 27 08:16:59.537938 np0000005885 devstack@neutron-api.service[87751]: DEBUG ovsdbapp.backend.ovs_idl.transaction [None req-77a571ca-f747-4417-86a9-369a5f4a2322 None None] Running txn n=1 command(idx=0): PgAddCommand(_result=None, name=pg_722ca8f2_d6bb_4344_ac65_8f85bc00616d, may_exist=False, columns={'acls': [], 'external_ids': {'neutron:security_group_id': '722ca8f2-d6bb-4344-ac65-8f85bc00616d'}}) {{(pid=87751) do_commit /opt/stack/data/venv/lib/python3.12/site-packages/ovsdbapp/backend/ovs_idl/transaction.py:89}}
Jul 27 08:16:59.546320 np0000005885 devstack@neutron-api.service[87751]: DEBUG ovsdbapp.backend.ovs_idl.transaction [None req-77a571ca-f747-4417-86a9-369a5f4a2322 None None] Running txn n=1 command(idx=1): PgAclAddCommand(_result=None, entity=pg_722ca8f2_d6bb_4344_ac65_8f85bc00616d, direction=to-lport, priority=1002, match=outport == @pg_722ca8f2_d6bb_4344_ac65_8f85bc00616d && ip6 && ip6.src == $pg_722ca8f2_d6bb_4344_ac65_8f85bc00616d_ip6, action=allow-related, log=False, may_exist=True, severity=[], name=[], meter=[], external_ids={'neutron:security_group_rule_id': '016b628e-22d7-4056-b1cd-286053b7c780'}) {{(pid=87751) do_commit /opt/stack/data/venv/lib/python3.12/site-packages/ovsdbapp/backend/ovs_idl/transaction.py:89}}
Jul 27 08:16:59.546320 np0000005885 devstack@neutron-api.service[87751]: DEBUG ovsdbapp.backend.ovs_idl.transaction [None req-77a571ca-f747-4417-86a9-369a5f4a2322 None None] Running txn n=1 command(idx=2): PgAclAddCommand(_result=None, entity=pg_722ca8f2_d6bb_4344_ac65_8f85bc00616d, direction=to-lport, priority=1002, match=outport == @pg_722ca8f2_d6bb_4344_ac65_8f85bc00616d && ip4 && ip4.src == $pg_722ca8f2_d6bb_4344_ac65_8f85bc00616d_ip4, action=allow-related, log=False, may_exist=True, severity=[], name=[], meter=[], external_ids={'neutron:security_group_rule_id': '84310e2f-e1f6-4c0d-9531-9eeda9473571'}) {{(pid=87751) do_commit /opt/stack/data/venv/lib/python3.12/site-packages/ovsdbapp/backend/ovs_idl/transaction.py:89}}
Jul 27 08:16:59.546320 np0000005885 devstack@neutron-api.service[87751]: DEBUG ovsdbapp.backend.ovs_idl.transaction [None req-77a571ca-f747-4417-86a9-369a5f4a2322 None None] Running txn n=1 command(idx=3): PgAclAddCommand(_result=None, entity=pg_722ca8f2_d6bb_4344_ac65_8f85bc00616d, direction=from-lport, priority=1002, match=inport == @pg_722ca8f2_d6bb_4344_ac65_8f85bc00616d && ip4, action=allow-related, log=False, may_exist=True, severity=[], name=[], meter=[], external_ids={'neutron:security_group_rule_id': 'ba6816ea-29df-447b-90be-d7660646f9dd'}) {{(pid=87751) do_commit /opt/stack/data/venv/lib/python3.12/site-packages/ovsdbapp/backend/ovs_idl/transaction.py:89}}
Jul 27 08:16:59.546320 np0000005885 devstack@neutron-api.service[87751]: DEBUG ovsdbapp.backend.ovs_idl.transaction [None req-77a571ca-f747-4417-86a9-369a5f4a2322 None None] Running txn n=1 command(idx=4): PgAclAddCommand(_result=None, entity=pg_722ca8f2_d6bb_4344_ac65_8f85bc00616d, direction=from-lport, priority=1002, match=inport == @pg_722ca8f2_d6bb_4344_ac65_8f85bc00616d && ip6, action=allow-related, log=False, may_exist=True, severity=[], name=[], meter=[], external_ids={'neutron:security_group_rule_id': 'e84bab4c-ea06-4a4f-8761-cd82fea290bc'}) {{(pid=87751) do_commit /opt/stack/data/venv/lib/python3.12/site-packages/ovsdbapp/backend/ovs_idl/transaction.py:89}}
Jul 27 08:16:59.550343 np0000005885 devstack@neutron-api.service[87752]: DEBUG neutron.plugins.ml2.drivers.ovn.mech_driver.ovsdb.ovsdb_monitor [None req-b29ac0e4-2ef1-4927-8e70-4da9ac403948 None None] Hash Ring: Node f21750904ca5547f986c289077051137 (host: np0000005885) handling event "create" for row 5a12fd81-8e6d-4d83-b402-1447959ce9ea (table: ACL) {{(pid=87752) notify /opt/stack/neutron/neutron/plugins/ml2/drivers/ovn/mech_driver/ovsdb/ovsdb_monitor.py:1013}}
Jul 27 08:16:59.550451 np0000005885 devstack@neutron-api.service[87752]: DEBUG neutron.plugins.ml2.drivers.ovn.mech_driver.ovsdb.ovsdb_monitor [None req-b29ac0e4-2ef1-4927-8e70-4da9ac403948 None None] Hash Ring: Node f21750904ca5547f986c289077051137 (host: np0000005885) handling event "create" for row f59ac727-a697-4beb-977b-411e7c309b1b (table: ACL) {{(pid=87752) notify /opt/stack/neutron/neutron/plugins/ml2/drivers/ovn/mech_driver/ovsdb/ovsdb_monitor.py:1013}}
Jul 27 08:16:59.552329 np0000005885 devstack@neutron-api.service[87751]: DEBUG neutron.plugins.ml2.drivers.ovn.mech_driver.ovsdb.ovsdb_monitor [None req-77a571ca-f747-4417-86a9-369a5f4a2322 None None] Hash Ring: Node 55f8f3509e2b5c1b81ce9e543cdcaf66 (host: np0000005885) handling event "create" for row 319fdccf-54bf-4efe-a40b-d8c1e7418653 (table: ACL) {{(pid=87751) notify /opt/stack/neutron/neutron/plugins/ml2/drivers/ovn/mech_driver/ovsdb/ovsdb_monitor.py:1013}}
Jul 27 08:16:59.552558 np0000005885 devstack@neutron-api.service[87751]: DEBUG neutron.plugins.ml2.drivers.ovn.mech_driver.ovsdb.ovsdb_monitor [None req-77a571ca-f747-4417-86a9-369a5f4a2322 None None] Hash Ring: Node 55f8f3509e2b5c1b81ce9e543cdcaf66 (host: np0000005885) handling event "create" for row 34e87351-ff1b-4980-b86c-85fed6b59805 (table: ACL) {{(pid=87751) notify /opt/stack/neutron/neutron/plugins/ml2/drivers/ovn/mech_driver/ovsdb/ovsdb_monitor.py:1013}}
Jul 27 08:16:59.552747 np0000005885 devstack@neutron-api.service[87751]: DEBUG neutron.plugins.ml2.drivers.ovn.mech_driver.ovsdb.ovsdb_monitor [None req-77a571ca-f747-4417-86a9-369a5f4a2322 None None] Hash Ring: Node 55f8f3509e2b5c1b81ce9e543cdcaf66 (host: np0000005885) handling event "create" for row 8b7554fb-b918-4805-90a7-086eb325fd19 (table: ACL) {{(pid=87751) notify /opt/stack/neutron/neutron/plugins/ml2/drivers/ovn/mech_driver/ovsdb/ovsdb_monitor.py:1013}}
Jul 27 08:16:59.553416 np0000005885 devstack@neutron-api.service[87752]: DEBUG neutron.plugins.ml2.drivers.ovn.mech_driver.ovsdb.ovsdb_monitor [None req-b29ac0e4-2ef1-4927-8e70-4da9ac403948 None None] Hash Ring: Node f21750904ca5547f986c289077051137 (host: np0000005885) handling event "create" for row 77a87ba6-f102-47f3-a2ca-ea37cabc9fd1 (table: ACL) {{(pid=87752) notify /opt/stack/neutron/neutron/plugins/ml2/drivers/ovn/mech_driver/ovsdb/ovsdb_monitor.py:1013}}
Jul 27 08:16:59.568678 np0000005885 devstack@neutron-api.service[87752]: INFO neutron.db.ovn_revision_numbers_db [None req-7bcc3f53-1f26-4561-a1b5-7fd5c2d96062 admin admin] Successfully bumped revision number for resource 70c272aa-e3cb-4e3b-b33a-89328e75a504 (type: security_groups) to 1
Jul 27 08:16:59.568951 np0000005885 devstack@neutron-api.service[87751]: INFO neutron.db.ovn_revision_numbers_db [None req-6f56773c-8a32-471c-8638-968e2e2007f9 admin admin] Successfully bumped revision number for resource 722ca8f2-d6bb-4344-ac65-8f85bc00616d (type: security_groups) to 1
Jul 27 08:16:59.581974 np0000005885 devstack@neutron-api.service[87752]: INFO neutron.db.ovn_revision_numbers_db [None req-7bcc3f53-1f26-4561-a1b5-7fd5c2d96062 admin admin] Successfully bumped revision number for resource 1fa51691-5a70-46d1-bbb0-ea4996e95d3d (type: security_group_rules) to 0
Jul 27 08:16:59.582404 np0000005885 devstack@neutron-api.service[87751]: INFO neutron.db.ovn_revision_numbers_db [None req-6f56773c-8a32-471c-8638-968e2e2007f9 admin admin] Successfully bumped revision number for resource 016b628e-22d7-4056-b1cd-286053b7c780 (type: security_group_rules) to 0
Jul 27 08:16:59.594598 np0000005885 devstack@neutron-api.service[87752]: INFO neutron.db.ovn_revision_numbers_db [None req-7bcc3f53-1f26-4561-a1b5-7fd5c2d96062 admin admin] Successfully bumped revision number for resource 5683eae7-55a3-4fe7-a0ea-658cbf458d43 (type: security_group_rules) to 0
Jul 27 08:16:59.596660 np0000005885 devstack@neutron-api.service[87751]: INFO neutron.db.ovn_revision_numbers_db [None req-6f56773c-8a32-471c-8638-968e2e2007f9 admin admin] Successfully bumped revision number for resource 84310e2f-e1f6-4c0d-9531-9eeda9473571 (type: security_group_rules) to 0
Jul 27 08:16:59.615645 np0000005885 devstack@neutron-api.service[87752]: INFO neutron.db.ovn_revision_numbers_db [None req-7bcc3f53-1f26-4561-a1b5-7fd5c2d96062 admin admin] Successfully bumped revision number for resource b422b79b-7df7-4e74-ab17-751f551873e9 (type: security_group_rules) to 0
Jul 27 08:16:59.621555 np0000005885 devstack@neutron-api.service[87751]: INFO neutron.db.ovn_revision_numbers_db [None req-6f56773c-8a32-471c-8638-968e2e2007f9 admin admin] Successfully bumped revision number for resource ba6816ea-29df-447b-90be-d7660646f9dd (type: security_group_rules) to 0
Jul 27 08:16:59.629350 np0000005885 devstack@neutron-api.service[87752]: INFO neutron.db.ovn_revision_numbers_db [None req-7bcc3f53-1f26-4561-a1b5-7fd5c2d96062 admin admin] Successfully bumped revision number for resource d9df2aef-1536-4756-afb6-0cde1b8195ac (type: security_group_rules) to 0
Jul 27 08:16:59.635355 np0000005885 devstack@neutron-api.service[87751]: INFO neutron.db.ovn_revision_numbers_db [None req-6f56773c-8a32-471c-8638-968e2e2007f9 admin admin] Successfully bumped revision number for resource e84bab4c-ea06-4a4f-8761-cd82fea290bc (type: security_group_rules) to 0
Jul 27 08:16:59.648889 np0000005885 devstack@neutron-api.service[87752]: DEBUG neutron.api.rpc.handlers.resources_rpc [None req-7bcc3f53-1f26-4561-a1b5-7fd5c2d96062 admin admin] Pushing event updated for resources: {'SecurityGroup': ['ID=70c272aa-e3cb-4e3b-b33a-89328e75a504,revision_number=1']} {{(pid=87752) push /opt/stack/neutron/neutron/api/rpc/handlers/resources_rpc.py:237}}
Jul 27 08:16:59.659489 np0000005885 devstack@neutron-api.service[87751]: DEBUG neutron.api.rpc.handlers.resources_rpc [None req-6f56773c-8a32-471c-8638-968e2e2007f9 admin admin] Pushing event updated for resources: {'SecurityGroup': ['ID=722ca8f2-d6bb-4344-ac65-8f85bc00616d,revision_number=1']} {{(pid=87751) push /opt/stack/neutron/neutron/api/rpc/handlers/resources_rpc.py:237}}
Jul 27 08:16:59.680527 np0000005885 devstack@neutron-api.service[87753]: DEBUG neutron.plugins.ml2.drivers.ovn.mech_driver.ovsdb.ovsdb_monitor [None req-7ece3ffc-026a-4b42-904b-2c2d644e3c8c None None] Hash Ring: Node 7b76a7bb012d55c581cd705614592176 (host: np0000005885) handling event "create" for row 2ad164f9-b467-445e-b78a-9c02159bab76 (table: ACL) {{(pid=87753) notify /opt/stack/neutron/neutron/plugins/ml2/drivers/ovn/mech_driver/ovsdb/ovsdb_monitor.py:1013}}
Jul 27 08:16:59.680945 np0000005885 devstack@neutron-api.service[87753]: DEBUG neutron.plugins.ml2.drivers.ovn.mech_driver.ovsdb.ovsdb_monitor [None req-7ece3ffc-026a-4b42-904b-2c2d644e3c8c None None] Hash Ring: Node 7b76a7bb012d55c581cd705614592176 (host: np0000005885) handling event "create" for row 527a0f67-1a51-426b-abe1-481e0b9bb944 (table: ACL) {{(pid=87753) notify /opt/stack/neutron/neutron/plugins/ml2/drivers/ovn/mech_driver/ovsdb/ovsdb_monitor.py:1013}}
Jul 27 08:16:59.681047 np0000005885 devstack@neutron-api.service[87753]: DEBUG neutron.plugins.ml2.drivers.ovn.mech_driver.ovsdb.ovsdb_monitor [None req-7ece3ffc-026a-4b42-904b-2c2d644e3c8c None None] Hash Ring: Node 7b76a7bb012d55c581cd705614592176 (host: np0000005885) handling event "create" for row 97766433-6f51-4066-a678-5c58066e4f44 (table: Port_Group) {{(pid=87753) notify /opt/stack/neutron/neutron/plugins/ml2/drivers/ovn/mech_driver/ovsdb/ovsdb_monitor.py:1013}}
Jul 27 08:16:59.681301 np0000005885 devstack@neutron-api.service[87753]: DEBUG neutron.plugins.ml2.drivers.ovn.mech_driver.ovsdb.ovsdb_monitor [None req-7ece3ffc-026a-4b42-904b-2c2d644e3c8c None None] Hash Ring: Node 7b76a7bb012d55c581cd705614592176 (host: np0000005885) handling event "create" for row d3ed4b31-610a-4614-9f70-ebcc1310d0f9 (table: Port_Group) {{(pid=87753) notify /opt/stack/neutron/neutron/plugins/ml2/drivers/ovn/mech_driver/ovsdb/ovsdb_monitor.py:1013}}
Jul 27 08:16:59.685664 np0000005885 devstack@neutron-api.service[87752]: DEBUG neutron.plugins.ml2.drivers.helpers [None req-7bcc3f53-1f26-4561-a1b5-7fd5c2d96062 admin admin] geneve segment allocate from pool success with {'geneve_vni': 12676} {{(pid=87752) allocate_partially_specified_segment /opt/stack/neutron/neutron/plugins/ml2/drivers/helpers.py:142}}
Jul 27 08:16:59.688248 np0000005885 devstack@neutron-api.service[87753]: DEBUG neutron.api.rpc.handlers.resources_rpc [None req-3131a477-cd97-40a6-9ca6-f31e1cbc600d admin admin] Pushing event updated for resources: {'Port': ['ID=c18254c7-ec53-49bd-b8b1-5e6d6a9ba21b,revision_number=1']} {{(pid=87753) push /opt/stack/neutron/neutron/api/rpc/handlers/resources_rpc.py:237}}
