Jun 25 08:56:59.815227 np0000003596 devstack@g-api.service[99488]: DEBUG glance_store.backend [-] Registering store swift with schemes ('swift+https', 'swift', 'swift+http', 'swift+config') {{(pid=99488) create_stores /opt/stack/data/venv/lib/python3.12/site-packages/glance_store/backend.py:261}}
Jun 25 08:56:59.815308 np0000003596 devstack@g-api.service[99488]: DEBUG glance_store.driver [-] Late loading location class glance_store._drivers.swift.store.StoreLocation {{(pid=99488) get_store_location_class /opt/stack/data/venv/lib/python3.12/site-packages/glance_store/driver.py:134}}
Jun 25 08:56:59.815392 np0000003596 devstack@g-api.service[99488]: DEBUG glance_store.location [-] Registering scheme swift+https with {'store': , 'location_class': , 'store_entry': 'swift'} {{(pid=99488) register_scheme_map /opt/stack/data/venv/lib/python3.12/site-packages/glance_store/location.py:146}}
Jun 25 08:56:59.815445 np0000003596 devstack@g-api.service[99488]: DEBUG glance_store.location [-] Registering scheme swift with {'store': , 'location_class': , 'store_entry': 'swift'} {{(pid=99488) register_scheme_map /opt/stack/data/venv/lib/python3.12/site-packages/glance_store/location.py:146}}
Jun 25 08:56:59.815496 np0000003596 devstack@g-api.service[99488]: DEBUG glance_store.location [-] Registering scheme swift+http with {'store': , 'location_class': , 'store_entry': 'swift'} {{(pid=99488) register_scheme_map /opt/stack/data/venv/lib/python3.12/site-packages/glance_store/location.py:146}}
Jun 25 08:56:59.815555 np0000003596 devstack@g-api.service[99488]: DEBUG glance_store.location [-] Registering scheme swift+config with {'store': , 'location_class': , 'store_entry': 'swift'} {{(pid=99488) register_scheme_map /opt/stack/data/venv/lib/python3.12/site-packages/glance_store/location.py:146}}
Jun 25 08:56:59.815615 np0000003596 devstack@g-api.service[99488]: DEBUG glance_store.backend [-] Attempting to import store file {{(pid=99488) _load_store /opt/stack/data/venv/lib/python3.12/site-packages/glance_store/backend.py:215}}
Jun 25 08:56:59.816165 np0000003596 devstack@g-api.service[99488]: DEBUG glance_store.capabilities [-] Store glance_store._drivers.filesystem.Store doesn't support updating dynamic storage capabilities. Please overwrite 'update_capabilities' method of the store to implement updating logics if needed. {{(pid=99488) update_capabilities /opt/stack/data/venv/lib/python3.12/site-packages/glance_store/capabilities.py:91}}
Jun 25 08:56:59.816239 np0000003596 devstack@g-api.service[99488]: DEBUG glance_store.backend [-] Registering store file with schemes ('file', 'filesystem') {{(pid=99488) create_stores /opt/stack/data/venv/lib/python3.12/site-packages/glance_store/backend.py:261}}
Jun 25 08:56:59.816292 np0000003596 devstack@g-api.service[99488]: DEBUG glance_store.driver [-] Late loading location class glance_store._drivers.filesystem.StoreLocation {{(pid=99488) get_store_location_class /opt/stack/data/venv/lib/python3.12/site-packages/glance_store/driver.py:134}}
Jun 25 08:56:59.816342 np0000003596 devstack@g-api.service[99488]: DEBUG glance_store.location [-] Registering scheme file with {'store': , 'location_class': , 'store_entry': 'file'} {{(pid=99488) register_scheme_map /opt/stack/data/venv/lib/python3.12/site-packages/glance_store/location.py:146}}
Jun 25 08:56:59.816392 np0000003596 devstack@g-api.service[99488]: DEBUG glance_store.location [-] Registering scheme filesystem with {'store': , 'location_class': , 'store_entry': 'file'} {{(pid=99488) register_scheme_map /opt/stack/data/venv/lib/python3.12/site-packages/glance_store/location.py:146}}
Jun 25 08:56:59.816460 np0000003596 devstack@g-api.service[99488]: DEBUG glance_store.backend [-] Attempting to import store swift {{(pid=99488) _load_store /opt/stack/data/venv/lib/python3.12/site-packages/glance_store/backend.py:215}}
Jun 25 08:56:59.817608 np0000003596 devstack@g-api.service[99488]: DEBUG glance_store.capabilities [-] Store glance_store._drivers.swift.store.SingleTenantStore doesn't support updating dynamic storage capabilities. Please overwrite 'update_capabilities' method of the store to implement updating logics if needed. {{(pid=99488) update_capabilities /opt/stack/data/venv/lib/python3.12/site-packages/glance_store/capabilities.py:91}}
Jun 25 08:56:59.817689 np0000003596 devstack@g-api.service[99488]: DEBUG glance_store.driver [-] Late loading location class glance_store._drivers.swift.store.StoreLocation {{(pid=99488) get_store_location_class /opt/stack/data/venv/lib/python3.12/site-packages/glance_store/driver.py:134}}
Jun 25 08:56:59.817756 np0000003596 devstack@g-api.service[99488]: DEBUG glance_store.location [-] Registering scheme swift+https with {'store': , 'location_class': , 'store_entry': 'swift'} {{(pid=99488) register_scheme_map /opt/stack/data/venv/lib/python3.12/site-packages/glance_store/location.py:146}}
Jun 25 08:56:59.817822 np0000003596 devstack@g-api.service[99488]: DEBUG glance_store.location [-] Registering scheme swift+https with {'store': , 'location_class': , 'store_entry': 'swift'} {{(pid=99488) register_scheme_map /opt/stack/data/venv/lib/python3.12/site-packages/glance_store/location.py:146}}
Jun 25 08:56:59.817908 np0000003596 devstack@g-api.service[99488]: DEBUG glance_store.location [-] Registering scheme swift with {'store': , 'location_class': , 'store_entry': 'swift'} {{(pid=99488) register_scheme_map /opt/stack/data/venv/lib/python3.12/site-packages/glance_store/location.py:146}}
Jun 25 08:56:59.817978 np0000003596 devstack@g-api.service[99488]: DEBUG glance_store.location [-] Registering scheme swift+https with {'store': , 'location_class': , 'store_entry': 'swift'} {{(pid=99488) register_scheme_map /opt/stack/data/venv/lib/python3.12/site-packages/glance_store/location.py:146}}
Jun 25 08:56:59.818021 np0000003596 devstack@g-api.service[99488]: DEBUG glance_store.location [-] Registering scheme swift with {'store': , 'location_class': , 'store_entry': 'swift'} {{(pid=99488) register_scheme_map /opt/stack/data/venv/lib/python3.12/site-packages/glance_store/location.py:146}}
Jun 25 08:56:59.818082 np0000003596 devstack@g-api.service[99488]: DEBUG glance_store.location [-] Registering scheme swift+http with {'store': , 'location_class': , 'store_entry': 'swift'} {{(pid=99488) register_scheme_map /opt/stack/data/venv/lib/python3.12/site-packages/glance_store/location.py:146}}
Jun 25 08:56:59.818149 np0000003596 devstack@g-api.service[99488]: DEBUG glance_store.location [-] Registering scheme swift+https with {'store': , 'location_class': , 'store_entry': 'swift'} {{(pid=99488) register_scheme_map /opt/stack/data/venv/lib/python3.12/site-packages/glance_store/location.py:146}}
Jun 25 08:56:59.818214 np0000003596 devstack@g-api.service[99488]: DEBUG glance_store.location [-] Registering scheme swift with {'store': , 'location_class': , 'store_entry': 'swift'} {{(pid=99488) register_scheme_map /opt/stack/data/venv/lib/python3.12/site-packages/glance_store/location.py:146}}
Jun 25 08:56:59.818259 np0000003596 devstack@g-api.service[99488]: DEBUG glance_store.location [-] Registering scheme swift+http with {'store': , 'location_class': , 'store_entry': 'swift'} {{(pid=99488) register_scheme_map /opt/stack/data/venv/lib/python3.12/site-packages/glance_store/location.py:146}}
Jun 25 08:56:59.818311 np0000003596 devstack@g-api.service[99488]: DEBUG glance_store.location [-] Registering scheme swift+config with {'store': , 'location_class': , 'store_entry': 'swift'} {{(pid=99488) register_scheme_map /opt/stack/data/venv/lib/python3.12/site-packages/glance_store/location.py:146}}
Jun 25 08:56:59.818586 np0000003596 devstack@g-api.service[99488]: DEBUG glance.sqlite_migration [-] SQLite caching database not located, skipping migration {{(pid=99488) get_db_path /opt/stack/glance/glance/sqlite_migration.py:68}}
Jun 25 08:56:59.818835 np0000003596 devstack@g-api.service[99488]: WARNING glance.common.wsgi_app [-] Import methods are enabled but staging directory /tmp/staging/ does not exist; Imports will fail!
Jun 25 08:56:59.935051 np0000003596 devstack@g-api.service[99490]: DEBUG glance.common.config [None req-99b57462-6a23-4785-8ea0-d7f200c8f630 None None] Loading glance-api-keystone+cachemanagement from /etc/glance/glance-api-paste.ini {{(pid=99490) load_paste_app /opt/stack/glance/glance/common/config.py:759}}
Jun 25 08:56:59.946915 np0000003596 devstack@g-api.service[99489]: DEBUG glance.common.config [None req-e94a31bc-4483-40cb-9138-e31e79a0af30 None None] Loading glance-api-keystone+cachemanagement from /etc/glance/glance-api-paste.ini {{(pid=99489) load_paste_app /opt/stack/glance/glance/common/config.py:759}}
Jun 25 08:56:59.974140 np0000003596 devstack@g-api.service[99488]: DEBUG glance.common.config [None req-b3a45ddd-0780-4237-969d-763d58763d92 None None] Loading glance-api-keystone+cachemanagement from /etc/glance/glance-api-paste.ini {{(pid=99488) load_paste_app /opt/stack/glance/glance/common/config.py:759}}
Jun 25 08:57:00.583823 np0000003596 devstack@g-api.service[99490]: INFO glance.image_cache [None req-99b57462-6a23-4785-8ea0-d7f200c8f630 None None] Image cache loaded driver 'centralized_db'.
Jun 25 08:57:00.585135 np0000003596 devstack@g-api.service[99488]: INFO glance.image_cache [None req-b3a45ddd-0780-4237-969d-763d58763d92 None None] Image cache loaded driver 'centralized_db'.
Jun 25 08:57:00.622387 np0000003596 devstack@g-api.service[99489]: INFO glance.image_cache [None req-e94a31bc-4483-40cb-9138-e31e79a0af30 None None] Image cache loaded driver 'centralized_db'.
Jun 25 08:57:00.627666 np0000003596 devstack@g-api.service[99490]: INFO dbcounter [None req-99b57462-6a23-4785-8ea0-d7f200c8f630 None None] Registered counter for database glance
Jun 25 08:57:00.629289 np0000003596 devstack@g-api.service[99488]: INFO dbcounter [None req-b3a45ddd-0780-4237-969d-763d58763d92 None None] Registered counter for database glance
Jun 25 08:57:00.666925 np0000003596 devstack@g-api.service[99488]: DEBUG oslo_db.sqlalchemy.engines [None req-b3a45ddd-0780-4237-969d-763d58763d92 None None] MySQL server mode set to STRICT_TRANS_TABLES,STRICT_ALL_TABLES,NO_ZERO_IN_DATE,NO_ZERO_DATE,ERROR_FOR_DIVISION_BY_ZERO,TRADITIONAL,NO_ENGINE_SUBSTITUTION {{(pid=99488) _check_effective_sql_mode /opt/stack/data/venv/lib/python3.12/site-packages/oslo_db/sqlalchemy/engines.py:325}}
Jun 25 08:57:00.669187 np0000003596 devstack@g-api.service[99489]: INFO dbcounter [None req-e94a31bc-4483-40cb-9138-e31e79a0af30 None None] Registered counter for database glance
Jun 25 08:57:00.670186 np0000003596 devstack@g-api.service[99490]: DEBUG oslo_db.sqlalchemy.engines [None req-99b57462-6a23-4785-8ea0-d7f200c8f630 None None] MySQL server mode set to STRICT_TRANS_TABLES,STRICT_ALL_TABLES,NO_ZERO_IN_DATE,NO_ZERO_DATE,ERROR_FOR_DIVISION_BY_ZERO,TRADITIONAL,NO_ENGINE_SUBSTITUTION {{(pid=99490) _check_effective_sql_mode /opt/stack/data/venv/lib/python3.12/site-packages/oslo_db/sqlalchemy/engines.py:325}}
Jun 25 08:57:00.690378 np0000003596 devstack@g-api.service[99488]: DEBUG dbcounter [-] [99488] Writer thread running {{(pid=99488) stat_writer /opt/stack/data/venv/lib/python3.12/site-packages/dbcounter.py:102}}
Jun 25 08:57:00.702866 np0000003596 devstack@g-api.service[99488]: INFO glance.image_cache [None req-b3a45ddd-0780-4237-969d-763d58763d92 None None] Image cache loaded driver 'centralized_db'.
Jun 25 08:57:00.703462 np0000003596 devstack@g-api.service[99490]: DEBUG dbcounter [-] [99490] Writer thread running {{(pid=99490) stat_writer /opt/stack/data/venv/lib/python3.12/site-packages/dbcounter.py:102}}
Jun 25 08:57:00.707109 np0000003596 devstack@g-api.service[99490]: DEBUG glance.image_cache.drivers.centralized_db [None req-99b57462-6a23-4785-8ea0-d7f200c8f630 None None] Node reference is already recorded, ignoring it {{(pid=99490) configure /opt/stack/glance/glance/image_cache/drivers/centralized_db.py:71}}
Jun 25 08:57:00.708859 np0000003596 devstack@g-api.service[99489]: DEBUG oslo_db.sqlalchemy.engines [None req-e94a31bc-4483-40cb-9138-e31e79a0af30 None None] MySQL server mode set to STRICT_TRANS_TABLES,STRICT_ALL_TABLES,NO_ZERO_IN_DATE,NO_ZERO_DATE,ERROR_FOR_DIVISION_BY_ZERO,TRADITIONAL,NO_ENGINE_SUBSTITUTION {{(pid=99489) _check_effective_sql_mode /opt/stack/data/venv/lib/python3.12/site-packages/oslo_db/sqlalchemy/engines.py:325}}
Jun 25 08:57:00.711679 np0000003596 devstack@g-api.service[99488]: DEBUG glance.image_cache.drivers.centralized_db [None req-b3a45ddd-0780-4237-969d-763d58763d92 None None] Node reference is already recorded, ignoring it {{(pid=99488) configure /opt/stack/glance/glance/image_cache/drivers/centralized_db.py:71}}
Jun 25 08:57:00.718225 np0000003596 devstack@g-api.service[99490]: INFO glance.image_cache [None req-99b57462-6a23-4785-8ea0-d7f200c8f630 None None] Image cache loaded driver 'centralized_db'.
Jun 25 08:57:00.732950 np0000003596 devstack@g-api.service[99489]: DEBUG dbcounter [-] [99489] Writer thread running {{(pid=99489) stat_writer /opt/stack/data/venv/lib/python3.12/site-packages/dbcounter.py:102}}
Jun 25 08:57:00.736664 np0000003596 devstack@g-api.service[99489]: DEBUG glance.image_cache.drivers.centralized_db [None req-e94a31bc-4483-40cb-9138-e31e79a0af30 None None] Node reference is already recorded, ignoring it {{(pid=99489) configure /opt/stack/glance/glance/image_cache/drivers/centralized_db.py:71}}
Jun 25 08:57:00.744443 np0000003596 devstack@g-api.service[99489]: INFO glance.image_cache [None req-e94a31bc-4483-40cb-9138-e31e79a0af30 None None] Image cache loaded driver 'centralized_db'.
Jun 25 08:57:00.817108 np0000003596 devstack@g-api.service[99488]: DEBUG glance.api.v2.cached_images [None req-b3a45ddd-0780-4237-969d-763d58763d92 None None] Started cache worker thread {{(pid=99488) __init__ /opt/stack/glance/glance/api/v2/cached_images.py:69}}
Jun 25 08:57:00.817955 np0000003596 devstack@g-api.service[99488]: INFO glance.image_cache [None req-b3a45ddd-0780-4237-969d-763d58763d92 None None] Image cache loaded driver 'centralized_db'.
Jun 25 08:57:00.825376 np0000003596 devstack@g-api.service[99488]: DEBUG glance.image_cache.drivers.centralized_db [None req-b3a45ddd-0780-4237-969d-763d58763d92 None None] Node reference is already recorded, ignoring it {{(pid=99488) configure /opt/stack/glance/glance/image_cache/drivers/centralized_db.py:71}}
Jun 25 08:57:00.828204 np0000003596 devstack@g-api.service[99490]: DEBUG glance.image_cache.drivers.centralized_db [None req-99b57462-6a23-4785-8ea0-d7f200c8f630 None None] Node reference is already recorded, ignoring it {{(pid=99490) configure /opt/stack/glance/glance/image_cache/drivers/centralized_db.py:71}}
Jun 25 08:57:00.830370 np0000003596 devstack@g-api.service[99488]: INFO glance.api.middleware.cache_manage [None req-b3a45ddd-0780-4237-969d-763d58763d92 None None] Initialized image cache management middleware
Jun 25 08:57:00.830585 np0000003596 devstack@g-api.service[99488]: INFO glance.image_cache [None req-b3a45ddd-0780-4237-969d-763d58763d92 None None] Image cache loaded driver 'centralized_db'.
Jun 25 08:57:00.833488 np0000003596 devstack@g-api.service[99490]: DEBUG glance.api.v2.cached_images [None req-99b57462-6a23-4785-8ea0-d7f200c8f630 None None] Started cache worker thread {{(pid=99490) __init__ /opt/stack/glance/glance/api/v2/cached_images.py:69}}
Jun 25 08:57:00.834154 np0000003596 devstack@g-api.service[99490]: INFO glance.image_cache [None req-99b57462-6a23-4785-8ea0-d7f200c8f630 None None] Image cache loaded driver 'centralized_db'.
Jun 25 08:57:00.838595 np0000003596 devstack@g-api.service[99488]: DEBUG glance.image_cache.drivers.centralized_db [None req-b3a45ddd-0780-4237-969d-763d58763d92 None None] Node reference is already recorded, ignoring it {{(pid=99488) configure /opt/stack/glance/glance/image_cache/drivers/centralized_db.py:71}}
Jun 25 08:57:00.841941 np0000003596 devstack@g-api.service[99490]: DEBUG glance.image_cache.drivers.centralized_db [None req-99b57462-6a23-4785-8ea0-d7f200c8f630 None None] Node reference is already recorded, ignoring it {{(pid=99490) configure /opt/stack/glance/glance/image_cache/drivers/centralized_db.py:71}}
Jun 25 08:57:00.842407 np0000003596 devstack@g-api.service[99488]: INFO glance.api.middleware.cache [None req-b3a45ddd-0780-4237-969d-763d58763d92 None None] Initialized image cache middleware
Jun 25 08:57:00.847061 np0000003596 devstack@g-api.service[99490]: INFO glance.api.middleware.cache_manage [None req-99b57462-6a23-4785-8ea0-d7f200c8f630 None None] Initialized image cache management middleware
Jun 25 08:57:00.847280 np0000003596 devstack@g-api.service[99490]: INFO glance.image_cache [None req-99b57462-6a23-4785-8ea0-d7f200c8f630 None None] Image cache loaded driver 'centralized_db'.
Jun 25 08:57:00.849884 np0000003596 devstack@g-api.service[99489]: DEBUG glance.image_cache.drivers.centralized_db [None req-e94a31bc-4483-40cb-9138-e31e79a0af30 None None] Node reference is already recorded, ignoring it {{(pid=99489) configure /opt/stack/glance/glance/image_cache/drivers/centralized_db.py:71}}
Jun 25 08:57:00.854302 np0000003596 devstack@g-api.service[99490]: DEBUG glance.image_cache.drivers.centralized_db [None req-99b57462-6a23-4785-8ea0-d7f200c8f630 None None] Node reference is already recorded, ignoring it {{(pid=99490) configure /opt/stack/glance/glance/image_cache/drivers/centralized_db.py:71}}
Jun 25 08:57:00.855410 np0000003596 devstack@g-api.service[99488]: DEBUG glance.common.config [None req-b3a45ddd-0780-4237-969d-763d58763d92 None None] ******************************************************************************** {{(pid=99488) log_opt_values /opt/stack/data/venv/lib/python3.12/site-packages/oslo_config/cfg.py:3226}}
Jun 25 08:57:00.855470 np0000003596 devstack@g-api.service[99489]: DEBUG glance.api.v2.cached_images [None req-e94a31bc-4483-40cb-9138-e31e79a0af30 None None] Started cache worker thread {{(pid=99489) __init__ /opt/stack/glance/glance/api/v2/cached_images.py:69}}
Jun 25 08:57:00.855500 np0000003596 devstack@g-api.service[99488]: DEBUG glance.common.config [None req-b3a45ddd-0780-4237-969d-763d58763d92 None None] Configuration options gathered from: {{(pid=99488) log_opt_values /opt/stack/data/venv/lib/python3.12/site-packages/oslo_config/cfg.py:3227}}
Jun 25 08:57:00.855973 np0000003596 devstack@g-api.service[99488]: DEBUG glance.common.config [None req-b3a45ddd-0780-4237-969d-763d58763d92 None None] command line args: [] {{(pid=99488) log_opt_values /opt/stack/data/venv/lib/python3.12/site-packages/oslo_config/cfg.py:3228}}
Jun 25 08:57:00.856151 np0000003596 devstack@g-api.service[99488]: DEBUG glance.common.config [None req-b3a45ddd-0780-4237-969d-763d58763d92 None None] config files: ['/etc/glance/glance-image-import.conf', '/etc/glance/glance-api.conf'] {{(pid=99488) log_opt_values /opt/stack/data/venv/lib/python3.12/site-packages/oslo_config/cfg.py:3229}}
Jun 25 08:57:00.856195 np0000003596 devstack@g-api.service[99489]: INFO glance.image_cache [None req-e94a31bc-4483-40cb-9138-e31e79a0af30 None None] Image cache loaded driver 'centralized_db'.
Jun 25 08:57:00.856260 np0000003596 devstack@g-api.service[99488]: DEBUG glance.common.config [None req-b3a45ddd-0780-4237-969d-763d58763d92 None None] ================================================================================ {{(pid=99488) log_opt_values /opt/stack/data/venv/lib/python3.12/site-packages/oslo_config/cfg.py:3234}}
Jun 25 08:57:00.856438 np0000003596 devstack@g-api.service[99488]: DEBUG glance.common.config [None req-b3a45ddd-0780-4237-969d-763d58763d92 None None] allow_anonymous_access = False {{(pid=99488) log_opt_values /opt/stack/data/venv/lib/python3.12/site-packages/oslo_config/cfg.py:3242}}
Jun 25 08:57:00.856607 np0000003596 devstack@g-api.service[99488]: DEBUG glance.common.config [None req-b3a45ddd-0780-4237-969d-763d58763d92 None None] api_limit_max = 1000 {{(pid=99488) log_opt_values /opt/stack/data/venv/lib/python3.12/site-packages/oslo_config/cfg.py:3242}}
Jun 25 08:57:00.856752 np0000003596 devstack@g-api.service[99488]: DEBUG glance.common.config [None req-b3a45ddd-0780-4237-969d-763d58763d92 None None] backlog = 4096 {{(pid=99488) log_opt_values /opt/stack/data/venv/lib/python3.12/site-packages/oslo_config/cfg.py:3242}}
Jun 25 08:57:00.856914 np0000003596 devstack@g-api.service[99488]: DEBUG glance.common.config [None req-b3a45ddd-0780-4237-969d-763d58763d92 None None] bind_host = 0.0.0.0 {{(pid=99488) log_opt_values /opt/stack/data/venv/lib/python3.12/site-packages/oslo_config/cfg.py:3242}}
Jun 25 08:57:00.857081 np0000003596 devstack@g-api.service[99488]: DEBUG glance.common.config [None req-b3a45ddd-0780-4237-969d-763d58763d92 None None] bind_port = 19292 {{(pid=99488) log_opt_values /opt/stack/data/venv/lib/python3.12/site-packages/oslo_config/cfg.py:3242}}
Jun 25 08:57:00.857214 np0000003596 devstack@g-api.service[99488]: DEBUG glance.common.config [None req-b3a45ddd-0780-4237-969d-763d58763d92 None None] client_socket_timeout = 900 {{(pid=99488) log_opt_values /opt/stack/data/venv/lib/python3.12/site-packages/oslo_config/cfg.py:3242}}
Jun 25 08:57:00.857348 np0000003596 devstack@g-api.service[99488]: DEBUG glance.common.config [None req-b3a45ddd-0780-4237-969d-763d58763d92 None None] config_dir = [] {{(pid=99488) log_opt_values /opt/stack/data/venv/lib/python3.12/site-packages/oslo_config/cfg.py:3242}}
Jun 25 08:57:00.857451 np0000003596 devstack@g-api.service[99488]: DEBUG glance.common.config [None req-b3a45ddd-0780-4237-969d-763d58763d92 None None] config_file = ['/etc/glance/glance-image-import.conf', '/etc/glance/glance-api.conf'] {{(pid=99488) log_opt_values /opt/stack/data/venv/lib/python3.12/site-packages/oslo_config/cfg.py:3242}}
Jun 25 08:57:00.857600 np0000003596 devstack@g-api.service[99488]: DEBUG glance.common.config [None req-b3a45ddd-0780-4237-969d-763d58763d92 None None] config_source = [] {{(pid=99488) log_opt_values /opt/stack/data/venv/lib/python3.12/site-packages/oslo_config/cfg.py:3242}}
Jun 25 08:57:00.857742 np0000003596 devstack@g-api.service[99488]: DEBUG glance.common.config [None req-b3a45ddd-0780-4237-969d-763d58763d92 None None] control_exchange = glance {{(pid=99488) log_opt_values /opt/stack/data/venv/lib/python3.12/site-packages/oslo_config/cfg.py:3242}}
Jun 25 08:57:00.857841 np0000003596 devstack@g-api.service[99488]: DEBUG glance.common.config [None req-b3a45ddd-0780-4237-969d-763d58763d92 None None] debug = True {{(pid=99488) log_opt_values /opt/stack/data/venv/lib/python3.12/site-packages/oslo_config/cfg.py:3242}}
Jun 25 08:57:00.858088 np0000003596 devstack@g-api.service[99488]: DEBUG glance.common.config [None req-b3a45ddd-0780-4237-969d-763d58763d92 None None] default_log_levels = ['amqp=WARN', 'boto=WARN', 'sqlalchemy=WARN', 'suds=INFO', 'oslo.messaging=INFO', 'oslo_messaging=INFO', 'iso8601=WARN', 'requests.packages.urllib3.connectionpool=WARN', 'urllib3.connectionpool=WARN', 'websocket=WARN', 'requests.packages.urllib3.util.retry=WARN', 'urllib3.util.retry=WARN', 'keystonemiddleware=WARN', 'routes.middleware=WARN', 'stevedore=WARN', 'taskflow=WARN', 'keystoneauth=WARN', 'oslo.cache=INFO', 'oslo_policy=INFO', 'dogpile.core.dogpile=INFO'] {{(pid=99488) log_opt_values /opt/stack/data/venv/lib/python3.12/site-packages/oslo_config/cfg.py:3242}}
Jun 25 08:57:00.858221 np0000003596 devstack@g-api.service[99488]: DEBUG glance.common.config [None req-b3a45ddd-0780-4237-969d-763d58763d92 None None] default_publisher_id = image.localhost {{(pid=99488) log_opt_values /opt/stack/data/venv/lib/python3.12/site-packages/oslo_config/cfg.py:3242}}
Jun 25 08:57:00.858340 np0000003596 devstack@g-api.service[99488]: DEBUG glance.common.config [None req-b3a45ddd-0780-4237-969d-763d58763d92 None None] delayed_delete = False {{(pid=99488) log_opt_values /opt/stack/data/venv/lib/python3.12/site-packages/oslo_config/cfg.py:3242}}
Jun 25 08:57:00.858445 np0000003596 devstack@g-api.service[99490]: INFO glance.api.middleware.cache [None req-99b57462-6a23-4785-8ea0-d7f200c8f630 None None] Initialized image cache middleware
Jun 25 08:57:00.858506 np0000003596 devstack@g-api.service[99488]: DEBUG glance.common.config [None req-b3a45ddd-0780-4237-969d-763d58763d92 None None] digest_algorithm = sha256 {{(pid=99488) log_opt_values /opt/stack/data/venv/lib/python3.12/site-packages/oslo_config/cfg.py:3242}}
Jun 25 08:57:00.858622 np0000003596 devstack@g-api.service[99488]: DEBUG glance.common.config [None req-b3a45ddd-0780-4237-969d-763d58763d92 None None] disabled_notifications = [] {{(pid=99488) log_opt_values /opt/stack/data/venv/lib/python3.12/site-packages/oslo_config/cfg.py:3242}}
Jun 25 08:57:00.858754 np0000003596 devstack@g-api.service[99488]: DEBUG glance.common.config [None req-b3a45ddd-0780-4237-969d-763d58763d92 None None] do_secure_hash = True {{(pid=99488) log_opt_values /opt/stack/data/venv/lib/python3.12/site-packages/oslo_config/cfg.py:3242}}
Jun 25 08:57:00.858886 np0000003596 devstack@g-api.service[99488]: DEBUG glance.common.config [None req-b3a45ddd-0780-4237-969d-763d58763d92 None None] enabled_backends = None {{(pid=99488) log_opt_values /opt/stack/data/venv/lib/python3.12/site-packages/oslo_config/cfg.py:3242}}
Jun 25 08:57:00.859059 np0000003596 devstack@g-api.service[99488]: DEBUG glance.common.config [None req-b3a45ddd-0780-4237-969d-763d58763d92 None None] enabled_import_methods = ['glance-direct', 'web-download', 'copy-image'] {{(pid=99488) log_opt_values /opt/stack/data/venv/lib/python3.12/site-packages/oslo_config/cfg.py:3242}}
Jun 25 08:57:00.859191 np0000003596 devstack@g-api.service[99488]: DEBUG glance.common.config [None req-b3a45ddd-0780-4237-969d-763d58763d92 None None] fatal_deprecations = False {{(pid=99488) log_opt_values /opt/stack/data/venv/lib/python3.12/site-packages/oslo_config/cfg.py:3242}}
Jun 25 08:57:00.859323 np0000003596 devstack@g-api.service[99488]: DEBUG glance.common.config [None req-b3a45ddd-0780-4237-969d-763d58763d92 None None] hashing_algorithm = sha512 {{(pid=99488) log_opt_values /opt/stack/data/venv/lib/python3.12/site-packages/oslo_config/cfg.py:3242}}
Jun 25 08:57:00.859446 np0000003596 devstack@g-api.service[99488]: DEBUG glance.common.config [None req-b3a45ddd-0780-4237-969d-763d58763d92 None None] http_keepalive = True {{(pid=99488) log_opt_values /opt/stack/data/venv/lib/python3.12/site-packages/oslo_config/cfg.py:3242}}
Jun 25 08:57:00.859584 np0000003596 devstack@g-api.service[99488]: DEBUG glance.common.config [None req-b3a45ddd-0780-4237-969d-763d58763d92 None None] http_retries = 3 {{(pid=99488) log_opt_values /opt/stack/data/venv/lib/python3.12/site-packages/oslo_config/cfg.py:3242}}
Jun 25 08:57:00.859718 np0000003596 devstack@g-api.service[99488]: DEBUG glance.common.config [None req-b3a45ddd-0780-4237-969d-763d58763d92 None None] image_cache_dir = /opt/stack/data/glance/cache/ {{(pid=99488) log_opt_values /opt/stack/data/venv/lib/python3.12/site-packages/oslo_config/cfg.py:3242}}
Jun 25 08:57:00.859850 np0000003596 devstack@g-api.service[99488]: DEBUG glance.common.config [None req-b3a45ddd-0780-4237-969d-763d58763d92 None None] image_cache_driver = centralized_db {{(pid=99488) log_opt_values /opt/stack/data/venv/lib/python3.12/site-packages/oslo_config/cfg.py:3242}}
Jun 25 08:57:00.859995 np0000003596 devstack@g-api.service[99488]: DEBUG glance.common.config [None req-b3a45ddd-0780-4237-969d-763d58763d92 None None] image_cache_max_size = 10737418240 {{(pid=99488) log_opt_values /opt/stack/data/venv/lib/python3.12/site-packages/oslo_config/cfg.py:3242}}
Jun 25 08:57:00.860134 np0000003596 devstack@g-api.service[99488]: DEBUG glance.common.config [None req-b3a45ddd-0780-4237-969d-763d58763d92 None None] image_cache_sqlite_db = cache.db {{(pid=99488) log_opt_values /opt/stack/data/venv/lib/python3.12/site-packages/oslo_config/cfg.py:3242}}
Jun 25 08:57:00.860259 np0000003596 devstack@g-api.service[99488]: DEBUG glance.common.config [None req-b3a45ddd-0780-4237-969d-763d58763d92 None None] image_cache_stall_time = 86400 {{(pid=99488) log_opt_values /opt/stack/data/venv/lib/python3.12/site-packages/oslo_config/cfg.py:3242}}
Jun 25 08:57:00.860384 np0000003596 devstack@g-api.service[99488]: DEBUG glance.common.config [None req-b3a45ddd-0780-4237-969d-763d58763d92 None None] image_location_quota = 10 {{(pid=99488) log_opt_values /opt/stack/data/venv/lib/python3.12/site-packages/oslo_config/cfg.py:3242}}
Jun 25 08:57:00.860515 np0000003596 devstack@g-api.service[99488]: DEBUG glance.common.config [None req-b3a45ddd-0780-4237-969d-763d58763d92 None None] image_member_quota = 128 {{(pid=99488) log_opt_values /opt/stack/data/venv/lib/python3.12/site-packages/oslo_config/cfg.py:3242}}
Jun 25 08:57:00.860654 np0000003596 devstack@g-api.service[99488]: DEBUG glance.common.config [None req-b3a45ddd-0780-4237-969d-763d58763d92 None None] image_property_quota = 128 {{(pid=99488) log_opt_values /opt/stack/data/venv/lib/python3.12/site-packages/oslo_config/cfg.py:3242}}
Jun 25 08:57:00.860781 np0000003596 devstack@g-api.service[99488]: DEBUG glance.common.config [None req-b3a45ddd-0780-4237-969d-763d58763d92 None None] image_size_cap = 1099511627776 {{(pid=99488) log_opt_values /opt/stack/data/venv/lib/python3.12/site-packages/oslo_config/cfg.py:3242}}
Jun 25 08:57:00.860906 np0000003596 devstack@g-api.service[99488]: DEBUG glance.common.config [None req-b3a45ddd-0780-4237-969d-763d58763d92 None None] image_tag_quota = 128 {{(pid=99488) log_opt_values /opt/stack/data/venv/lib/python3.12/site-packages/oslo_config/cfg.py:3242}}
Jun 25 08:57:00.861061 np0000003596 devstack@g-api.service[99488]: DEBUG glance.common.config [None req-b3a45ddd-0780-4237-969d-763d58763d92 None None] instance_format = [instance: %(uuid)s] {{(pid=99488) log_opt_values /opt/stack/data/venv/lib/python3.12/site-packages/oslo_config/cfg.py:3242}}
Jun 25 08:57:00.861194 np0000003596 devstack@g-api.service[99488]: DEBUG glance.common.config [None req-b3a45ddd-0780-4237-969d-763d58763d92 None None] instance_uuid_format = [instance: %(uuid)s] {{(pid=99488) log_opt_values /opt/stack/data/venv/lib/python3.12/site-packages/oslo_config/cfg.py:3242}}
Jun 25 08:57:00.861317 np0000003596 devstack@g-api.service[99488]: DEBUG glance.common.config [None req-b3a45ddd-0780-4237-969d-763d58763d92 None None] limit_param_default = 25 {{(pid=99488) log_opt_values /opt/stack/data/venv/lib/python3.12/site-packages/oslo_config/cfg.py:3242}}
Jun 25 08:57:00.861451 np0000003596 devstack@g-api.service[99488]: DEBUG glance.common.config [None req-b3a45ddd-0780-4237-969d-763d58763d92 None None] log_color = False {{(pid=99488) log_opt_values /opt/stack/data/venv/lib/python3.12/site-packages/oslo_config/cfg.py:3242}}
Jun 25 08:57:00.861603 np0000003596 devstack@g-api.service[99488]: DEBUG glance.common.config [None req-b3a45ddd-0780-4237-969d-763d58763d92 None None] log_config_append = None {{(pid=99488) log_opt_values /opt/stack/data/venv/lib/python3.12/site-packages/oslo_config/cfg.py:3242}}
Jun 25 08:57:00.861743 np0000003596 devstack@g-api.service[99488]: DEBUG glance.common.config [None req-b3a45ddd-0780-4237-969d-763d58763d92 None None] log_date_format = %Y-%m-%d %H:%M:%S {{(pid=99488) log_opt_values /opt/stack/data/venv/lib/python3.12/site-packages/oslo_config/cfg.py:3242}}
Jun 25 08:57:00.861872 np0000003596 devstack@g-api.service[99488]: DEBUG glance.common.config [None req-b3a45ddd-0780-4237-969d-763d58763d92 None None] log_dir = None {{(pid=99488) log_opt_values /opt/stack/data/venv/lib/python3.12/site-packages/oslo_config/cfg.py:3242}}
Jun 25 08:57:00.862013 np0000003596 devstack@g-api.service[99488]: DEBUG glance.common.config [None req-b3a45ddd-0780-4237-969d-763d58763d92 None None] log_file = None {{(pid=99488) log_opt_values /opt/stack/data/venv/lib/python3.12/site-packages/oslo_config/cfg.py:3242}}
Jun 25 08:57:00.862141 np0000003596 devstack@g-api.service[99488]: DEBUG glance.common.config [None req-b3a45ddd-0780-4237-969d-763d58763d92 None None] log_rotate_interval = 1 {{(pid=99488) log_opt_values /opt/stack/data/venv/lib/python3.12/site-packages/oslo_config/cfg.py:3242}}
Jun 25 08:57:00.862274 np0000003596 devstack@g-api.service[99488]: DEBUG glance.common.config [None req-b3a45ddd-0780-4237-969d-763d58763d92 None None] log_rotate_interval_type = days {{(pid=99488) log_opt_values /opt/stack/data/venv/lib/python3.12/site-packages/oslo_config/cfg.py:3242}}
Jun 25 08:57:00.862411 np0000003596 devstack@g-api.service[99488]: DEBUG glance.common.config [None req-b3a45ddd-0780-4237-969d-763d58763d92 None None] log_rotation_type = none {{(pid=99488) log_opt_values /opt/stack/data/venv/lib/python3.12/site-packages/oslo_config/cfg.py:3242}}
Jun 25 08:57:00.862534 np0000003596 devstack@g-api.service[99488]: DEBUG glance.common.config [None req-b3a45ddd-0780-4237-969d-763d58763d92 None None] logging_context_format_string = %(color)s%(levelname)s %(name)s [%(global_request_id)s %(request_id)s %(project_name)s %(user_name)s%(color)s] %(instance)s%(color)s%(message)s {{(pid=99488) log_opt_values /opt/stack/data/venv/lib/python3.12/site-packages/oslo_config/cfg.py:3242}}
Jun 25 08:57:00.862620 np0000003596 devstack@g-api.service[99488]: DEBUG glance.common.config [None req-b3a45ddd-0780-4237-969d-763d58763d92 None None] logging_debug_format_suffix = {{(pid=%(process)d) %(funcName)s %(pathname)s:%(lineno)d}} {{(pid=99488) log_opt_values /opt/stack/data/venv/lib/python3.12/site-packages/oslo_config/cfg.py:3242}}
Jun 25 08:57:00.862757 np0000003596 devstack@g-api.service[99488]: DEBUG glance.common.config [None req-b3a45ddd-0780-4237-969d-763d58763d92 None None] logging_default_format_string = %(color)s%(levelname)s %(name)s [-%(color)s] %(instance)s%(color)s%(message)s {{(pid=99488) log_opt_values /opt/stack/data/venv/lib/python3.12/site-packages/oslo_config/cfg.py:3242}}
Jun 25 08:57:00.862889 np0000003596 devstack@g-api.service[99488]: DEBUG glance.common.config [None req-b3a45ddd-0780-4237-969d-763d58763d92 None None] logging_exception_prefix = ERROR %(name)s %(instance)s {{(pid=99488) log_opt_values /opt/stack/data/venv/lib/python3.12/site-packages/oslo_config/cfg.py:3242}}
Jun 25 08:57:00.863005 np0000003596 devstack@g-api.service[99488]: DEBUG glance.common.config [None req-b3a45ddd-0780-4237-969d-763d58763d92 None None] logging_user_identity_format = %(user)s %(project)s %(domain)s %(system_scope)s %(user_domain)s %(project_domain)s {{(pid=99488) log_opt_values /opt/stack/data/venv/lib/python3.12/site-packages/oslo_config/cfg.py:3242}}
Jun 25 08:57:00.863133 np0000003596 devstack@g-api.service[99488]: DEBUG glance.common.config [None req-b3a45ddd-0780-4237-969d-763d58763d92 None None] max_header_line = 16384 {{(pid=99488) log_opt_values /opt/stack/data/venv/lib/python3.12/site-packages/oslo_config/cfg.py:3242}}
Jun 25 08:57:00.863261 np0000003596 devstack@g-api.service[99488]: DEBUG glance.common.config [None req-b3a45ddd-0780-4237-969d-763d58763d92 None None] max_logfile_count = 30 {{(pid=99488) log_opt_values /opt/stack/data/venv/lib/python3.12/site-packages/oslo_config/cfg.py:3242}}
Jun 25 08:57:00.863383 np0000003596 devstack@g-api.service[99488]: DEBUG glance.common.config [None req-b3a45ddd-0780-4237-969d-763d58763d92 None None] max_logfile_size_mb = 200 {{(pid=99488) log_opt_values /opt/stack/data/venv/lib/python3.12/site-packages/oslo_config/cfg.py:3242}}
Jun 25 08:57:00.863508 np0000003596 devstack@g-api.service[99488]: DEBUG glance.common.config [None req-b3a45ddd-0780-4237-969d-763d58763d92 None None] max_request_id_length = 64 {{(pid=99488) log_opt_values /opt/stack/data/venv/lib/python3.12/site-packages/oslo_config/cfg.py:3242}}
Jun 25 08:57:00.863653 np0000003596 devstack@g-api.service[99488]: DEBUG glance.common.config [None req-b3a45ddd-0780-4237-969d-763d58763d92 None None] metadata_encryption_key = **** {{(pid=99488) log_opt_values /opt/stack/data/venv/lib/python3.12/site-packages/oslo_config/cfg.py:3242}}
Jun 25 08:57:00.863785 np0000003596 devstack@g-api.service[99488]: DEBUG glance.common.config [None req-b3a45ddd-0780-4237-969d-763d58763d92 None None] node_staging_uri = file:///tmp/staging/ {{(pid=99488) log_opt_values /opt/stack/data/venv/lib/python3.12/site-packages/oslo_config/cfg.py:3242}}
Jun 25 08:57:00.863904 np0000003596 devstack@g-api.service[99488]: DEBUG glance.common.config [None req-b3a45ddd-0780-4237-969d-763d58763d92 None None] property_protection_file = None {{(pid=99488) log_opt_values /opt/stack/data/venv/lib/python3.12/site-packages/oslo_config/cfg.py:3242}}
Jun 25 08:57:00.864057 np0000003596 devstack@g-api.service[99488]: DEBUG glance.common.config [None req-b3a45ddd-0780-4237-969d-763d58763d92 None None] property_protection_rule_format = roles {{(pid=99488) log_opt_values /opt/stack/data/venv/lib/python3.12/site-packages/oslo_config/cfg.py:3242}}
Jun 25 08:57:00.864187 np0000003596 devstack@g-api.service[99488]: DEBUG glance.common.config [None req-b3a45ddd-0780-4237-969d-763d58763d92 None None] public_endpoint = https://10.4.3.21/image {{(pid=99488) log_opt_values /opt/stack/data/venv/lib/python3.12/site-packages/oslo_config/cfg.py:3242}}
Jun 25 08:57:00.864309 np0000003596 devstack@g-api.service[99488]: DEBUG glance.common.config [None req-b3a45ddd-0780-4237-969d-763d58763d92 None None] publish_errors = False {{(pid=99488) log_opt_values /opt/stack/data/venv/lib/python3.12/site-packages/oslo_config/cfg.py:3242}}
Jun 25 08:57:00.864433 np0000003596 devstack@g-api.service[99488]: DEBUG glance.common.config [None req-b3a45ddd-0780-4237-969d-763d58763d92 None None] pydev_worker_debug_host = None {{(pid=99488) log_opt_values /opt/stack/data/venv/lib/python3.12/site-packages/oslo_config/cfg.py:3242}}
Jun 25 08:57:00.864460 np0000003596 devstack@g-api.service[99489]: DEBUG glance.image_cache.drivers.centralized_db [None req-e94a31bc-4483-40cb-9138-e31e79a0af30 None None] Node reference is already recorded, ignoring it {{(pid=99489) configure /opt/stack/glance/glance/image_cache/drivers/centralized_db.py:71}}
Jun 25 08:57:00.864573 np0000003596 devstack@g-api.service[99488]: DEBUG glance.common.config [None req-b3a45ddd-0780-4237-969d-763d58763d92 None None] pydev_worker_debug_port = 5678 {{(pid=99488) log_opt_values /opt/stack/data/venv/lib/python3.12/site-packages/oslo_config/cfg.py:3242}}
Jun 25 08:57:00.864702 np0000003596 devstack@g-api.service[99488]: DEBUG glance.common.config [None req-b3a45ddd-0780-4237-969d-763d58763d92 None None] rate_limit_burst = 0 {{(pid=99488) log_opt_values /opt/stack/data/venv/lib/python3.12/site-packages/oslo_config/cfg.py:3242}}
Jun 25 08:57:00.864829 np0000003596 devstack@g-api.service[99488]: DEBUG glance.common.config [None req-b3a45ddd-0780-4237-969d-763d58763d92 None None] rate_limit_except_level = CRITICAL {{(pid=99488) log_opt_values /opt/stack/data/venv/lib/python3.12/site-packages/oslo_config/cfg.py:3242}}
Jun 25 08:57:00.864955 np0000003596 devstack@g-api.service[99488]: DEBUG glance.common.config [None req-b3a45ddd-0780-4237-969d-763d58763d92 None None] rate_limit_interval = 0 {{(pid=99488) log_opt_values /opt/stack/data/venv/lib/python3.12/site-packages/oslo_config/cfg.py:3242}}
Jun 25 08:57:00.865097 np0000003596 devstack@g-api.service[99488]: DEBUG glance.common.config [None req-b3a45ddd-0780-4237-969d-763d58763d92 None None] scrub_pool_size = 1 {{(pid=99488) log_opt_values /opt/stack/data/venv/lib/python3.12/site-packages/oslo_config/cfg.py:3242}}
Jun 25 08:57:00.865224 np0000003596 devstack@g-api.service[99488]: DEBUG glance.common.config [None req-b3a45ddd-0780-4237-969d-763d58763d92 None None] scrub_time = 0 {{(pid=99488) log_opt_values /opt/stack/data/venv/lib/python3.12/site-packages/oslo_config/cfg.py:3242}}
Jun 25 08:57:00.865343 np0000003596 devstack@g-api.service[99488]: DEBUG glance.common.config [None req-b3a45ddd-0780-4237-969d-763d58763d92 None None] shell_completion = None {{(pid=99488) log_opt_values /opt/stack/data/venv/lib/python3.12/site-packages/oslo_config/cfg.py:3242}}
Jun 25 08:57:00.865486 np0000003596 devstack@g-api.service[99488]: DEBUG glance.common.config [None req-b3a45ddd-0780-4237-969d-763d58763d92 None None] show_image_direct_url = False {{(pid=99488) log_opt_values /opt/stack/data/venv/lib/python3.12/site-packages/oslo_config/cfg.py:3242}}
Jun 25 08:57:00.865767 np0000003596 devstack@g-api.service[99488]: WARNING oslo_config.cfg [None req-b3a45ddd-0780-4237-969d-763d58763d92 None None] Deprecated: Option "show_multiple_locations" from group "DEFAULT" is deprecated for removal (Use of this option, deprecated since Newton, is a security risk and will be removed once we figure out a way to satisfy those use cases that currently require it. An earlier announcement that the same functionality can be achieved with greater granularity by using policies is incorrect. You cannot work around this option via policy configuration at the present time, though that is the direction we believe the fix will take. Please keep an eye on the Glance release notes to stay up to date on progress in addressing this issue.). Its value may be silently ignored in the future.
Jun 25 08:57:00.865904 np0000003596 devstack@g-api.service[99488]: DEBUG glance.common.config [None req-b3a45ddd-0780-4237-969d-763d58763d92 None None] show_multiple_locations = False {{(pid=99488) log_opt_values /opt/stack/data/venv/lib/python3.12/site-packages/oslo_config/cfg.py:3242}}
Jun 25 08:57:00.866054 np0000003596 devstack@g-api.service[99488]: DEBUG glance.common.config [None req-b3a45ddd-0780-4237-969d-763d58763d92 None None] syslog_log_facility = LOG_USER {{(pid=99488) log_opt_values /opt/stack/data/venv/lib/python3.12/site-packages/oslo_config/cfg.py:3242}}
Jun 25 08:57:00.866180 np0000003596 devstack@g-api.service[99488]: DEBUG glance.common.config [None req-b3a45ddd-0780-4237-969d-763d58763d92 None None] tcp_keepidle = 600 {{(pid=99488) log_opt_values /opt/stack/data/venv/lib/python3.12/site-packages/oslo_config/cfg.py:3242}}
Jun 25 08:57:00.866314 np0000003596 devstack@g-api.service[99488]: DEBUG glance.common.config [None req-b3a45ddd-0780-4237-969d-763d58763d92 None None] transport_url = **** {{(pid=99488) log_opt_values /opt/stack/data/venv/lib/python3.12/site-packages/oslo_config/cfg.py:3242}}
Jun 25 08:57:00.866441 np0000003596 devstack@g-api.service[99488]: DEBUG glance.common.config [None req-b3a45ddd-0780-4237-969d-763d58763d92 None None] use_journal = False {{(pid=99488) log_opt_values /opt/stack/data/venv/lib/python3.12/site-packages/oslo_config/cfg.py:3242}}
Jun 25 08:57:00.866587 np0000003596 devstack@g-api.service[99488]: DEBUG glance.common.config [None req-b3a45ddd-0780-4237-969d-763d58763d92 None None] use_json = False {{(pid=99488) log_opt_values /opt/stack/data/venv/lib/python3.12/site-packages/oslo_config/cfg.py:3242}}
Jun 25 08:57:00.866721 np0000003596 devstack@g-api.service[99488]: DEBUG glance.common.config [None req-b3a45ddd-0780-4237-969d-763d58763d92 None None] use_keystone_limits = True {{(pid=99488) log_opt_values /opt/stack/data/venv/lib/python3.12/site-packages/oslo_config/cfg.py:3242}}
Jun 25 08:57:00.866854 np0000003596 devstack@g-api.service[99488]: DEBUG glance.common.config [None req-b3a45ddd-0780-4237-969d-763d58763d92 None None] use_stderr = False {{(pid=99488) log_opt_values /opt/stack/data/venv/lib/python3.12/site-packages/oslo_config/cfg.py:3242}}
Jun 25 08:57:00.866996 np0000003596 devstack@g-api.service[99488]: DEBUG glance.common.config [None req-b3a45ddd-0780-4237-969d-763d58763d92 None None] use_syslog = False {{(pid=99488) log_opt_values /opt/stack/data/venv/lib/python3.12/site-packages/oslo_config/cfg.py:3242}}
Jun 25 08:57:00.867131 np0000003596 devstack@g-api.service[99488]: DEBUG glance.common.config [None req-b3a45ddd-0780-4237-969d-763d58763d92 None None] user_storage_quota = 0 {{(pid=99488) log_opt_values /opt/stack/data/venv/lib/python3.12/site-packages/oslo_config/cfg.py:3242}}
Jun 25 08:57:00.867264 np0000003596 devstack@g-api.service[99488]: DEBUG glance.common.config [None req-b3a45ddd-0780-4237-969d-763d58763d92 None None] worker_self_reference_url = http://127.0.0.1:60999 {{(pid=99488) log_opt_values /opt/stack/data/venv/lib/python3.12/site-packages/oslo_config/cfg.py:3242}}
Jun 25 08:57:00.867387 np0000003596 devstack@g-api.service[99488]: DEBUG glance.common.config [None req-b3a45ddd-0780-4237-969d-763d58763d92 None None] workers = None {{(pid=99488) log_opt_values /opt/stack/data/venv/lib/python3.12/site-packages/oslo_config/cfg.py:3242}}
Jun 25 08:57:00.867565 np0000003596 devstack@g-api.service[99488]: DEBUG glance.common.config [None req-b3a45ddd-0780-4237-969d-763d58763d92 None None] oslo_concurrency.disable_process_locking = False {{(pid=99488) log_opt_values /opt/stack/data/venv/lib/python3.12/site-packages/oslo_config/cfg.py:3253}}
Jun 25 08:57:00.867698 np0000003596 devstack@g-api.service[99488]: DEBUG glance.common.config [None req-b3a45ddd-0780-4237-969d-763d58763d92 None None] oslo_concurrency.lock_path = /opt/stack/data/glance/locks {{(pid=99488) log_opt_values /opt/stack/data/venv/lib/python3.12/site-packages/oslo_config/cfg.py:3253}}
Jun 25 08:57:00.867834 np0000003596 devstack@g-api.service[99488]: DEBUG glance.common.config [None req-b3a45ddd-0780-4237-969d-763d58763d92 None None] oslo_middleware.enable_proxy_headers_parsing = False {{(pid=99488) log_opt_values /opt/stack/data/venv/lib/python3.12/site-packages/oslo_config/cfg.py:3253}}
Jun 25 08:57:00.867986 np0000003596 devstack@g-api.service[99488]: DEBUG glance.common.config [None req-b3a45ddd-0780-4237-969d-763d58763d92 None None] oslo_middleware.http_basic_auth_user_file = /etc/htpasswd {{(pid=99488) log_opt_values /opt/stack/data/venv/lib/python3.12/site-packages/oslo_config/cfg.py:3253}}
Jun 25 08:57:00.868127 np0000003596 devstack@g-api.service[99488]: DEBUG glance.common.config [None req-b3a45ddd-0780-4237-969d-763d58763d92 None None] paste_deploy.config_file = None {{(pid=99488) log_opt_values /opt/stack/data/venv/lib/python3.12/site-packages/oslo_config/cfg.py:3253}}
Jun 25 08:57:00.868263 np0000003596 devstack@g-api.service[99488]: DEBUG glance.common.config [None req-b3a45ddd-0780-4237-969d-763d58763d92 None None] paste_deploy.flavor = keystone+cachemanagement {{(pid=99488) log_opt_values /opt/stack/data/venv/lib/python3.12/site-packages/oslo_config/cfg.py:3253}}
Jun 25 08:57:00.868455 np0000003596 devstack@g-api.service[99488]: DEBUG glance.common.config [None req-b3a45ddd-0780-4237-969d-763d58763d92 None None] image_format.container_formats = ['ami', 'ari', 'aki', 'bare', 'ovf', 'ova', 'docker', 'compressed'] {{(pid=99488) log_opt_values /opt/stack/data/venv/lib/python3.12/site-packages/oslo_config/cfg.py:3253}}
Jun 25 08:57:00.868654 np0000003596 devstack@g-api.service[99488]: DEBUG glance.common.config [None req-b3a45ddd-0780-4237-969d-763d58763d92 None None] image_format.disk_formats = ['ami', 'ari', 'aki', 'vhd', 'vhdx', 'vmdk', 'raw', 'qcow2', 'vdi', 'iso', 'ploop'] {{(pid=99488) log_opt_values /opt/stack/data/venv/lib/python3.12/site-packages/oslo_config/cfg.py:3253}}
Jun 25 08:57:00.868783 np0000003596 devstack@g-api.service[99488]: DEBUG glance.common.config [None req-b3a45ddd-0780-4237-969d-763d58763d92 None None] image_format.gpt_safety_checks_nonfatal = [] {{(pid=99488) log_opt_values /opt/stack/data/venv/lib/python3.12/site-packages/oslo_config/cfg.py:3253}}
Jun 25 08:57:00.868919 np0000003596 devstack@g-api.service[99488]: DEBUG glance.common.config [None req-b3a45ddd-0780-4237-969d-763d58763d92 None None] image_format.require_image_format_match = True {{(pid=99488) log_opt_values /opt/stack/data/venv/lib/python3.12/site-packages/oslo_config/cfg.py:3253}}
Jun 25 08:57:00.869083 np0000003596 devstack@g-api.service[99488]: DEBUG glance.common.config [None req-b3a45ddd-0780-4237-969d-763d58763d92 None None] image_format.vmdk_allowed_types = ['streamOptimized', 'monolithicSparse'] {{(pid=99488) log_opt_values /opt/stack/data/venv/lib/python3.12/site-packages/oslo_config/cfg.py:3253}}
Jun 25 08:57:00.869232 np0000003596 devstack@g-api.service[99488]: DEBUG glance.common.config [None req-b3a45ddd-0780-4237-969d-763d58763d92 None None] task.task_executor = taskflow {{(pid=99488) log_opt_values /opt/stack/data/venv/lib/python3.12/site-packages/oslo_config/cfg.py:3253}}
Jun 25 08:57:00.869365 np0000003596 devstack@g-api.service[99488]: DEBUG glance.common.config [None req-b3a45ddd-0780-4237-969d-763d58763d92 None None] task.task_time_to_live = 48 {{(pid=99488) log_opt_values /opt/stack/data/venv/lib/python3.12/site-packages/oslo_config/cfg.py:3253}}
Jun 25 08:57:00.869491 np0000003596 devstack@g-api.service[99488]: DEBUG glance.common.config [None req-b3a45ddd-0780-4237-969d-763d58763d92 None None] task.work_dir = None {{(pid=99488) log_opt_values /opt/stack/data/venv/lib/python3.12/site-packages/oslo_config/cfg.py:3253}}
Jun 25 08:57:00.869648 np0000003596 devstack@g-api.service[99488]: DEBUG glance.common.config [None req-b3a45ddd-0780-4237-969d-763d58763d92 None None] wsgi.python_interpreter = /opt/stack/data/venv/bin/python3 {{(pid=99488) log_opt_values /opt/stack/data/venv/lib/python3.12/site-packages/oslo_config/cfg.py:3253}}
Jun 25 08:57:00.869772 np0000003596 devstack@g-api.service[99488]: DEBUG glance.common.config [None req-b3a45ddd-0780-4237-969d-763d58763d92 None None] wsgi.task_pool_threads = 16 {{(pid=99488) log_opt_values /opt/stack/data/venv/lib/python3.12/site-packages/oslo_config/cfg.py:3253}}
Jun 25 08:57:00.869914 np0000003596 devstack@g-api.service[99488]: DEBUG glance.common.config [None req-b3a45ddd-0780-4237-969d-763d58763d92 None None] import_filtering_opts.allowed_hosts = [] {{(pid=99488) log_opt_values /opt/stack/data/venv/lib/python3.12/site-packages/oslo_config/cfg.py:3253}}
Jun 25 08:57:00.870068 np0000003596 devstack@g-api.service[99488]: DEBUG glance.common.config [None req-b3a45ddd-0780-4237-969d-763d58763d92 None None] import_filtering_opts.allowed_ports = [80, 443] {{(pid=99488) log_opt_values /opt/stack/data/venv/lib/python3.12/site-packages/oslo_config/cfg.py:3253}}
