Jul 19 22:43:46.035870 np0000005474 devstack@c-api.service[100102]: DEBUG cinder.api.openstack.wsgi [None req-4e86b606-cabf-41af-80c6-738d2b7e56a5 tempest-ServerActionsV293TestJSON-1674818320 tempest-ServerActionsV293TestJSON-1674818320-project-member] Empty body provided in request {{(pid=100102) get_body /opt/stack/cinder/cinder/api/openstack/wsgi.py:725}}
Jul 19 22:43:46.036206 np0000005474 devstack@c-api.service[100102]: DEBUG cinder.api.openstack.wsgi [None req-4e86b606-cabf-41af-80c6-738d2b7e56a5 tempest-ServerActionsV293TestJSON-1674818320 tempest-ServerActionsV293TestJSON-1674818320-project-member] Calling method 'show' {{(pid=100102) _process_stack /opt/stack/cinder/cinder/api/openstack/wsgi.py:878}}
Jul 19 22:43:46.053878 np0000005474 devstack@c-api.service[100102]: /opt/stack/data/venv/lib/python3.12/site-packages/oslo_context/context.py:102: DeprecationWarning: Policy enforcement is depending on the value of is_admin. This key is deprecated. Please update your policy file to use the standard policy values.
Jul 19 22:43:46.053878 np0000005474 devstack@c-api.service[100102]: warnings.warn(
Jul 19 22:43:46.061281 np0000005474 devstack@c-api.service[100102]: INFO cinder.volume.api [None req-4e86b606-cabf-41af-80c6-738d2b7e56a5 tempest-ServerActionsV293TestJSON-1674818320 tempest-ServerActionsV293TestJSON-1674818320-project-member] Volume info retrieved successfully.
Jul 19 22:43:46.073207 np0000005474 devstack@c-api.service[100102]: INFO cinder.api.openstack.wsgi [None req-4e86b606-cabf-41af-80c6-738d2b7e56a5 tempest-ServerActionsV293TestJSON-1674818320 tempest-ServerActionsV293TestJSON-1674818320-project-member] https://10.4.3.101/volume/v3/volumes/3237a3ea-4643-4e5a-8da3-8760f4effc52 returned with HTTP 200
Jul 19 22:43:46.074029 np0000005474 devstack@c-api.service[100102]: [pid: 100102|app: 0|req: 50/197] 10.4.3.101 () {68 vars in 1389 bytes} [Sun Jul 19 22:43:46 2026] GET /volume/v3/volumes/3237a3ea-4643-4e5a-8da3-8760f4effc52 => generated 1540 bytes in 42 msecs (HTTP/1.1 200) 7 headers in 287 bytes (1 switches on core 0)
Jul 19 22:43:46.127800 np0000005474 devstack@c-api.service[100099]: DEBUG cinder.api.middleware.request_id [req-6a8d9cf8-7919-43d1-a73e-4142abfd91a6 req-627fa849-f48e-428b-9129-8813b663d711 None None] RequestId filter calling following filter/app {{(pid=100099) _context_setter /opt/stack/cinder/cinder/api/middleware/request_id.py:62}}
Jul 19 22:43:46.135575 np0000005474 devstack@c-api.service[100099]: INFO cinder.api.openstack.wsgi [req-6a8d9cf8-7919-43d1-a73e-4142abfd91a6 req-627fa849-f48e-428b-9129-8813b663d711 tempest-ServerActionsV293TestJSON-1674818320 tempest-ServerActionsV293TestJSON-1674818320-project-member] GET https://10.4.3.101/volume/v3/volumes/3237a3ea-4643-4e5a-8da3-8760f4effc52
Jul 19 22:43:46.135575 np0000005474 devstack@c-api.service[100099]: DEBUG cinder.api.openstack.wsgi [req-6a8d9cf8-7919-43d1-a73e-4142abfd91a6 req-627fa849-f48e-428b-9129-8813b663d711 tempest-ServerActionsV293TestJSON-1674818320 tempest-ServerActionsV293TestJSON-1674818320-project-member] Empty body provided in request {{(pid=100099) get_body /opt/stack/cinder/cinder/api/openstack/wsgi.py:725}}
Jul 19 22:43:46.135575 np0000005474 devstack@c-api.service[100099]: DEBUG cinder.api.openstack.wsgi [req-6a8d9cf8-7919-43d1-a73e-4142abfd91a6 req-627fa849-f48e-428b-9129-8813b663d711 tempest-ServerActionsV293TestJSON-1674818320 tempest-ServerActionsV293TestJSON-1674818320-project-member] Calling method 'show' {{(pid=100099) _process_stack /opt/stack/cinder/cinder/api/openstack/wsgi.py:878}}
Jul 19 22:43:46.149739 np0000005474 devstack@c-api.service[100099]: /opt/stack/data/venv/lib/python3.12/site-packages/oslo_context/context.py:102: DeprecationWarning: Policy enforcement is depending on the value of is_admin. This key is deprecated. Please update your policy file to use the standard policy values.
Jul 19 22:43:46.149739 np0000005474 devstack@c-api.service[100099]: warnings.warn(
Jul 19 22:43:46.158356 np0000005474 devstack@c-api.service[100099]: INFO cinder.volume.api [req-6a8d9cf8-7919-43d1-a73e-4142abfd91a6 req-627fa849-f48e-428b-9129-8813b663d711 tempest-ServerActionsV293TestJSON-1674818320 tempest-ServerActionsV293TestJSON-1674818320-project-member] Volume info retrieved successfully.
Jul 19 22:43:46.171663 np0000005474 devstack@c-api.service[100099]: INFO cinder.api.openstack.wsgi [req-6a8d9cf8-7919-43d1-a73e-4142abfd91a6 req-627fa849-f48e-428b-9129-8813b663d711 tempest-ServerActionsV293TestJSON-1674818320 tempest-ServerActionsV293TestJSON-1674818320-project-member] https://10.4.3.101/volume/v3/volumes/3237a3ea-4643-4e5a-8da3-8760f4effc52 returned with HTTP 200
Jul 19 22:43:46.172461 np0000005474 devstack@c-api.service[100099]: [pid: 100099|app: 0|req: 47/198] 10.4.3.101 () {68 vars in 1598 bytes} [Sun Jul 19 22:43:46 2026] GET /volume/v3/volumes/3237a3ea-4643-4e5a-8da3-8760f4effc52 => generated 1360 bytes in 48 msecs (HTTP/1.1 200) 7 headers in 286 bytes (1 switches on core 0)
Jul 19 22:43:46.184556 np0000005474 devstack@c-api.service[100100]: DEBUG cinder.api.middleware.request_id [req-a6ba2bdf-eff6-4fd7-92bd-5e4bb64c1b5d req-a4be4caf-0bc5-4f03-98c4-b1c071d42525 None None] RequestId filter calling following filter/app {{(pid=100100) _context_setter /opt/stack/cinder/cinder/api/middleware/request_id.py:62}}
Jul 19 22:43:46.188108 np0000005474 devstack@c-api.service[100100]: INFO cinder.api.openstack.wsgi [req-a6ba2bdf-eff6-4fd7-92bd-5e4bb64c1b5d req-a4be4caf-0bc5-4f03-98c4-b1c071d42525 tempest-VolumesAssistedSnapshotsTest-338706499 tempest-VolumesAssistedSnapshotsTest-338706499-project-admin] GET https://10.4.3.101/volume/v3/volumes/c58597e6-8796-4b48-8be5-487e50d911af
Jul 19 22:43:46.188218 np0000005474 devstack@c-api.service[100100]: DEBUG cinder.api.openstack.wsgi [req-a6ba2bdf-eff6-4fd7-92bd-5e4bb64c1b5d req-a4be4caf-0bc5-4f03-98c4-b1c071d42525 tempest-VolumesAssistedSnapshotsTest-338706499 tempest-VolumesAssistedSnapshotsTest-338706499-project-admin] Empty body provided in request {{(pid=100100) get_body /opt/stack/cinder/cinder/api/openstack/wsgi.py:725}}
Jul 19 22:43:46.188859 np0000005474 devstack@c-api.service[100100]: DEBUG cinder.api.openstack.wsgi [req-a6ba2bdf-eff6-4fd7-92bd-5e4bb64c1b5d req-a4be4caf-0bc5-4f03-98c4-b1c071d42525 tempest-VolumesAssistedSnapshotsTest-338706499 tempest-VolumesAssistedSnapshotsTest-338706499-project-admin] Calling method 'show' {{(pid=100100) _process_stack /opt/stack/cinder/cinder/api/openstack/wsgi.py:878}}
Jul 19 22:43:46.197589 np0000005474 devstack@c-api.service[100100]: /opt/stack/data/venv/lib/python3.12/site-packages/oslo_context/context.py:102: DeprecationWarning: Policy enforcement is depending on the value of is_admin. This key is deprecated. Please update your policy file to use the standard policy values.
Jul 19 22:43:46.197589 np0000005474 devstack@c-api.service[100100]: warnings.warn(
Jul 19 22:43:46.203089 np0000005474 devstack@c-api.service[100100]: INFO cinder.volume.api [req-a6ba2bdf-eff6-4fd7-92bd-5e4bb64c1b5d req-a4be4caf-0bc5-4f03-98c4-b1c071d42525 tempest-VolumesAssistedSnapshotsTest-338706499 tempest-VolumesAssistedSnapshotsTest-338706499-project-admin] Volume info retrieved successfully.
Jul 19 22:43:46.209021 np0000005474 devstack@c-api.service[100100]: INFO cinder.api.openstack.wsgi [req-a6ba2bdf-eff6-4fd7-92bd-5e4bb64c1b5d req-a4be4caf-0bc5-4f03-98c4-b1c071d42525 tempest-VolumesAssistedSnapshotsTest-338706499 tempest-VolumesAssistedSnapshotsTest-338706499-project-admin] https://10.4.3.101/volume/v3/volumes/c58597e6-8796-4b48-8be5-487e50d911af returned with HTTP 200
Jul 19 22:43:46.209552 np0000005474 devstack@c-api.service[100100]: [pid: 100100|app: 0|req: 51/199] 10.4.3.101 () {68 vars in 1598 bytes} [Sun Jul 19 22:43:46 2026] GET /volume/v3/volumes/c58597e6-8796-4b48-8be5-487e50d911af => generated 1016 bytes in 25 msecs (HTTP/1.1 200) 7 headers in 286 bytes (1 switches on core 0)
Jul 19 22:43:46.680932 np0000005474 devstack@c-api.service[100101]: DEBUG cinder.api.middleware.request_id [None req-6416c31c-e8fb-42d7-9c5b-502759af7354 None None] RequestId filter calling following filter/app {{(pid=100101) _context_setter /opt/stack/cinder/cinder/api/middleware/request_id.py:62}}
Jul 19 22:43:46.681433 np0000005474 devstack@c-api.service[100101]: INFO cinder.api.openstack.wsgi [None req-6416c31c-e8fb-42d7-9c5b-502759af7354 None None] GET https://10.4.3.101/volume//
Jul 19 22:43:46.681433 np0000005474 devstack@c-api.service[100101]: DEBUG cinder.api.openstack.wsgi [None req-6416c31c-e8fb-42d7-9c5b-502759af7354 None None] Empty body provided in request {{(pid=100101) get_body /opt/stack/cinder/cinder/api/openstack/wsgi.py:725}}
Jul 19 22:43:46.681718 np0000005474 devstack@c-api.service[100101]: DEBUG cinder.api.openstack.wsgi [None req-6416c31c-e8fb-42d7-9c5b-502759af7354 None None] Calling method 'all' {{(pid=100101) _process_stack /opt/stack/cinder/cinder/api/openstack/wsgi.py:878}}
Jul 19 22:43:46.682142 np0000005474 devstack@c-api.service[100101]: INFO cinder.api.openstack.wsgi [None req-6416c31c-e8fb-42d7-9c5b-502759af7354 None None] https://10.4.3.101/volume// returned with HTTP 300
Jul 19 22:43:46.683353 np0000005474 devstack@c-api.service[100101]: [pid: 100101|app: 0|req: 52/200] 10.4.3.101 () {66 vars in 1428 bytes} [Sun Jul 19 22:43:46 2026] GET /volume/ => generated 386 bytes in 3 msecs (HTTP/1.1 300) 7 headers in 299 bytes (1 switches on core 0)
Jul 19 22:43:46.705446 np0000005474 devstack@c-api.service[100102]: DEBUG cinder.api.middleware.request_id [req-a6ba2bdf-eff6-4fd7-92bd-5e4bb64c1b5d req-8dcfaffc-88ca-4029-bec2-05ba756453c8 None None] RequestId filter calling following filter/app {{(pid=100102) _context_setter /opt/stack/cinder/cinder/api/middleware/request_id.py:62}}
Jul 19 22:43:46.993963 np0000005474 devstack@c-api.service[100099]: DEBUG cinder.api.middleware.request_id [None req-0235c891-408d-4ab5-b2b1-a2a61e137462 None None] RequestId filter calling following filter/app {{(pid=100099) _context_setter /opt/stack/cinder/cinder/api/middleware/request_id.py:62}}
Jul 19 22:43:46.997868 np0000005474 devstack@c-api.service[100099]: INFO cinder.api.openstack.wsgi [None req-0235c891-408d-4ab5-b2b1-a2a61e137462 tempest-ServerActionsTestOtherB-1174196111 tempest-ServerActionsTestOtherB-1174196111-project-member] GET https://10.4.3.101/volume/v3/volumes/3454da10-8f3b-4a5c-9d0c-c1ba1f96533f
Jul 19 22:43:46.997868 np0000005474 devstack@c-api.service[100099]: DEBUG cinder.api.openstack.wsgi [None req-0235c891-408d-4ab5-b2b1-a2a61e137462 tempest-ServerActionsTestOtherB-1174196111 tempest-ServerActionsTestOtherB-1174196111-project-member] Empty body provided in request {{(pid=100099) get_body /opt/stack/cinder/cinder/api/openstack/wsgi.py:725}}
Jul 19 22:43:46.998284 np0000005474 devstack@c-api.service[100099]: DEBUG cinder.api.openstack.wsgi [None req-0235c891-408d-4ab5-b2b1-a2a61e137462 tempest-ServerActionsTestOtherB-1174196111 tempest-ServerActionsTestOtherB-1174196111-project-member] Calling method 'show' {{(pid=100099) _process_stack /opt/stack/cinder/cinder/api/openstack/wsgi.py:878}}
Jul 19 22:43:47.015466 np0000005474 devstack@c-api.service[100100]: DEBUG cinder.api.middleware.request_id [req-6a8d9cf8-7919-43d1-a73e-4142abfd91a6 req-81bed912-d392-4ffa-a79c-45972fa6d5e3 None None] RequestId filter calling following filter/app {{(pid=100100) _context_setter /opt/stack/cinder/cinder/api/middleware/request_id.py:62}}
Jul 19 22:43:47.019617 np0000005474 devstack@c-api.service[100099]: /opt/stack/data/venv/lib/python3.12/site-packages/oslo_context/context.py:102: DeprecationWarning: Policy enforcement is depending on the value of is_admin. This key is deprecated. Please update your policy file to use the standard policy values.
Jul 19 22:43:47.019617 np0000005474 devstack@c-api.service[100099]: warnings.warn(
Jul 19 22:43:47.019890 np0000005474 devstack@c-api.service[100100]: INFO cinder.api.openstack.wsgi [req-6a8d9cf8-7919-43d1-a73e-4142abfd91a6 req-81bed912-d392-4ffa-a79c-45972fa6d5e3 tempest-ServerActionsV293TestJSON-1674818320 tempest-ServerActionsV293TestJSON-1674818320-project-member] GET https://10.4.3.101/volume/v3/volumes/3237a3ea-4643-4e5a-8da3-8760f4effc52
Jul 19 22:43:47.020535 np0000005474 devstack@c-api.service[100100]: DEBUG cinder.api.openstack.wsgi [req-6a8d9cf8-7919-43d1-a73e-4142abfd91a6 req-81bed912-d392-4ffa-a79c-45972fa6d5e3 tempest-ServerActionsV293TestJSON-1674818320 tempest-ServerActionsV293TestJSON-1674818320-project-member] Empty body provided in request {{(pid=100100) get_body /opt/stack/cinder/cinder/api/openstack/wsgi.py:725}}
Jul 19 22:43:47.020703 np0000005474 devstack@c-api.service[100100]: DEBUG cinder.api.openstack.wsgi [req-6a8d9cf8-7919-43d1-a73e-4142abfd91a6 req-81bed912-d392-4ffa-a79c-45972fa6d5e3 tempest-ServerActionsV293TestJSON-1674818320 tempest-ServerActionsV293TestJSON-1674818320-project-member] Calling method 'show' {{(pid=100100) _process_stack /opt/stack/cinder/cinder/api/openstack/wsgi.py:878}}
Jul 19 22:43:47.024757 np0000005474 devstack@c-api.service[100099]: INFO cinder.volume.api [None req-0235c891-408d-4ab5-b2b1-a2a61e137462 tempest-ServerActionsTestOtherB-1174196111 tempest-ServerActionsTestOtherB-1174196111-project-member] Volume info retrieved successfully.
Jul 19 22:43:47.032545 np0000005474 devstack@c-api.service[100099]: INFO cinder.api.openstack.wsgi [None req-0235c891-408d-4ab5-b2b1-a2a61e137462 tempest-ServerActionsTestOtherB-1174196111 tempest-ServerActionsTestOtherB-1174196111-project-member] https://10.4.3.101/volume/v3/volumes/3454da10-8f3b-4a5c-9d0c-c1ba1f96533f returned with HTTP 200
Jul 19 22:43:47.033047 np0000005474 devstack@c-api.service[100099]: [pid: 100099|app: 0|req: 48/201] 10.4.3.101 () {66 vars in 1348 bytes} [Sun Jul 19 22:43:46 2026] GET /volume/v3/volumes/3454da10-8f3b-4a5c-9d0c-c1ba1f96533f => generated 845 bytes in 40 msecs (HTTP/1.1 200) 7 headers in 285 bytes (1 switches on core 0)
Jul 19 22:43:47.035851 np0000005474 devstack@c-api.service[100100]: /opt/stack/data/venv/lib/python3.12/site-packages/oslo_context/context.py:102: DeprecationWarning: Policy enforcement is depending on the value of is_admin. This key is deprecated. Please update your policy file to use the standard policy values.
Jul 19 22:43:47.035851 np0000005474 devstack@c-api.service[100100]: warnings.warn(
Jul 19 22:43:47.041089 np0000005474 devstack@c-api.service[100100]: INFO cinder.volume.api [req-6a8d9cf8-7919-43d1-a73e-4142abfd91a6 req-81bed912-d392-4ffa-a79c-45972fa6d5e3 tempest-ServerActionsV293TestJSON-1674818320 tempest-ServerActionsV293TestJSON-1674818320-project-member] Volume info retrieved successfully.
Jul 19 22:43:47.051420 np0000005474 devstack@c-api.service[100100]: INFO cinder.api.openstack.wsgi [req-6a8d9cf8-7919-43d1-a73e-4142abfd91a6 req-81bed912-d392-4ffa-a79c-45972fa6d5e3 tempest-ServerActionsV293TestJSON-1674818320 tempest-ServerActionsV293TestJSON-1674818320-project-member] https://10.4.3.101/volume/v3/volumes/3237a3ea-4643-4e5a-8da3-8760f4effc52 returned with HTTP 200
Jul 19 22:43:47.052648 np0000005474 devstack@c-api.service[100100]: [pid: 100100|app: 0|req: 52/202] 10.4.3.101 () {68 vars in 1598 bytes} [Sun Jul 19 22:43:47 2026] GET /volume/v3/volumes/3237a3ea-4643-4e5a-8da3-8760f4effc52 => generated 1360 bytes in 39 msecs (HTTP/1.1 200) 7 headers in 286 bytes (2 switches on core 0)
Jul 19 22:43:47.067747 np0000005474 devstack@c-api.service[100101]: DEBUG cinder.api.middleware.request_id [None req-2f6a5d9b-b231-4807-9a14-efd06b57d54d None None] RequestId filter calling following filter/app {{(pid=100101) _context_setter /opt/stack/cinder/cinder/api/middleware/request_id.py:62}}
Jul 19 22:43:47.068178 np0000005474 devstack@c-api.service[100101]: INFO cinder.api.openstack.wsgi [None req-2f6a5d9b-b231-4807-9a14-efd06b57d54d None None] GET https://10.4.3.101/volume//
Jul 19 22:43:47.068337 np0000005474 devstack@c-api.service[100101]: DEBUG cinder.api.openstack.wsgi [None req-2f6a5d9b-b231-4807-9a14-efd06b57d54d None None] Empty body provided in request {{(pid=100101) get_body /opt/stack/cinder/cinder/api/openstack/wsgi.py:725}}
Jul 19 22:43:47.068690 np0000005474 devstack@c-api.service[100101]: DEBUG cinder.api.openstack.wsgi [None req-2f6a5d9b-b231-4807-9a14-efd06b57d54d None None] Calling method 'all' {{(pid=100101) _process_stack /opt/stack/cinder/cinder/api/openstack/wsgi.py:878}}
Jul 19 22:43:47.068970 np0000005474 devstack@c-api.service[100101]: INFO cinder.api.openstack.wsgi [None req-2f6a5d9b-b231-4807-9a14-efd06b57d54d None None] https://10.4.3.101/volume// returned with HTTP 300
Jul 19 22:43:47.069289 np0000005474 devstack@c-api.service[100101]: [pid: 100101|app: 0|req: 53/203] 10.4.3.101 () {66 vars in 1419 bytes} [Sun Jul 19 22:43:47 2026] GET /volume/ => generated 386 bytes in 2 msecs (HTTP/1.1 300) 7 headers in 299 bytes (1 switches on core 0)
Jul 19 22:43:47.077185 np0000005474 devstack@c-api.service[100102]: INFO cinder.api.openstack.wsgi [req-a6ba2bdf-eff6-4fd7-92bd-5e4bb64c1b5d req-8dcfaffc-88ca-4029-bec2-05ba756453c8 tempest-VolumesAssistedSnapshotsTest-338706499 tempest-VolumesAssistedSnapshotsTest-338706499-project-admin] POST https://10.4.3.101/volume/v3/attachments
Jul 19 22:43:47.077671 np0000005474 devstack@c-api.service[100102]: DEBUG cinder.api.openstack.wsgi [req-a6ba2bdf-eff6-4fd7-92bd-5e4bb64c1b5d req-8dcfaffc-88ca-4029-bec2-05ba756453c8 tempest-VolumesAssistedSnapshotsTest-338706499 tempest-VolumesAssistedSnapshotsTest-338706499-project-admin] Action: 'create', calling method: version_select, body: {"attachment": {"volume_uuid": "c58597e6-8796-4b48-8be5-487e50d911af", "connector": null, "instance_uuid": "26485b0b-b921-4916-9463-68c99883960b"}} {{(pid=100102) _process_stack /opt/stack/cinder/cinder/api/openstack/wsgi.py:876}}
Jul 19 22:43:47.080684 np0000005474 devstack@c-api.service[100099]: DEBUG cinder.api.middleware.request_id [req-6a8d9cf8-7919-43d1-a73e-4142abfd91a6 req-9b3b673a-6e30-42e7-9bf1-7ef63171e8eb None None] RequestId filter calling following filter/app {{(pid=100099) _context_setter /opt/stack/cinder/cinder/api/middleware/request_id.py:62}}
Jul 19 22:43:47.084820 np0000005474 devstack@c-api.service[100099]: INFO cinder.api.openstack.wsgi [req-6a8d9cf8-7919-43d1-a73e-4142abfd91a6 req-9b3b673a-6e30-42e7-9bf1-7ef63171e8eb tempest-ServerActionsV293TestJSON-1674818320 tempest-ServerActionsV293TestJSON-1674818320-project-member] POST https://10.4.3.101/volume/v3/attachments
Jul 19 22:43:47.085326 np0000005474 devstack@c-api.service[100099]: DEBUG cinder.api.openstack.wsgi [req-6a8d9cf8-7919-43d1-a73e-4142abfd91a6 req-9b3b673a-6e30-42e7-9bf1-7ef63171e8eb tempest-ServerActionsV293TestJSON-1674818320 tempest-ServerActionsV293TestJSON-1674818320-project-member] Action: 'create', calling method: version_select, body: {"attachment": {"volume_uuid": "3237a3ea-4643-4e5a-8da3-8760f4effc52", "connector": null, "instance_uuid": "628a8580-fb0e-4670-a732-55ec4a3cb162"}} {{(pid=100099) _process_stack /opt/stack/cinder/cinder/api/openstack/wsgi.py:876}}
Jul 19 22:43:47.102155 np0000005474 devstack@c-api.service[100099]: /opt/stack/data/venv/lib/python3.12/site-packages/oslo_context/context.py:102: DeprecationWarning: Policy enforcement is depending on the value of is_admin. This key is deprecated. Please update your policy file to use the standard policy values.
Jul 19 22:43:47.102155 np0000005474 devstack@c-api.service[100099]: warnings.warn(
Jul 19 22:43:47.123665 np0000005474 devstack@c-api.service[100102]: /opt/stack/data/venv/lib/python3.12/site-packages/oslo_context/context.py:102: DeprecationWarning: Policy enforcement is depending on the value of is_admin. This key is deprecated. Please update your policy file to use the standard policy values.
Jul 19 22:43:47.123665 np0000005474 devstack@c-api.service[100102]: warnings.warn(
Jul 19 22:43:47.169123 np0000005474 devstack@c-api.service[100099]: INFO cinder.api.openstack.wsgi [req-6a8d9cf8-7919-43d1-a73e-4142abfd91a6 req-9b3b673a-6e30-42e7-9bf1-7ef63171e8eb tempest-ServerActionsV293TestJSON-1674818320 tempest-ServerActionsV293TestJSON-1674818320-project-member] https://10.4.3.101/volume/v3/attachments returned with HTTP 200
Jul 19 22:43:47.169570 np0000005474 devstack@c-api.service[100099]: [pid: 100099|app: 0|req: 49/204] 10.4.3.101 () {74 vars in 1594 bytes} [Sun Jul 19 22:43:47 2026] POST /volume/v3/attachments => generated 273 bytes in 89 msecs (HTTP/1.1 200) 7 headers in 286 bytes (1 switches on core 0)
Jul 19 22:43:47.182837 np0000005474 devstack@c-api.service[100102]: INFO cinder.api.openstack.wsgi [req-a6ba2bdf-eff6-4fd7-92bd-5e4bb64c1b5d req-8dcfaffc-88ca-4029-bec2-05ba756453c8 tempest-VolumesAssistedSnapshotsTest-338706499 tempest-VolumesAssistedSnapshotsTest-338706499-project-admin] https://10.4.3.101/volume/v3/attachments returned with HTTP 200
Jul 19 22:43:47.183501 np0000005474 devstack@c-api.service[100102]: [pid: 100102|app: 0|req: 51/205] 10.4.3.101 () {74 vars in 1594 bytes} [Sun Jul 19 22:43:46 2026] POST /volume/v3/attachments => generated 273 bytes in 478 msecs (HTTP/1.1 200) 7 headers in 286 bytes (1 switches on core 0)
Jul 19 22:43:47.253726 np0000005474 devstack@c-api.service[100100]: DEBUG cinder.api.middleware.request_id [None req-dd2a3cdb-922e-4338-9703-face91fd6a75 None None] RequestId filter calling following filter/app {{(pid=100100) _context_setter /opt/stack/cinder/cinder/api/middleware/request_id.py:62}}
Jul 19 22:43:47.260258 np0000005474 devstack@c-api.service[100100]: INFO cinder.api.openstack.wsgi [None req-dd2a3cdb-922e-4338-9703-face91fd6a75 tempest-VolumesAssistedSnapshotsTest-338706499 tempest-VolumesAssistedSnapshotsTest-338706499-project-admin] GET https://10.4.3.101/volume/v3/volumes/c58597e6-8796-4b48-8be5-487e50d911af
Jul 19 22:43:47.262528 np0000005474 devstack@c-api.service[100100]: DEBUG cinder.api.openstack.wsgi [None req-dd2a3cdb-922e-4338-9703-face91fd6a75 tempest-VolumesAssistedSnapshotsTest-338706499 tempest-VolumesAssistedSnapshotsTest-338706499-project-admin] Empty body provided in request {{(pid=100100) get_body /opt/stack/cinder/cinder/api/openstack/wsgi.py:725}}
Jul 19 22:43:47.262762 np0000005474 devstack@c-api.service[100100]: DEBUG cinder.api.openstack.wsgi [None req-dd2a3cdb-922e-4338-9703-face91fd6a75 tempest-VolumesAssistedSnapshotsTest-338706499 tempest-VolumesAssistedSnapshotsTest-338706499-project-admin] Calling method 'show' {{(pid=100100) _process_stack /opt/stack/cinder/cinder/api/openstack/wsgi.py:878}}
Jul 19 22:43:47.269111 np0000005474 devstack@c-api.service[100101]: DEBUG cinder.api.middleware.request_id [None req-761571c9-4742-4c25-aa32-146d076af857 None None] RequestId filter calling following filter/app {{(pid=100101) _context_setter /opt/stack/cinder/cinder/api/middleware/request_id.py:62}}
Jul 19 22:43:47.269829 np0000005474 devstack@c-api.service[100101]: INFO cinder.api.openstack.wsgi [None req-761571c9-4742-4c25-aa32-146d076af857 None None] GET https://10.4.3.101/volume//
Jul 19 22:43:47.269940 np0000005474 devstack@c-api.service[100101]: DEBUG cinder.api.openstack.wsgi [None req-761571c9-4742-4c25-aa32-146d076af857 None None] Empty body provided in request {{(pid=100101) get_body /opt/stack/cinder/cinder/api/openstack/wsgi.py:725}}
Jul 19 22:43:47.270719 np0000005474 devstack@c-api.service[100101]: DEBUG cinder.api.openstack.wsgi [None req-761571c9-4742-4c25-aa32-146d076af857 None None] Calling method 'all' {{(pid=100101) _process_stack /opt/stack/cinder/cinder/api/openstack/wsgi.py:878}}
Jul 19 22:43:47.271811 np0000005474 devstack@c-api.service[100101]: INFO cinder.api.openstack.wsgi [None req-761571c9-4742-4c25-aa32-146d076af857 None None] https://10.4.3.101/volume// returned with HTTP 300
Jul 19 22:43:47.272931 np0000005474 devstack@c-api.service[100101]: [pid: 100101|app: 0|req: 54/206] 10.4.3.101 () {66 vars in 1426 bytes} [Sun Jul 19 22:43:47 2026] GET /volume/ => generated 386 bytes in 4 msecs (HTTP/1.1 300) 7 headers in 299 bytes (1 switches on core 0)
Jul 19 22:43:47.285248 np0000005474 devstack@c-api.service[100100]: /opt/stack/data/venv/lib/python3.12/site-packages/oslo_context/context.py:102: DeprecationWarning: Policy enforcement is depending on the value of is_admin. This key is deprecated. Please update your policy file to use the standard policy values.
Jul 19 22:43:47.285248 np0000005474 devstack@c-api.service[100100]: warnings.warn(
Jul 19 22:43:47.290087 np0000005474 devstack@c-api.service[100099]: DEBUG cinder.api.middleware.request_id [req-a6ba2bdf-eff6-4fd7-92bd-5e4bb64c1b5d req-798ef517-05f9-4198-b010-10e47fc04116 None None] RequestId filter calling following filter/app {{(pid=100099) _context_setter /opt/stack/cinder/cinder/api/middleware/request_id.py:62}}
Jul 19 22:43:47.291399 np0000005474 devstack@c-api.service[100100]: INFO cinder.volume.api [None req-dd2a3cdb-922e-4338-9703-face91fd6a75 tempest-VolumesAssistedSnapshotsTest-338706499 tempest-VolumesAssistedSnapshotsTest-338706499-project-admin] Volume info retrieved successfully.
Jul 19 22:43:47.295520 np0000005474 devstack@c-api.service[100099]: INFO cinder.api.openstack.wsgi [req-a6ba2bdf-eff6-4fd7-92bd-5e4bb64c1b5d req-798ef517-05f9-4198-b010-10e47fc04116 tempest-VolumesAssistedSnapshotsTest-338706499 tempest-VolumesAssistedSnapshotsTest-338706499-project-admin] GET https://10.4.3.101/volume/v3/volumes/c58597e6-8796-4b48-8be5-487e50d911af
Jul 19 22:43:47.295520 np0000005474 devstack@c-api.service[100099]: DEBUG cinder.api.openstack.wsgi [req-a6ba2bdf-eff6-4fd7-92bd-5e4bb64c1b5d req-798ef517-05f9-4198-b010-10e47fc04116 tempest-VolumesAssistedSnapshotsTest-338706499 tempest-VolumesAssistedSnapshotsTest-338706499-project-admin] Empty body provided in request {{(pid=100099) get_body /opt/stack/cinder/cinder/api/openstack/wsgi.py:725}}
Jul 19 22:43:47.295520 np0000005474 devstack@c-api.service[100099]: DEBUG cinder.api.openstack.wsgi [req-a6ba2bdf-eff6-4fd7-92bd-5e4bb64c1b5d req-798ef517-05f9-4198-b010-10e47fc04116 tempest-VolumesAssistedSnapshotsTest-338706499 tempest-VolumesAssistedSnapshotsTest-338706499-project-admin] Calling method 'show' {{(pid=100099) _process_stack /opt/stack/cinder/cinder/api/openstack/wsgi.py:878}}
Jul 19 22:43:47.299250 np0000005474 devstack@c-api.service[100100]: INFO cinder.api.openstack.wsgi [None req-dd2a3cdb-922e-4338-9703-face91fd6a75 tempest-VolumesAssistedSnapshotsTest-338706499 tempest-VolumesAssistedSnapshotsTest-338706499-project-admin] https://10.4.3.101/volume/v3/volumes/c58597e6-8796-4b48-8be5-487e50d911af returned with HTTP 200
Jul 19 22:43:47.300087 np0000005474 devstack@c-api.service[100100]: [pid: 100100|app: 0|req: 53/207] 10.4.3.101 () {66 vars in 1348 bytes} [Sun Jul 19 22:43:47 2026] GET /volume/v3/volumes/c58597e6-8796-4b48-8be5-487e50d911af => generated 1015 bytes in 49 msecs (HTTP/1.1 200) 7 headers in 286 bytes (1 switches on core 0)
Jul 19 22:43:47.309350 np0000005474 devstack@c-api.service[100099]: /opt/stack/data/venv/lib/python3.12/site-packages/oslo_context/context.py:102: DeprecationWarning: Policy enforcement is depending on the value of is_admin. This key is deprecated. Please update your policy file to use the standard policy values.
Jul 19 22:43:47.309350 np0000005474 devstack@c-api.service[100099]: warnings.warn(
Jul 19 22:43:47.314161 np0000005474 devstack@c-api.service[100099]: INFO cinder.volume.api [req-a6ba2bdf-eff6-4fd7-92bd-5e4bb64c1b5d req-798ef517-05f9-4198-b010-10e47fc04116 tempest-VolumesAssistedSnapshotsTest-338706499 tempest-VolumesAssistedSnapshotsTest-338706499-project-admin] Volume info retrieved successfully.
Jul 19 22:43:47.319682 np0000005474 devstack@c-api.service[100099]: INFO cinder.api.openstack.wsgi [req-a6ba2bdf-eff6-4fd7-92bd-5e4bb64c1b5d req-798ef517-05f9-4198-b010-10e47fc04116 tempest-VolumesAssistedSnapshotsTest-338706499 tempest-VolumesAssistedSnapshotsTest-338706499-project-admin] https://10.4.3.101/volume/v3/volumes/c58597e6-8796-4b48-8be5-487e50d911af returned with HTTP 200
Jul 19 22:43:47.320500 np0000005474 devstack@c-api.service[100099]: [pid: 100099|app: 0|req: 50/208] 10.4.3.101 () {70 vars in 1639 bytes} [Sun Jul 19 22:43:47 2026] GET /volume/v3/volumes/c58597e6-8796-4b48-8be5-487e50d911af => generated 1238 bytes in 33 msecs (HTTP/1.1 200) 7 headers in 287 bytes (1 switches on core 0)
Jul 19 22:43:47.443544 np0000005474 devstack@c-api.service[100102]: DEBUG cinder.api.middleware.request_id [req-a6ba2bdf-eff6-4fd7-92bd-5e4bb64c1b5d req-e0ffdb1a-a068-4094-bcf7-6bef4ac3a0d0 None None] RequestId filter calling following filter/app {{(pid=100102) _context_setter /opt/stack/cinder/cinder/api/middleware/request_id.py:62}}
Jul 19 22:43:47.450032 np0000005474 devstack@c-api.service[100102]: INFO cinder.api.openstack.wsgi [req-a6ba2bdf-eff6-4fd7-92bd-5e4bb64c1b5d req-e0ffdb1a-a068-4094-bcf7-6bef4ac3a0d0 tempest-VolumesAssistedSnapshotsTest-338706499 tempest-VolumesAssistedSnapshotsTest-338706499-project-admin] PUT https://10.4.3.101/volume/v3/attachments/1a430fe9-6670-4f7f-bf72-e5058b7080f7
Jul 19 22:43:47.450166 np0000005474 devstack@c-api.service[100102]: DEBUG cinder.api.openstack.wsgi [req-a6ba2bdf-eff6-4fd7-92bd-5e4bb64c1b5d req-e0ffdb1a-a068-4094-bcf7-6bef4ac3a0d0 tempest-VolumesAssistedSnapshotsTest-338706499 tempest-VolumesAssistedSnapshotsTest-338706499-project-admin] Action: 'update', calling method: version_select, body: {"attachment": {"connector": {"platform": "x86_64", "os_type": "linux", "ip": "10.4.3.101", "host": "np0000005474", "multipath": true, "enforce_multipath": true, "initiator": "iqn.2016-04.com.open-iscsi:a26f1ee66f57", "do_local_attach": false, "uuid": "8515de1c-ba7e-467b-adde-6d9f8a8dbc1f", "system uuid": "4e0d1b63-fd4b-4b47-a37b-40ef2e0789ab", "nvme_native_multipath": false, "mountpoint": "/dev/vdb"}}} {{(pid=100102) _process_stack /opt/stack/cinder/cinder/api/openstack/wsgi.py:876}}
Jul 19 22:43:47.469321 np0000005474 devstack@c-api.service[100101]: DEBUG cinder.api.middleware.request_id [None req-754b0741-ef67-4b24-875b-426a85ad12c3 None None] RequestId filter calling following filter/app {{(pid=100101) _context_setter /opt/stack/cinder/cinder/api/middleware/request_id.py:62}}
Jul 19 22:43:47.471755 np0000005474 devstack@c-api.service[100101]: INFO cinder.api.openstack.wsgi [None req-754b0741-ef67-4b24-875b-426a85ad12c3 tempest-ServerRescueNegativeTestJSON-2016667536 tempest-ServerRescueNegativeTestJSON-2016667536-project-member] POST https://10.4.3.101/volume/v3/volumes
Jul 19 22:43:47.472548 np0000005474 devstack@c-api.service[100101]: DEBUG cinder.api.openstack.wsgi [None req-754b0741-ef67-4b24-875b-426a85ad12c3 tempest-ServerRescueNegativeTestJSON-2016667536 tempest-ServerRescueNegativeTestJSON-2016667536-project-member] Action: 'create', calling method: create, body: {"volume": {"size": 1, "display_name": "tempest-ServerRescueNegativeTestJSON-volume-736408840"}} {{(pid=100101) _process_stack /opt/stack/cinder/cinder/api/openstack/wsgi.py:876}}
Jul 19 22:43:47.476256 np0000005474 devstack@c-api.service[100101]: DEBUG cinder.api.v3.volumes [None req-754b0741-ef67-4b24-875b-426a85ad12c3 tempest-ServerRescueNegativeTestJSON-2016667536 tempest-ServerRescueNegativeTestJSON-2016667536-project-member] Create volume request body: {'volume': {'size': 1, 'display_name': 'tempest-ServerRescueNegativeTestJSON-volume-736408840'}} {{(pid=100101) create /opt/stack/cinder/cinder/api/v3/volumes.py:368}}
Jul 19 22:43:47.476256 np0000005474 devstack@c-api.service[100101]: INFO cinder.api.v3.volumes [None req-754b0741-ef67-4b24-875b-426a85ad12c3 tempest-ServerRescueNegativeTestJSON-2016667536 tempest-ServerRescueNegativeTestJSON-2016667536-project-member] Create volume of 1 GB
Jul 19 22:43:47.477685 np0000005474 devstack@c-api.service[100102]: DEBUG cinder.coordination [req-a6ba2bdf-eff6-4fd7-92bd-5e4bb64c1b5d req-e0ffdb1a-a068-4094-bcf7-6bef4ac3a0d0 tempest-VolumesAssistedSnapshotsTest-338706499 tempest-VolumesAssistedSnapshotsTest-338706499-project-admin] Acquiring lock "cinder-attachment_update-c58597e6-8796-4b48-8be5-487e50d911af-np0000005474" by "attachment_update" {{(pid=100102) __acquire /opt/stack/cinder/cinder/coordination.py:138}}
Jul 19 22:43:47.485242 np0000005474 devstack@c-api.service[100101]: INFO cinder.volume.api [None req-754b0741-ef67-4b24-875b-426a85ad12c3 tempest-ServerRescueNegativeTestJSON-2016667536 tempest-ServerRescueNegativeTestJSON-2016667536-project-member] Availability Zones retrieved successfully.
Jul 19 22:43:47.485345 np0000005474 devstack@c-api.service[100102]: DEBUG cinder.coordination [req-a6ba2bdf-eff6-4fd7-92bd-5e4bb64c1b5d req-e0ffdb1a-a068-4094-bcf7-6bef4ac3a0d0 tempest-VolumesAssistedSnapshotsTest-338706499 tempest-VolumesAssistedSnapshotsTest-338706499-project-admin] Lock "cinder-attachment_update-c58597e6-8796-4b48-8be5-487e50d911af-np0000005474" acquired by "attachment_update" :: waited 0.008s {{(pid=100102) __acquire /opt/stack/cinder/cinder/coordination.py:141}}
Jul 19 22:43:47.486627 np0000005474 devstack@c-api.service[100102]: /opt/stack/data/venv/lib/python3.12/site-packages/oslo_context/context.py:102: DeprecationWarning: Policy enforcement is depending on the value of is_admin. This key is deprecated. Please update your policy file to use the standard policy values.
Jul 19 22:43:47.486627 np0000005474 devstack@c-api.service[100102]: warnings.warn(
Jul 19 22:43:47.493673 np0000005474 devstack@c-api.service[100101]: DEBUG cinder.volume.api [None req-754b0741-ef67-4b24-875b-426a85ad12c3 tempest-ServerRescueNegativeTestJSON-2016667536 tempest-ServerRescueNegativeTestJSON-2016667536-project-member] Flow 'volume_create_api' (21a03e0a-0578-4d72-bea5-85e911ab8f83) transitioned into state 'RUNNING' from state 'PENDING' {{(pid=100101) _flow_receiver /opt/stack/data/venv/lib/python3.12/site-packages/taskflow/listeners/logging.py:160}}
Jul 19 22:43:47.495396 np0000005474 devstack@c-api.service[100101]: DEBUG cinder.volume.api [None req-754b0741-ef67-4b24-875b-426a85ad12c3 tempest-ServerRescueNegativeTestJSON-2016667536 tempest-ServerRescueNegativeTestJSON-2016667536-project-member] Task 'cinder.volume.flows.api.create_volume.ExtractVolumeRequestTask;volume:create' (9d9c4a37-a636-476f-b2b7-5da40b2a9257) transitioned into state 'RUNNING' from state 'PENDING' {{(pid=100101) _task_receiver /opt/stack/data/venv/lib/python3.12/site-packages/taskflow/listeners/logging.py:242}}
Jul 19 22:43:47.495932 np0000005474 devstack@c-api.service[100101]: DEBUG cinder.volume.flows.api.create_volume [None req-754b0741-ef67-4b24-875b-426a85ad12c3 tempest-ServerRescueNegativeTestJSON-2016667536 tempest-ServerRescueNegativeTestJSON-2016667536-project-member] Validating volume size '1' using validate_int {{(pid=100101) _extract_size /opt/stack/cinder/cinder/volume/flows/api/create_volume.py:226}}
Jul 19 22:43:47.553552 np0000005474 devstack@c-api.service[100101]: DEBUG cinder.volume.api [None req-754b0741-ef67-4b24-875b-426a85ad12c3 tempest-ServerRescueNegativeTestJSON-2016667536 tempest-ServerRescueNegativeTestJSON-2016667536-project-member] Task 'cinder.volume.flows.api.create_volume.ExtractVolumeRequestTask;volume:create' (9d9c4a37-a636-476f-b2b7-5da40b2a9257) transitioned into state 'SUCCESS' from state 'RUNNING' with result '{'size': 1, 'snapshot_id': None, 'source_volid': None, 'volume_type': VolumeType(created_at=2026-07-19T22:40:34Z,deleted=False,deleted_at=None,description=None,extra_specs={volume_backend_name='storpool'},id=82769fa6-9f7a-4820-9de2-03df19ec6633,is_public=True,name='storpool',projects=[],qos_specs=,qos_specs_id=None,updated_at=None), 'volume_type_id': '82769fa6-9f7a-4820-9de2-03df19ec6633', 'encryption_key_id': None, 'qos_specs': None, 'consistencygroup_id': None, 'cgsnapshot_id': None, 'group_id': None, 'replication_status': 'disabled', 'refresh_az': False, 'backup_id': None, 'multiattach': False, 'availability_zones': ['nova']}' {{(pid=100101) _task_receiver /opt/stack/data/venv/lib/python3.12/site-packages/taskflow/listeners/logging.py:218}}
Jul 19 22:43:47.555021 np0000005474 devstack@c-api.service[100101]: DEBUG cinder.volume.api [None req-754b0741-ef67-4b24-875b-426a85ad12c3 tempest-ServerRescueNegativeTestJSON-2016667536 tempest-ServerRescueNegativeTestJSON-2016667536-project-member] Task 'cinder.volume.flows.api.create_volume.QuotaReserveTask;volume:create' (d8d85032-041d-4324-8652-c767d66b8e68) transitioned into state 'RUNNING' from state 'PENDING' {{(pid=100101) _task_receiver /opt/stack/data/venv/lib/python3.12/site-packages/taskflow/listeners/logging.py:242}}
Jul 19 22:43:47.638670 np0000005474 devstack@c-api.service[100101]: DEBUG cinder.quota [None req-754b0741-ef67-4b24-875b-426a85ad12c3 tempest-ServerRescueNegativeTestJSON-2016667536 tempest-ServerRescueNegativeTestJSON-2016667536-project-member] Created reservations ['48873379-0e8e-46bd-a4cd-8a20d734db55', '6d828082-722d-483f-8bdd-4dbe364c0a8d', '5ff2e503-c0c8-411d-9100-23d4e743a5b5', '77b4639f-66d8-4a7f-ba51-61e4da06bf18'] {{(pid=100101) reserve /opt/stack/cinder/cinder/quota.py:752}}
Jul 19 22:43:47.639457 np0000005474 devstack@c-api.service[100101]: DEBUG cinder.volume.api [None req-754b0741-ef67-4b24-875b-426a85ad12c3 tempest-ServerRescueNegativeTestJSON-2016667536 tempest-ServerRescueNegativeTestJSON-2016667536-project-member] Task 'cinder.volume.flows.api.create_volume.QuotaReserveTask;volume:create' (d8d85032-041d-4324-8652-c767d66b8e68) transitioned into state 'SUCCESS' from state 'RUNNING' with result '{'reservations': ['48873379-0e8e-46bd-a4cd-8a20d734db55', '6d828082-722d-483f-8bdd-4dbe364c0a8d', '5ff2e503-c0c8-411d-9100-23d4e743a5b5', '77b4639f-66d8-4a7f-ba51-61e4da06bf18']}' {{(pid=100101) _task_receiver /opt/stack/data/venv/lib/python3.12/site-packages/taskflow/listeners/logging.py:218}}
Jul 19 22:43:47.640741 np0000005474 devstack@c-api.service[100101]: DEBUG cinder.volume.api [None req-754b0741-ef67-4b24-875b-426a85ad12c3 tempest-ServerRescueNegativeTestJSON-2016667536 tempest-ServerRescueNegativeTestJSON-2016667536-project-member] Task 'cinder.volume.flows.api.create_volume.EntryCreateTask;volume:create' (8ddc3a91-ee66-494d-be70-f46d73823bf8) transitioned into state 'RUNNING' from state 'PENDING' {{(pid=100101) _task_receiver /opt/stack/data/venv/lib/python3.12/site-packages/taskflow/listeners/logging.py:242}}
Jul 19 22:43:47.670510 np0000005474 devstack@c-api.service[100102]: DEBUG cinder.coordination [req-a6ba2bdf-eff6-4fd7-92bd-5e4bb64c1b5d req-e0ffdb1a-a068-4094-bcf7-6bef4ac3a0d0 tempest-VolumesAssistedSnapshotsTest-338706499 tempest-VolumesAssistedSnapshotsTest-338706499-project-admin] Lock "cinder-attachment_update-c58597e6-8796-4b48-8be5-487e50d911af-np0000005474" released by "attachment_update" :: held 0.184s {{(pid=100102) __release /opt/stack/cinder/cinder/coordination.py:152}}
Jul 19 22:43:47.670510 np0000005474 devstack@c-api.service[100102]: INFO cinder.api.openstack.wsgi [req-a6ba2bdf-eff6-4fd7-92bd-5e4bb64c1b5d req-e0ffdb1a-a068-4094-bcf7-6bef4ac3a0d0 tempest-VolumesAssistedSnapshotsTest-338706499 tempest-VolumesAssistedSnapshotsTest-338706499-project-admin] https://10.4.3.101/volume/v3/attachments/1a430fe9-6670-4f7f-bf72-e5058b7080f7 returned with HTTP 200
Jul 19 22:43:47.670510 np0000005474 devstack@c-api.service[100102]: [pid: 100102|app: 0|req: 52/209] 10.4.3.101 () {74 vars in 1704 bytes} [Sun Jul 19 22:43:47 2026] PUT /volume/v3/attachments/1a430fe9-6670-4f7f-bf72-e5058b7080f7 => generated 969 bytes in 227 msecs (HTTP/1.1 200) 7 headers in 286 bytes (1 switches on core 0)
Jul 19 22:43:47.681032 np0000005474 devstack@c-api.service[100101]: DEBUG cinder.volume.api [None req-754b0741-ef67-4b24-875b-426a85ad12c3 tempest-ServerRescueNegativeTestJSON-2016667536 tempest-ServerRescueNegativeTestJSON-2016667536-project-member] Task 'cinder.volume.flows.api.create_volume.EntryCreateTask;volume:create' (8ddc3a91-ee66-494d-be70-f46d73823bf8) transitioned into state 'SUCCESS' from state 'RUNNING' with result '{'volume_id': '9218942b-6a3a-4b8a-9667-d7665c9e2205', 'volume_properties': VolumeProperties(attach_status='detached',availability_zone='nova',cgsnapshot_id=None,consistencygroup_id=None,display_description=None,display_name='tempest-ServerRescueNegativeTestJSON-volume-736408840',encryption_key_id=None,group_id=None,group_type_id=,metadata={},multiattach=False,project_id='106dadaf816241edbca5f6c7d857de14',qos_specs=None,replication_status=,reservations=['48873379-0e8e-46bd-a4cd-8a20d734db55','6d828082-722d-483f-8bdd-4dbe364c0a8d','5ff2e503-c0c8-411d-9100-23d4e743a5b5','77b4639f-66d8-4a7f-ba51-61e4da06bf18'],size=1,snapshot_id=None,source_replicaid=,source_volid=None,status='creating',user_id='674cfceaae9f4b5ea7cb2dea095473f7',volume_type_id=82769fa6-9f7a-4820-9de2-03df19ec6633), 'volume': Volume(_name_id=None,admin_metadata=,attach_status='detached',availability_zone='nova',bootable=False,cluster=,cluster_name=None,consistencygroup=,consistencygroup_id=None,created_at=2026-07-19T22:43:47Z,deleted=False,deleted_at=None,display_description=None,display_name='tempest-ServerRescueNegativeTestJSON-volume-736408840',ec2_id=None,encryption_key_id=None,glance_metadata=,group=,group_id=None,host=None,id=9218942b-6a3a-4b8a-9667-d7665c9e2205,launched_at=None,metadata={},migration_status=None,multiattach=False,previous_status=None,project_id='106dadaf816241edbca5f6c7d857de14',provider_auth=None,provider_geometry=None,provider_id=None,provider_location=None,replication_driver_data=None,replication_extended_status=None,replication_status=None,scheduled_at=None,service_uuid=None,shared_targets=True,size=1,snapshot_id=None,snapshots=,source_volid=None,status='creating',terminated_at=None,updated_at=None,use_quota=True,user_id='674cfceaae9f4b5ea7cb2dea095473f7',volume_attachment=VolumeAttachmentList,volume_type=VolumeType(82769fa6-9f7a-4820-9de2-03df19ec6633),volume_type_id=82769fa6-9f7a-4820-9de2-03df19ec6633)}' {{(pid=100101) _task_receiver /opt/stack/data/venv/lib/python3.12/site-packages/taskflow/listeners/logging.py:218}}
Jul 19 22:43:47.682311 np0000005474 devstack@c-api.service[100101]: DEBUG cinder.volume.api [None req-754b0741-ef67-4b24-875b-426a85ad12c3 tempest-ServerRescueNegativeTestJSON-2016667536 tempest-ServerRescueNegativeTestJSON-2016667536-project-member] Task 'cinder.volume.flows.api.create_volume.QuotaCommitTask;volume:create' (8899f7f2-7d14-4b73-af3a-57efd3ab8b40) transitioned into state 'RUNNING' from state 'PENDING' {{(pid=100101) _task_receiver /opt/stack/data/venv/lib/python3.12/site-packages/taskflow/listeners/logging.py:242}}
Jul 19 22:43:47.716365 np0000005474 devstack@c-api.service[100101]: DEBUG cinder.volume.api [None req-754b0741-ef67-4b24-875b-426a85ad12c3 tempest-ServerRescueNegativeTestJSON-2016667536 tempest-ServerRescueNegativeTestJSON-2016667536-project-member] Task 'cinder.volume.flows.api.create_volume.QuotaCommitTask;volume:create' (8899f7f2-7d14-4b73-af3a-57efd3ab8b40) transitioned into state 'SUCCESS' from state 'RUNNING' with result '{'volume_properties': VolumeProperties(attach_status='detached',availability_zone='nova',cgsnapshot_id=None,consistencygroup_id=None,display_description=None,display_name='tempest-ServerRescueNegativeTestJSON-volume-736408840',encryption_key_id=None,group_id=None,group_type_id=,metadata={},multiattach=False,project_id='106dadaf816241edbca5f6c7d857de14',qos_specs=None,replication_status=,reservations=['48873379-0e8e-46bd-a4cd-8a20d734db55','6d828082-722d-483f-8bdd-4dbe364c0a8d','5ff2e503-c0c8-411d-9100-23d4e743a5b5','77b4639f-66d8-4a7f-ba51-61e4da06bf18'],size=1,snapshot_id=None,source_replicaid=,source_volid=None,status='creating',user_id='674cfceaae9f4b5ea7cb2dea095473f7',volume_type_id=82769fa6-9f7a-4820-9de2-03df19ec6633)}' {{(pid=100101) _task_receiver /opt/stack/data/venv/lib/python3.12/site-packages/taskflow/listeners/logging.py:218}}
Jul 19 22:43:47.717464 np0000005474 devstack@c-api.service[100101]: DEBUG cinder.volume.api [None req-754b0741-ef67-4b24-875b-426a85ad12c3 tempest-ServerRescueNegativeTestJSON-2016667536 tempest-ServerRescueNegativeTestJSON-2016667536-project-member] Task 'cinder.volume.flows.api.create_volume.VolumeCastTask;volume:create' (1509a695-4cf9-474e-87c6-a02d345a628e) transitioned into state 'RUNNING' from state 'PENDING' {{(pid=100101) _task_receiver /opt/stack/data/venv/lib/python3.12/site-packages/taskflow/listeners/logging.py:242}}
Jul 19 22:43:47.731671 np0000005474 devstack@c-api.service[100101]: DEBUG cinder.volume.api [None req-754b0741-ef67-4b24-875b-426a85ad12c3 tempest-ServerRescueNegativeTestJSON-2016667536 tempest-ServerRescueNegativeTestJSON-2016667536-project-member] Task 'cinder.volume.flows.api.create_volume.VolumeCastTask;volume:create' (1509a695-4cf9-474e-87c6-a02d345a628e) transitioned into state 'SUCCESS' from state 'RUNNING' with result 'None' {{(pid=100101) _task_receiver /opt/stack/data/venv/lib/python3.12/site-packages/taskflow/listeners/logging.py:218}}
Jul 19 22:43:47.732897 np0000005474 devstack@c-api.service[100101]: DEBUG cinder.volume.api [None req-754b0741-ef67-4b24-875b-426a85ad12c3 tempest-ServerRescueNegativeTestJSON-2016667536 tempest-ServerRescueNegativeTestJSON-2016667536-project-member] Flow 'volume_create_api' (21a03e0a-0578-4d72-bea5-85e911ab8f83) transitioned into state 'SUCCESS' from state 'RUNNING' {{(pid=100101) _flow_receiver /opt/stack/data/venv/lib/python3.12/site-packages/taskflow/listeners/logging.py:160}}
Jul 19 22:43:47.733297 np0000005474 devstack@c-api.service[100101]: INFO cinder.volume.api [None req-754b0741-ef67-4b24-875b-426a85ad12c3 tempest-ServerRescueNegativeTestJSON-2016667536 tempest-ServerRescueNegativeTestJSON-2016667536-project-member] Create volume request issued successfully.
Jul 19 22:43:47.734041 np0000005474 devstack@c-api.service[100101]: INFO cinder.api.openstack.wsgi [None req-754b0741-ef67-4b24-875b-426a85ad12c3 tempest-ServerRescueNegativeTestJSON-2016667536 tempest-ServerRescueNegativeTestJSON-2016667536-project-member] https://10.4.3.101/volume/v3/volumes returned with HTTP 202
Jul 19 22:43:47.734799 np0000005474 devstack@c-api.service[100101]: [pid: 100101|app: 0|req: 55/210] 10.4.3.101 () {68 vars in 1258 bytes} [Sun Jul 19 22:43:47 2026] POST /volume/v3/volumes => generated 758 bytes in 266 msecs (HTTP/1.1 202) 7 headers in 291 bytes (1 switches on core 0)
Jul 19 22:43:47.754198 np0000005474 devstack@c-api.service[100100]: DEBUG cinder.api.middleware.request_id [None req-198b59af-21ba-4a63-ad07-93d2f2de85fd None None] RequestId filter calling following filter/app {{(pid=100100) _context_setter /opt/stack/cinder/cinder/api/middleware/request_id.py:62}}
Jul 19 22:43:47.761618 np0000005474 devstack@c-api.service[100100]: INFO cinder.api.openstack.wsgi [None req-198b59af-21ba-4a63-ad07-93d2f2de85fd tempest-ServerRescueNegativeTestJSON-2016667536 tempest-ServerRescueNegativeTestJSON-2016667536-project-member] GET https://10.4.3.101/volume/v3/volumes/9218942b-6a3a-4b8a-9667-d7665c9e2205
Jul 19 22:43:47.761618 np0000005474 devstack@c-api.service[100100]: DEBUG cinder.api.openstack.wsgi [None req-198b59af-21ba-4a63-ad07-93d2f2de85fd tempest-ServerRescueNegativeTestJSON-2016667536 tempest-ServerRescueNegativeTestJSON-2016667536-project-member] Empty body provided in request {{(pid=100100) get_body /opt/stack/cinder/cinder/api/openstack/wsgi.py:725}}
Jul 19 22:43:47.761618 np0000005474 devstack@c-api.service[100100]: DEBUG cinder.api.openstack.wsgi [None req-198b59af-21ba-4a63-ad07-93d2f2de85fd tempest-ServerRescueNegativeTestJSON-2016667536 tempest-ServerRescueNegativeTestJSON-2016667536-project-member] Calling method 'show' {{(pid=100100) _process_stack /opt/stack/cinder/cinder/api/openstack/wsgi.py:878}}
Jul 19 22:43:47.777004 np0000005474 devstack@c-api.service[100100]: /opt/stack/data/venv/lib/python3.12/site-packages/oslo_context/context.py:102: DeprecationWarning: Policy enforcement is depending on the value of is_admin. This key is deprecated. Please update your policy file to use the standard policy values.
Jul 19 22:43:47.777004 np0000005474 devstack@c-api.service[100100]: warnings.warn(
Jul 19 22:43:47.783188 np0000005474 devstack@c-api.service[100100]: INFO cinder.volume.api [None req-198b59af-21ba-4a63-ad07-93d2f2de85fd tempest-ServerRescueNegativeTestJSON-2016667536 tempest-ServerRescueNegativeTestJSON-2016667536-project-member] Volume info retrieved successfully.
Jul 19 22:43:47.791408 np0000005474 devstack@c-api.service[100100]: INFO cinder.api.openstack.wsgi [None req-198b59af-21ba-4a63-ad07-93d2f2de85fd tempest-ServerRescueNegativeTestJSON-2016667536 tempest-ServerRescueNegativeTestJSON-2016667536-project-member] https://10.4.3.101/volume/v3/volumes/9218942b-6a3a-4b8a-9667-d7665c9e2205 returned with HTTP 200
Jul 19 22:43:47.792409 np0000005474 devstack@c-api.service[100100]: [pid: 100100|app: 0|req: 54/211] 10.4.3.101 () {66 vars in 1348 bytes} [Sun Jul 19 22:43:47 2026] GET /volume/v3/volumes/9218942b-6a3a-4b8a-9667-d7665c9e2205 => generated 826 bytes in 39 msecs (HTTP/1.1 200) 7 headers in 285 bytes (1 switches on core 0)
Jul 19 22:43:48.051395 np0000005474 devstack@c-api.service[100099]: DEBUG cinder.api.middleware.request_id [None req-351def78-cba2-41fe-83fe-f9c1dbfdc9bf None None] RequestId filter calling following filter/app {{(pid=100099) _context_setter /opt/stack/cinder/cinder/api/middleware/request_id.py:62}}
Jul 19 22:43:48.058200 np0000005474 devstack@c-api.service[100099]: INFO cinder.api.openstack.wsgi [None req-351def78-cba2-41fe-83fe-f9c1dbfdc9bf tempest-ServerActionsTestOtherB-1174196111 tempest-ServerActionsTestOtherB-1174196111-project-member] GET https://10.4.3.101/volume/v3/volumes/3454da10-8f3b-4a5c-9d0c-c1ba1f96533f
Jul 19 22:43:48.058487 np0000005474 devstack@c-api.service[100099]: DEBUG cinder.api.openstack.wsgi [None req-351def78-cba2-41fe-83fe-f9c1dbfdc9bf tempest-ServerActionsTestOtherB-1174196111 tempest-ServerActionsTestOtherB-1174196111-project-member] Empty body provided in request {{(pid=100099) get_body /opt/stack/cinder/cinder/api/openstack/wsgi.py:725}}
