Jul 19 22:44:51.202690 np0000005474 devstack@g-api.service[102893]: DEBUG glance.api.middleware.version_negotiation [None req-a54dd872-18fc-4bf3-bc6a-c9b5f79bc39d tempest-AttachSCSIVolumeTestJSON-1136002470 tempest-AttachSCSIVolumeTestJSON-1136002470-project-admin] Matched version: v2 {{(pid=102893) process_request /opt/stack/glance/glance/api/middleware/version_negotiation.py:69}}
Jul 19 22:44:51.202882 np0000005474 devstack@g-api.service[102893]: DEBUG glance.api.middleware.version_negotiation [None req-a54dd872-18fc-4bf3-bc6a-c9b5f79bc39d tempest-AttachSCSIVolumeTestJSON-1136002470 tempest-AttachSCSIVolumeTestJSON-1136002470-project-admin] new path /v2/schemas/image {{(pid=102893) process_request /opt/stack/glance/glance/api/middleware/version_negotiation.py:70}}
Jul 19 22:44:51.207708 np0000005474 devstack@g-api.service[102893]: [pid: 102893|app: 0|req: 31/135] 127.0.0.1 () {44 vars in 1055 bytes} [Sun Jul 19 22:44:51 2026] GET /v2/schemas/image => generated 6083 bytes in 6 msecs (HTTP/1.1 200) 4 headers in 158 bytes (1 switches on core 0)
Jul 19 22:44:51.332736 np0000005474 devstack@g-api.service[102891]: DEBUG glance.api.middleware.version_negotiation [None req-946f27a9-cae0-4247-9c3c-8c64f9343246 tempest-AttachSCSIVolumeTestJSON-1136002470 tempest-AttachSCSIVolumeTestJSON-1136002470-project-admin] Determining version of request: GET /v2/images/bd02b273-20da-4328-920e-f6bd9a421b94 Accept: */* {{(pid=102891) process_request /opt/stack/glance/glance/api/middleware/version_negotiation.py:44}}
Jul 19 22:44:51.333173 np0000005474 devstack@g-api.service[102891]: DEBUG glance.api.middleware.version_negotiation [None req-946f27a9-cae0-4247-9c3c-8c64f9343246 tempest-AttachSCSIVolumeTestJSON-1136002470 tempest-AttachSCSIVolumeTestJSON-1136002470-project-admin] Using url versioning {{(pid=102891) process_request /opt/stack/glance/glance/api/middleware/version_negotiation.py:57}}
Jul 19 22:44:51.333173 np0000005474 devstack@g-api.service[102891]: DEBUG glance.api.middleware.version_negotiation [None req-946f27a9-cae0-4247-9c3c-8c64f9343246 tempest-AttachSCSIVolumeTestJSON-1136002470 tempest-AttachSCSIVolumeTestJSON-1136002470-project-admin] Matched version: v2 {{(pid=102891) process_request /opt/stack/glance/glance/api/middleware/version_negotiation.py:69}}
Jul 19 22:44:51.333173 np0000005474 devstack@g-api.service[102891]: DEBUG glance.api.middleware.version_negotiation [None req-946f27a9-cae0-4247-9c3c-8c64f9343246 tempest-AttachSCSIVolumeTestJSON-1136002470 tempest-AttachSCSIVolumeTestJSON-1136002470-project-admin] new path /v2/images/bd02b273-20da-4328-920e-f6bd9a421b94 {{(pid=102891) process_request /opt/stack/glance/glance/api/middleware/version_negotiation.py:70}}
Jul 19 22:44:51.350776 np0000005474 devstack@g-api.service[102891]: [pid: 102891|app: 0|req: 38/136] 127.0.0.1 () {44 vars in 1115 bytes} [Sun Jul 19 22:44:51 2026] GET /v2/images/bd02b273-20da-4328-920e-f6bd9a421b94 => generated 859 bytes in 18 msecs (HTTP/1.1 200) 4 headers in 157 bytes (1 switches on core 0)
Jul 19 22:44:51.396015 np0000005474 devstack@g-api.service[102890]: DEBUG glance.api.middleware.version_negotiation [None req-caa9455d-9093-4504-954f-0ca6bf706896 tempest-ServerActionsV293TestJSON-1674818320 tempest-ServerActionsV293TestJSON-1674818320-project-member] Determining version of request: GET /v2/schemas/image Accept: */* {{(pid=102890) process_request /opt/stack/glance/glance/api/middleware/version_negotiation.py:44}}
Jul 19 22:44:51.399955 np0000005474 devstack@g-api.service[102890]: DEBUG glance.api.middleware.version_negotiation [None req-caa9455d-9093-4504-954f-0ca6bf706896 tempest-ServerActionsV293TestJSON-1674818320 tempest-ServerActionsV293TestJSON-1674818320-project-member] Using url versioning {{(pid=102890) process_request /opt/stack/glance/glance/api/middleware/version_negotiation.py:57}}
Jul 19 22:44:51.400220 np0000005474 devstack@g-api.service[102890]: DEBUG glance.api.middleware.version_negotiation [None req-caa9455d-9093-4504-954f-0ca6bf706896 tempest-ServerActionsV293TestJSON-1674818320 tempest-ServerActionsV293TestJSON-1674818320-project-member] Matched version: v2 {{(pid=102890) process_request /opt/stack/glance/glance/api/middleware/version_negotiation.py:69}}
Jul 19 22:44:51.400512 np0000005474 devstack@g-api.service[102890]: DEBUG glance.api.middleware.version_negotiation [None req-caa9455d-9093-4504-954f-0ca6bf706896 tempest-ServerActionsV293TestJSON-1674818320 tempest-ServerActionsV293TestJSON-1674818320-project-member] new path /v2/schemas/image {{(pid=102890) process_request /opt/stack/glance/glance/api/middleware/version_negotiation.py:70}}
Jul 19 22:44:51.410628 np0000005474 devstack@g-api.service[102890]: [pid: 102890|app: 0|req: 36/137] 127.0.0.1 () {44 vars in 1055 bytes} [Sun Jul 19 22:44:51 2026] GET /v2/schemas/image => generated 6083 bytes in 15 msecs (HTTP/1.1 200) 4 headers in 158 bytes (1 switches on core 0)
Jul 19 22:44:51.711824 np0000005474 devstack@g-api.service[102892]: DEBUG glance.api.middleware.version_negotiation [None req-caa9455d-9093-4504-954f-0ca6bf706896 tempest-ServerActionsV293TestJSON-1674818320 tempest-ServerActionsV293TestJSON-1674818320-project-member] Determining version of request: GET /v2/images/7baf5e89-6d06-495c-8c15-42d5cfa81dba Accept: */* {{(pid=102892) process_request /opt/stack/glance/glance/api/middleware/version_negotiation.py:44}}
Jul 19 22:44:51.712060 np0000005474 devstack@g-api.service[102892]: DEBUG glance.api.middleware.version_negotiation [None req-caa9455d-9093-4504-954f-0ca6bf706896 tempest-ServerActionsV293TestJSON-1674818320 tempest-ServerActionsV293TestJSON-1674818320-project-member] Using url versioning {{(pid=102892) process_request /opt/stack/glance/glance/api/middleware/version_negotiation.py:57}}
Jul 19 22:44:51.712150 np0000005474 devstack@g-api.service[102892]: DEBUG glance.api.middleware.version_negotiation [None req-caa9455d-9093-4504-954f-0ca6bf706896 tempest-ServerActionsV293TestJSON-1674818320 tempest-ServerActionsV293TestJSON-1674818320-project-member] Matched version: v2 {{(pid=102892) process_request /opt/stack/glance/glance/api/middleware/version_negotiation.py:69}}
Jul 19 22:44:51.712254 np0000005474 devstack@g-api.service[102892]: DEBUG glance.api.middleware.version_negotiation [None req-caa9455d-9093-4504-954f-0ca6bf706896 tempest-ServerActionsV293TestJSON-1674818320 tempest-ServerActionsV293TestJSON-1674818320-project-member] new path /v2/images/7baf5e89-6d06-495c-8c15-42d5cfa81dba {{(pid=102892) process_request /opt/stack/glance/glance/api/middleware/version_negotiation.py:70}}
Jul 19 22:44:51.725935 np0000005474 devstack@g-api.service[102892]: [pid: 102892|app: 0|req: 33/138] 127.0.0.1 () {44 vars in 1115 bytes} [Sun Jul 19 22:44:51 2026] GET /v2/images/7baf5e89-6d06-495c-8c15-42d5cfa81dba => generated 1044 bytes in 14 msecs (HTTP/1.1 200) 4 headers in 158 bytes (1 switches on core 0)
Jul 19 22:44:51.734758 np0000005474 devstack@g-api.service[102893]: DEBUG glance.api.middleware.version_negotiation [None req-caa9455d-9093-4504-954f-0ca6bf706896 tempest-ServerActionsV293TestJSON-1674818320 tempest-ServerActionsV293TestJSON-1674818320-project-member] Determining version of request: GET /v2/images/7baf5e89-6d06-495c-8c15-42d5cfa81dba/file Accept: */* {{(pid=102893) process_request /opt/stack/glance/glance/api/middleware/version_negotiation.py:44}}
Jul 19 22:44:51.734982 np0000005474 devstack@g-api.service[102893]: DEBUG glance.api.middleware.version_negotiation [None req-caa9455d-9093-4504-954f-0ca6bf706896 tempest-ServerActionsV293TestJSON-1674818320 tempest-ServerActionsV293TestJSON-1674818320-project-member] Using url versioning {{(pid=102893) process_request /opt/stack/glance/glance/api/middleware/version_negotiation.py:57}}
Jul 19 22:44:51.735112 np0000005474 devstack@g-api.service[102893]: DEBUG glance.api.middleware.version_negotiation [None req-caa9455d-9093-4504-954f-0ca6bf706896 tempest-ServerActionsV293TestJSON-1674818320 tempest-ServerActionsV293TestJSON-1674818320-project-member] Matched version: v2 {{(pid=102893) process_request /opt/stack/glance/glance/api/middleware/version_negotiation.py:69}}
Jul 19 22:44:51.735264 np0000005474 devstack@g-api.service[102893]: DEBUG glance.api.middleware.version_negotiation [None req-caa9455d-9093-4504-954f-0ca6bf706896 tempest-ServerActionsV293TestJSON-1674818320 tempest-ServerActionsV293TestJSON-1674818320-project-member] new path /v2/images/7baf5e89-6d06-495c-8c15-42d5cfa81dba/file {{(pid=102893) process_request /opt/stack/glance/glance/api/middleware/version_negotiation.py:70}}
Jul 19 22:44:51.750724 np0000005474 devstack@g-api.service[102893]: DEBUG glance_store.backend [None req-caa9455d-9093-4504-954f-0ca6bf706896 tempest-ServerActionsV293TestJSON-1674818320 tempest-ServerActionsV293TestJSON-1674818320-project-member] Attempting to import store swift {{(pid=102893) _load_store /opt/stack/data/venv/lib/python3.12/site-packages/glance_store/backend.py:215}}
Jul 19 22:44:51.752938 np0000005474 devstack@g-api.service[102893]: DEBUG glance_store.capabilities [None req-caa9455d-9093-4504-954f-0ca6bf706896 tempest-ServerActionsV293TestJSON-1674818320 tempest-ServerActionsV293TestJSON-1674818320-project-member] Store glance_store._drivers.swift.store.SingleTenantStore doesn't support updating dynamic storage capabilities. Please overwrite 'update_capabilities' method of the store to implement updating logics if needed. {{(pid=102893) update_capabilities /opt/stack/data/venv/lib/python3.12/site-packages/glance_store/capabilities.py:91}}
Jul 19 22:44:51.752938 np0000005474 devstack@g-api.service[102893]: DEBUG glance_store.driver [None req-caa9455d-9093-4504-954f-0ca6bf706896 tempest-ServerActionsV293TestJSON-1674818320 tempest-ServerActionsV293TestJSON-1674818320-project-member] Late loading location class glance_store._drivers.swift.store.StoreLocation {{(pid=102893) get_store_location_class /opt/stack/data/venv/lib/python3.12/site-packages/glance_store/driver.py:134}}
Jul 19 22:44:51.752938 np0000005474 devstack@g-api.service[102893]: DEBUG glance_store.location [None req-caa9455d-9093-4504-954f-0ca6bf706896 tempest-ServerActionsV293TestJSON-1674818320 tempest-ServerActionsV293TestJSON-1674818320-project-member] Registering scheme swift+https with {'store': , 'location_class': , 'store_entry': 'swift'} {{(pid=102893) register_scheme_map /opt/stack/data/venv/lib/python3.12/site-packages/glance_store/location.py:146}}
Jul 19 22:44:51.753199 np0000005474 devstack@g-api.service[102893]: DEBUG glance_store.location [None req-caa9455d-9093-4504-954f-0ca6bf706896 tempest-ServerActionsV293TestJSON-1674818320 tempest-ServerActionsV293TestJSON-1674818320-project-member] Registering scheme swift+https with {'store': , 'location_class': , 'store_entry': 'swift'} {{(pid=102893) register_scheme_map /opt/stack/data/venv/lib/python3.12/site-packages/glance_store/location.py:146}}
Jul 19 22:44:51.753199 np0000005474 devstack@g-api.service[102893]: DEBUG glance_store.location [None req-caa9455d-9093-4504-954f-0ca6bf706896 tempest-ServerActionsV293TestJSON-1674818320 tempest-ServerActionsV293TestJSON-1674818320-project-member] Registering scheme swift with {'store': , 'location_class': , 'store_entry': 'swift'} {{(pid=102893) register_scheme_map /opt/stack/data/venv/lib/python3.12/site-packages/glance_store/location.py:146}}
Jul 19 22:44:51.753411 np0000005474 devstack@g-api.service[102893]: DEBUG glance_store.location [None req-caa9455d-9093-4504-954f-0ca6bf706896 tempest-ServerActionsV293TestJSON-1674818320 tempest-ServerActionsV293TestJSON-1674818320-project-member] Registering scheme swift+https with {'store': , 'location_class': , 'store_entry': 'swift'} {{(pid=102893) register_scheme_map /opt/stack/data/venv/lib/python3.12/site-packages/glance_store/location.py:146}}
Jul 19 22:44:51.753488 np0000005474 devstack@g-api.service[102893]: DEBUG glance_store.location [None req-caa9455d-9093-4504-954f-0ca6bf706896 tempest-ServerActionsV293TestJSON-1674818320 tempest-ServerActionsV293TestJSON-1674818320-project-member] Registering scheme swift with {'store': , 'location_class': , 'store_entry': 'swift'} {{(pid=102893) register_scheme_map /opt/stack/data/venv/lib/python3.12/site-packages/glance_store/location.py:146}}
Jul 19 22:44:51.753728 np0000005474 devstack@g-api.service[102893]: DEBUG glance_store.location [None req-caa9455d-9093-4504-954f-0ca6bf706896 tempest-ServerActionsV293TestJSON-1674818320 tempest-ServerActionsV293TestJSON-1674818320-project-member] Registering scheme swift+http with {'store': , 'location_class': , 'store_entry': 'swift'} {{(pid=102893) register_scheme_map /opt/stack/data/venv/lib/python3.12/site-packages/glance_store/location.py:146}}
Jul 19 22:44:51.753837 np0000005474 devstack@g-api.service[102893]: DEBUG glance_store.location [None req-caa9455d-9093-4504-954f-0ca6bf706896 tempest-ServerActionsV293TestJSON-1674818320 tempest-ServerActionsV293TestJSON-1674818320-project-member] Registering scheme swift+https with {'store': , 'location_class': , 'store_entry': 'swift'} {{(pid=102893) register_scheme_map /opt/stack/data/venv/lib/python3.12/site-packages/glance_store/location.py:146}}
Jul 19 22:44:51.754038 np0000005474 devstack@g-api.service[102893]: DEBUG glance_store.location [None req-caa9455d-9093-4504-954f-0ca6bf706896 tempest-ServerActionsV293TestJSON-1674818320 tempest-ServerActionsV293TestJSON-1674818320-project-member] Registering scheme swift with {'store': , 'location_class': , 'store_entry': 'swift'} {{(pid=102893) register_scheme_map /opt/stack/data/venv/lib/python3.12/site-packages/glance_store/location.py:146}}
Jul 19 22:44:51.754170 np0000005474 devstack@g-api.service[102893]: DEBUG glance_store.location [None req-caa9455d-9093-4504-954f-0ca6bf706896 tempest-ServerActionsV293TestJSON-1674818320 tempest-ServerActionsV293TestJSON-1674818320-project-member] Registering scheme swift+http with {'store': , 'location_class': , 'store_entry': 'swift'} {{(pid=102893) register_scheme_map /opt/stack/data/venv/lib/python3.12/site-packages/glance_store/location.py:146}}
Jul 19 22:44:51.754291 np0000005474 devstack@g-api.service[102893]: DEBUG glance_store.location [None req-caa9455d-9093-4504-954f-0ca6bf706896 tempest-ServerActionsV293TestJSON-1674818320 tempest-ServerActionsV293TestJSON-1674818320-project-member] Registering scheme swift+config with {'store': , 'location_class': , 'store_entry': 'swift'} {{(pid=102893) register_scheme_map /opt/stack/data/venv/lib/python3.12/site-packages/glance_store/location.py:146}}
Jul 19 22:44:52.334243 np0000005474 devstack@g-api.service[102893]: DEBUG swiftclient [None req-caa9455d-9093-4504-954f-0ca6bf706896 tempest-ServerActionsV293TestJSON-1674818320 tempest-ServerActionsV293TestJSON-1674818320-project-member] REQ: curl -i https://10.4.3.101:8080/v1/AUTH_001af229c57f4b4bafd9cd835a5b9bea/glance/7baf5e89-6d06-495c-8c15-42d5cfa81dba -X GET -H "X-Auth-Token: gAAAAABqXVNjxF4l..." {{(pid=102893) http_log /opt/stack/data/venv/lib/python3.12/site-packages/swiftclient/client.py:160}}
Jul 19 22:44:52.334912 np0000005474 devstack@g-api.service[102893]: DEBUG swiftclient [None req-caa9455d-9093-4504-954f-0ca6bf706896 tempest-ServerActionsV293TestJSON-1674818320 tempest-ServerActionsV293TestJSON-1674818320-project-member] RESP STATUS: 200 OK {{(pid=102893) http_log /opt/stack/data/venv/lib/python3.12/site-packages/swiftclient/client.py:161}}
Jul 19 22:44:52.334912 np0000005474 devstack@g-api.service[102893]: DEBUG swiftclient [None req-caa9455d-9093-4504-954f-0ca6bf706896 tempest-ServerActionsV293TestJSON-1674818320 tempest-ServerActionsV293TestJSON-1674818320-project-member] RESP HEADERS: {'Date': 'Sun, 19 Jul 2026 22:44:52 GMT', 'Server': 'Apache/2.4.58 (Ubuntu)', 'Content-Type': 'application/octet-stream', 'Etag': '0c839612eb3f2469420f2ccae990827f', 'Last-Modified': 'Sun, 19 Jul 2026 22:40:49 GMT', 'X-Timestamp': '1784500848.08381', 'Accept-Ranges': 'bytes', 'Content-Length': '21233664', 'X-Trans-Id': 'txf94e3c111c7441df880c2-006a5d5363', 'X-Openstack-Request-Id': 'txf94e3c111c7441df880c2-006a5d5363', 'Connection': 'close'} {{(pid=102893) http_log /opt/stack/data/venv/lib/python3.12/site-packages/swiftclient/client.py:162}}
Jul 19 22:44:52.358882 np0000005474 devstack@g-api.service[102893]: DEBUG glance.image_cache [None req-caa9455d-9093-4504-954f-0ca6bf706896 tempest-ServerActionsV293TestJSON-1674818320 tempest-ServerActionsV293TestJSON-1674818320-project-member] Tee'ing image '7baf5e89-6d06-495c-8c15-42d5cfa81dba' into cache {{(pid=102893) get_caching_iter /opt/stack/glance/glance/image_cache/__init__.py:356}}
Jul 19 22:44:52.545006 np0000005474 devstack@g-api.service[102893]: DEBUG glance.image_cache.drivers.centralized_db [None req-caa9455d-9093-4504-954f-0ca6bf706896 tempest-ServerActionsV293TestJSON-1674818320 tempest-ServerActionsV293TestJSON-1674818320-project-member] Fetch finished, moving '/opt/stack/data/glance/cache/incomplete/7baf5e89-6d06-495c-8c15-42d5cfa81dba' to '/opt/stack/data/glance/cache/7baf5e89-6d06-495c-8c15-42d5cfa81dba' {{(pid=102893) commit /opt/stack/glance/glance/image_cache/drivers/centralized_db.py:243}}
Jul 19 22:44:52.567841 np0000005474 devstack@g-api.service[102893]: DEBUG glance.image_cache.drivers.centralized_db [None req-caa9455d-9093-4504-954f-0ca6bf706896 tempest-ServerActionsV293TestJSON-1674818320 tempest-ServerActionsV293TestJSON-1674818320-project-member] Image cached successfully. {{(pid=102893) commit /opt/stack/glance/glance/image_cache/drivers/centralized_db.py:258}}
Jul 19 22:44:52.567841 np0000005474 devstack@g-api.service[102893]: [pid: 102893|app: 0|req: 32/139] 127.0.0.1 () {44 vars in 1125 bytes} [Sun Jul 19 22:44:51 2026] GET /v2/images/7baf5e89-6d06-495c-8c15-42d5cfa81dba/file => generated 21233664 bytes in 833 msecs (HTTP/1.1 200) 4 headers in 191 bytes (326 switches on core 0)
Jul 19 22:44:54.180703 np0000005474 devstack@g-api.service[102891]: DEBUG glance.api.middleware.version_negotiation [None req-ca83b205-eea9-48a1-b6c7-8fb3432b9759 tempest-AttachSCSIVolumeTestJSON-1323645117 tempest-AttachSCSIVolumeTestJSON-1323645117-project-member] Determining version of request: GET /v2/images/b28bc8bb-2595-4bd8-b553-e54a2d6146f5 Accept: */* {{(pid=102891) process_request /opt/stack/glance/glance/api/middleware/version_negotiation.py:44}}
Jul 19 22:44:54.181076 np0000005474 devstack@g-api.service[102891]: DEBUG glance.api.middleware.version_negotiation [None req-ca83b205-eea9-48a1-b6c7-8fb3432b9759 tempest-AttachSCSIVolumeTestJSON-1323645117 tempest-AttachSCSIVolumeTestJSON-1323645117-project-member] Using url versioning {{(pid=102891) process_request /opt/stack/glance/glance/api/middleware/version_negotiation.py:57}}
Jul 19 22:44:54.181076 np0000005474 devstack@g-api.service[102891]: DEBUG glance.api.middleware.version_negotiation [None req-ca83b205-eea9-48a1-b6c7-8fb3432b9759 tempest-AttachSCSIVolumeTestJSON-1323645117 tempest-AttachSCSIVolumeTestJSON-1323645117-project-member] Matched version: v2 {{(pid=102891) process_request /opt/stack/glance/glance/api/middleware/version_negotiation.py:69}}
Jul 19 22:44:54.181302 np0000005474 devstack@g-api.service[102891]: DEBUG glance.api.middleware.version_negotiation [None req-ca83b205-eea9-48a1-b6c7-8fb3432b9759 tempest-AttachSCSIVolumeTestJSON-1323645117 tempest-AttachSCSIVolumeTestJSON-1323645117-project-member] new path /v2/images/b28bc8bb-2595-4bd8-b553-e54a2d6146f5 {{(pid=102891) process_request /opt/stack/glance/glance/api/middleware/version_negotiation.py:70}}
Jul 19 22:44:54.199328 np0000005474 devstack@g-api.service[102891]: [pid: 102891|app: 0|req: 39/140] 127.0.0.1 () {44 vars in 1115 bytes} [Sun Jul 19 22:44:54 2026] GET /v2/images/b28bc8bb-2595-4bd8-b553-e54a2d6146f5 => generated 1044 bytes in 19 msecs (HTTP/1.1 200) 4 headers in 158 bytes (1 switches on core 0)
Jul 19 22:44:54.210732 np0000005474 devstack@g-api.service[102890]: DEBUG glance.api.middleware.version_negotiation [None req-ca83b205-eea9-48a1-b6c7-8fb3432b9759 tempest-AttachSCSIVolumeTestJSON-1323645117 tempest-AttachSCSIVolumeTestJSON-1323645117-project-member] Determining version of request: GET /v2/schemas/image Accept: */* {{(pid=102890) process_request /opt/stack/glance/glance/api/middleware/version_negotiation.py:44}}
Jul 19 22:44:54.211126 np0000005474 devstack@g-api.service[102890]: DEBUG glance.api.middleware.version_negotiation [None req-ca83b205-eea9-48a1-b6c7-8fb3432b9759 tempest-AttachSCSIVolumeTestJSON-1323645117 tempest-AttachSCSIVolumeTestJSON-1323645117-project-member] Using url versioning {{(pid=102890) process_request /opt/stack/glance/glance/api/middleware/version_negotiation.py:57}}
Jul 19 22:44:54.211126 np0000005474 devstack@g-api.service[102890]: DEBUG glance.api.middleware.version_negotiation [None req-ca83b205-eea9-48a1-b6c7-8fb3432b9759 tempest-AttachSCSIVolumeTestJSON-1323645117 tempest-AttachSCSIVolumeTestJSON-1323645117-project-member] Matched version: v2 {{(pid=102890) process_request /opt/stack/glance/glance/api/middleware/version_negotiation.py:69}}
Jul 19 22:44:54.211236 np0000005474 devstack@g-api.service[102890]: DEBUG glance.api.middleware.version_negotiation [None req-ca83b205-eea9-48a1-b6c7-8fb3432b9759 tempest-AttachSCSIVolumeTestJSON-1323645117 tempest-AttachSCSIVolumeTestJSON-1323645117-project-member] new path /v2/schemas/image {{(pid=102890) process_request /opt/stack/glance/glance/api/middleware/version_negotiation.py:70}}
Jul 19 22:44:54.215992 np0000005474 devstack@g-api.service[102890]: [pid: 102890|app: 0|req: 37/141] 127.0.0.1 () {44 vars in 1055 bytes} [Sun Jul 19 22:44:54 2026] GET /v2/schemas/image => generated 6083 bytes in 5 msecs (HTTP/1.1 200) 4 headers in 158 bytes (1 switches on core 0)
Jul 19 22:44:54.227892 np0000005474 devstack@g-api.service[102892]: DEBUG glance.api.middleware.version_negotiation [None req-caa9455d-9093-4504-954f-0ca6bf706896 tempest-ServerActionsV293TestJSON-1674818320 tempest-ServerActionsV293TestJSON-1674818320-project-member] Determining version of request: GET /v2/schemas/image Accept: */* {{(pid=102892) process_request /opt/stack/glance/glance/api/middleware/version_negotiation.py:44}}
Jul 19 22:44:54.228443 np0000005474 devstack@g-api.service[102892]: DEBUG glance.api.middleware.version_negotiation [None req-caa9455d-9093-4504-954f-0ca6bf706896 tempest-ServerActionsV293TestJSON-1674818320 tempest-ServerActionsV293TestJSON-1674818320-project-member] Using url versioning {{(pid=102892) process_request /opt/stack/glance/glance/api/middleware/version_negotiation.py:57}}
Jul 19 22:44:54.228443 np0000005474 devstack@g-api.service[102892]: DEBUG glance.api.middleware.version_negotiation [None req-caa9455d-9093-4504-954f-0ca6bf706896 tempest-ServerActionsV293TestJSON-1674818320 tempest-ServerActionsV293TestJSON-1674818320-project-member] Matched version: v2 {{(pid=102892) process_request /opt/stack/glance/glance/api/middleware/version_negotiation.py:69}}
Jul 19 22:44:54.228443 np0000005474 devstack@g-api.service[102892]: DEBUG glance.api.middleware.version_negotiation [None req-caa9455d-9093-4504-954f-0ca6bf706896 tempest-ServerActionsV293TestJSON-1674818320 tempest-ServerActionsV293TestJSON-1674818320-project-member] new path /v2/schemas/image {{(pid=102892) process_request /opt/stack/glance/glance/api/middleware/version_negotiation.py:70}}
Jul 19 22:44:54.230663 np0000005474 devstack@g-api.service[102892]: [pid: 102892|app: 0|req: 34/142] 127.0.0.1 () {44 vars in 1055 bytes} [Sun Jul 19 22:44:54 2026] GET /v2/schemas/image => generated 6083 bytes in 3 msecs (HTTP/1.1 200) 4 headers in 158 bytes (1 switches on core 0)
Jul 19 22:44:54.241059 np0000005474 devstack@g-api.service[102893]: DEBUG glance.api.middleware.version_negotiation [None req-caa9455d-9093-4504-954f-0ca6bf706896 tempest-ServerActionsV293TestJSON-1674818320 tempest-ServerActionsV293TestJSON-1674818320-project-member] Determining version of request: GET /v2/images/bd02b273-20da-4328-920e-f6bd9a421b94 Accept: */* {{(pid=102893) process_request /opt/stack/glance/glance/api/middleware/version_negotiation.py:44}}
Jul 19 22:44:54.241530 np0000005474 devstack@g-api.service[102893]: DEBUG glance.api.middleware.version_negotiation [None req-caa9455d-9093-4504-954f-0ca6bf706896 tempest-ServerActionsV293TestJSON-1674818320 tempest-ServerActionsV293TestJSON-1674818320-project-member] Using url versioning {{(pid=102893) process_request /opt/stack/glance/glance/api/middleware/version_negotiation.py:57}}
Jul 19 22:44:54.241530 np0000005474 devstack@g-api.service[102893]: DEBUG glance.api.middleware.version_negotiation [None req-caa9455d-9093-4504-954f-0ca6bf706896 tempest-ServerActionsV293TestJSON-1674818320 tempest-ServerActionsV293TestJSON-1674818320-project-member] Matched version: v2 {{(pid=102893) process_request /opt/stack/glance/glance/api/middleware/version_negotiation.py:69}}
Jul 19 22:44:54.241530 np0000005474 devstack@g-api.service[102893]: DEBUG glance.api.middleware.version_negotiation [None req-caa9455d-9093-4504-954f-0ca6bf706896 tempest-ServerActionsV293TestJSON-1674818320 tempest-ServerActionsV293TestJSON-1674818320-project-member] new path /v2/images/bd02b273-20da-4328-920e-f6bd9a421b94 {{(pid=102893) process_request /opt/stack/glance/glance/api/middleware/version_negotiation.py:70}}
Jul 19 22:44:54.246179 np0000005474 devstack@g-api.service[102891]: DEBUG glance.api.middleware.version_negotiation [None req-23409315-6a2c-423a-a55b-31a73fa85173 tempest-AttachVolumeMultiAttachTest-1120704971 tempest-AttachVolumeMultiAttachTest-1120704971-project-member] Determining version of request: GET /v2/images/b28bc8bb-2595-4bd8-b553-e54a2d6146f5 Accept: */* {{(pid=102891) process_request /opt/stack/glance/glance/api/middleware/version_negotiation.py:44}}
Jul 19 22:44:54.246361 np0000005474 devstack@g-api.service[102891]: DEBUG glance.api.middleware.version_negotiation [None req-23409315-6a2c-423a-a55b-31a73fa85173 tempest-AttachVolumeMultiAttachTest-1120704971 tempest-AttachVolumeMultiAttachTest-1120704971-project-member] Using url versioning {{(pid=102891) process_request /opt/stack/glance/glance/api/middleware/version_negotiation.py:57}}
Jul 19 22:44:54.246972 np0000005474 devstack@g-api.service[102891]: DEBUG glance.api.middleware.version_negotiation [None req-23409315-6a2c-423a-a55b-31a73fa85173 tempest-AttachVolumeMultiAttachTest-1120704971 tempest-AttachVolumeMultiAttachTest-1120704971-project-member] Matched version: v2 {{(pid=102891) process_request /opt/stack/glance/glance/api/middleware/version_negotiation.py:69}}
Jul 19 22:44:54.248728 np0000005474 devstack@g-api.service[102891]: DEBUG glance.api.middleware.version_negotiation [None req-23409315-6a2c-423a-a55b-31a73fa85173 tempest-AttachVolumeMultiAttachTest-1120704971 tempest-AttachVolumeMultiAttachTest-1120704971-project-member] new path /v2/images/b28bc8bb-2595-4bd8-b553-e54a2d6146f5 {{(pid=102891) process_request /opt/stack/glance/glance/api/middleware/version_negotiation.py:70}}
Jul 19 22:44:54.259706 np0000005474 devstack@g-api.service[102893]: [pid: 102893|app: 0|req: 33/143] 127.0.0.1 () {44 vars in 1115 bytes} [Sun Jul 19 22:44:54 2026] GET /v2/images/bd02b273-20da-4328-920e-f6bd9a421b94 => generated 859 bytes in 18 msecs (HTTP/1.1 200) 4 headers in 157 bytes (1 switches on core 0)
Jul 19 22:44:54.262372 np0000005474 devstack@g-api.service[102891]: [pid: 102891|app: 0|req: 40/144] 127.0.0.1 () {44 vars in 1115 bytes} [Sun Jul 19 22:44:54 2026] GET /v2/images/b28bc8bb-2595-4bd8-b553-e54a2d6146f5 => generated 1044 bytes in 16 msecs (HTTP/1.1 200) 4 headers in 158 bytes (1 switches on core 0)
Jul 19 22:44:54.282226 np0000005474 devstack@g-api.service[102890]: DEBUG glance.api.middleware.version_negotiation [None req-23409315-6a2c-423a-a55b-31a73fa85173 tempest-AttachVolumeMultiAttachTest-1120704971 tempest-AttachVolumeMultiAttachTest-1120704971-project-member] Determining version of request: GET /v2/schemas/image Accept: */* {{(pid=102890) process_request /opt/stack/glance/glance/api/middleware/version_negotiation.py:44}}
Jul 19 22:44:54.282226 np0000005474 devstack@g-api.service[102890]: DEBUG glance.api.middleware.version_negotiation [None req-23409315-6a2c-423a-a55b-31a73fa85173 tempest-AttachVolumeMultiAttachTest-1120704971 tempest-AttachVolumeMultiAttachTest-1120704971-project-member] Using url versioning {{(pid=102890) process_request /opt/stack/glance/glance/api/middleware/version_negotiation.py:57}}
Jul 19 22:44:54.282226 np0000005474 devstack@g-api.service[102890]: DEBUG glance.api.middleware.version_negotiation [None req-23409315-6a2c-423a-a55b-31a73fa85173 tempest-AttachVolumeMultiAttachTest-1120704971 tempest-AttachVolumeMultiAttachTest-1120704971-project-member] Matched version: v2 {{(pid=102890) process_request /opt/stack/glance/glance/api/middleware/version_negotiation.py:69}}
Jul 19 22:44:54.282226 np0000005474 devstack@g-api.service[102890]: DEBUG glance.api.middleware.version_negotiation [None req-23409315-6a2c-423a-a55b-31a73fa85173 tempest-AttachVolumeMultiAttachTest-1120704971 tempest-AttachVolumeMultiAttachTest-1120704971-project-member] new path /v2/schemas/image {{(pid=102890) process_request /opt/stack/glance/glance/api/middleware/version_negotiation.py:70}}
Jul 19 22:44:54.285948 np0000005474 devstack@g-api.service[102890]: [pid: 102890|app: 0|req: 38/145] 127.0.0.1 () {44 vars in 1055 bytes} [Sun Jul 19 22:44:54 2026] GET /v2/schemas/image => generated 6083 bytes in 8 msecs (HTTP/1.1 200) 4 headers in 158 bytes (1 switches on core 0)
Jul 19 22:44:54.302191 np0000005474 devstack@g-api.service[102892]: DEBUG glance.api.middleware.version_negotiation [None req-23409315-6a2c-423a-a55b-31a73fa85173 tempest-AttachVolumeMultiAttachTest-1120704971 tempest-AttachVolumeMultiAttachTest-1120704971-project-member] Determining version of request: GET /v2/schemas/image Accept: */* {{(pid=102892) process_request /opt/stack/glance/glance/api/middleware/version_negotiation.py:44}}
Jul 19 22:44:54.302787 np0000005474 devstack@g-api.service[102892]: DEBUG glance.api.middleware.version_negotiation [None req-23409315-6a2c-423a-a55b-31a73fa85173 tempest-AttachVolumeMultiAttachTest-1120704971 tempest-AttachVolumeMultiAttachTest-1120704971-project-member] Using url versioning {{(pid=102892) process_request /opt/stack/glance/glance/api/middleware/version_negotiation.py:57}}
Jul 19 22:44:54.303005 np0000005474 devstack@g-api.service[102892]: DEBUG glance.api.middleware.version_negotiation [None req-23409315-6a2c-423a-a55b-31a73fa85173 tempest-AttachVolumeMultiAttachTest-1120704971 tempest-AttachVolumeMultiAttachTest-1120704971-project-member] Matched version: v2 {{(pid=102892) process_request /opt/stack/glance/glance/api/middleware/version_negotiation.py:69}}
Jul 19 22:44:54.303113 np0000005474 devstack@g-api.service[102892]: DEBUG glance.api.middleware.version_negotiation [None req-23409315-6a2c-423a-a55b-31a73fa85173 tempest-AttachVolumeMultiAttachTest-1120704971 tempest-AttachVolumeMultiAttachTest-1120704971-project-member] new path /v2/schemas/image {{(pid=102892) process_request /opt/stack/glance/glance/api/middleware/version_negotiation.py:70}}
Jul 19 22:44:54.313932 np0000005474 devstack@g-api.service[102892]: [pid: 102892|app: 0|req: 35/146] 127.0.0.1 () {44 vars in 1055 bytes} [Sun Jul 19 22:44:54 2026] GET /v2/schemas/image => generated 6083 bytes in 12 msecs (HTTP/1.1 200) 4 headers in 158 bytes (1 switches on core 0)
Jul 19 22:44:54.322486 np0000005474 devstack@g-api.service[102893]: DEBUG glance.api.middleware.version_negotiation [None req-ca83b205-eea9-48a1-b6c7-8fb3432b9759 tempest-AttachSCSIVolumeTestJSON-1323645117 tempest-AttachSCSIVolumeTestJSON-1323645117-project-member] Determining version of request: GET /v2/images/bd02b273-20da-4328-920e-f6bd9a421b94/file Accept: */* {{(pid=102893) process_request /opt/stack/glance/glance/api/middleware/version_negotiation.py:44}}
Jul 19 22:44:54.324072 np0000005474 devstack@g-api.service[102893]: DEBUG glance.api.middleware.version_negotiation [None req-ca83b205-eea9-48a1-b6c7-8fb3432b9759 tempest-AttachSCSIVolumeTestJSON-1323645117 tempest-AttachSCSIVolumeTestJSON-1323645117-project-member] Using url versioning {{(pid=102893) process_request /opt/stack/glance/glance/api/middleware/version_negotiation.py:57}}
Jul 19 22:44:54.324072 np0000005474 devstack@g-api.service[102893]: DEBUG glance.api.middleware.version_negotiation [None req-ca83b205-eea9-48a1-b6c7-8fb3432b9759 tempest-AttachSCSIVolumeTestJSON-1323645117 tempest-AttachSCSIVolumeTestJSON-1323645117-project-member] Matched version: v2 {{(pid=102893) process_request /opt/stack/glance/glance/api/middleware/version_negotiation.py:69}}
Jul 19 22:44:54.324072 np0000005474 devstack@g-api.service[102893]: DEBUG glance.api.middleware.version_negotiation [None req-ca83b205-eea9-48a1-b6c7-8fb3432b9759 tempest-AttachSCSIVolumeTestJSON-1323645117 tempest-AttachSCSIVolumeTestJSON-1323645117-project-member] new path /v2/images/bd02b273-20da-4328-920e-f6bd9a421b94/file {{(pid=102893) process_request /opt/stack/glance/glance/api/middleware/version_negotiation.py:70}}
Jul 19 22:44:54.348698 np0000005474 devstack@g-api.service[102891]: DEBUG glance.api.middleware.version_negotiation [None req-23409315-6a2c-423a-a55b-31a73fa85173 tempest-AttachVolumeMultiAttachTest-1120704971 tempest-AttachVolumeMultiAttachTest-1120704971-project-member] Determining version of request: GET /v2/images/b28bc8bb-2595-4bd8-b553-e54a2d6146f5 Accept: */* {{(pid=102891) process_request /opt/stack/glance/glance/api/middleware/version_negotiation.py:44}}
Jul 19 22:44:54.349556 np0000005474 devstack@g-api.service[102891]: DEBUG glance.api.middleware.version_negotiation [None req-23409315-6a2c-423a-a55b-31a73fa85173 tempest-AttachVolumeMultiAttachTest-1120704971 tempest-AttachVolumeMultiAttachTest-1120704971-project-member] Using url versioning {{(pid=102891) process_request /opt/stack/glance/glance/api/middleware/version_negotiation.py:57}}
Jul 19 22:44:54.350315 np0000005474 devstack@g-api.service[102891]: DEBUG glance.api.middleware.version_negotiation [None req-23409315-6a2c-423a-a55b-31a73fa85173 tempest-AttachVolumeMultiAttachTest-1120704971 tempest-AttachVolumeMultiAttachTest-1120704971-project-member] Matched version: v2 {{(pid=102891) process_request /opt/stack/glance/glance/api/middleware/version_negotiation.py:69}}
Jul 19 22:44:54.350315 np0000005474 devstack@g-api.service[102891]: DEBUG glance.api.middleware.version_negotiation [None req-23409315-6a2c-423a-a55b-31a73fa85173 tempest-AttachVolumeMultiAttachTest-1120704971 tempest-AttachVolumeMultiAttachTest-1120704971-project-member] new path /v2/images/b28bc8bb-2595-4bd8-b553-e54a2d6146f5 {{(pid=102891) process_request /opt/stack/glance/glance/api/middleware/version_negotiation.py:70}}
Jul 19 22:44:54.354674 np0000005474 devstack@g-api.service[102893]: DEBUG glance_store.backend [None req-ca83b205-eea9-48a1-b6c7-8fb3432b9759 tempest-AttachSCSIVolumeTestJSON-1323645117 tempest-AttachSCSIVolumeTestJSON-1323645117-project-member] Attempting to import store swift {{(pid=102893) _load_store /opt/stack/data/venv/lib/python3.12/site-packages/glance_store/backend.py:215}}
Jul 19 22:44:54.356241 np0000005474 devstack@g-api.service[102893]: DEBUG glance_store.capabilities [None req-ca83b205-eea9-48a1-b6c7-8fb3432b9759 tempest-AttachSCSIVolumeTestJSON-1323645117 tempest-AttachSCSIVolumeTestJSON-1323645117-project-member] Store glance_store._drivers.swift.store.SingleTenantStore doesn't support updating dynamic storage capabilities. Please overwrite 'update_capabilities' method of the store to implement updating logics if needed. {{(pid=102893) update_capabilities /opt/stack/data/venv/lib/python3.12/site-packages/glance_store/capabilities.py:91}}
Jul 19 22:44:54.356967 np0000005474 devstack@g-api.service[102893]: DEBUG glance_store.driver [None req-ca83b205-eea9-48a1-b6c7-8fb3432b9759 tempest-AttachSCSIVolumeTestJSON-1323645117 tempest-AttachSCSIVolumeTestJSON-1323645117-project-member] Late loading location class glance_store._drivers.swift.store.StoreLocation {{(pid=102893) get_store_location_class /opt/stack/data/venv/lib/python3.12/site-packages/glance_store/driver.py:134}}
Jul 19 22:44:54.357182 np0000005474 devstack@g-api.service[102893]: DEBUG glance_store.location [None req-ca83b205-eea9-48a1-b6c7-8fb3432b9759 tempest-AttachSCSIVolumeTestJSON-1323645117 tempest-AttachSCSIVolumeTestJSON-1323645117-project-member] Registering scheme swift+https with {'store': , 'location_class': , 'store_entry': 'swift'} {{(pid=102893) register_scheme_map /opt/stack/data/venv/lib/python3.12/site-packages/glance_store/location.py:146}}
Jul 19 22:44:54.357451 np0000005474 devstack@g-api.service[102893]: DEBUG glance_store.location [None req-ca83b205-eea9-48a1-b6c7-8fb3432b9759 tempest-AttachSCSIVolumeTestJSON-1323645117 tempest-AttachSCSIVolumeTestJSON-1323645117-project-member] Registering scheme swift+https with {'store': , 'location_class': , 'store_entry': 'swift'} {{(pid=102893) register_scheme_map /opt/stack/data/venv/lib/python3.12/site-packages/glance_store/location.py:146}}
Jul 19 22:44:54.357768 np0000005474 devstack@g-api.service[102893]: DEBUG glance_store.location [None req-ca83b205-eea9-48a1-b6c7-8fb3432b9759 tempest-AttachSCSIVolumeTestJSON-1323645117 tempest-AttachSCSIVolumeTestJSON-1323645117-project-member] Registering scheme swift with {'store': , 'location_class': , 'store_entry': 'swift'} {{(pid=102893) register_scheme_map /opt/stack/data/venv/lib/python3.12/site-packages/glance_store/location.py:146}}
Jul 19 22:44:54.357983 np0000005474 devstack@g-api.service[102893]: DEBUG glance_store.location [None req-ca83b205-eea9-48a1-b6c7-8fb3432b9759 tempest-AttachSCSIVolumeTestJSON-1323645117 tempest-AttachSCSIVolumeTestJSON-1323645117-project-member] Registering scheme swift+https with {'store': , 'location_class': , 'store_entry': 'swift'} {{(pid=102893) register_scheme_map /opt/stack/data/venv/lib/python3.12/site-packages/glance_store/location.py:146}}
Jul 19 22:44:54.358204 np0000005474 devstack@g-api.service[102893]: DEBUG glance_store.location [None req-ca83b205-eea9-48a1-b6c7-8fb3432b9759 tempest-AttachSCSIVolumeTestJSON-1323645117 tempest-AttachSCSIVolumeTestJSON-1323645117-project-member] Registering scheme swift with {'store': , 'location_class': , 'store_entry': 'swift'} {{(pid=102893) register_scheme_map /opt/stack/data/venv/lib/python3.12/site-packages/glance_store/location.py:146}}
Jul 19 22:44:54.358548 np0000005474 devstack@g-api.service[102893]: DEBUG glance_store.location [None req-ca83b205-eea9-48a1-b6c7-8fb3432b9759 tempest-AttachSCSIVolumeTestJSON-1323645117 tempest-AttachSCSIVolumeTestJSON-1323645117-project-member] Registering scheme swift+http with {'store': , 'location_class': , 'store_entry': 'swift'} {{(pid=102893) register_scheme_map /opt/stack/data/venv/lib/python3.12/site-packages/glance_store/location.py:146}}
Jul 19 22:44:54.358928 np0000005474 devstack@g-api.service[102893]: DEBUG glance_store.location [None req-ca83b205-eea9-48a1-b6c7-8fb3432b9759 tempest-AttachSCSIVolumeTestJSON-1323645117 tempest-AttachSCSIVolumeTestJSON-1323645117-project-member] Registering scheme swift+https with {'store': , 'location_class': , 'store_entry': 'swift'} {{(pid=102893) register_scheme_map /opt/stack/data/venv/lib/python3.12/site-packages/glance_store/location.py:146}}
Jul 19 22:44:54.359126 np0000005474 devstack@g-api.service[102893]: DEBUG glance_store.location [None req-ca83b205-eea9-48a1-b6c7-8fb3432b9759 tempest-AttachSCSIVolumeTestJSON-1323645117 tempest-AttachSCSIVolumeTestJSON-1323645117-project-member] Registering scheme swift with {'store': , 'location_class': , 'store_entry': 'swift'} {{(pid=102893) register_scheme_map /opt/stack/data/venv/lib/python3.12/site-packages/glance_store/location.py:146}}
Jul 19 22:44:54.359320 np0000005474 devstack@g-api.service[102893]: DEBUG glance_store.location [None req-ca83b205-eea9-48a1-b6c7-8fb3432b9759 tempest-AttachSCSIVolumeTestJSON-1323645117 tempest-AttachSCSIVolumeTestJSON-1323645117-project-member] Registering scheme swift+http with {'store': , 'location_class': , 'store_entry': 'swift'} {{(pid=102893) register_scheme_map /opt/stack/data/venv/lib/python3.12/site-packages/glance_store/location.py:146}}
Jul 19 22:44:54.359855 np0000005474 devstack@g-api.service[102893]: DEBUG glance_store.location [None req-ca83b205-eea9-48a1-b6c7-8fb3432b9759 tempest-AttachSCSIVolumeTestJSON-1323645117 tempest-AttachSCSIVolumeTestJSON-1323645117-project-member] Registering scheme swift+config with {'store': , 'location_class': , 'store_entry': 'swift'} {{(pid=102893) register_scheme_map /opt/stack/data/venv/lib/python3.12/site-packages/glance_store/location.py:146}}
Jul 19 22:44:54.368148 np0000005474 devstack@g-api.service[102891]: [pid: 102891|app: 0|req: 41/147] 127.0.0.1 () {44 vars in 1115 bytes} [Sun Jul 19 22:44:54 2026] GET /v2/images/b28bc8bb-2595-4bd8-b553-e54a2d6146f5 => generated 1044 bytes in 18 msecs (HTTP/1.1 200) 4 headers in 158 bytes (1 switches on core 0)
Jul 19 22:44:54.388899 np0000005474 devstack@g-api.service[102890]: DEBUG glance.api.middleware.version_negotiation [None req-23409315-6a2c-423a-a55b-31a73fa85173 tempest-AttachVolumeMultiAttachTest-1120704971 tempest-AttachVolumeMultiAttachTest-1120704971-project-member] Determining version of request: GET /v2/schemas/image Accept: */* {{(pid=102890) process_request /opt/stack/glance/glance/api/middleware/version_negotiation.py:44}}
Jul 19 22:44:54.389083 np0000005474 devstack@g-api.service[102890]: DEBUG glance.api.middleware.version_negotiation [None req-23409315-6a2c-423a-a55b-31a73fa85173 tempest-AttachVolumeMultiAttachTest-1120704971 tempest-AttachVolumeMultiAttachTest-1120704971-project-member] Using url versioning {{(pid=102890) process_request /opt/stack/glance/glance/api/middleware/version_negotiation.py:57}}
Jul 19 22:44:54.389326 np0000005474 devstack@g-api.service[102890]: DEBUG glance.api.middleware.version_negotiation [None req-23409315-6a2c-423a-a55b-31a73fa85173 tempest-AttachVolumeMultiAttachTest-1120704971 tempest-AttachVolumeMultiAttachTest-1120704971-project-member] Matched version: v2 {{(pid=102890) process_request /opt/stack/glance/glance/api/middleware/version_negotiation.py:69}}
Jul 19 22:44:54.389386 np0000005474 devstack@g-api.service[102890]: DEBUG glance.api.middleware.version_negotiation [None req-23409315-6a2c-423a-a55b-31a73fa85173 tempest-AttachVolumeMultiAttachTest-1120704971 tempest-AttachVolumeMultiAttachTest-1120704971-project-member] new path /v2/schemas/image {{(pid=102890) process_request /opt/stack/glance/glance/api/middleware/version_negotiation.py:70}}
Jul 19 22:44:54.394227 np0000005474 devstack@g-api.service[102890]: [pid: 102890|app: 0|req: 39/148] 127.0.0.1 () {44 vars in 1055 bytes} [Sun Jul 19 22:44:54 2026] GET /v2/schemas/image => generated 6083 bytes in 6 msecs (HTTP/1.1 200) 4 headers in 158 bytes (1 switches on core 0)
Jul 19 22:44:55.064326 np0000005474 devstack@g-api.service[102893]: DEBUG swiftclient [None req-ca83b205-eea9-48a1-b6c7-8fb3432b9759 tempest-AttachSCSIVolumeTestJSON-1323645117 tempest-AttachSCSIVolumeTestJSON-1323645117-project-member] REQ: curl -i https://10.4.3.101:8080/v1/AUTH_001af229c57f4b4bafd9cd835a5b9bea/glance/bd02b273-20da-4328-920e-f6bd9a421b94 -X GET -H "X-Auth-Token: gAAAAABqXVNm4uTA..." {{(pid=102893) http_log /opt/stack/data/venv/lib/python3.12/site-packages/swiftclient/client.py:160}}
Jul 19 22:44:55.065712 np0000005474 devstack@g-api.service[102893]: DEBUG swiftclient [None req-ca83b205-eea9-48a1-b6c7-8fb3432b9759 tempest-AttachSCSIVolumeTestJSON-1323645117 tempest-AttachSCSIVolumeTestJSON-1323645117-project-member] RESP STATUS: 200 OK {{(pid=102893) http_log /opt/stack/data/venv/lib/python3.12/site-packages/swiftclient/client.py:161}}
Jul 19 22:44:55.065712 np0000005474 devstack@g-api.service[102893]: DEBUG swiftclient [None req-ca83b205-eea9-48a1-b6c7-8fb3432b9759 tempest-AttachSCSIVolumeTestJSON-1323645117 tempest-AttachSCSIVolumeTestJSON-1323645117-project-member] RESP HEADERS: {'Date': 'Sun, 19 Jul 2026 22:44:55 GMT', 'Server': 'Apache/2.4.58 (Ubuntu)', 'Content-Type': 'application/octet-stream', 'X-Object-Manifest': 'glance/bd02b273-20da-4328-920e-f6bd9a421b94-', 'Last-Modified': 'Sun, 19 Jul 2026 22:44:49 GMT', 'X-Timestamp': '1784501088.78710', 'Accept-Ranges': 'bytes', 'Content-Length': '21692416', 'Etag': '"737c2a37dd3f91e374c48cad70137398"', 'X-Trans-Id': 'tx1a705c641baa435c8c01e-006a5d5366', 'X-Openstack-Request-Id': 'tx1a705c641baa435c8c01e-006a5d5366', 'Connection': 'close'} {{(pid=102893) http_log /opt/stack/data/venv/lib/python3.12/site-packages/swiftclient/client.py:162}}
Jul 19 22:44:55.075649 np0000005474 devstack@g-api.service[102893]: DEBUG glance.image_cache [None req-ca83b205-eea9-48a1-b6c7-8fb3432b9759 tempest-AttachSCSIVolumeTestJSON-1323645117 tempest-AttachSCSIVolumeTestJSON-1323645117-project-member] Tee'ing image 'bd02b273-20da-4328-920e-f6bd9a421b94' into cache {{(pid=102893) get_caching_iter /opt/stack/glance/glance/image_cache/__init__.py:356}}
Jul 19 22:44:55.173139 np0000005474 devstack@g-api.service[102892]: DEBUG glance.api.middleware.version_negotiation [None req-23409315-6a2c-423a-a55b-31a73fa85173 tempest-AttachVolumeMultiAttachTest-1120704971 tempest-AttachVolumeMultiAttachTest-1120704971-project-member] Determining version of request: GET /versions Accept: */* {{(pid=102892) process_request /opt/stack/glance/glance/api/middleware/version_negotiation.py:44}}
Jul 19 22:44:55.173779 np0000005474 devstack@g-api.service[102892]: [pid: 102892|app: 0|req: 36/149] 127.0.0.1 () {44 vars in 1039 bytes} [Sun Jul 19 22:44:55 2026] GET /versions => generated 1515 bytes in 1 msecs (HTTP/1.1 200) 3 headers in 92 bytes (1 switches on core 0)
Jul 19 22:44:55.185766 np0000005474 devstack@g-api.service[102891]: DEBUG glance.api.middleware.version_negotiation [None req-23409315-6a2c-423a-a55b-31a73fa85173 tempest-AttachVolumeMultiAttachTest-1120704971 tempest-AttachVolumeMultiAttachTest-1120704971-project-member] Determining version of request: GET /v2/images/b28bc8bb-2595-4bd8-b553-e54a2d6146f5/locations Accept: */* {{(pid=102891) process_request /opt/stack/glance/glance/api/middleware/version_negotiation.py:44}}
Jul 19 22:44:55.187125 np0000005474 devstack@g-api.service[102891]: DEBUG glance.api.middleware.version_negotiation [None req-23409315-6a2c-423a-a55b-31a73fa85173 tempest-AttachVolumeMultiAttachTest-1120704971 tempest-AttachVolumeMultiAttachTest-1120704971-project-member] Using url versioning {{(pid=102891) process_request /opt/stack/glance/glance/api/middleware/version_negotiation.py:57}}
Jul 19 22:44:55.187125 np0000005474 devstack@g-api.service[102891]: DEBUG glance.api.middleware.version_negotiation [None req-23409315-6a2c-423a-a55b-31a73fa85173 tempest-AttachVolumeMultiAttachTest-1120704971 tempest-AttachVolumeMultiAttachTest-1120704971-project-member] Matched version: v2 {{(pid=102891) process_request /opt/stack/glance/glance/api/middleware/version_negotiation.py:69}}
Jul 19 22:44:55.187125 np0000005474 devstack@g-api.service[102891]: DEBUG glance.api.middleware.version_negotiation [None req-23409315-6a2c-423a-a55b-31a73fa85173 tempest-AttachVolumeMultiAttachTest-1120704971 tempest-AttachVolumeMultiAttachTest-1120704971-project-member] new path /v2/images/b28bc8bb-2595-4bd8-b553-e54a2d6146f5/locations {{(pid=102891) process_request /opt/stack/glance/glance/api/middleware/version_negotiation.py:70}}
Jul 19 22:44:55.255043 np0000005474 devstack@g-api.service[102893]: DEBUG glance.image_cache.drivers.centralized_db [None req-ca83b205-eea9-48a1-b6c7-8fb3432b9759 tempest-AttachSCSIVolumeTestJSON-1323645117 tempest-AttachSCSIVolumeTestJSON-1323645117-project-member] Fetch finished, moving '/opt/stack/data/glance/cache/incomplete/bd02b273-20da-4328-920e-f6bd9a421b94' to '/opt/stack/data/glance/cache/bd02b273-20da-4328-920e-f6bd9a421b94' {{(pid=102893) commit /opt/stack/glance/glance/image_cache/drivers/centralized_db.py:243}}
Jul 19 22:44:55.263846 np0000005474 devstack@g-api.service[102893]: DEBUG glance.image_cache.drivers.centralized_db [None req-ca83b205-eea9-48a1-b6c7-8fb3432b9759 tempest-AttachSCSIVolumeTestJSON-1323645117 tempest-AttachSCSIVolumeTestJSON-1323645117-project-member] Image cached successfully. {{(pid=102893) commit /opt/stack/glance/glance/image_cache/drivers/centralized_db.py:258}}
Jul 19 22:44:55.264055 np0000005474 devstack@g-api.service[102893]: [pid: 102893|app: 0|req: 34/150] 127.0.0.1 () {44 vars in 1125 bytes} [Sun Jul 19 22:44:54 2026] GET /v2/images/bd02b273-20da-4328-920e-f6bd9a421b94/file => generated 21692416 bytes in 942 msecs (HTTP/1.1 200) 4 headers in 191 bytes (331 switches on core 0)
Jul 19 22:44:55.384554 np0000005474 devstack@g-api.service[102890]: DEBUG glance.api.middleware.version_negotiation [None req-23409315-6a2c-423a-a55b-31a73fa85173 tempest-AttachVolumeMultiAttachTest-1120704971 tempest-AttachVolumeMultiAttachTest-1120704971-project-member] Determining version of request: GET /v2/images/bd02b273-20da-4328-920e-f6bd9a421b94 Accept: */* {{(pid=102890) process_request /opt/stack/glance/glance/api/middleware/version_negotiation.py:44}}
Jul 19 22:44:55.385007 np0000005474 devstack@g-api.service[102890]: DEBUG glance.api.middleware.version_negotiation [None req-23409315-6a2c-423a-a55b-31a73fa85173 tempest-AttachVolumeMultiAttachTest-1120704971 tempest-AttachVolumeMultiAttachTest-1120704971-project-member] Using url versioning {{(pid=102890) process_request /opt/stack/glance/glance/api/middleware/version_negotiation.py:57}}
Jul 19 22:44:55.385007 np0000005474 devstack@g-api.service[102890]: DEBUG glance.api.middleware.version_negotiation [None req-23409315-6a2c-423a-a55b-31a73fa85173 tempest-AttachVolumeMultiAttachTest-1120704971 tempest-AttachVolumeMultiAttachTest-1120704971-project-member] Matched version: v2 {{(pid=102890) process_request /opt/stack/glance/glance/api/middleware/version_negotiation.py:69}}
