Jul 19 22:40:20.952946 np0000005474 nova-conductor[98927]: DEBUG cotyledon.oslo_config_glue [-] workarounds.disable_fallback_pcpu_query = False {{(pid=98927) log_opt_values /opt/stack/data/venv/lib/python3.12/site-packages/oslo_config/cfg.py:3253}}
Jul 19 22:40:20.952946 np0000005474 nova-conductor[98927]: DEBUG cotyledon.oslo_config_glue [-] workarounds.disable_group_policy_check_upcall = False {{(pid=98927) log_opt_values /opt/stack/data/venv/lib/python3.12/site-packages/oslo_config/cfg.py:3253}}
Jul 19 22:40:20.952946 np0000005474 nova-conductor[98927]: DEBUG cotyledon.oslo_config_glue [-] workarounds.disable_libvirt_livesnapshot = False {{(pid=98927) log_opt_values /opt/stack/data/venv/lib/python3.12/site-packages/oslo_config/cfg.py:3253}}
Jul 19 22:40:20.952946 np0000005474 nova-conductor[98927]: DEBUG cotyledon.oslo_config_glue [-] workarounds.disable_rootwrap = False {{(pid=98927) log_opt_values /opt/stack/data/venv/lib/python3.12/site-packages/oslo_config/cfg.py:3253}}
Jul 19 22:40:20.952946 np0000005474 nova-conductor[98927]: DEBUG cotyledon.oslo_config_glue [-] workarounds.enable_numa_live_migration = False {{(pid=98927) log_opt_values /opt/stack/data/venv/lib/python3.12/site-packages/oslo_config/cfg.py:3253}}
Jul 19 22:40:20.952946 np0000005474 nova-conductor[98927]: DEBUG cotyledon.oslo_config_glue [-] workarounds.enable_qemu_monitor_announce_self = False {{(pid=98927) log_opt_values /opt/stack/data/venv/lib/python3.12/site-packages/oslo_config/cfg.py:3253}}
Jul 19 22:40:20.952946 np0000005474 nova-conductor[98927]: DEBUG cotyledon.oslo_config_glue [-] workarounds.ensure_libvirt_rbd_instance_dir_cleanup = False {{(pid=98927) log_opt_values /opt/stack/data/venv/lib/python3.12/site-packages/oslo_config/cfg.py:3253}}
Jul 19 22:40:20.952946 np0000005474 nova-conductor[98927]: DEBUG cotyledon.oslo_config_glue [-] workarounds.handle_virt_lifecycle_events = True {{(pid=98927) log_opt_values /opt/stack/data/venv/lib/python3.12/site-packages/oslo_config/cfg.py:3253}}
Jul 19 22:40:20.953142 np0000005474 nova-conductor[98927]: DEBUG cotyledon.oslo_config_glue [-] workarounds.libvirt_disable_apic = False {{(pid=98927) log_opt_values /opt/stack/data/venv/lib/python3.12/site-packages/oslo_config/cfg.py:3253}}
Jul 19 22:40:20.953142 np0000005474 nova-conductor[98927]: DEBUG cotyledon.oslo_config_glue [-] workarounds.never_download_image_if_on_rbd = False {{(pid=98927) log_opt_values /opt/stack/data/venv/lib/python3.12/site-packages/oslo_config/cfg.py:3253}}
Jul 19 22:40:20.953142 np0000005474 nova-conductor[98927]: DEBUG cotyledon.oslo_config_glue [-] workarounds.qemu_monitor_announce_self_count = 3 {{(pid=98927) log_opt_values /opt/stack/data/venv/lib/python3.12/site-packages/oslo_config/cfg.py:3253}}
Jul 19 22:40:20.953142 np0000005474 nova-conductor[98927]: DEBUG cotyledon.oslo_config_glue [-] workarounds.qemu_monitor_announce_self_interval = 1 {{(pid=98927) log_opt_values /opt/stack/data/venv/lib/python3.12/site-packages/oslo_config/cfg.py:3253}}
Jul 19 22:40:20.953142 np0000005474 nova-conductor[98927]: DEBUG cotyledon.oslo_config_glue [-] workarounds.reserve_disk_resource_for_image_cache = False {{(pid=98927) log_opt_values /opt/stack/data/venv/lib/python3.12/site-packages/oslo_config/cfg.py:3253}}
Jul 19 22:40:20.953142 np0000005474 nova-conductor[98927]: DEBUG cotyledon.oslo_config_glue [-] workarounds.skip_cpu_compare_at_startup = False {{(pid=98927) log_opt_values /opt/stack/data/venv/lib/python3.12/site-packages/oslo_config/cfg.py:3253}}
Jul 19 22:40:20.953142 np0000005474 nova-conductor[98927]: DEBUG cotyledon.oslo_config_glue [-] workarounds.skip_cpu_compare_on_dest = False {{(pid=98927) log_opt_values /opt/stack/data/venv/lib/python3.12/site-packages/oslo_config/cfg.py:3253}}
Jul 19 22:40:20.953142 np0000005474 nova-conductor[98927]: DEBUG cotyledon.oslo_config_glue [-] workarounds.skip_hypervisor_version_check_on_lm = False {{(pid=98927) log_opt_values /opt/stack/data/venv/lib/python3.12/site-packages/oslo_config/cfg.py:3253}}
Jul 19 22:40:20.953142 np0000005474 nova-conductor[98927]: DEBUG cotyledon.oslo_config_glue [-] workarounds.skip_reserve_in_use_ironic_nodes = False {{(pid=98927) log_opt_values /opt/stack/data/venv/lib/python3.12/site-packages/oslo_config/cfg.py:3253}}
Jul 19 22:40:20.953378 np0000005474 nova-conductor[98927]: DEBUG cotyledon.oslo_config_glue [-] workarounds.unified_limits_count_pcpu_as_vcpu = False {{(pid=98927) log_opt_values /opt/stack/data/venv/lib/python3.12/site-packages/oslo_config/cfg.py:3253}}
Jul 19 22:40:20.953378 np0000005474 nova-conductor[98927]: DEBUG cotyledon.oslo_config_glue [-] workarounds.wait_for_vif_plugged_event_during_hard_reboot = [] {{(pid=98927) log_opt_values /opt/stack/data/venv/lib/python3.12/site-packages/oslo_config/cfg.py:3253}}
Jul 19 22:40:20.953378 np0000005474 nova-conductor[98927]: DEBUG cotyledon.oslo_config_glue [-] wsgi.api_paste_config = /etc/nova/api-paste.ini {{(pid=98927) log_opt_values /opt/stack/data/venv/lib/python3.12/site-packages/oslo_config/cfg.py:3253}}
Jul 19 22:40:20.953378 np0000005474 nova-conductor[98927]: DEBUG cotyledon.oslo_config_glue [-] wsgi.secure_proxy_ssl_header = None {{(pid=98927) log_opt_values /opt/stack/data/venv/lib/python3.12/site-packages/oslo_config/cfg.py:3253}}
Jul 19 22:40:20.953378 np0000005474 nova-conductor[98927]: DEBUG cotyledon.oslo_config_glue [-] zvm.ca_file = None {{(pid=98927) log_opt_values /opt/stack/data/venv/lib/python3.12/site-packages/oslo_config/cfg.py:3253}}
Jul 19 22:40:20.953378 np0000005474 nova-conductor[98927]: DEBUG cotyledon.oslo_config_glue [-] zvm.cloud_connector_url = None {{(pid=98927) log_opt_values /opt/stack/data/venv/lib/python3.12/site-packages/oslo_config/cfg.py:3253}}
Jul 19 22:40:20.953378 np0000005474 nova-conductor[98927]: DEBUG cotyledon.oslo_config_glue [-] zvm.image_tmp_path = /opt/stack/data/nova/images {{(pid=98927) log_opt_values /opt/stack/data/venv/lib/python3.12/site-packages/oslo_config/cfg.py:3253}}
Jul 19 22:40:20.953378 np0000005474 nova-conductor[98927]: DEBUG cotyledon.oslo_config_glue [-] zvm.reachable_timeout = 300 {{(pid=98927) log_opt_values /opt/stack/data/venv/lib/python3.12/site-packages/oslo_config/cfg.py:3253}}
Jul 19 22:40:20.953378 np0000005474 nova-conductor[98927]: DEBUG cotyledon.oslo_config_glue [-] oslo_versionedobjects.fatal_exception_format_errors = False {{(pid=98927) log_opt_values /opt/stack/data/venv/lib/python3.12/site-packages/oslo_config/cfg.py:3253}}
Jul 19 22:40:20.953575 np0000005474 nova-conductor[98927]: DEBUG cotyledon.oslo_config_glue [-] oslo_middleware.http_basic_auth_user_file = /etc/htpasswd {{(pid=98927) log_opt_values /opt/stack/data/venv/lib/python3.12/site-packages/oslo_config/cfg.py:3253}}
Jul 19 22:40:20.953575 np0000005474 nova-conductor[98927]: DEBUG cotyledon.oslo_config_glue [-] profiler.connection_string = messaging:// {{(pid=98927) log_opt_values /opt/stack/data/venv/lib/python3.12/site-packages/oslo_config/cfg.py:3253}}
Jul 19 22:40:20.953575 np0000005474 nova-conductor[98927]: DEBUG cotyledon.oslo_config_glue [-] profiler.enabled = False {{(pid=98927) log_opt_values /opt/stack/data/venv/lib/python3.12/site-packages/oslo_config/cfg.py:3253}}
Jul 19 22:40:20.953575 np0000005474 nova-conductor[98927]: DEBUG cotyledon.oslo_config_glue [-] profiler.es_doc_type = notification {{(pid=98927) log_opt_values /opt/stack/data/venv/lib/python3.12/site-packages/oslo_config/cfg.py:3253}}
Jul 19 22:40:20.953575 np0000005474 nova-conductor[98927]: DEBUG cotyledon.oslo_config_glue [-] profiler.es_scroll_size = 10000 {{(pid=98927) log_opt_values /opt/stack/data/venv/lib/python3.12/site-packages/oslo_config/cfg.py:3253}}
Jul 19 22:40:20.953575 np0000005474 nova-conductor[98927]: DEBUG cotyledon.oslo_config_glue [-] profiler.es_scroll_time = 2m {{(pid=98927) log_opt_values /opt/stack/data/venv/lib/python3.12/site-packages/oslo_config/cfg.py:3253}}
Jul 19 22:40:20.953575 np0000005474 nova-conductor[98927]: DEBUG cotyledon.oslo_config_glue [-] profiler.filter_error_trace = False {{(pid=98927) log_opt_values /opt/stack/data/venv/lib/python3.12/site-packages/oslo_config/cfg.py:3253}}
Jul 19 22:40:20.953575 np0000005474 nova-conductor[98927]: DEBUG cotyledon.oslo_config_glue [-] profiler.hmac_keys = **** {{(pid=98927) log_opt_values /opt/stack/data/venv/lib/python3.12/site-packages/oslo_config/cfg.py:3253}}
Jul 19 22:40:20.953575 np0000005474 nova-conductor[98927]: DEBUG cotyledon.oslo_config_glue [-] profiler.sentinel_service_name = mymaster {{(pid=98927) log_opt_values /opt/stack/data/venv/lib/python3.12/site-packages/oslo_config/cfg.py:3253}}
Jul 19 22:40:20.953784 np0000005474 nova-conductor[98927]: DEBUG cotyledon.oslo_config_glue [-] profiler.socket_timeout = 0.1 {{(pid=98927) log_opt_values /opt/stack/data/venv/lib/python3.12/site-packages/oslo_config/cfg.py:3253}}
Jul 19 22:40:20.953784 np0000005474 nova-conductor[98927]: DEBUG cotyledon.oslo_config_glue [-] profiler.trace_requests = False {{(pid=98927) log_opt_values /opt/stack/data/venv/lib/python3.12/site-packages/oslo_config/cfg.py:3253}}
Jul 19 22:40:20.953784 np0000005474 nova-conductor[98927]: DEBUG cotyledon.oslo_config_glue [-] profiler.trace_sqlalchemy = False {{(pid=98927) log_opt_values /opt/stack/data/venv/lib/python3.12/site-packages/oslo_config/cfg.py:3253}}
Jul 19 22:40:20.953784 np0000005474 nova-conductor[98927]: DEBUG cotyledon.oslo_config_glue [-] profiler_jaeger.process_tags = {} {{(pid=98927) log_opt_values /opt/stack/data/venv/lib/python3.12/site-packages/oslo_config/cfg.py:3253}}
Jul 19 22:40:20.953784 np0000005474 nova-conductor[98927]: DEBUG cotyledon.oslo_config_glue [-] profiler_jaeger.service_name_prefix = None {{(pid=98927) log_opt_values /opt/stack/data/venv/lib/python3.12/site-packages/oslo_config/cfg.py:3253}}
Jul 19 22:40:20.953784 np0000005474 nova-conductor[98927]: DEBUG cotyledon.oslo_config_glue [-] profiler_otlp.service_name_prefix = None {{(pid=98927) log_opt_values /opt/stack/data/venv/lib/python3.12/site-packages/oslo_config/cfg.py:3253}}
Jul 19 22:40:20.953784 np0000005474 nova-conductor[98927]: DEBUG cotyledon.oslo_config_glue [-] oslo_messaging_rabbit.amqp_auto_delete = False {{(pid=98927) log_opt_values /opt/stack/data/venv/lib/python3.12/site-packages/oslo_config/cfg.py:3253}}
Jul 19 22:40:20.953784 np0000005474 nova-conductor[98927]: DEBUG cotyledon.oslo_config_glue [-] oslo_messaging_rabbit.amqp_durable_queues = False {{(pid=98927) log_opt_values /opt/stack/data/venv/lib/python3.12/site-packages/oslo_config/cfg.py:3253}}
Jul 19 22:40:20.953784 np0000005474 nova-conductor[98927]: DEBUG cotyledon.oslo_config_glue [-] oslo_messaging_rabbit.conn_pool_min_size = 2 {{(pid=98927) log_opt_values /opt/stack/data/venv/lib/python3.12/site-packages/oslo_config/cfg.py:3253}}
Jul 19 22:40:20.953970 np0000005474 nova-conductor[98927]: DEBUG cotyledon.oslo_config_glue [-] oslo_messaging_rabbit.conn_pool_ttl = 1200 {{(pid=98927) log_opt_values /opt/stack/data/venv/lib/python3.12/site-packages/oslo_config/cfg.py:3253}}
Jul 19 22:40:20.953970 np0000005474 nova-conductor[98927]: DEBUG cotyledon.oslo_config_glue [-] oslo_messaging_rabbit.direct_mandatory_flag = True {{(pid=98927) log_opt_values /opt/stack/data/venv/lib/python3.12/site-packages/oslo_config/cfg.py:3253}}
Jul 19 22:40:20.953970 np0000005474 nova-conductor[98927]: DEBUG cotyledon.oslo_config_glue [-] oslo_messaging_rabbit.enable_cancel_on_failover = False {{(pid=98927) log_opt_values /opt/stack/data/venv/lib/python3.12/site-packages/oslo_config/cfg.py:3253}}
Jul 19 22:40:20.953970 np0000005474 nova-conductor[98927]: DEBUG cotyledon.oslo_config_glue [-] oslo_messaging_rabbit.heartbeat_rate = 3 {{(pid=98927) log_opt_values /opt/stack/data/venv/lib/python3.12/site-packages/oslo_config/cfg.py:3253}}
Jul 19 22:40:20.953970 np0000005474 nova-conductor[98927]: DEBUG cotyledon.oslo_config_glue [-] oslo_messaging_rabbit.heartbeat_timeout_threshold = 60 {{(pid=98927) log_opt_values /opt/stack/data/venv/lib/python3.12/site-packages/oslo_config/cfg.py:3253}}
Jul 19 22:40:20.953970 np0000005474 nova-conductor[98927]: DEBUG cotyledon.oslo_config_glue [-] oslo_messaging_rabbit.hostname = np0000005474 {{(pid=98927) log_opt_values /opt/stack/data/venv/lib/python3.12/site-packages/oslo_config/cfg.py:3253}}
Jul 19 22:40:20.953970 np0000005474 nova-conductor[98927]: DEBUG cotyledon.oslo_config_glue [-] oslo_messaging_rabbit.kombu_compression = None {{(pid=98927) log_opt_values /opt/stack/data/venv/lib/python3.12/site-packages/oslo_config/cfg.py:3253}}
Jul 19 22:40:20.953970 np0000005474 nova-conductor[98927]: DEBUG cotyledon.oslo_config_glue [-] oslo_messaging_rabbit.kombu_failover_strategy = round-robin {{(pid=98927) log_opt_values /opt/stack/data/venv/lib/python3.12/site-packages/oslo_config/cfg.py:3253}}
Jul 19 22:40:20.953970 np0000005474 nova-conductor[98927]: DEBUG cotyledon.oslo_config_glue [-] oslo_messaging_rabbit.kombu_missing_consumer_retry_timeout = 60 {{(pid=98927) log_opt_values /opt/stack/data/venv/lib/python3.12/site-packages/oslo_config/cfg.py:3253}}
Jul 19 22:40:20.954189 np0000005474 nova-conductor[98927]: DEBUG cotyledon.oslo_config_glue [-] oslo_messaging_rabbit.kombu_reconnect_delay = 1.0 {{(pid=98927) log_opt_values /opt/stack/data/venv/lib/python3.12/site-packages/oslo_config/cfg.py:3253}}
Jul 19 22:40:20.954189 np0000005474 nova-conductor[98927]: DEBUG cotyledon.oslo_config_glue [-] oslo_messaging_rabbit.kombu_reconnect_splay = 0.0 {{(pid=98927) log_opt_values /opt/stack/data/venv/lib/python3.12/site-packages/oslo_config/cfg.py:3253}}
Jul 19 22:40:20.954189 np0000005474 nova-conductor[98927]: DEBUG cotyledon.oslo_config_glue [-] oslo_messaging_rabbit.processname = nova-conductor {{(pid=98927) log_opt_values /opt/stack/data/venv/lib/python3.12/site-packages/oslo_config/cfg.py:3253}}
Jul 19 22:40:20.954189 np0000005474 nova-conductor[98927]: DEBUG cotyledon.oslo_config_glue [-] oslo_messaging_rabbit.rabbit_ha_queues = False {{(pid=98927) log_opt_values /opt/stack/data/venv/lib/python3.12/site-packages/oslo_config/cfg.py:3253}}
Jul 19 22:40:20.954189 np0000005474 nova-conductor[98927]: DEBUG cotyledon.oslo_config_glue [-] oslo_messaging_rabbit.rabbit_interval_max = 30 {{(pid=98927) log_opt_values /opt/stack/data/venv/lib/python3.12/site-packages/oslo_config/cfg.py:3253}}
Jul 19 22:40:20.954189 np0000005474 nova-conductor[98927]: DEBUG cotyledon.oslo_config_glue [-] oslo_messaging_rabbit.rabbit_login_method = AMQPLAIN {{(pid=98927) log_opt_values /opt/stack/data/venv/lib/python3.12/site-packages/oslo_config/cfg.py:3253}}
Jul 19 22:40:20.954189 np0000005474 nova-conductor[98927]: DEBUG cotyledon.oslo_config_glue [-] oslo_messaging_rabbit.rabbit_qos_prefetch_count = 0 {{(pid=98927) log_opt_values /opt/stack/data/venv/lib/python3.12/site-packages/oslo_config/cfg.py:3253}}
Jul 19 22:40:20.954189 np0000005474 nova-conductor[98927]: DEBUG cotyledon.oslo_config_glue [-] oslo_messaging_rabbit.rabbit_quorum_delivery_limit = 0 {{(pid=98927) log_opt_values /opt/stack/data/venv/lib/python3.12/site-packages/oslo_config/cfg.py:3253}}
Jul 19 22:40:20.954189 np0000005474 nova-conductor[98927]: DEBUG cotyledon.oslo_config_glue [-] oslo_messaging_rabbit.rabbit_quorum_max_memory_bytes = 0 {{(pid=98927) log_opt_values /opt/stack/data/venv/lib/python3.12/site-packages/oslo_config/cfg.py:3253}}
Jul 19 22:40:20.954373 np0000005474 nova-conductor[98927]: DEBUG cotyledon.oslo_config_glue [-] oslo_messaging_rabbit.rabbit_quorum_max_memory_length = 0 {{(pid=98927) log_opt_values /opt/stack/data/venv/lib/python3.12/site-packages/oslo_config/cfg.py:3253}}
Jul 19 22:40:20.954373 np0000005474 nova-conductor[98927]: DEBUG cotyledon.oslo_config_glue [-] oslo_messaging_rabbit.rabbit_quorum_queue = False {{(pid=98927) log_opt_values /opt/stack/data/venv/lib/python3.12/site-packages/oslo_config/cfg.py:3253}}
Jul 19 22:40:20.954373 np0000005474 nova-conductor[98927]: DEBUG cotyledon.oslo_config_glue [-] oslo_messaging_rabbit.rabbit_retry_backoff = 2 {{(pid=98927) log_opt_values /opt/stack/data/venv/lib/python3.12/site-packages/oslo_config/cfg.py:3253}}
Jul 19 22:40:20.954373 np0000005474 nova-conductor[98927]: DEBUG cotyledon.oslo_config_glue [-] oslo_messaging_rabbit.rabbit_retry_interval = 1 {{(pid=98927) log_opt_values /opt/stack/data/venv/lib/python3.12/site-packages/oslo_config/cfg.py:3253}}
Jul 19 22:40:20.954373 np0000005474 nova-conductor[98927]: DEBUG cotyledon.oslo_config_glue [-] oslo_messaging_rabbit.rabbit_stream_fanout = False {{(pid=98927) log_opt_values /opt/stack/data/venv/lib/python3.12/site-packages/oslo_config/cfg.py:3253}}
Jul 19 22:40:20.954373 np0000005474 nova-conductor[98927]: DEBUG cotyledon.oslo_config_glue [-] oslo_messaging_rabbit.rabbit_transient_queues_ttl = 1800 {{(pid=98927) log_opt_values /opt/stack/data/venv/lib/python3.12/site-packages/oslo_config/cfg.py:3253}}
Jul 19 22:40:20.954373 np0000005474 nova-conductor[98927]: DEBUG cotyledon.oslo_config_glue [-] oslo_messaging_rabbit.rabbit_transient_quorum_queue = False {{(pid=98927) log_opt_values /opt/stack/data/venv/lib/python3.12/site-packages/oslo_config/cfg.py:3253}}
Jul 19 22:40:20.954373 np0000005474 nova-conductor[98927]: DEBUG cotyledon.oslo_config_glue [-] oslo_messaging_rabbit.rpc_conn_pool_size = 30 {{(pid=98927) log_opt_values /opt/stack/data/venv/lib/python3.12/site-packages/oslo_config/cfg.py:3253}}
Jul 19 22:40:20.954373 np0000005474 nova-conductor[98927]: DEBUG cotyledon.oslo_config_glue [-] oslo_messaging_rabbit.ssl = False {{(pid=98927) log_opt_values /opt/stack/data/venv/lib/python3.12/site-packages/oslo_config/cfg.py:3253}}
Jul 19 22:40:20.954577 np0000005474 nova-conductor[98927]: DEBUG cotyledon.oslo_config_glue [-] oslo_messaging_rabbit.ssl_ca_file = {{(pid=98927) log_opt_values /opt/stack/data/venv/lib/python3.12/site-packages/oslo_config/cfg.py:3253}}
Jul 19 22:40:20.954577 np0000005474 nova-conductor[98927]: DEBUG cotyledon.oslo_config_glue [-] oslo_messaging_rabbit.ssl_cert_file = {{(pid=98927) log_opt_values /opt/stack/data/venv/lib/python3.12/site-packages/oslo_config/cfg.py:3253}}
Jul 19 22:40:20.954577 np0000005474 nova-conductor[98927]: DEBUG cotyledon.oslo_config_glue [-] oslo_messaging_rabbit.ssl_enforce_fips_mode = False {{(pid=98927) log_opt_values /opt/stack/data/venv/lib/python3.12/site-packages/oslo_config/cfg.py:3253}}
Jul 19 22:40:20.954577 np0000005474 nova-conductor[98927]: DEBUG cotyledon.oslo_config_glue [-] oslo_messaging_rabbit.ssl_enforce_hostname_verification = True {{(pid=98927) log_opt_values /opt/stack/data/venv/lib/python3.12/site-packages/oslo_config/cfg.py:3253}}
Jul 19 22:40:20.954577 np0000005474 nova-conductor[98927]: DEBUG cotyledon.oslo_config_glue [-] oslo_messaging_rabbit.ssl_key_file = {{(pid=98927) log_opt_values /opt/stack/data/venv/lib/python3.12/site-packages/oslo_config/cfg.py:3253}}
Jul 19 22:40:20.954577 np0000005474 nova-conductor[98927]: DEBUG cotyledon.oslo_config_glue [-] oslo_messaging_rabbit.ssl_version = {{(pid=98927) log_opt_values /opt/stack/data/venv/lib/python3.12/site-packages/oslo_config/cfg.py:3253}}
Jul 19 22:40:20.954577 np0000005474 nova-conductor[98927]: DEBUG cotyledon.oslo_config_glue [-] oslo_messaging_rabbit.use_queue_manager = False {{(pid=98927) log_opt_values /opt/stack/data/venv/lib/python3.12/site-packages/oslo_config/cfg.py:3253}}
Jul 19 22:40:20.954577 np0000005474 nova-conductor[98927]: DEBUG cotyledon.oslo_config_glue [-] oslo_messaging_notifications.driver = ['messagingv2'] {{(pid=98927) log_opt_values /opt/stack/data/venv/lib/python3.12/site-packages/oslo_config/cfg.py:3253}}
Jul 19 22:40:20.954577 np0000005474 nova-conductor[98927]: DEBUG cotyledon.oslo_config_glue [-] oslo_messaging_notifications.retry = -1 {{(pid=98927) log_opt_values /opt/stack/data/venv/lib/python3.12/site-packages/oslo_config/cfg.py:3253}}
Jul 19 22:40:20.954769 np0000005474 nova-conductor[98927]: DEBUG cotyledon.oslo_config_glue [-] oslo_messaging_notifications.topics = ['notifications'] {{(pid=98927) log_opt_values /opt/stack/data/venv/lib/python3.12/site-packages/oslo_config/cfg.py:3253}}
Jul 19 22:40:20.954769 np0000005474 nova-conductor[98927]: DEBUG cotyledon.oslo_config_glue [-] oslo_messaging_notifications.transport_url = **** {{(pid=98927) log_opt_values /opt/stack/data/venv/lib/python3.12/site-packages/oslo_config/cfg.py:3253}}
Jul 19 22:40:20.954769 np0000005474 nova-conductor[98927]: DEBUG cotyledon.oslo_config_glue [-] oslo_limit.auth_section = None {{(pid=98927) log_opt_values /opt/stack/data/venv/lib/python3.12/site-packages/oslo_config/cfg.py:3253}}
Jul 19 22:40:20.954769 np0000005474 nova-conductor[98927]: DEBUG cotyledon.oslo_config_glue [-] oslo_limit.auth_type = None {{(pid=98927) log_opt_values /opt/stack/data/venv/lib/python3.12/site-packages/oslo_config/cfg.py:3253}}
Jul 19 22:40:20.954769 np0000005474 nova-conductor[98927]: DEBUG cotyledon.oslo_config_glue [-] oslo_limit.cafile = None {{(pid=98927) log_opt_values /opt/stack/data/venv/lib/python3.12/site-packages/oslo_config/cfg.py:3253}}
Jul 19 22:40:20.954769 np0000005474 nova-conductor[98927]: DEBUG cotyledon.oslo_config_glue [-] oslo_limit.certfile = None {{(pid=98927) log_opt_values /opt/stack/data/venv/lib/python3.12/site-packages/oslo_config/cfg.py:3253}}
Jul 19 22:40:20.954769 np0000005474 nova-conductor[98927]: DEBUG cotyledon.oslo_config_glue [-] oslo_limit.collect_timing = False {{(pid=98927) log_opt_values /opt/stack/data/venv/lib/python3.12/site-packages/oslo_config/cfg.py:3253}}
Jul 19 22:40:20.954769 np0000005474 nova-conductor[98927]: DEBUG cotyledon.oslo_config_glue [-] oslo_limit.connect_retries = None {{(pid=98927) log_opt_values /opt/stack/data/venv/lib/python3.12/site-packages/oslo_config/cfg.py:3253}}
Jul 19 22:40:20.954769 np0000005474 nova-conductor[98927]: DEBUG cotyledon.oslo_config_glue [-] oslo_limit.connect_retry_delay = None {{(pid=98927) log_opt_values /opt/stack/data/venv/lib/python3.12/site-packages/oslo_config/cfg.py:3253}}
Jul 19 22:40:20.955001 np0000005474 nova-conductor[98927]: DEBUG cotyledon.oslo_config_glue [-] oslo_limit.endpoint_id = None {{(pid=98927) log_opt_values /opt/stack/data/venv/lib/python3.12/site-packages/oslo_config/cfg.py:3253}}
Jul 19 22:40:20.955001 np0000005474 nova-conductor[98927]: DEBUG cotyledon.oslo_config_glue [-] oslo_limit.endpoint_interface = public {{(pid=98927) log_opt_values /opt/stack/data/venv/lib/python3.12/site-packages/oslo_config/cfg.py:3253}}
Jul 19 22:40:20.955001 np0000005474 nova-conductor[98927]: DEBUG cotyledon.oslo_config_glue [-] oslo_limit.endpoint_override = None {{(pid=98927) log_opt_values /opt/stack/data/venv/lib/python3.12/site-packages/oslo_config/cfg.py:3253}}
Jul 19 22:40:20.955001 np0000005474 nova-conductor[98927]: DEBUG cotyledon.oslo_config_glue [-] oslo_limit.endpoint_region_name = None {{(pid=98927) log_opt_values /opt/stack/data/venv/lib/python3.12/site-packages/oslo_config/cfg.py:3253}}
Jul 19 22:40:20.955001 np0000005474 nova-conductor[98927]: DEBUG cotyledon.oslo_config_glue [-] oslo_limit.endpoint_service_name = None {{(pid=98927) log_opt_values /opt/stack/data/venv/lib/python3.12/site-packages/oslo_config/cfg.py:3253}}
Jul 19 22:40:20.955001 np0000005474 nova-conductor[98927]: DEBUG cotyledon.oslo_config_glue [-] oslo_limit.endpoint_service_type = None {{(pid=98927) log_opt_values /opt/stack/data/venv/lib/python3.12/site-packages/oslo_config/cfg.py:3253}}
Jul 19 22:40:20.955001 np0000005474 nova-conductor[98927]: DEBUG cotyledon.oslo_config_glue [-] oslo_limit.insecure = False {{(pid=98927) log_opt_values /opt/stack/data/venv/lib/python3.12/site-packages/oslo_config/cfg.py:3253}}
Jul 19 22:40:20.955001 np0000005474 nova-conductor[98927]: DEBUG cotyledon.oslo_config_glue [-] oslo_limit.keyfile = None {{(pid=98927) log_opt_values /opt/stack/data/venv/lib/python3.12/site-packages/oslo_config/cfg.py:3253}}
Jul 19 22:40:20.955001 np0000005474 nova-conductor[98927]: DEBUG cotyledon.oslo_config_glue [-] oslo_limit.max_version = None {{(pid=98927) log_opt_values /opt/stack/data/venv/lib/python3.12/site-packages/oslo_config/cfg.py:3253}}
Jul 19 22:40:20.955199 np0000005474 nova-conductor[98927]: DEBUG cotyledon.oslo_config_glue [-] oslo_limit.min_version = None {{(pid=98927) log_opt_values /opt/stack/data/venv/lib/python3.12/site-packages/oslo_config/cfg.py:3253}}
Jul 19 22:40:20.955199 np0000005474 nova-conductor[98927]: DEBUG cotyledon.oslo_config_glue [-] oslo_limit.region_name = None {{(pid=98927) log_opt_values /opt/stack/data/venv/lib/python3.12/site-packages/oslo_config/cfg.py:3253}}
Jul 19 22:40:20.955199 np0000005474 nova-conductor[98927]: DEBUG cotyledon.oslo_config_glue [-] oslo_limit.retriable_status_codes = None {{(pid=98927) log_opt_values /opt/stack/data/venv/lib/python3.12/site-packages/oslo_config/cfg.py:3253}}
Jul 19 22:40:20.955199 np0000005474 nova-conductor[98927]: DEBUG cotyledon.oslo_config_glue [-] oslo_limit.service_name = None {{(pid=98927) log_opt_values /opt/stack/data/venv/lib/python3.12/site-packages/oslo_config/cfg.py:3253}}
Jul 19 22:40:20.955199 np0000005474 nova-conductor[98927]: DEBUG cotyledon.oslo_config_glue [-] oslo_limit.service_type = None {{(pid=98927) log_opt_values /opt/stack/data/venv/lib/python3.12/site-packages/oslo_config/cfg.py:3253}}
Jul 19 22:40:20.955199 np0000005474 nova-conductor[98927]: DEBUG cotyledon.oslo_config_glue [-] oslo_limit.split_loggers = False {{(pid=98927) log_opt_values /opt/stack/data/venv/lib/python3.12/site-packages/oslo_config/cfg.py:3253}}
Jul 19 22:40:20.955199 np0000005474 nova-conductor[98927]: DEBUG cotyledon.oslo_config_glue [-] oslo_limit.status_code_retries = None {{(pid=98927) log_opt_values /opt/stack/data/venv/lib/python3.12/site-packages/oslo_config/cfg.py:3253}}
Jul 19 22:40:20.955199 np0000005474 nova-conductor[98927]: DEBUG cotyledon.oslo_config_glue [-] oslo_limit.status_code_retry_delay = None {{(pid=98927) log_opt_values /opt/stack/data/venv/lib/python3.12/site-packages/oslo_config/cfg.py:3253}}
Jul 19 22:40:20.955199 np0000005474 nova-conductor[98927]: DEBUG cotyledon.oslo_config_glue [-] oslo_limit.timeout = None {{(pid=98927) log_opt_values /opt/stack/data/venv/lib/python3.12/site-packages/oslo_config/cfg.py:3253}}
Jul 19 22:40:20.955358 np0000005474 nova-conductor[98927]: DEBUG cotyledon.oslo_config_glue [-] oslo_limit.valid_interfaces = None {{(pid=98927) log_opt_values /opt/stack/data/venv/lib/python3.12/site-packages/oslo_config/cfg.py:3253}}
Jul 19 22:40:20.955358 np0000005474 nova-conductor[98927]: DEBUG cotyledon.oslo_config_glue [-] oslo_limit.version = None {{(pid=98927) log_opt_values /opt/stack/data/venv/lib/python3.12/site-packages/oslo_config/cfg.py:3253}}
Jul 19 22:40:20.955358 np0000005474 nova-conductor[98927]: DEBUG cotyledon.oslo_config_glue [-] oslo_reports.file_event_handler = None {{(pid=98927) log_opt_values /opt/stack/data/venv/lib/python3.12/site-packages/oslo_config/cfg.py:3253}}
Jul 19 22:40:20.955358 np0000005474 nova-conductor[98927]: DEBUG cotyledon.oslo_config_glue [-] oslo_reports.file_event_handler_interval = 1 {{(pid=98927) log_opt_values /opt/stack/data/venv/lib/python3.12/site-packages/oslo_config/cfg.py:3253}}
Jul 19 22:40:20.955358 np0000005474 nova-conductor[98927]: DEBUG cotyledon.oslo_config_glue [-] oslo_reports.log_dir = None {{(pid=98927) log_opt_values /opt/stack/data/venv/lib/python3.12/site-packages/oslo_config/cfg.py:3253}}
Jul 19 22:40:20.955358 np0000005474 nova-conductor[98927]: DEBUG cotyledon.oslo_config_glue [-] ******************************************************************************** {{(pid=98927) log_opt_values /opt/stack/data/venv/lib/python3.12/site-packages/oslo_config/cfg.py:3260}}
Jul 19 22:40:20.955358 np0000005474 nova-conductor[98927]: DEBUG cotyledon._service_worker [-] Run service ServiceWrapper(3) [98927] {{(pid=98927) wait_forever /opt/stack/data/venv/lib/python3.12/site-packages/cotyledon/_service_worker.py:218}}
Jul 19 22:40:20.955538 np0000005474 nova-conductor[98916]: DEBUG oslo_db.sqlalchemy.engines [None req-8531c825-a824-45c3-9e3d-90b4085e6587 None None] MySQL server mode set to STRICT_TRANS_TABLES,STRICT_ALL_TABLES,NO_ZERO_IN_DATE,NO_ZERO_DATE,ERROR_FOR_DIVISION_BY_ZERO,TRADITIONAL,NO_ENGINE_SUBSTITUTION {{(pid=98916) _check_effective_sql_mode /opt/stack/data/venv/lib/python3.12/site-packages/oslo_db/sqlalchemy/engines.py:325}}
Jul 19 22:40:20.955568 np0000005474 nova-conductor[98908]: DEBUG dbcounter [-] [98908] Writer thread running {{(pid=98908) stat_writer /opt/stack/data/venv/lib/python3.12/site-packages/dbcounter.py:102}}
Jul 19 22:40:20.955613 np0000005474 nova-conductor[98927]: INFO nova.service [-] Starting conductor node (version 33.1.0)
Jul 19 22:40:20.959738 np0000005474 nova-conductor[98927]: INFO dbcounter [None req-27907b31-990c-49c3-ab79-3b250518bcdd None None] Registered counter for database nova_cell0
Jul 19 22:40:20.963797 np0000005474 nova-conductor[98916]: DEBUG dbcounter [-] [98916] Writer thread running {{(pid=98916) stat_writer /opt/stack/data/venv/lib/python3.12/site-packages/dbcounter.py:102}}
Jul 19 22:40:20.966898 np0000005474 nova-conductor[98923]: DEBUG oslo_db.sqlalchemy.engines [None req-876b703f-0080-49ca-a734-ab822f1fe083 None None] MySQL server mode set to STRICT_TRANS_TABLES,STRICT_ALL_TABLES,NO_ZERO_IN_DATE,NO_ZERO_DATE,ERROR_FOR_DIVISION_BY_ZERO,TRADITIONAL,NO_ENGINE_SUBSTITUTION {{(pid=98923) _check_effective_sql_mode /opt/stack/data/venv/lib/python3.12/site-packages/oslo_db/sqlalchemy/engines.py:325}}
Jul 19 22:40:20.969858 np0000005474 nova-conductor[98908]: DEBUG nova.service [None req-d7dc0bbd-955b-413b-a047-f93d6eb27323 None None] Creating RPC server for service: nova-conductor on topic: conductor {{(pid=98908) start /opt/stack/nova/nova/service.py:196}}
Jul 19 22:40:20.977238 np0000005474 nova-conductor[98923]: DEBUG dbcounter [-] [98923] Writer thread running {{(pid=98923) stat_writer /opt/stack/data/venv/lib/python3.12/site-packages/dbcounter.py:102}}
Jul 19 22:40:20.980490 np0000005474 nova-conductor[98923]: DEBUG nova.service [None req-876b703f-0080-49ca-a734-ab822f1fe083 None None] Creating RPC server for service: nova-conductor on topic: conductor {{(pid=98923) start /opt/stack/nova/nova/service.py:196}}
Jul 19 22:40:20.980958 np0000005474 nova-conductor[98916]: DEBUG nova.service [None req-8531c825-a824-45c3-9e3d-90b4085e6587 None None] Creating RPC server for service: nova-conductor on topic: conductor {{(pid=98916) start /opt/stack/nova/nova/service.py:196}}
Jul 19 22:40:20.991831 np0000005474 nova-conductor[98908]: DEBUG nova.service [None req-d7dc0bbd-955b-413b-a047-f93d6eb27323 None None] Join ServiceGroup membership for this service conductor {{(pid=98908) start /opt/stack/nova/nova/service.py:222}}
Jul 19 22:40:20.992148 np0000005474 nova-conductor[98908]: DEBUG nova.servicegroup.drivers.db [None req-d7dc0bbd-955b-413b-a047-f93d6eb27323 None None] DB_Driver: join new ServiceGroup member np0000005474 to the conductor group, service = {{(pid=98908) join /opt/stack/nova/nova/servicegroup/drivers/db.py:44}}
Jul 19 22:40:21.001300 np0000005474 nova-conductor[98923]: DEBUG nova.service [None req-876b703f-0080-49ca-a734-ab822f1fe083 None None] Join ServiceGroup membership for this service conductor {{(pid=98923) start /opt/stack/nova/nova/service.py:222}}
Jul 19 22:40:21.002016 np0000005474 nova-conductor[98923]: DEBUG nova.servicegroup.drivers.db [None req-876b703f-0080-49ca-a734-ab822f1fe083 None None] DB_Driver: join new ServiceGroup member np0000005474 to the conductor group, service = {{(pid=98923) join /opt/stack/nova/nova/servicegroup/drivers/db.py:44}}
Jul 19 22:40:21.002426 np0000005474 nova-conductor[98916]: DEBUG nova.service [None req-8531c825-a824-45c3-9e3d-90b4085e6587 None None] Join ServiceGroup membership for this service conductor {{(pid=98916) start /opt/stack/nova/nova/service.py:222}}
Jul 19 22:40:21.002694 np0000005474 nova-conductor[98916]: DEBUG nova.servicegroup.drivers.db [None req-8531c825-a824-45c3-9e3d-90b4085e6587 None None] DB_Driver: join new ServiceGroup member np0000005474 to the conductor group, service = {{(pid=98916) join /opt/stack/nova/nova/servicegroup/drivers/db.py:44}}
Jul 19 22:40:21.016417 np0000005474 nova-conductor[98927]: DEBUG oslo_db.sqlalchemy.engines [None req-27907b31-990c-49c3-ab79-3b250518bcdd None None] MySQL server mode set to STRICT_TRANS_TABLES,STRICT_ALL_TABLES,NO_ZERO_IN_DATE,NO_ZERO_DATE,ERROR_FOR_DIVISION_BY_ZERO,TRADITIONAL,NO_ENGINE_SUBSTITUTION {{(pid=98927) _check_effective_sql_mode /opt/stack/data/venv/lib/python3.12/site-packages/oslo_db/sqlalchemy/engines.py:325}}
Jul 19 22:40:21.027454 np0000005474 nova-conductor[98927]: DEBUG dbcounter [-] [98927] Writer thread running {{(pid=98927) stat_writer /opt/stack/data/venv/lib/python3.12/site-packages/dbcounter.py:102}}
Jul 19 22:40:21.030704 np0000005474 nova-conductor[98927]: DEBUG nova.service [None req-27907b31-990c-49c3-ab79-3b250518bcdd None None] Creating RPC server for service: nova-conductor on topic: conductor {{(pid=98927) start /opt/stack/nova/nova/service.py:196}}
Jul 19 22:40:21.049378 np0000005474 nova-conductor[98927]: DEBUG nova.service [None req-27907b31-990c-49c3-ab79-3b250518bcdd None None] Join ServiceGroup membership for this service conductor {{(pid=98927) start /opt/stack/nova/nova/service.py:222}}
Jul 19 22:40:21.049602 np0000005474 nova-conductor[98927]: DEBUG nova.servicegroup.drivers.db [None req-27907b31-990c-49c3-ab79-3b250518bcdd None None] DB_Driver: join new ServiceGroup member np0000005474 to the conductor group, service = {{(pid=98927) join /opt/stack/nova/nova/servicegroup/drivers/db.py:44}}
Jul 19 22:40:25.994967 np0000005474 nova-conductor[98908]: DEBUG oslo.service.backend._threading.loopingcall [None req-942a5c79-8c7c-4b66-828e-64793c6543f8 None None] Dynamic interval looping call 'nova.service.Service.periodic_tasks' sleeping for 60.00 seconds {{(pid=98908) _run_loop /opt/stack/data/venv/lib/python3.12/site-packages/oslo_service/backend/_threading/loopingcall.py:125}}
Jul 19 22:40:26.003772 np0000005474 nova-conductor[98908]: DEBUG oslo.service.backend._threading.loopingcall [-] Fixed interval looping call 'nova.servicegroup.drivers.db.DbDriver._report_state' sleeping for 119.99 seconds {{(pid=98908) _run_loop /opt/stack/data/venv/lib/python3.12/site-packages/oslo_service/backend/_threading/loopingcall.py:125}}
Jul 19 22:40:26.009654 np0000005474 nova-conductor[98916]: DEBUG oslo.service.backend._threading.loopingcall [-] Fixed interval looping call 'nova.servicegroup.drivers.db.DbDriver._report_state' sleeping for 119.99 seconds {{(pid=98916) _run_loop /opt/stack/data/venv/lib/python3.12/site-packages/oslo_service/backend/_threading/loopingcall.py:125}}
Jul 19 22:40:26.012732 np0000005474 nova-conductor[98923]: DEBUG oslo.service.backend._threading.loopingcall [-] Fixed interval looping call 'nova.servicegroup.drivers.db.DbDriver._report_state' sleeping for 119.99 seconds {{(pid=98923) _run_loop /opt/stack/data/venv/lib/python3.12/site-packages/oslo_service/backend/_threading/loopingcall.py:125}}
Jul 19 22:40:26.061226 np0000005474 nova-conductor[98927]: DEBUG oslo.service.backend._threading.loopingcall [-] Fixed interval looping call 'nova.servicegroup.drivers.db.DbDriver._report_state' sleeping for 119.99 seconds {{(pid=98927) _run_loop /opt/stack/data/venv/lib/python3.12/site-packages/oslo_service/backend/_threading/loopingcall.py:125}}
Jul 19 22:40:29.587119 np0000005474 nova-conductor[97446]: DEBUG dbcounter [-] [97446] Writing DB stats nova_api:SELECT=1 {{(pid=97446) stat_writer /opt/stack/data/venv/lib/python3.12/site-packages/dbcounter.py:115}}
Jul 19 22:40:29.712656 np0000005474 nova-conductor[97446]: DEBUG dbcounter [-] [97446] Writing DB stats nova_cell0:SELECT=1 {{(pid=97446) stat_writer /opt/stack/data/venv/lib/python3.12/site-packages/dbcounter.py:115}}
Jul 19 22:40:29.722349 np0000005474 nova-conductor[97446]: DEBUG dbcounter [-] [97446] Writing DB stats nova_cell1:SELECT=1 {{(pid=97446) stat_writer /opt/stack/data/venv/lib/python3.12/site-packages/dbcounter.py:115}}
Jul 19 22:40:36.000929 np0000005474 nova-conductor[98908]: DEBUG dbcounter [-] [98908] Writing DB stats nova_cell0:SELECT=4,nova_cell0:INSERT=1,nova_cell0:UPDATE=1 {{(pid=98908) stat_writer /opt/stack/data/venv/lib/python3.12/site-packages/dbcounter.py:115}}
Jul 19 22:40:36.007056 np0000005474 nova-conductor[98916]: DEBUG dbcounter [-] [98916] Writing DB stats nova_cell0:SELECT=4,nova_cell0:INSERT=1 {{(pid=98916) stat_writer /opt/stack/data/venv/lib/python3.12/site-packages/dbcounter.py:115}}
Jul 19 22:40:36.009895 np0000005474 nova-conductor[98923]: DEBUG dbcounter [-] [98923] Writing DB stats nova_cell0:SELECT=3 {{(pid=98923) stat_writer /opt/stack/data/venv/lib/python3.12/site-packages/dbcounter.py:115}}
Jul 19 22:40:36.057908 np0000005474 nova-conductor[98927]: DEBUG dbcounter [-] [98927] Writing DB stats nova_cell0:SELECT=3 {{(pid=98927) stat_writer /opt/stack/data/venv/lib/python3.12/site-packages/dbcounter.py:115}}
Jul 19 22:40:42.004746 np0000005474 nova-conductor[98916]: DEBUG oslo.service.backend._threading.loopingcall [None req-218e6fbe-0988-4389-a905-6a76c8c06ff4 None None] Dynamic interval looping call 'nova.service.Service.periodic_tasks' sleeping for 60.00 seconds {{(pid=98916) _run_loop /opt/stack/data/venv/lib/python3.12/site-packages/oslo_service/backend/_threading/loopingcall.py:125}}
Jul 19 22:40:59.004334 np0000005474 nova-conductor[98923]: DEBUG oslo.service.backend._threading.loopingcall [None req-de95298c-e99a-438c-a08a-22ec0d7ac6e9 None None] Dynamic interval looping call 'nova.service.Service.periodic_tasks' sleeping for 60.00 seconds {{(pid=98923) _run_loop /opt/stack/data/venv/lib/python3.12/site-packages/oslo_service/backend/_threading/loopingcall.py:125}}
Jul 19 22:41:04.051879 np0000005474 nova-conductor[98927]: DEBUG oslo.service.backend._threading.loopingcall [None req-50b16486-6b01-4b66-83e6-514b6eea9535 None None] Dynamic interval looping call 'nova.service.Service.periodic_tasks' sleeping for 60.00 seconds {{(pid=98927) _run_loop /opt/stack/data/venv/lib/python3.12/site-packages/oslo_service/backend/_threading/loopingcall.py:125}}
Jul 19 22:41:25.995496 np0000005474 nova-conductor[98908]: DEBUG oslo.service.backend._threading.loopingcall [None req-942a5c79-8c7c-4b66-828e-64793c6543f8 None None] Dynamic interval looping call 'nova.service.Service.periodic_tasks' sleeping for 60.00 seconds {{(pid=98908) _run_loop /opt/stack/data/venv/lib/python3.12/site-packages/oslo_service/backend/_threading/loopingcall.py:125}}
Jul 19 22:41:42.005376 np0000005474 nova-conductor[98916]: DEBUG oslo.service.backend._threading.loopingcall [None req-218e6fbe-0988-4389-a905-6a76c8c06ff4 None None] Dynamic interval looping call 'nova.service.Service.periodic_tasks' sleeping for 60.00 seconds {{(pid=98916) _run_loop /opt/stack/data/venv/lib/python3.12/site-packages/oslo_service/backend/_threading/loopingcall.py:125}}
Jul 19 22:41:59.004873 np0000005474 nova-conductor[98923]: DEBUG oslo.service.backend._threading.loopingcall [None req-de95298c-e99a-438c-a08a-22ec0d7ac6e9 None None] Dynamic interval looping call 'nova.service.Service.periodic_tasks' sleeping for 60.00 seconds {{(pid=98923) _run_loop /opt/stack/data/venv/lib/python3.12/site-packages/oslo_service/backend/_threading/loopingcall.py:125}}
Jul 19 22:42:04.052391 np0000005474 nova-conductor[98927]: DEBUG oslo.service.backend._threading.loopingcall [None req-50b16486-6b01-4b66-83e6-514b6eea9535 None None] Dynamic interval looping call 'nova.service.Service.periodic_tasks' sleeping for 60.00 seconds {{(pid=98927) _run_loop /opt/stack/data/venv/lib/python3.12/site-packages/oslo_service/backend/_threading/loopingcall.py:125}}
Jul 19 22:42:25.995946 np0000005474 nova-conductor[98908]: DEBUG oslo.service.backend._threading.loopingcall [None req-942a5c79-8c7c-4b66-828e-64793c6543f8 None None] Dynamic interval looping call 'nova.service.Service.periodic_tasks' sleeping for 60.00 seconds {{(pid=98908) _run_loop /opt/stack/data/venv/lib/python3.12/site-packages/oslo_service/backend/_threading/loopingcall.py:125}}
Jul 19 22:42:26.005609 np0000005474 nova-conductor[98908]: DEBUG oslo.service.backend._threading.loopingcall [-] Fixed interval looping call 'nova.servicegroup.drivers.db.DbDriver._report_state' sleeping for 119.99 seconds {{(pid=98908) _run_loop /opt/stack/data/venv/lib/python3.12/site-packages/oslo_service/backend/_threading/loopingcall.py:125}}
Jul 19 22:42:26.006829 np0000005474 nova-conductor[98923]: DEBUG oslo.service.backend._threading.loopingcall [-] Fixed interval looping call 'nova.servicegroup.drivers.db.DbDriver._report_state' sleeping for 120.00 seconds {{(pid=98923) _run_loop /opt/stack/data/venv/lib/python3.12/site-packages/oslo_service/backend/_threading/loopingcall.py:125}}
Jul 19 22:42:26.007610 np0000005474 nova-conductor[98916]: DEBUG oslo.service.backend._threading.loopingcall [-] Fixed interval looping call 'nova.servicegroup.drivers.db.DbDriver._report_state' sleeping for 119.99 seconds {{(pid=98916) _run_loop /opt/stack/data/venv/lib/python3.12/site-packages/oslo_service/backend/_threading/loopingcall.py:125}}
Jul 19 22:42:26.055546 np0000005474 nova-conductor[98927]: DEBUG oslo.service.backend._threading.loopingcall [-] Fixed interval looping call 'nova.servicegroup.drivers.db.DbDriver._report_state' sleeping for 120.00 seconds {{(pid=98927) _run_loop /opt/stack/data/venv/lib/python3.12/site-packages/oslo_service/backend/_threading/loopingcall.py:125}}
Jul 19 22:42:35.999187 np0000005474 nova-conductor[98908]: DEBUG dbcounter [-] [98908] Writing DB stats nova_cell0:SELECT=1,nova_cell0:UPDATE=1 {{(pid=98908) stat_writer /opt/stack/data/venv/lib/python3.12/site-packages/dbcounter.py:115}}
Jul 19 22:42:36.005446 np0000005474 nova-conductor[98923]: DEBUG dbcounter [-] [98923] Writing DB stats nova_cell0:SELECT=1 {{(pid=98923) stat_writer /opt/stack/data/venv/lib/python3.12/site-packages/dbcounter.py:115}}
Jul 19 22:42:36.006599 np0000005474 nova-conductor[98916]: DEBUG dbcounter [-] [98916] Writing DB stats nova_cell0:SELECT=1,nova_cell0:UPDATE=1 {{(pid=98916) stat_writer /opt/stack/data/venv/lib/python3.12/site-packages/dbcounter.py:115}}
Jul 19 22:42:36.053320 np0000005474 nova-conductor[98927]: DEBUG dbcounter [-] [98927] Writing DB stats nova_cell0:SELECT=1 {{(pid=98927) stat_writer /opt/stack/data/venv/lib/python3.12/site-packages/dbcounter.py:115}}
Jul 19 22:42:40.881290 np0000005474 nova-conductor[98908]: DEBUG oslo_db.sqlalchemy.engines [None req-7cc35e6d-206c-450e-8a70-2215296fcd05 tempest-DeleteServersTestJSON-1070077793 tempest-DeleteServersTestJSON-1070077793-project-member] Parent process 97446 forked (98908) with an open database connection, which is being discarded and recreated. {{(pid=98908) checkout /opt/stack/data/venv/lib/python3.12/site-packages/oslo_db/sqlalchemy/engines.py:402}}
Jul 19 22:42:40.927180 np0000005474 nova-conductor[98908]: DEBUG dbcounter [-] [98908] Writer thread running {{(pid=98908) stat_writer /opt/stack/data/venv/lib/python3.12/site-packages/dbcounter.py:102}}
Jul 19 22:42:41.946168 np0000005474 nova-conductor[98923]: DEBUG dbcounter [-] [98923] Writer thread running {{(pid=98923) stat_writer /opt/stack/data/venv/lib/python3.12/site-packages/dbcounter.py:102}}
Jul 19 22:42:42.006867 np0000005474 nova-conductor[98916]: DEBUG oslo.service.backend._threading.loopingcall [None req-218e6fbe-0988-4389-a905-6a76c8c06ff4 None None] Dynamic interval looping call 'nova.service.Service.periodic_tasks' sleeping for 60.00 seconds {{(pid=98916) _run_loop /opt/stack/data/venv/lib/python3.12/site-packages/oslo_service/backend/_threading/loopingcall.py:125}}
Jul 19 22:42:42.130279 np0000005474 nova-conductor[98908]: DEBUG nova.conductor.manager [None req-7cc35e6d-206c-450e-8a70-2215296fcd05 tempest-DeleteServersTestJSON-1070077793 tempest-DeleteServersTestJSON-1070077793-project-member] Took 1.20 seconds to select destinations for 1 instance(s). {{(pid=98908) _schedule_instances /opt/stack/nova/nova/conductor/manager.py:968}}
Jul 19 22:42:42.176247 np0000005474 nova-conductor[98908]: DEBUG oslo_concurrency.lockutils [None req-7cc35e6d-206c-450e-8a70-2215296fcd05 tempest-DeleteServersTestJSON-1070077793 tempest-DeleteServersTestJSON-1070077793-project-member] Acquiring lock "30a0b1dd-2445-49dd-88c6-0c9308c74490" by "nova.context.set_target_cell..get_or_set_cached_cell_and_set_connections" {{(pid=98908) inner /opt/stack/data/venv/lib/python3.12/site-packages/oslo_concurrency/lockutils.py:512}}
Jul 19 22:42:42.176517 np0000005474 nova-conductor[98908]: DEBUG oslo_concurrency.lockutils [None req-7cc35e6d-206c-450e-8a70-2215296fcd05 tempest-DeleteServersTestJSON-1070077793 tempest-DeleteServersTestJSON-1070077793-project-member] Lock "30a0b1dd-2445-49dd-88c6-0c9308c74490" acquired by "nova.context.set_target_cell..get_or_set_cached_cell_and_set_connections" :: waited 0.001s {{(pid=98908) inner /opt/stack/data/venv/lib/python3.12/site-packages/oslo_concurrency/lockutils.py:525}}
Jul 19 22:42:42.178339 np0000005474 nova-conductor[98908]: DEBUG oslo_concurrency.lockutils [None req-7cc35e6d-206c-450e-8a70-2215296fcd05 tempest-DeleteServersTestJSON-1070077793 tempest-DeleteServersTestJSON-1070077793-project-member] Lock "30a0b1dd-2445-49dd-88c6-0c9308c74490" "released" by "nova.context.set_target_cell..get_or_set_cached_cell_and_set_connections" :: held 0.002s {{(pid=98908) inner /opt/stack/data/venv/lib/python3.12/site-packages/oslo_concurrency/lockutils.py:544}}
Jul 19 22:42:42.180347 np0000005474 nova-conductor[98908]: INFO dbcounter [None req-7cc35e6d-206c-450e-8a70-2215296fcd05 tempest-DeleteServersTestJSON-1070077793 tempest-DeleteServersTestJSON-1070077793-project-member] Registered counter for database nova_cell1
Jul 19 22:42:42.229292 np0000005474 nova-conductor[98908]: DEBUG oslo_db.sqlalchemy.engines [None req-7cc35e6d-206c-450e-8a70-2215296fcd05 tempest-DeleteServersTestJSON-1070077793 tempest-DeleteServersTestJSON-1070077793-project-member] MySQL server mode set to STRICT_TRANS_TABLES,STRICT_ALL_TABLES,NO_ZERO_IN_DATE,NO_ZERO_DATE,ERROR_FOR_DIVISION_BY_ZERO,TRADITIONAL,NO_ENGINE_SUBSTITUTION {{(pid=98908) _check_effective_sql_mode /opt/stack/data/venv/lib/python3.12/site-packages/oslo_db/sqlalchemy/engines.py:325}}
Jul 19 22:42:42.238110 np0000005474 nova-conductor[98908]: DEBUG dbcounter [-] [98908] Writer thread running {{(pid=98908) stat_writer /opt/stack/data/venv/lib/python3.12/site-packages/dbcounter.py:102}}
Jul 19 22:42:42.334358 np0000005474 nova-conductor[98908]: INFO nova.utils [None req-7cc35e6d-206c-450e-8a70-2215296fcd05 tempest-DeleteServersTestJSON-1070077793 tempest-DeleteServersTestJSON-1070077793-project-member] The cell worker thread pool ForkProcess-1.cell_worker is initialized
Jul 19 22:42:42.334754 np0000005474 nova-conductor[98908]: DEBUG oslo_concurrency.lockutils [None req-7cc35e6d-206c-450e-8a70-2215296fcd05 tempest-DeleteServersTestJSON-1070077793 tempest-DeleteServersTestJSON-1070077793-project-member] Acquiring lock "00000000-0000-0000-0000-000000000000" by "nova.context.set_target_cell..get_or_set_cached_cell_and_set_connections" {{(pid=98908) inner /opt/stack/data/venv/lib/python3.12/site-packages/oslo_concurrency/lockutils.py:512}}
Jul 19 22:42:42.334906 np0000005474 nova-conductor[98908]: DEBUG oslo_concurrency.lockutils [None req-7cc35e6d-206c-450e-8a70-2215296fcd05 tempest-DeleteServersTestJSON-1070077793 tempest-DeleteServersTestJSON-1070077793-project-member] Lock "00000000-0000-0000-0000-000000000000" acquired by "nova.context.set_target_cell..get_or_set_cached_cell_and_set_connections" :: waited 0.000s {{(pid=98908) inner /opt/stack/data/venv/lib/python3.12/site-packages/oslo_concurrency/lockutils.py:525}}
Jul 19 22:42:42.335389 np0000005474 nova-conductor[98908]: DEBUG oslo_concurrency.lockutils [None req-7cc35e6d-206c-450e-8a70-2215296fcd05 tempest-DeleteServersTestJSON-1070077793 tempest-DeleteServersTestJSON-1070077793-project-member] Lock "00000000-0000-0000-0000-000000000000" "released" by "nova.context.set_target_cell..get_or_set_cached_cell_and_set_connections" :: held 0.000s {{(pid=98908) inner /opt/stack/data/venv/lib/python3.12/site-packages/oslo_concurrency/lockutils.py:544}}
Jul 19 22:42:42.336257 np0000005474 nova-conductor[98908]: DEBUG oslo_concurrency.lockutils [None req-7cc35e6d-206c-450e-8a70-2215296fcd05 tempest-DeleteServersTestJSON-1070077793 tempest-DeleteServersTestJSON-1070077793-project-member] Acquiring lock "30a0b1dd-2445-49dd-88c6-0c9308c74490" by "nova.context.set_target_cell..get_or_set_cached_cell_and_set_connections" {{(pid=98908) inner /opt/stack/data/venv/lib/python3.12/site-packages/oslo_concurrency/lockutils.py:512}}
Jul 19 22:42:42.336428 np0000005474 nova-conductor[98908]: DEBUG oslo_concurrency.lockutils [None req-7cc35e6d-206c-450e-8a70-2215296fcd05 tempest-DeleteServersTestJSON-1070077793 tempest-DeleteServersTestJSON-1070077793-project-member] Lock "30a0b1dd-2445-49dd-88c6-0c9308c74490" acquired by "nova.context.set_target_cell..get_or_set_cached_cell_and_set_connections" :: waited 0.000s {{(pid=98908) inner /opt/stack/data/venv/lib/python3.12/site-packages/oslo_concurrency/lockutils.py:525}}
Jul 19 22:42:42.336597 np0000005474 nova-conductor[98908]: DEBUG oslo_concurrency.lockutils [None req-7cc35e6d-206c-450e-8a70-2215296fcd05 tempest-DeleteServersTestJSON-1070077793 tempest-DeleteServersTestJSON-1070077793-project-member] Lock "30a0b1dd-2445-49dd-88c6-0c9308c74490" "released" by "nova.context.set_target_cell..get_or_set_cached_cell_and_set_connections" :: held 0.000s {{(pid=98908) inner /opt/stack/data/venv/lib/python3.12/site-packages/oslo_concurrency/lockutils.py:544}}
Jul 19 22:42:42.339543 np0000005474 nova-conductor[98908]: INFO dbcounter [None req-7cc35e6d-206c-450e-8a70-2215296fcd05 tempest-DeleteServersTestJSON-1070077793 tempest-DeleteServersTestJSON-1070077793-project-member] Registered counter for database nova_cell0
