Jul 19 22:39:50.662223 np0000005474 devstack@neutron-api.service[90652]: DEBUG neutron.api.extensions [None req-ee5a67c7-23e1-4b56-9f0b-82f7857f0b8c None None] Ext name="DNS Integration" alias="dns-integration" description="Provides integration with DNS." updated="2015-08-15T18:00:00-00:00" {{(pid=90652) _check_extension /opt/stack/neutron/neutron/api/extensions.py:415}}
Jul 19 22:39:50.662571 np0000005474 devstack@neutron-api.service[90652]: INFO neutron.api.extensions [None req-ee5a67c7-23e1-4b56-9f0b-82f7857f0b8c None None] Loaded extension: dns-integration
Jul 19 22:39:50.662571 np0000005474 devstack@neutron-api.service[90652]: DEBUG neutron.api.extensions [None req-ee5a67c7-23e1-4b56-9f0b-82f7857f0b8c None None] Loading extension file: dns_domain_ports.py {{(pid=90652) _load_all_extensions_from_path /opt/stack/neutron/neutron/api/extensions.py:449}}
Jul 19 22:39:50.663641 np0000005474 devstack@neutron-api.service[90652]: DEBUG neutron.api.extensions [None req-ee5a67c7-23e1-4b56-9f0b-82f7857f0b8c None None] Ext name="dns_domain for ports" alias="dns-domain-ports" description="Allows the DNS domain to be specified for a network port." updated="2017-04-24T10:00:00-00:00" {{(pid=90652) _check_extension /opt/stack/neutron/neutron/api/extensions.py:415}}
Jul 19 22:39:50.664251 np0000005474 devstack@neutron-api.service[90654]: INFO neutron.plugins.ml2.drivers.type_vlan [None req-9e5c297e-1a77-482a-accd-7c125a5379c1 None None] VlanTypeDriver initialization complete
Jul 19 22:39:50.664759 np0000005474 devstack@neutron-api.service[90652]: INFO neutron.api.extensions [None req-ee5a67c7-23e1-4b56-9f0b-82f7857f0b8c None None] Loaded extension: dns-domain-ports
Jul 19 22:39:50.664891 np0000005474 devstack@neutron-api.service[90654]: INFO neutron.plugins.ml2.managers [None req-9e5c297e-1a77-482a-accd-7c125a5379c1 None None] Initializing extension driver 'port_security'
Jul 19 22:39:50.665018 np0000005474 devstack@neutron-api.service[90652]: DEBUG neutron.api.extensions [None req-ee5a67c7-23e1-4b56-9f0b-82f7857f0b8c None None] Loading extension file: dns_integration_domain_keywords.py {{(pid=90652) _load_all_extensions_from_path /opt/stack/neutron/neutron/api/extensions.py:449}}
Jul 19 22:39:50.665113 np0000005474 devstack@neutron-api.service[90654]: INFO neutron.plugins.ml2.extensions.port_security [None req-9e5c297e-1a77-482a-accd-7c125a5379c1 None None] PortSecurityExtensionDriver initialization complete
Jul 19 22:39:50.665113 np0000005474 devstack@neutron-api.service[90654]: INFO neutron.plugins.ml2.managers [None req-9e5c297e-1a77-482a-accd-7c125a5379c1 None None] Initializing extension driver 'qos'
Jul 19 22:39:50.665113 np0000005474 devstack@neutron-api.service[90654]: DEBUG neutron.plugins.ml2.extensions.qos [None req-9e5c297e-1a77-482a-accd-7c125a5379c1 None None] QosExtensionDriver initialization complete {{(pid=90654) initialize /opt/stack/neutron/neutron/plugins/ml2/extensions/qos.py:31}}
Jul 19 22:39:50.665369 np0000005474 devstack@neutron-api.service[90652]: DEBUG neutron.api.extensions [None req-ee5a67c7-23e1-4b56-9f0b-82f7857f0b8c None None] Ext name="DNS domain names with keywords allowed" alias="dns-integration-domain-keywords" description="Allows to use keywords like , , and as DNS domain name" updated="2020-06-15T18:00:00-00:00" {{(pid=90652) _check_extension /opt/stack/neutron/neutron/api/extensions.py:415}}
Jul 19 22:39:50.665543 np0000005474 devstack@neutron-api.service[90654]: INFO neutron.plugins.ml2.managers [None req-9e5c297e-1a77-482a-accd-7c125a5379c1 None None] Initializing mechanism driver 'ovn'
Jul 19 22:39:50.665543 np0000005474 devstack@neutron-api.service[90654]: INFO neutron.plugins.ml2.drivers.ovn.mech_driver.mech_driver [None req-9e5c297e-1a77-482a-accd-7c125a5379c1 None None] Starting OVNMechanismDriver
Jul 19 22:39:50.665736 np0000005474 devstack@neutron-api.service[90652]: INFO neutron.api.extensions [None req-ee5a67c7-23e1-4b56-9f0b-82f7857f0b8c None None] Loaded extension: dns-integration-domain-keywords
Jul 19 22:39:50.665736 np0000005474 devstack@neutron-api.service[90652]: DEBUG neutron.api.extensions [None req-ee5a67c7-23e1-4b56-9f0b-82f7857f0b8c None None] Loading extension file: dvr.py {{(pid=90652) _load_all_extensions_from_path /opt/stack/neutron/neutron/api/extensions.py:449}}
Jul 19 22:39:50.665736 np0000005474 devstack@neutron-api.service[90652]: DEBUG neutron.api.extensions [None req-ee5a67c7-23e1-4b56-9f0b-82f7857f0b8c None None] Ext name="Distributed Virtual Router" alias="dvr" description="Enables configuration of Distributed Virtual Routers." updated="2014-06-1T10:00:00-00:00" {{(pid=90652) _check_extension /opt/stack/neutron/neutron/api/extensions.py:415}}
Jul 19 22:39:50.665736 np0000005474 devstack@neutron-api.service[90652]: INFO neutron.api.extensions [None req-ee5a67c7-23e1-4b56-9f0b-82f7857f0b8c None None] Extension dvr not supported by any of loaded plugins
Jul 19 22:39:50.665736 np0000005474 devstack@neutron-api.service[90652]: DEBUG neutron.api.extensions [None req-ee5a67c7-23e1-4b56-9f0b-82f7857f0b8c None None] Loading extension file: ecmp_routes.py {{(pid=90652) _load_all_extensions_from_path /opt/stack/neutron/neutron/api/extensions.py:449}}
Jul 19 22:39:50.665736 np0000005474 devstack@neutron-api.service[90652]: DEBUG neutron.api.extensions [None req-ee5a67c7-23e1-4b56-9f0b-82f7857f0b8c None None] Ext name="Equal Cost Multipath Routing" alias="ecmp_routes" description="Allows traffic to reach thesame destination via multiple different links " updated="2020-11-26T18:00:00-00:00" {{(pid=90652) _check_extension /opt/stack/neutron/neutron/api/extensions.py:415}}
Jul 19 22:39:50.665736 np0000005474 devstack@neutron-api.service[90652]: INFO neutron.api.extensions [None req-ee5a67c7-23e1-4b56-9f0b-82f7857f0b8c None None] Extension ecmp_routes not supported by any of loaded plugins
Jul 19 22:39:50.666061 np0000005474 devstack@neutron-api.service[90652]: DEBUG neutron.api.extensions [None req-ee5a67c7-23e1-4b56-9f0b-82f7857f0b8c None None] Loading extension file: empty_string_filtering.py {{(pid=90652) _load_all_extensions_from_path /opt/stack/neutron/neutron/api/extensions.py:449}}
Jul 19 22:39:50.666314 np0000005474 devstack@neutron-api.service[90654]: DEBUG neutron_lib.callbacks.manager [None req-9e5c297e-1a77-482a-accd-7c125a5379c1 None None] Subscribe: > process before_spawn 55550000, False {{(pid=90654) subscribe /opt/stack/data/venv/lib/python3.12/site-packages/neutron_lib/callbacks/manager.py:52}}
Jul 19 22:39:50.666694 np0000005474 devstack@neutron-api.service[90652]: DEBUG neutron.api.extensions [None req-ee5a67c7-23e1-4b56-9f0b-82f7857f0b8c None None] Ext name="Empty String Filtering Extension" alias="empty-string-filtering" description="Allow filtering by attributes with empty string value" updated="2018-05-01T10:00:00-00:00" {{(pid=90652) _check_extension /opt/stack/neutron/neutron/api/extensions.py:415}}
Jul 19 22:39:50.666878 np0000005474 devstack@neutron-api.service[90654]: DEBUG neutron_lib.callbacks.manager [None req-9e5c297e-1a77-482a-accd-7c125a5379c1 None None] Subscribe: > process after_init 55550000, True {{(pid=90654) subscribe /opt/stack/data/venv/lib/python3.12/site-packages/neutron_lib/callbacks/manager.py:52}}
Jul 19 22:39:50.666878 np0000005474 devstack@neutron-api.service[90654]: DEBUG neutron_lib.callbacks.manager [None req-9e5c297e-1a77-482a-accd-7c125a5379c1 None None] Subscribe: > segment after_create 55550000, False {{(pid=90654) subscribe /opt/stack/data/venv/lib/python3.12/site-packages/neutron_lib/callbacks/manager.py:52}}
Jul 19 22:39:50.667059 np0000005474 devstack@neutron-api.service[90652]: INFO neutron.api.extensions [None req-ee5a67c7-23e1-4b56-9f0b-82f7857f0b8c None None] Loaded extension: empty-string-filtering
Jul 19 22:39:50.667431 np0000005474 devstack@neutron-api.service[90654]: DEBUG neutron_lib.callbacks.manager [None req-9e5c297e-1a77-482a-accd-7c125a5379c1 None None] Subscribe: > segment after_create 55550000, False {{(pid=90654) subscribe /opt/stack/data/venv/lib/python3.12/site-packages/neutron_lib/callbacks/manager.py:52}}
Jul 19 22:39:50.668516 np0000005474 devstack@neutron-api.service[90652]: DEBUG neutron.api.extensions [None req-ee5a67c7-23e1-4b56-9f0b-82f7857f0b8c None None] Loading extension file: evpn.py {{(pid=90652) _load_all_extensions_from_path /opt/stack/neutron/neutron/api/extensions.py:449}}
Jul 19 22:39:50.668703 np0000005474 devstack@neutron-api.service[90654]: DEBUG neutron_lib.callbacks.manager [None req-9e5c297e-1a77-482a-accd-7c125a5379c1 None None] Subscribe: > segment after_delete 55550000, False {{(pid=90654) subscribe /opt/stack/data/venv/lib/python3.12/site-packages/neutron_lib/callbacks/manager.py:52}}
Jul 19 22:39:50.668703 np0000005474 devstack@neutron-api.service[90654]: DEBUG neutron_lib.callbacks.manager [None req-9e5c297e-1a77-482a-accd-7c125a5379c1 None None] Subscribe: > allowed_address_pair before_create 55550000, False {{(pid=90654) subscribe /opt/stack/data/venv/lib/python3.12/site-packages/neutron_lib/callbacks/manager.py:52}}
Jul 19 22:39:50.668703 np0000005474 devstack@neutron-api.service[90654]: DEBUG neutron_lib.callbacks.manager [None req-9e5c297e-1a77-482a-accd-7c125a5379c1 None None] Subscribe: > security_group precommit_create 55550000, False {{(pid=90654) subscribe /opt/stack/data/venv/lib/python3.12/site-packages/neutron_lib/callbacks/manager.py:52}}
Jul 19 22:39:50.669079 np0000005474 devstack@neutron-api.service[90652]: DEBUG neutron.api.extensions [None req-ee5a67c7-23e1-4b56-9f0b-82f7857f0b8c None None] Ext name="EVPN" alias="evpn" description="Router extension to support EVPN Type-5 route advertisement" updated="2026-04-28T00:00:00-00:00" {{(pid=90652) _check_extension /opt/stack/neutron/neutron/api/extensions.py:415}}
Jul 19 22:39:50.669607 np0000005474 devstack@neutron-api.service[90654]: DEBUG neutron_lib.callbacks.manager [None req-9e5c297e-1a77-482a-accd-7c125a5379c1 None None] Subscribe: > security_group after_update 55550000, False {{(pid=90654) subscribe /opt/stack/data/venv/lib/python3.12/site-packages/neutron_lib/callbacks/manager.py:52}}
Jul 19 22:39:50.669607 np0000005474 devstack@neutron-api.service[90654]: DEBUG neutron_lib.callbacks.manager [None req-9e5c297e-1a77-482a-accd-7c125a5379c1 None None] Subscribe: > security_group after_create 55550000, False {{(pid=90654) subscribe /opt/stack/data/venv/lib/python3.12/site-packages/neutron_lib/callbacks/manager.py:52}}
Jul 19 22:39:50.669913 np0000005474 devstack@neutron-api.service[90652]: INFO neutron.api.extensions [None req-ee5a67c7-23e1-4b56-9f0b-82f7857f0b8c None None] Extension evpn not supported by any of loaded plugins
Jul 19 22:39:50.670070 np0000005474 devstack@neutron-api.service[90654]: DEBUG neutron_lib.callbacks.manager [None req-9e5c297e-1a77-482a-accd-7c125a5379c1 None None] Subscribe: > security_group precommit_delete 55550000, False {{(pid=90654) subscribe /opt/stack/data/venv/lib/python3.12/site-packages/neutron_lib/callbacks/manager.py:52}}
Jul 19 22:39:50.670330 np0000005474 devstack@neutron-api.service[90652]: DEBUG neutron.api.extensions [None req-ee5a67c7-23e1-4b56-9f0b-82f7857f0b8c None None] Loading extension file: expose_l3_conntrack_helper.py {{(pid=90652) _load_all_extensions_from_path /opt/stack/neutron/neutron/api/extensions.py:449}}
Jul 19 22:39:50.670514 np0000005474 devstack@neutron-api.service[90654]: DEBUG neutron_lib.callbacks.manager [None req-9e5c297e-1a77-482a-accd-7c125a5379c1 None None] Subscribe: > security_group after_delete 55550000, False {{(pid=90654) subscribe /opt/stack/data/venv/lib/python3.12/site-packages/neutron_lib/callbacks/manager.py:52}}
Jul 19 22:39:50.670514 np0000005474 devstack@neutron-api.service[90654]: DEBUG neutron_lib.callbacks.manager [None req-9e5c297e-1a77-482a-accd-7c125a5379c1 None None] Subscribe: > security_group_rule precommit_create 55550000, False {{(pid=90654) subscribe /opt/stack/data/venv/lib/python3.12/site-packages/neutron_lib/callbacks/manager.py:52}}
Jul 19 22:39:50.670745 np0000005474 devstack@neutron-api.service[90652]: DEBUG neutron.api.extensions [None req-ee5a67c7-23e1-4b56-9f0b-82f7857f0b8c None None] Ext name="Expose CT target rules for conntrack helper" alias="expose-l3-conntrack-helper" description="Expose allow adding CT target rules for conntrack helper" updated="2019-04-04T10:00:00-00:00" {{(pid=90652) _check_extension /opt/stack/neutron/neutron/api/extensions.py:415}}
Jul 19 22:39:50.670919 np0000005474 devstack@neutron-api.service[90654]: DEBUG neutron_lib.callbacks.manager [None req-9e5c297e-1a77-482a-accd-7c125a5379c1 None None] Subscribe: > security_group_rule after_create 55550000, False {{(pid=90654) subscribe /opt/stack/data/venv/lib/python3.12/site-packages/neutron_lib/callbacks/manager.py:52}}
Jul 19 22:39:50.670919 np0000005474 devstack@neutron-api.service[90654]: DEBUG neutron_lib.callbacks.manager [None req-9e5c297e-1a77-482a-accd-7c125a5379c1 None None] Subscribe: > security_group_rule before_delete 55550000, False {{(pid=90654) subscribe /opt/stack/data/venv/lib/python3.12/site-packages/neutron_lib/callbacks/manager.py:52}}
Jul 19 22:39:50.671310 np0000005474 devstack@neutron-api.service[90652]: INFO neutron.api.extensions [None req-ee5a67c7-23e1-4b56-9f0b-82f7857f0b8c None None] Extension expose-l3-conntrack-helper not supported by any of loaded plugins
Jul 19 22:39:50.671960 np0000005474 devstack@neutron-api.service[90654]: DEBUG neutron_lib.callbacks.manager [None req-9e5c297e-1a77-482a-accd-7c125a5379c1 None None] Subscribe: > address_group after_create 55550000, False {{(pid=90654) subscribe /opt/stack/data/venv/lib/python3.12/site-packages/neutron_lib/callbacks/manager.py:52}}
Jul 19 22:39:50.671960 np0000005474 devstack@neutron-api.service[90654]: DEBUG neutron_lib.callbacks.manager [None req-9e5c297e-1a77-482a-accd-7c125a5379c1 None None] Subscribe: > address_group after_update 55550000, False {{(pid=90654) subscribe /opt/stack/data/venv/lib/python3.12/site-packages/neutron_lib/callbacks/manager.py:52}}
Jul 19 22:39:50.672179 np0000005474 devstack@neutron-api.service[90652]: DEBUG neutron.api.extensions [None req-ee5a67c7-23e1-4b56-9f0b-82f7857f0b8c None None] Loading extension file: expose_port_forwarding_in_fip.py {{(pid=90652) _load_all_extensions_from_path /opt/stack/neutron/neutron/api/extensions.py:449}}
Jul 19 22:39:50.672343 np0000005474 devstack@neutron-api.service[90654]: DEBUG neutron_lib.callbacks.manager [None req-9e5c297e-1a77-482a-accd-7c125a5379c1 None None] Subscribe: > address_group after_delete 55550000, False {{(pid=90654) subscribe /opt/stack/data/venv/lib/python3.12/site-packages/neutron_lib/callbacks/manager.py:52}}
Jul 19 22:39:50.672343 np0000005474 devstack@neutron-api.service[90654]: DEBUG neutron_lib.callbacks.manager [None req-9e5c297e-1a77-482a-accd-7c125a5379c1 None None] Subscribe: > qos_plugin after_init 55550000, False {{(pid=90654) subscribe /opt/stack/data/venv/lib/python3.12/site-packages/neutron_lib/callbacks/manager.py:52}}
Jul 19 22:39:50.672695 np0000005474 devstack@neutron-api.service[90652]: DEBUG neutron.api.extensions [None req-ee5a67c7-23e1-4b56-9f0b-82f7857f0b8c None None] Ext name="Expose Floating IP port forwardings" alias="expose-port-forwarding-in-fip" description="Expose port forwarding fields in floating IP response" updated="2018-06-28T16:00:00-00:00" {{(pid=90652) _check_extension /opt/stack/neutron/neutron/api/extensions.py:415}}
Jul 19 22:39:50.672879 np0000005474 devstack@neutron-api.service[90654]: DEBUG neutron_lib.callbacks.manager [None req-9e5c297e-1a77-482a-accd-7c125a5379c1 None None] Subscribe: > trunk_plugin after_init 55550000, False {{(pid=90654) subscribe /opt/stack/data/venv/lib/python3.12/site-packages/neutron_lib/callbacks/manager.py:52}}
Jul 19 22:39:50.673053 np0000005474 devstack@neutron-api.service[90652]: INFO neutron.api.extensions [None req-ee5a67c7-23e1-4b56-9f0b-82f7857f0b8c None None] Extension expose-port-forwarding-in-fip not supported by any of loaded plugins
Jul 19 22:39:50.673053 np0000005474 devstack@neutron-api.service[90652]: DEBUG neutron.api.extensions [None req-ee5a67c7-23e1-4b56-9f0b-82f7857f0b8c None None] Loading extension file: external_net.py {{(pid=90652) _load_all_extensions_from_path /opt/stack/neutron/neutron/api/extensions.py:449}}
Jul 19 22:39:50.673295 np0000005474 devstack@neutron-api.service[90654]: DEBUG neutron_lib.callbacks.manager [None req-9e5c297e-1a77-482a-accd-7c125a5379c1 None None] Subscribe: > logging-plugin after_init 55550000, False {{(pid=90654) subscribe /opt/stack/data/venv/lib/python3.12/site-packages/neutron_lib/callbacks/manager.py:52}}
Jul 19 22:39:50.673454 np0000005474 devstack@neutron-api.service[90652]: DEBUG neutron.api.extensions [None req-ee5a67c7-23e1-4b56-9f0b-82f7857f0b8c None None] Ext name="Neutron external network" alias="external-net" description="Adds external network attribute to network resource." updated="2013-01-14T10:00:00-00:00" {{(pid=90652) _check_extension /opt/stack/neutron/neutron/api/extensions.py:415}}
Jul 19 22:39:50.673454 np0000005474 devstack@neutron-api.service[90652]: INFO neutron.api.extensions [None req-ee5a67c7-23e1-4b56-9f0b-82f7857f0b8c None None] Loaded extension: external-net
Jul 19 22:39:50.673710 np0000005474 devstack@neutron-api.service[90654]: INFO neutron.services.logapi.drivers.ovn.driver [None req-9e5c297e-1a77-482a-accd-7c125a5379c1 None None] OVN logging driver registered
Jul 19 22:39:50.673942 np0000005474 devstack@neutron-api.service[90652]: DEBUG neutron.api.extensions [None req-ee5a67c7-23e1-4b56-9f0b-82f7857f0b8c None None] Loading extension file: extra_dhcp_opt.py {{(pid=90652) _load_all_extensions_from_path /opt/stack/neutron/neutron/api/extensions.py:449}}
Jul 19 22:39:50.674112 np0000005474 devstack@neutron-api.service[90654]: DEBUG neutron_lib.callbacks.manager [None req-9e5c297e-1a77-482a-accd-7c125a5379c1 None None] Subscribe: ._register_pvlan_driver at 0x74b5145c47c0> pvlan_plugin before_spawn 55550000, False {{(pid=90654) subscribe /opt/stack/data/venv/lib/python3.12/site-packages/neutron_lib/callbacks/manager.py:52}}
Jul 19 22:39:50.674112 np0000005474 devstack@neutron-api.service[90654]: DEBUG neutron_lib.callbacks.manager [None req-9e5c297e-1a77-482a-accd-7c125a5379c1 None None] Subscribe: process after_init 55550000, False {{(pid=90654) subscribe /opt/stack/data/venv/lib/python3.12/site-packages/neutron_lib/callbacks/manager.py:52}}
Jul 19 22:39:50.674346 np0000005474 devstack@neutron-api.service[90652]: DEBUG neutron.api.extensions [None req-ee5a67c7-23e1-4b56-9f0b-82f7857f0b8c None None] Ext name="Neutron Extra DHCP options" alias="extra_dhcp_opt" description="Extra options configuration for DHCP. For example PXE boot options to DHCP clients can be specified (e.g. tftp-server, server-ip-address, bootfile-name)" updated="2013-03-17T12:00:00-00:00" {{(pid=90652) _check_extension /opt/stack/neutron/neutron/api/extensions.py:415}}
Jul 19 22:39:50.674346 np0000005474 devstack@neutron-api.service[90652]: INFO neutron.api.extensions [None req-ee5a67c7-23e1-4b56-9f0b-82f7857f0b8c None None] Loaded extension: extra_dhcp_opt
Jul 19 22:39:50.674346 np0000005474 devstack@neutron-api.service[90652]: DEBUG neutron.api.extensions [None req-ee5a67c7-23e1-4b56-9f0b-82f7857f0b8c None None] Loading extension file: extraroute.py {{(pid=90652) _load_all_extensions_from_path /opt/stack/neutron/neutron/api/extensions.py:449}}
Jul 19 22:39:50.674346 np0000005474 devstack@neutron-api.service[90652]: DEBUG neutron.api.extensions [None req-ee5a67c7-23e1-4b56-9f0b-82f7857f0b8c None None] Ext name="Neutron Extra Route" alias="extraroute" description="Extra routes configuration for L3 router" updated="2013-02-01T10:00:00-00:00" {{(pid=90652) _check_extension /opt/stack/neutron/neutron/api/extensions.py:415}}
Jul 19 22:39:50.674346 np0000005474 devstack@neutron-api.service[90652]: INFO neutron.api.extensions [None req-ee5a67c7-23e1-4b56-9f0b-82f7857f0b8c None None] Loaded extension: extraroute
Jul 19 22:39:50.674346 np0000005474 devstack@neutron-api.service[90652]: DEBUG neutron.api.extensions [None req-ee5a67c7-23e1-4b56-9f0b-82f7857f0b8c None None] Loading extension file: extraroute_atomic.py {{(pid=90652) _load_all_extensions_from_path /opt/stack/neutron/neutron/api/extensions.py:449}}
Jul 19 22:39:50.674806 np0000005474 devstack@neutron-api.service[90652]: DEBUG neutron.api.extensions [None req-ee5a67c7-23e1-4b56-9f0b-82f7857f0b8c None None] Ext name="Atomically add/remove extra routes" alias="extraroute-atomic" description="Edit extra routes of a router on server side by atomically adding/removing extra routes" updated="2019-07-10T00:00:00+00:00" {{(pid=90652) _check_extension /opt/stack/neutron/neutron/api/extensions.py:415}}
Jul 19 22:39:50.674902 np0000005474 devstack@neutron-api.service[90654]: DEBUG neutron.plugins.ml2.plugin [None req-9e5c297e-1a77-482a-accd-7c125a5379c1 None None] neutron.plugins.ml2.plugin.Ml2Plugin method _start_rpc_notifiers called with arguments () {} {{(pid=90654) wrapper /opt/stack/data/venv/lib/python3.12/site-packages/oslo_log/helpers.py:77}}
Jul 19 22:39:50.674991 np0000005474 devstack@neutron-api.service[90652]: INFO neutron.api.extensions [None req-ee5a67c7-23e1-4b56-9f0b-82f7857f0b8c None None] Loaded extension: extraroute-atomic
Jul 19 22:39:50.674991 np0000005474 devstack@neutron-api.service[90652]: DEBUG neutron.api.extensions [None req-ee5a67c7-23e1-4b56-9f0b-82f7857f0b8c None None] Loading extension file: filter_validation.py {{(pid=90652) _load_all_extensions_from_path /opt/stack/neutron/neutron/api/extensions.py:449}}
Jul 19 22:39:50.675283 np0000005474 devstack@neutron-api.service[90654]: DEBUG neutron_lib.callbacks.manager [None req-9e5c297e-1a77-482a-accd-7c125a5379c1 None None] Subscribe: > port after_create 55550000, False {{(pid=90654) subscribe /opt/stack/data/venv/lib/python3.12/site-packages/neutron_lib/callbacks/manager.py:52}}
Jul 19 22:39:50.675283 np0000005474 devstack@neutron-api.service[90654]: DEBUG neutron_lib.callbacks.manager [None req-9e5c297e-1a77-482a-accd-7c125a5379c1 None None] Subscribe: > port after_update 55550000, False {{(pid=90654) subscribe /opt/stack/data/venv/lib/python3.12/site-packages/neutron_lib/callbacks/manager.py:52}}
Jul 19 22:39:50.675283 np0000005474 devstack@neutron-api.service[90654]: DEBUG neutron_lib.callbacks.manager [None req-9e5c297e-1a77-482a-accd-7c125a5379c1 None None] Subscribe: > port after_delete 55550000, False {{(pid=90654) subscribe /opt/stack/data/venv/lib/python3.12/site-packages/neutron_lib/callbacks/manager.py:52}}
Jul 19 22:39:50.675456 np0000005474 devstack@neutron-api.service[90652]: DEBUG neutron.api.extensions [None req-ee5a67c7-23e1-4b56-9f0b-82f7857f0b8c None None] Ext name="Filter parameters validation" alias="filter-validation" description="Provides validation on filter parameters." updated="2018-07-04T10:00:00-00:00" {{(pid=90652) _check_extension /opt/stack/neutron/neutron/api/extensions.py:415}}
Jul 19 22:39:50.675568 np0000005474 devstack@neutron-api.service[90654]: DEBUG neutron_lib.callbacks.manager [None req-9e5c297e-1a77-482a-accd-7c125a5379c1 None None] Subscribe: > subnet after_create 55550000, False {{(pid=90654) subscribe /opt/stack/data/venv/lib/python3.12/site-packages/neutron_lib/callbacks/manager.py:52}}
Jul 19 22:39:50.675568 np0000005474 devstack@neutron-api.service[90654]: DEBUG neutron_lib.callbacks.manager [None req-9e5c297e-1a77-482a-accd-7c125a5379c1 None None] Subscribe: > subnet after_update 55550000, False {{(pid=90654) subscribe /opt/stack/data/venv/lib/python3.12/site-packages/neutron_lib/callbacks/manager.py:52}}
Jul 19 22:39:50.675694 np0000005474 devstack@neutron-api.service[90652]: INFO neutron.api.extensions [None req-ee5a67c7-23e1-4b56-9f0b-82f7857f0b8c None None] Loaded extension: filter-validation
Jul 19 22:39:50.675810 np0000005474 devstack@neutron-api.service[90654]: DEBUG neutron_lib.callbacks.manager [None req-9e5c297e-1a77-482a-accd-7c125a5379c1 None None] Subscribe: > subnet after_delete 55550000, False {{(pid=90654) subscribe /opt/stack/data/venv/lib/python3.12/site-packages/neutron_lib/callbacks/manager.py:52}}
Jul 19 22:39:50.675913 np0000005474 devstack@neutron-api.service[90652]: DEBUG neutron.api.extensions [None req-ee5a67c7-23e1-4b56-9f0b-82f7857f0b8c None None] Loading extension file: fip_pf_description.py {{(pid=90652) _load_all_extensions_from_path /opt/stack/neutron/neutron/api/extensions.py:449}}
Jul 19 22:39:50.676002 np0000005474 devstack@neutron-api.service[90654]: DEBUG neutron_lib.callbacks.manager [None req-9e5c297e-1a77-482a-accd-7c125a5379c1 None None] Subscribe: > network after_create 55550000, False {{(pid=90654) subscribe /opt/stack/data/venv/lib/python3.12/site-packages/neutron_lib/callbacks/manager.py:52}}
Jul 19 22:39:50.676002 np0000005474 devstack@neutron-api.service[90654]: DEBUG neutron_lib.callbacks.manager [None req-9e5c297e-1a77-482a-accd-7c125a5379c1 None None] Subscribe: > network after_update 55550000, False {{(pid=90654) subscribe /opt/stack/data/venv/lib/python3.12/site-packages/neutron_lib/callbacks/manager.py:52}}
Jul 19 22:39:50.676002 np0000005474 devstack@neutron-api.service[90654]: DEBUG neutron_lib.callbacks.manager [None req-9e5c297e-1a77-482a-accd-7c125a5379c1 None None] Subscribe: > network after_delete 55550000, False {{(pid=90654) subscribe /opt/stack/data/venv/lib/python3.12/site-packages/neutron_lib/callbacks/manager.py:52}}
Jul 19 22:39:50.676002 np0000005474 devstack@neutron-api.service[90654]: DEBUG neutron_lib.callbacks.manager [None req-9e5c297e-1a77-482a-accd-7c125a5379c1 None None] Subscribe: > security_group after_create 55550000, False {{(pid=90654) subscribe /opt/stack/data/venv/lib/python3.12/site-packages/neutron_lib/callbacks/manager.py:52}}
Jul 19 22:39:50.676226 np0000005474 devstack@neutron-api.service[90652]: DEBUG neutron.api.extensions [None req-ee5a67c7-23e1-4b56-9f0b-82f7857f0b8c None None] Ext name="Floating IP Port Forwarding new attribute description" alias="floating-ip-port-forwarding-description" description="Add a description field to Port Forwarding rules" updated="2019-11-01T10:00:00-00:00" {{(pid=90652) _check_extension /opt/stack/neutron/neutron/api/extensions.py:415}}
Jul 19 22:39:50.676317 np0000005474 devstack@neutron-api.service[90654]: DEBUG neutron_lib.callbacks.manager [None req-9e5c297e-1a77-482a-accd-7c125a5379c1 None None] Subscribe: > security_group after_update 55550000, False {{(pid=90654) subscribe /opt/stack/data/venv/lib/python3.12/site-packages/neutron_lib/callbacks/manager.py:52}}
Jul 19 22:39:50.676317 np0000005474 devstack@neutron-api.service[90654]: DEBUG neutron_lib.callbacks.manager [None req-9e5c297e-1a77-482a-accd-7c125a5379c1 None None] Subscribe: > security_group after_delete 55550000, False {{(pid=90654) subscribe /opt/stack/data/venv/lib/python3.12/site-packages/neutron_lib/callbacks/manager.py:52}}
Jul 19 22:39:50.676464 np0000005474 devstack@neutron-api.service[90652]: INFO neutron.api.extensions [None req-ee5a67c7-23e1-4b56-9f0b-82f7857f0b8c None None] Extension floating-ip-port-forwarding-description not supported by any of loaded plugins
Jul 19 22:39:50.676588 np0000005474 devstack@neutron-api.service[90654]: DEBUG neutron_lib.callbacks.manager [None req-9e5c297e-1a77-482a-accd-7c125a5379c1 None None] Subscribe: > security_group_rule after_create 55550000, False {{(pid=90654) subscribe /opt/stack/data/venv/lib/python3.12/site-packages/neutron_lib/callbacks/manager.py:52}}
Jul 19 22:39:50.676680 np0000005474 devstack@neutron-api.service[90652]: DEBUG neutron.api.extensions [None req-ee5a67c7-23e1-4b56-9f0b-82f7857f0b8c None None] Loading extension file: fip_pf_detail.py {{(pid=90652) _load_all_extensions_from_path /opt/stack/neutron/neutron/api/extensions.py:449}}
Jul 19 22:39:50.676768 np0000005474 devstack@neutron-api.service[90654]: DEBUG neutron_lib.callbacks.manager [None req-9e5c297e-1a77-482a-accd-7c125a5379c1 None None] Subscribe: > security_group_rule after_update 55550000, False {{(pid=90654) subscribe /opt/stack/data/venv/lib/python3.12/site-packages/neutron_lib/callbacks/manager.py:52}}
Jul 19 22:39:50.676768 np0000005474 devstack@neutron-api.service[90654]: DEBUG neutron_lib.callbacks.manager [None req-9e5c297e-1a77-482a-accd-7c125a5379c1 None None] Subscribe: > security_group_rule after_delete 55550000, False {{(pid=90654) subscribe /opt/stack/data/venv/lib/python3.12/site-packages/neutron_lib/callbacks/manager.py:52}}
Jul 19 22:39:50.676943 np0000005474 devstack@neutron-api.service[90652]: DEBUG neutron.api.extensions [None req-ee5a67c7-23e1-4b56-9f0b-82f7857f0b8c None None] Ext name="Floating IP port forwarding detail" alias="floating-ip-port-forwarding-detail" description="Allow list floating ip return more port forwarding data, include'id' and 'internal_port_id'" updated="2022-05-06T10:00:00-00:00" {{(pid=90652) _check_extension /opt/stack/neutron/neutron/api/extensions.py:415}}
Jul 19 22:39:50.677043 np0000005474 devstack@neutron-api.service[90654]: DEBUG neutron_lib.callbacks.manager [None req-9e5c297e-1a77-482a-accd-7c125a5379c1 None None] Subscribe: > address_group after_create 55550000, False {{(pid=90654) subscribe /opt/stack/data/venv/lib/python3.12/site-packages/neutron_lib/callbacks/manager.py:52}}
Jul 19 22:39:50.677043 np0000005474 devstack@neutron-api.service[90654]: DEBUG neutron_lib.callbacks.manager [None req-9e5c297e-1a77-482a-accd-7c125a5379c1 None None] Subscribe: > address_group after_update 55550000, False {{(pid=90654) subscribe /opt/stack/data/venv/lib/python3.12/site-packages/neutron_lib/callbacks/manager.py:52}}
Jul 19 22:39:50.677043 np0000005474 devstack@neutron-api.service[90654]: DEBUG neutron_lib.callbacks.manager [None req-9e5c297e-1a77-482a-accd-7c125a5379c1 None None] Subscribe: > address_group after_delete 55550000, False {{(pid=90654) subscribe /opt/stack/data/venv/lib/python3.12/site-packages/neutron_lib/callbacks/manager.py:52}}
Jul 19 22:39:50.677223 np0000005474 devstack@neutron-api.service[90652]: INFO neutron.api.extensions [None req-ee5a67c7-23e1-4b56-9f0b-82f7857f0b8c None None] Loaded extension: floating-ip-port-forwarding-detail
Jul 19 22:39:50.677310 np0000005474 devstack@neutron-api.service[90654]: DEBUG neutron.plugins.ml2.ovo_rpc [None req-9e5c297e-1a77-482a-accd-7c125a5379c1 None None] ML2 OVO RPC backend initialized. {{(pid=90654) __init__ /opt/stack/neutron/neutron/plugins/ml2/ovo_rpc.py:117}}
Jul 19 22:39:50.677423 np0000005474 devstack@neutron-api.service[90652]: DEBUG neutron.api.extensions [None req-ee5a67c7-23e1-4b56-9f0b-82f7857f0b8c None None] Loading extension file: fip_pf_port_range.py {{(pid=90652) _load_all_extensions_from_path /opt/stack/neutron/neutron/api/extensions.py:449}}
Jul 19 22:39:50.677423 np0000005474 devstack@neutron-api.service[90652]: DEBUG neutron.api.extensions [None req-ee5a67c7-23e1-4b56-9f0b-82f7857f0b8c None None] Ext name="Floating IP Port Forwarding support port ranges" alias="floating-ip-port-forwarding-port-ranges" description="Add support to port ranges" updated="2020-07-01T10:00:00-00:00" {{(pid=90652) _check_extension /opt/stack/neutron/neutron/api/extensions.py:415}}
Jul 19 22:39:50.677423 np0000005474 devstack@neutron-api.service[90652]: INFO neutron.api.extensions [None req-ee5a67c7-23e1-4b56-9f0b-82f7857f0b8c None None] Extension floating-ip-port-forwarding-port-ranges not supported by any of loaded plugins
Jul 19 22:39:50.677423 np0000005474 devstack@neutron-api.service[90652]: DEBUG neutron.api.extensions [None req-ee5a67c7-23e1-4b56-9f0b-82f7857f0b8c None None] Loading extension file: fip_port_details.py {{(pid=90652) _load_all_extensions_from_path /opt/stack/neutron/neutron/api/extensions.py:449}}
Jul 19 22:39:50.678724 np0000005474 devstack@neutron-api.service[90654]: INFO neutron.quota [None req-9e5c297e-1a77-482a-accd-7c125a5379c1 None None] Loaded quota_driver: .
Jul 19 22:39:50.679273 np0000005474 devstack@neutron-api.service[90652]: DEBUG neutron.api.extensions [None req-ee5a67c7-23e1-4b56-9f0b-82f7857f0b8c None None] Ext name="Floating IP Port Details Extension" alias="fip-port-details" description="Add port_details attribute to Floating IP resource" updated="2018-04-09T10:00:00-00:00" {{(pid=90652) _check_extension /opt/stack/neutron/neutron/api/extensions.py:415}}
Jul 19 22:39:50.679540 np0000005474 devstack@neutron-api.service[90654]: INFO neutron.plugins.ml2.plugin [None req-9e5c297e-1a77-482a-accd-7c125a5379c1 None None] Modular L2 Plugin initialization complete
Jul 19 22:39:50.679540 np0000005474 devstack@neutron-api.service[90654]: DEBUG neutron.manager [None req-9e5c297e-1a77-482a-accd-7c125a5379c1 None None] Loading services supported by the core plugin {{(pid=90654) _load_services_from_core_plugin /opt/stack/neutron/neutron/manager.py:167}}
Jul 19 22:39:50.679684 np0000005474 devstack@neutron-api.service[90652]: INFO neutron.api.extensions [None req-ee5a67c7-23e1-4b56-9f0b-82f7857f0b8c None None] Loaded extension: fip-port-details
Jul 19 22:39:50.679767 np0000005474 devstack@neutron-api.service[90654]: INFO neutron.plugins.ml2.managers [None req-9e5c297e-1a77-482a-accd-7c125a5379c1 None None] Got port-security extension from driver 'port_security'
Jul 19 22:39:50.679857 np0000005474 devstack@neutron-api.service[90652]: DEBUG neutron.api.extensions [None req-ee5a67c7-23e1-4b56-9f0b-82f7857f0b8c None None] Loading extension file: flavors.py {{(pid=90652) _load_all_extensions_from_path /opt/stack/neutron/neutron/api/extensions.py:449}}
Jul 19 22:39:50.679942 np0000005474 devstack@neutron-api.service[90654]: DEBUG neutron.manager [None req-9e5c297e-1a77-482a-accd-7c125a5379c1 None None] Loading service plugins: ['ovn-router', 'auto_allocate', 'tag', 'timestamp', 'network_ip_availability', 'flavors', 'revisions'] {{(pid=90654) _load_service_plugins /opt/stack/neutron/neutron/manager.py:192}}
Jul 19 22:39:50.679942 np0000005474 devstack@neutron-api.service[90654]: INFO neutron.manager [None req-9e5c297e-1a77-482a-accd-7c125a5379c1 None None] Loading Plugin: ovn-router
Jul 19 22:39:50.680072 np0000005474 devstack@neutron-api.service[90652]: DEBUG neutron.api.extensions [None req-ee5a67c7-23e1-4b56-9f0b-82f7857f0b8c None None] Ext name="Neutron Service Flavors" alias="flavors" description="Flavor specification for Neutron advanced services." updated="2015-09-17T10:00:00-00:00" {{(pid=90652) _check_extension /opt/stack/neutron/neutron/api/extensions.py:415}}
Jul 19 22:39:50.680072 np0000005474 devstack@neutron-api.service[90652]: INFO neutron.api.extensions [None req-ee5a67c7-23e1-4b56-9f0b-82f7857f0b8c None None] Loaded extension: flavors
Jul 19 22:39:50.680072 np0000005474 devstack@neutron-api.service[90652]: DEBUG neutron.api.extensions [None req-ee5a67c7-23e1-4b56-9f0b-82f7857f0b8c None None] Loading extension file: floating_ip_port_forwarding.py {{(pid=90652) _load_all_extensions_from_path /opt/stack/neutron/neutron/api/extensions.py:449}}
Jul 19 22:39:50.680072 np0000005474 devstack@neutron-api.service[90652]: DEBUG neutron.api.extensions [None req-ee5a67c7-23e1-4b56-9f0b-82f7857f0b8c None None] Ext name="Floating IP Port Forwarding" alias="floating-ip-port-forwarding" description="Allow port forwarding from floating IP port to an internal port" updated="2018-01-19T10:00:00-00:00" {{(pid=90652) _check_extension /opt/stack/neutron/neutron/api/extensions.py:415}}
Jul 19 22:39:50.680072 np0000005474 devstack@neutron-api.service[90652]: INFO neutron.api.extensions [None req-ee5a67c7-23e1-4b56-9f0b-82f7857f0b8c None None] Extension floating-ip-port-forwarding not supported by any of loaded plugins
Jul 19 22:39:50.680072 np0000005474 devstack@neutron-api.service[90652]: DEBUG neutron.api.extensions [None req-ee5a67c7-23e1-4b56-9f0b-82f7857f0b8c None None] Loading extension file: floatingip_pools.py {{(pid=90652) _load_all_extensions_from_path /opt/stack/neutron/neutron/api/extensions.py:449}}
Jul 19 22:39:50.680072 np0000005474 devstack@neutron-api.service[90652]: DEBUG neutron.api.extensions [None req-ee5a67c7-23e1-4b56-9f0b-82f7857f0b8c None None] Ext name="Floating IP Pools Extension" alias="floatingip-pools" description="Provides a floating IP pools API." updated="2018-03-21T10:00:00-00:00" {{(pid=90652) _check_extension /opt/stack/neutron/neutron/api/extensions.py:415}}
Jul 19 22:39:50.680383 np0000005474 devstack@neutron-api.service[90652]: INFO neutron.api.extensions [None req-ee5a67c7-23e1-4b56-9f0b-82f7857f0b8c None None] Loaded extension: floatingip-pools
Jul 19 22:39:50.680383 np0000005474 devstack@neutron-api.service[90652]: DEBUG neutron.api.extensions [None req-ee5a67c7-23e1-4b56-9f0b-82f7857f0b8c None None] Loading extension file: ip_allocation.py {{(pid=90652) _load_all_extensions_from_path /opt/stack/neutron/neutron/api/extensions.py:449}}
Jul 19 22:39:50.680383 np0000005474 devstack@neutron-api.service[90652]: DEBUG neutron.api.extensions [None req-ee5a67c7-23e1-4b56-9f0b-82f7857f0b8c None None] Ext name="IP Allocation" alias="ip_allocation" description="IP allocation extension." updated="2016-06-10T23:00:00-00:00" {{(pid=90652) _check_extension /opt/stack/neutron/neutron/api/extensions.py:415}}
Jul 19 22:39:50.680383 np0000005474 devstack@neutron-api.service[90652]: INFO neutron.api.extensions [None req-ee5a67c7-23e1-4b56-9f0b-82f7857f0b8c None None] Extension ip_allocation not supported by any of loaded plugins
Jul 19 22:39:50.680383 np0000005474 devstack@neutron-api.service[90652]: DEBUG neutron.api.extensions [None req-ee5a67c7-23e1-4b56-9f0b-82f7857f0b8c None None] Loading extension file: ip_substring_port_filtering.py {{(pid=90652) _load_all_extensions_from_path /opt/stack/neutron/neutron/api/extensions.py:449}}
Jul 19 22:39:50.680383 np0000005474 devstack@neutron-api.service[90652]: DEBUG neutron.api.extensions [None req-ee5a67c7-23e1-4b56-9f0b-82f7857f0b8c None None] Ext name="IP address substring filtering" alias="ip-substring-filtering" description="Provides IP address substring filtering when listing ports" updated="2017-11-28T09:00:00-00:00" {{(pid=90652) _check_extension /opt/stack/neutron/neutron/api/extensions.py:415}}
Jul 19 22:39:50.680383 np0000005474 devstack@neutron-api.service[90652]: INFO neutron.api.extensions [None req-ee5a67c7-23e1-4b56-9f0b-82f7857f0b8c None None] Extension ip-substring-filtering not supported by any of loaded plugins
Jul 19 22:39:50.680383 np0000005474 devstack@neutron-api.service[90652]: DEBUG neutron.api.extensions [None req-ee5a67c7-23e1-4b56-9f0b-82f7857f0b8c None None] Loading extension file: l2_adjacency.py {{(pid=90652) _load_all_extensions_from_path /opt/stack/neutron/neutron/api/extensions.py:449}}
Jul 19 22:39:50.680738 np0000005474 devstack@neutron-api.service[90652]: DEBUG neutron.api.extensions [None req-ee5a67c7-23e1-4b56-9f0b-82f7857f0b8c None None] Ext name="L2 Adjacency" alias="l2_adjacency" description="Display L2 Adjacency for Neutron Networks." updated="2016-04-12T16:00:00-00:00" {{(pid=90652) _check_extension /opt/stack/neutron/neutron/api/extensions.py:415}}
Jul 19 22:39:50.680738 np0000005474 devstack@neutron-api.service[90652]: INFO neutron.api.extensions [None req-ee5a67c7-23e1-4b56-9f0b-82f7857f0b8c None None] Extension l2_adjacency not supported by any of loaded plugins
Jul 19 22:39:50.680738 np0000005474 devstack@neutron-api.service[90652]: DEBUG neutron.api.extensions [None req-ee5a67c7-23e1-4b56-9f0b-82f7857f0b8c None None] Loading extension file: l3.py {{(pid=90652) _load_all_extensions_from_path /opt/stack/neutron/neutron/api/extensions.py:449}}
Jul 19 22:39:50.680738 np0000005474 devstack@neutron-api.service[90652]: DEBUG neutron.api.extensions [None req-ee5a67c7-23e1-4b56-9f0b-82f7857f0b8c None None] Ext name="Neutron L3 Router" alias="router" description="Router abstraction for basic L3 forwarding between L2 Neutron networks and access to external networks via a NAT gateway." updated="2012-07-20T10:00:00-00:00" {{(pid=90652) _check_extension /opt/stack/neutron/neutron/api/extensions.py:415}}
Jul 19 22:39:50.680738 np0000005474 devstack@neutron-api.service[90652]: INFO neutron.api.extensions [None req-ee5a67c7-23e1-4b56-9f0b-82f7857f0b8c None None] Loaded extension: router
Jul 19 22:39:50.680738 np0000005474 devstack@neutron-api.service[90652]: DEBUG neutron.api.extensions [None req-ee5a67c7-23e1-4b56-9f0b-82f7857f0b8c None None] Loading extension file: l3_agent_scheduler_ha_chassis_priority.py {{(pid=90652) _load_all_extensions_from_path /opt/stack/neutron/neutron/api/extensions.py:449}}
Jul 19 22:39:50.680997 np0000005474 devstack@neutron-api.service[90652]: DEBUG neutron.api.extensions [None req-ee5a67c7-23e1-4b56-9f0b-82f7857f0b8c None None] Ext name="L3 Agent Scheduler HA Chassis Priority" alias="l3-agent-scheduler-ha-chassis-priority" description="Exposes the HA_Chassis priority in the L3 Agent Scheduler API responses and allows setting priority when scheduling a router to a chassis." updated="2026-03-31T00:00:00-00:00" {{(pid=90652) _check_extension /opt/stack/neutron/neutron/api/extensions.py:415}}
Jul 19 22:39:50.680997 np0000005474 devstack@neutron-api.service[90652]: INFO neutron.api.extensions [None req-ee5a67c7-23e1-4b56-9f0b-82f7857f0b8c None None] Loaded extension: l3-agent-scheduler-ha-chassis-priority
Jul 19 22:39:50.680997 np0000005474 devstack@neutron-api.service[90652]: DEBUG neutron.api.extensions [None req-ee5a67c7-23e1-4b56-9f0b-82f7857f0b8c None None] Loading extension file: l3_conntrack_helper.py {{(pid=90652) _load_all_extensions_from_path /opt/stack/neutron/neutron/api/extensions.py:449}}
Jul 19 22:39:50.680997 np0000005474 devstack@neutron-api.service[90652]: DEBUG neutron.api.extensions [None req-ee5a67c7-23e1-4b56-9f0b-82f7857f0b8c None None] Ext name="L3 Conntrack helper" alias="l3-conntrack-helper" description="Allow adding CT target rules for conntrack helper" updated="2019-04-04T10:00:00-00:00" {{(pid=90652) _check_extension /opt/stack/neutron/neutron/api/extensions.py:415}}
Jul 19 22:39:50.680997 np0000005474 devstack@neutron-api.service[90652]: INFO neutron.api.extensions [None req-ee5a67c7-23e1-4b56-9f0b-82f7857f0b8c None None] Extension l3-conntrack-helper not supported by any of loaded plugins
Jul 19 22:39:50.680997 np0000005474 devstack@neutron-api.service[90652]: DEBUG neutron.api.extensions [None req-ee5a67c7-23e1-4b56-9f0b-82f7857f0b8c None None] Loading extension file: l3_enable_default_route_bfd.py {{(pid=90652) _load_all_extensions_from_path /opt/stack/neutron/neutron/api/extensions.py:449}}
Jul 19 22:39:50.681304 np0000005474 devstack@neutron-api.service[90652]: DEBUG neutron.api.extensions [None req-ee5a67c7-23e1-4b56-9f0b-82f7857f0b8c None None] Ext name="Enable Default Route BFD" alias="enable-default-route-bfd" description="Enables configurable BFD behavior for default routes" updated="2023-02-27T00:00:00-00:00" {{(pid=90652) _check_extension /opt/stack/neutron/neutron/api/extensions.py:415}}
Jul 19 22:39:50.681304 np0000005474 devstack@neutron-api.service[90652]: INFO neutron.api.extensions [None req-ee5a67c7-23e1-4b56-9f0b-82f7857f0b8c None None] Loaded extension: enable-default-route-bfd
Jul 19 22:39:50.681304 np0000005474 devstack@neutron-api.service[90652]: DEBUG neutron.api.extensions [None req-ee5a67c7-23e1-4b56-9f0b-82f7857f0b8c None None] Loading extension file: l3_enable_default_route_ecmp.py {{(pid=90652) _load_all_extensions_from_path /opt/stack/neutron/neutron/api/extensions.py:449}}
Jul 19 22:39:50.681304 np0000005474 devstack@neutron-api.service[90652]: DEBUG neutron.api.extensions [None req-ee5a67c7-23e1-4b56-9f0b-82f7857f0b8c None None] Ext name="Enable Default Route ECMP" alias="enable-default-route-ecmp" description="Enables configurable ECMP behavior for default routes" updated="2023-02-27T00:00:00-00:00" {{(pid=90652) _check_extension /opt/stack/neutron/neutron/api/extensions.py:415}}
Jul 19 22:39:50.681304 np0000005474 devstack@neutron-api.service[90652]: INFO neutron.api.extensions [None req-ee5a67c7-23e1-4b56-9f0b-82f7857f0b8c None None] Loaded extension: enable-default-route-ecmp
Jul 19 22:39:50.681304 np0000005474 devstack@neutron-api.service[90652]: DEBUG neutron.api.extensions [None req-ee5a67c7-23e1-4b56-9f0b-82f7857f0b8c None None] Loading extension file: l3_ext_gw_mode.py {{(pid=90652) _load_all_extensions_from_path /opt/stack/neutron/neutron/api/extensions.py:449}}
Jul 19 22:39:50.681614 np0000005474 devstack@neutron-api.service[90652]: DEBUG neutron.api.extensions [None req-ee5a67c7-23e1-4b56-9f0b-82f7857f0b8c None None] Ext name="Neutron L3 Configurable external gateway mode" alias="ext-gw-mode" description="Extension of the router abstraction for specifying whether SNAT should occur on the external gateway" updated="2013-03-28T10:00:00-00:00" {{(pid=90652) _check_extension /opt/stack/neutron/neutron/api/extensions.py:415}}
Jul 19 22:39:50.681698 np0000005474 devstack@neutron-api.service[90652]: INFO neutron.api.extensions [None req-ee5a67c7-23e1-4b56-9f0b-82f7857f0b8c None None] Loaded extension: ext-gw-mode
Jul 19 22:39:50.681815 np0000005474 devstack@neutron-api.service[90652]: DEBUG neutron.api.extensions [None req-ee5a67c7-23e1-4b56-9f0b-82f7857f0b8c None None] Loading extension file: l3_ext_ha_mode.py {{(pid=90652) _load_all_extensions_from_path /opt/stack/neutron/neutron/api/extensions.py:449}}
Jul 19 22:39:50.682089 np0000005474 devstack@neutron-api.service[90652]: DEBUG neutron.api.extensions [None req-ee5a67c7-23e1-4b56-9f0b-82f7857f0b8c None None] Ext name="HA Router extension" alias="l3-ha" description="Adds HA capability to routers." updated="2014-04-26T00:00:00-00:00" {{(pid=90652) _check_extension /opt/stack/neutron/neutron/api/extensions.py:415}}
Jul 19 22:39:50.682299 np0000005474 devstack@neutron-api.service[90652]: INFO neutron.api.extensions [None req-ee5a67c7-23e1-4b56-9f0b-82f7857f0b8c None None] Loaded extension: l3-ha
Jul 19 22:39:50.682414 np0000005474 devstack@neutron-api.service[90652]: DEBUG neutron.api.extensions [None req-ee5a67c7-23e1-4b56-9f0b-82f7857f0b8c None None] Loading extension file: l3_ext_ndp_proxy.py {{(pid=90652) _load_all_extensions_from_path /opt/stack/neutron/neutron/api/extensions.py:449}}
Jul 19 22:39:50.684323 np0000005474 devstack@neutron-api.service[90654]: DEBUG neutron_lib.callbacks.manager [None req-9e5c297e-1a77-482a-accd-7c125a5379c1 None None] Subscribe: > router before_delete 55550000, False {{(pid=90654) subscribe /opt/stack/data/venv/lib/python3.12/site-packages/neutron_lib/callbacks/manager.py:52}}
Jul 19 22:39:50.684589 np0000005474 devstack@neutron-api.service[90652]: DEBUG neutron.api.extensions [None req-ee5a67c7-23e1-4b56-9f0b-82f7857f0b8c None None] Ext name="Router support to enable NDP proxy" alias="l3-ext-ndp-proxy" description="Router extension to enable ndp proxy" updated="2020-08-25T00:00:00-00:00" {{(pid=90652) _check_extension /opt/stack/neutron/neutron/api/extensions.py:415}}
Jul 19 22:39:50.684750 np0000005474 devstack@neutron-api.service[90654]: DEBUG neutron_lib.callbacks.manager [None req-9e5c297e-1a77-482a-accd-7c125a5379c1 None None] Subscribe: port before_update 55550000, False {{(pid=90654) subscribe /opt/stack/data/venv/lib/python3.12/site-packages/neutron_lib/callbacks/manager.py:52}}
Jul 19 22:39:50.684750 np0000005474 devstack@neutron-api.service[90654]: DEBUG neutron_lib.callbacks.manager [None req-9e5c297e-1a77-482a-accd-7c125a5379c1 None None] Subscribe: port after_update 55550000, False {{(pid=90654) subscribe /opt/stack/data/venv/lib/python3.12/site-packages/neutron_lib/callbacks/manager.py:52}}
Jul 19 22:39:50.685012 np0000005474 devstack@neutron-api.service[90652]: INFO neutron.api.extensions [None req-ee5a67c7-23e1-4b56-9f0b-82f7857f0b8c None None] Extension l3-ext-ndp-proxy not supported by any of loaded plugins
Jul 19 22:39:50.685169 np0000005474 devstack@neutron-api.service[90654]: DEBUG neutron_lib.callbacks.manager [None req-9e5c297e-1a77-482a-accd-7c125a5379c1 None None] Subscribe: > port precommit_delete 55550000, False {{(pid=90654) subscribe /opt/stack/data/venv/lib/python3.12/site-packages/neutron_lib/callbacks/manager.py:52}}
Jul 19 22:39:50.685169 np0000005474 devstack@neutron-api.service[90654]: DEBUG neutron_lib.callbacks.manager [None req-9e5c297e-1a77-482a-accd-7c125a5379c1 None None] Subscribe: port before_update 55550000, False {{(pid=90654) subscribe /opt/stack/data/venv/lib/python3.12/site-packages/neutron_lib/callbacks/manager.py:52}}
Jul 19 22:39:50.685497 np0000005474 devstack@neutron-api.service[90652]: DEBUG neutron.api.extensions [None req-ee5a67c7-23e1-4b56-9f0b-82f7857f0b8c None None] Loading extension file: l3_extra_gws.py {{(pid=90652) _load_all_extensions_from_path /opt/stack/neutron/neutron/api/extensions.py:449}}
Jul 19 22:39:50.685660 np0000005474 devstack@neutron-api.service[90654]: DEBUG neutron_lib.callbacks.manager [None req-9e5c297e-1a77-482a-accd-7c125a5379c1 None None] Subscribe: port before_delete 55550000, False {{(pid=90654) subscribe /opt/stack/data/venv/lib/python3.12/site-packages/neutron_lib/callbacks/manager.py:52}}
Jul 19 22:39:50.685660 np0000005474 devstack@neutron-api.service[90654]: DEBUG neutron_lib.callbacks.manager [None req-9e5c297e-1a77-482a-accd-7c125a5379c1 None None] Subscribe: > router precommit_create 55550000, False {{(pid=90654) subscribe /opt/stack/data/venv/lib/python3.12/site-packages/neutron_lib/callbacks/manager.py:52}}
Jul 19 22:39:50.685660 np0000005474 devstack@neutron-api.service[90654]: DEBUG neutron_lib.callbacks.manager [None req-9e5c297e-1a77-482a-accd-7c125a5379c1 None None] Subscribe: > router precommit_create 55550000, False {{(pid=90654) subscribe /opt/stack/data/venv/lib/python3.12/site-packages/neutron_lib/callbacks/manager.py:52}}
