Aug 07 21:45:17.973448 np0000006761 nova-scheduler[96657]: DEBUG cotyledon.oslo_config_glue [-] workarounds.qemu_monitor_announce_self_count = 3 {{(pid=96657) log_opt_values /opt/stack/data/venv/lib/python3.12/site-packages/oslo_config/cfg.py:3545}}
Aug 07 21:45:17.973752 np0000006761 nova-scheduler[96657]: DEBUG cotyledon.oslo_config_glue [-] workarounds.qemu_monitor_announce_self_interval = 1 {{(pid=96657) log_opt_values /opt/stack/data/venv/lib/python3.12/site-packages/oslo_config/cfg.py:3545}}
Aug 07 21:45:17.973752 np0000006761 nova-scheduler[96657]: DEBUG cotyledon.oslo_config_glue [-] workarounds.reserve_disk_resource_for_image_cache = False {{(pid=96657) log_opt_values /opt/stack/data/venv/lib/python3.12/site-packages/oslo_config/cfg.py:3545}}
Aug 07 21:45:17.973752 np0000006761 nova-scheduler[96657]: DEBUG cotyledon.oslo_config_glue [-] workarounds.skip_cpu_compare_at_startup = False {{(pid=96657) log_opt_values /opt/stack/data/venv/lib/python3.12/site-packages/oslo_config/cfg.py:3545}}
Aug 07 21:45:17.973752 np0000006761 nova-scheduler[96657]: DEBUG cotyledon.oslo_config_glue [-] workarounds.skip_cpu_compare_on_dest = False {{(pid=96657) log_opt_values /opt/stack/data/venv/lib/python3.12/site-packages/oslo_config/cfg.py:3545}}
Aug 07 21:45:17.973752 np0000006761 nova-scheduler[96657]: DEBUG cotyledon.oslo_config_glue [-] workarounds.skip_hypervisor_version_check_on_lm = False {{(pid=96657) log_opt_values /opt/stack/data/venv/lib/python3.12/site-packages/oslo_config/cfg.py:3545}}
Aug 07 21:45:17.973752 np0000006761 nova-scheduler[96657]: DEBUG cotyledon.oslo_config_glue [-] workarounds.skip_reserve_in_use_ironic_nodes = False {{(pid=96657) log_opt_values /opt/stack/data/venv/lib/python3.12/site-packages/oslo_config/cfg.py:3545}}
Aug 07 21:45:17.973752 np0000006761 nova-scheduler[96657]: DEBUG cotyledon.oslo_config_glue [-] workarounds.unified_limits_count_pcpu_as_vcpu = False {{(pid=96657) log_opt_values /opt/stack/data/venv/lib/python3.12/site-packages/oslo_config/cfg.py:3545}}
Aug 07 21:45:17.973752 np0000006761 nova-scheduler[96657]: DEBUG cotyledon.oslo_config_glue [-] workarounds.wait_for_vif_plugged_event_during_hard_reboot = [] {{(pid=96657) log_opt_values /opt/stack/data/venv/lib/python3.12/site-packages/oslo_config/cfg.py:3545}}
Aug 07 21:45:17.974099 np0000006761 nova-scheduler[96657]: DEBUG cotyledon.oslo_config_glue [-] wsgi.api_paste_config = /etc/nova/api-paste.ini {{(pid=96657) log_opt_values /opt/stack/data/venv/lib/python3.12/site-packages/oslo_config/cfg.py:3545}}
Aug 07 21:45:17.974099 np0000006761 nova-scheduler[96657]: DEBUG cotyledon.oslo_config_glue [-] wsgi.secure_proxy_ssl_header = None {{(pid=96657) log_opt_values /opt/stack/data/venv/lib/python3.12/site-packages/oslo_config/cfg.py:3545}}
Aug 07 21:45:17.974099 np0000006761 nova-scheduler[96657]: DEBUG cotyledon.oslo_config_glue [-] zvm.ca_file = None {{(pid=96657) log_opt_values /opt/stack/data/venv/lib/python3.12/site-packages/oslo_config/cfg.py:3545}}
Aug 07 21:45:17.974099 np0000006761 nova-scheduler[96657]: DEBUG cotyledon.oslo_config_glue [-] zvm.cloud_connector_url = None {{(pid=96657) log_opt_values /opt/stack/data/venv/lib/python3.12/site-packages/oslo_config/cfg.py:3545}}
Aug 07 21:45:17.974099 np0000006761 nova-scheduler[96657]: DEBUG cotyledon.oslo_config_glue [-] zvm.image_tmp_path = /opt/stack/data/nova/images {{(pid=96657) log_opt_values /opt/stack/data/venv/lib/python3.12/site-packages/oslo_config/cfg.py:3545}}
Aug 07 21:45:17.974099 np0000006761 nova-scheduler[96657]: DEBUG cotyledon.oslo_config_glue [-] zvm.reachable_timeout = 300 {{(pid=96657) log_opt_values /opt/stack/data/venv/lib/python3.12/site-packages/oslo_config/cfg.py:3545}}
Aug 07 21:45:17.974099 np0000006761 nova-scheduler[96657]: DEBUG cotyledon.oslo_config_glue [-] oslo_versionedobjects.fatal_exception_format_errors = False {{(pid=96657) log_opt_values /opt/stack/data/venv/lib/python3.12/site-packages/oslo_config/cfg.py:3545}}
Aug 07 21:45:17.974099 np0000006761 nova-scheduler[96657]: DEBUG cotyledon.oslo_config_glue [-] oslo_middleware.http_basic_auth_user_file = /etc/htpasswd {{(pid=96657) log_opt_values /opt/stack/data/venv/lib/python3.12/site-packages/oslo_config/cfg.py:3545}}
Aug 07 21:45:17.974099 np0000006761 nova-scheduler[96657]: DEBUG cotyledon.oslo_config_glue [-] oslo_messaging_metrics.metrics_buffer_size = 1000 {{(pid=96657) log_opt_values /opt/stack/data/venv/lib/python3.12/site-packages/oslo_config/cfg.py:3545}}
Aug 07 21:45:17.974397 np0000006761 nova-scheduler[96657]: DEBUG cotyledon.oslo_config_glue [-] oslo_messaging_metrics.metrics_enabled = False {{(pid=96657) log_opt_values /opt/stack/data/venv/lib/python3.12/site-packages/oslo_config/cfg.py:3545}}
Aug 07 21:45:17.974397 np0000006761 nova-scheduler[96657]: DEBUG cotyledon.oslo_config_glue [-] oslo_messaging_metrics.metrics_process_name = {{(pid=96657) log_opt_values /opt/stack/data/venv/lib/python3.12/site-packages/oslo_config/cfg.py:3545}}
Aug 07 21:45:17.974397 np0000006761 nova-scheduler[96657]: DEBUG cotyledon.oslo_config_glue [-] oslo_messaging_metrics.metrics_socket_file = /var/tmp/metrics_collector.sock {{(pid=96657) log_opt_values /opt/stack/data/venv/lib/python3.12/site-packages/oslo_config/cfg.py:3545}}
Aug 07 21:45:17.974397 np0000006761 nova-scheduler[96657]: DEBUG cotyledon.oslo_config_glue [-] oslo_messaging_metrics.metrics_thread_stop_timeout = 10 {{(pid=96657) log_opt_values /opt/stack/data/venv/lib/python3.12/site-packages/oslo_config/cfg.py:3545}}
Aug 07 21:45:17.974397 np0000006761 nova-scheduler[96657]: DEBUG cotyledon.oslo_config_glue [-] profiler.connection_string = messaging:// {{(pid=96657) log_opt_values /opt/stack/data/venv/lib/python3.12/site-packages/oslo_config/cfg.py:3545}}
Aug 07 21:45:17.974397 np0000006761 nova-scheduler[96657]: DEBUG cotyledon.oslo_config_glue [-] profiler.enabled = False {{(pid=96657) log_opt_values /opt/stack/data/venv/lib/python3.12/site-packages/oslo_config/cfg.py:3545}}
Aug 07 21:45:17.974397 np0000006761 nova-scheduler[96657]: DEBUG cotyledon.oslo_config_glue [-] profiler.es_doc_type = notification {{(pid=96657) log_opt_values /opt/stack/data/venv/lib/python3.12/site-packages/oslo_config/cfg.py:3545}}
Aug 07 21:45:17.974397 np0000006761 nova-scheduler[96657]: DEBUG cotyledon.oslo_config_glue [-] profiler.es_scroll_size = 10000 {{(pid=96657) log_opt_values /opt/stack/data/venv/lib/python3.12/site-packages/oslo_config/cfg.py:3545}}
Aug 07 21:45:17.974397 np0000006761 nova-scheduler[96657]: DEBUG cotyledon.oslo_config_glue [-] profiler.es_scroll_time = 2m {{(pid=96657) log_opt_values /opt/stack/data/venv/lib/python3.12/site-packages/oslo_config/cfg.py:3545}}
Aug 07 21:45:17.974693 np0000006761 nova-scheduler[96657]: DEBUG cotyledon.oslo_config_glue [-] profiler.filter_error_trace = False {{(pid=96657) log_opt_values /opt/stack/data/venv/lib/python3.12/site-packages/oslo_config/cfg.py:3545}}
Aug 07 21:45:17.974693 np0000006761 nova-scheduler[96657]: DEBUG cotyledon.oslo_config_glue [-] profiler.hmac_keys = **** {{(pid=96657) log_opt_values /opt/stack/data/venv/lib/python3.12/site-packages/oslo_config/cfg.py:3545}}
Aug 07 21:45:17.974693 np0000006761 nova-scheduler[96657]: DEBUG cotyledon.oslo_config_glue [-] profiler.sentinel_service_name = mymaster {{(pid=96657) log_opt_values /opt/stack/data/venv/lib/python3.12/site-packages/oslo_config/cfg.py:3545}}
Aug 07 21:45:17.974693 np0000006761 nova-scheduler[96657]: DEBUG cotyledon.oslo_config_glue [-] profiler.socket_timeout = 0.1 {{(pid=96657) log_opt_values /opt/stack/data/venv/lib/python3.12/site-packages/oslo_config/cfg.py:3545}}
Aug 07 21:45:17.974693 np0000006761 nova-scheduler[96657]: DEBUG cotyledon.oslo_config_glue [-] profiler.trace_requests = False {{(pid=96657) log_opt_values /opt/stack/data/venv/lib/python3.12/site-packages/oslo_config/cfg.py:3545}}
Aug 07 21:45:17.974693 np0000006761 nova-scheduler[96657]: DEBUG cotyledon.oslo_config_glue [-] profiler.trace_sqlalchemy = False {{(pid=96657) log_opt_values /opt/stack/data/venv/lib/python3.12/site-packages/oslo_config/cfg.py:3545}}
Aug 07 21:45:17.974693 np0000006761 nova-scheduler[96657]: DEBUG cotyledon.oslo_config_glue [-] profiler_jaeger.process_tags = {} {{(pid=96657) log_opt_values /opt/stack/data/venv/lib/python3.12/site-packages/oslo_config/cfg.py:3545}}
Aug 07 21:45:17.974693 np0000006761 nova-scheduler[96657]: DEBUG cotyledon.oslo_config_glue [-] profiler_jaeger.service_name_prefix = None {{(pid=96657) log_opt_values /opt/stack/data/venv/lib/python3.12/site-packages/oslo_config/cfg.py:3545}}
Aug 07 21:45:17.974693 np0000006761 nova-scheduler[96657]: DEBUG cotyledon.oslo_config_glue [-] profiler_otlp.service_name_prefix = None {{(pid=96657) log_opt_values /opt/stack/data/venv/lib/python3.12/site-packages/oslo_config/cfg.py:3545}}
Aug 07 21:45:17.974999 np0000006761 nova-scheduler[96657]: DEBUG cotyledon.oslo_config_glue [-] oslo_messaging_rabbit.amqp_auto_delete = False {{(pid=96657) log_opt_values /opt/stack/data/venv/lib/python3.12/site-packages/oslo_config/cfg.py:3545}}
Aug 07 21:45:17.974999 np0000006761 nova-scheduler[96657]: DEBUG cotyledon.oslo_config_glue [-] oslo_messaging_rabbit.amqp_durable_queues = False {{(pid=96657) log_opt_values /opt/stack/data/venv/lib/python3.12/site-packages/oslo_config/cfg.py:3545}}
Aug 07 21:45:17.974999 np0000006761 nova-scheduler[96657]: DEBUG cotyledon.oslo_config_glue [-] oslo_messaging_rabbit.conn_pool_min_size = 2 {{(pid=96657) log_opt_values /opt/stack/data/venv/lib/python3.12/site-packages/oslo_config/cfg.py:3545}}
Aug 07 21:45:17.974999 np0000006761 nova-scheduler[96657]: DEBUG cotyledon.oslo_config_glue [-] oslo_messaging_rabbit.conn_pool_ttl = 1200 {{(pid=96657) log_opt_values /opt/stack/data/venv/lib/python3.12/site-packages/oslo_config/cfg.py:3545}}
Aug 07 21:45:17.974999 np0000006761 nova-scheduler[96657]: DEBUG cotyledon.oslo_config_glue [-] oslo_messaging_rabbit.direct_mandatory_flag = True {{(pid=96657) log_opt_values /opt/stack/data/venv/lib/python3.12/site-packages/oslo_config/cfg.py:3545}}
Aug 07 21:45:17.974999 np0000006761 nova-scheduler[96657]: DEBUG cotyledon.oslo_config_glue [-] oslo_messaging_rabbit.enable_cancel_on_failover = False {{(pid=96657) log_opt_values /opt/stack/data/venv/lib/python3.12/site-packages/oslo_config/cfg.py:3545}}
Aug 07 21:45:17.974999 np0000006761 nova-scheduler[96657]: DEBUG cotyledon.oslo_config_glue [-] oslo_messaging_rabbit.heartbeat_rate = 3 {{(pid=96657) log_opt_values /opt/stack/data/venv/lib/python3.12/site-packages/oslo_config/cfg.py:3545}}
Aug 07 21:45:17.974999 np0000006761 nova-scheduler[96657]: DEBUG cotyledon.oslo_config_glue [-] oslo_messaging_rabbit.heartbeat_timeout_threshold = 60 {{(pid=96657) log_opt_values /opt/stack/data/venv/lib/python3.12/site-packages/oslo_config/cfg.py:3545}}
Aug 07 21:45:17.974999 np0000006761 nova-scheduler[96657]: DEBUG cotyledon.oslo_config_glue [-] oslo_messaging_rabbit.hostname = np0000006761 {{(pid=96657) log_opt_values /opt/stack/data/venv/lib/python3.12/site-packages/oslo_config/cfg.py:3545}}
Aug 07 21:45:17.975272 np0000006761 nova-scheduler[96657]: DEBUG cotyledon.oslo_config_glue [-] oslo_messaging_rabbit.kombu_compression = None {{(pid=96657) log_opt_values /opt/stack/data/venv/lib/python3.12/site-packages/oslo_config/cfg.py:3545}}
Aug 07 21:45:17.975272 np0000006761 nova-scheduler[96657]: DEBUG cotyledon.oslo_config_glue [-] oslo_messaging_rabbit.kombu_failover_strategy = round-robin {{(pid=96657) log_opt_values /opt/stack/data/venv/lib/python3.12/site-packages/oslo_config/cfg.py:3545}}
Aug 07 21:45:17.975272 np0000006761 nova-scheduler[96657]: DEBUG cotyledon.oslo_config_glue [-] oslo_messaging_rabbit.kombu_missing_consumer_retry_timeout = 60 {{(pid=96657) log_opt_values /opt/stack/data/venv/lib/python3.12/site-packages/oslo_config/cfg.py:3545}}
Aug 07 21:45:17.975272 np0000006761 nova-scheduler[96657]: DEBUG cotyledon.oslo_config_glue [-] oslo_messaging_rabbit.kombu_reconnect_delay = 1.0 {{(pid=96657) log_opt_values /opt/stack/data/venv/lib/python3.12/site-packages/oslo_config/cfg.py:3545}}
Aug 07 21:45:17.975272 np0000006761 nova-scheduler[96657]: DEBUG cotyledon.oslo_config_glue [-] oslo_messaging_rabbit.kombu_reconnect_splay = 0.0 {{(pid=96657) log_opt_values /opt/stack/data/venv/lib/python3.12/site-packages/oslo_config/cfg.py:3545}}
Aug 07 21:45:17.975272 np0000006761 nova-scheduler[96657]: DEBUG cotyledon.oslo_config_glue [-] oslo_messaging_rabbit.processname = nova-scheduler {{(pid=96657) log_opt_values /opt/stack/data/venv/lib/python3.12/site-packages/oslo_config/cfg.py:3545}}
Aug 07 21:45:17.975272 np0000006761 nova-scheduler[96657]: DEBUG cotyledon.oslo_config_glue [-] oslo_messaging_rabbit.rabbit_ha_queues = False {{(pid=96657) log_opt_values /opt/stack/data/venv/lib/python3.12/site-packages/oslo_config/cfg.py:3545}}
Aug 07 21:45:17.975272 np0000006761 nova-scheduler[96657]: DEBUG cotyledon.oslo_config_glue [-] oslo_messaging_rabbit.rabbit_interval_max = 30 {{(pid=96657) log_opt_values /opt/stack/data/venv/lib/python3.12/site-packages/oslo_config/cfg.py:3545}}
Aug 07 21:45:17.975272 np0000006761 nova-scheduler[96657]: DEBUG cotyledon.oslo_config_glue [-] oslo_messaging_rabbit.rabbit_login_method = AMQPLAIN {{(pid=96657) log_opt_values /opt/stack/data/venv/lib/python3.12/site-packages/oslo_config/cfg.py:3545}}
Aug 07 21:45:17.975556 np0000006761 nova-scheduler[96657]: DEBUG cotyledon.oslo_config_glue [-] oslo_messaging_rabbit.rabbit_qos_prefetch_count = 0 {{(pid=96657) log_opt_values /opt/stack/data/venv/lib/python3.12/site-packages/oslo_config/cfg.py:3545}}
Aug 07 21:45:17.975556 np0000006761 nova-scheduler[96657]: DEBUG cotyledon.oslo_config_glue [-] oslo_messaging_rabbit.rabbit_quorum_delivery_limit = 0 {{(pid=96657) log_opt_values /opt/stack/data/venv/lib/python3.12/site-packages/oslo_config/cfg.py:3545}}
Aug 07 21:45:17.975556 np0000006761 nova-scheduler[96657]: DEBUG cotyledon.oslo_config_glue [-] oslo_messaging_rabbit.rabbit_quorum_max_memory_bytes = 0 {{(pid=96657) log_opt_values /opt/stack/data/venv/lib/python3.12/site-packages/oslo_config/cfg.py:3545}}
Aug 07 21:45:17.975556 np0000006761 nova-scheduler[96657]: DEBUG cotyledon.oslo_config_glue [-] oslo_messaging_rabbit.rabbit_quorum_max_memory_length = 0 {{(pid=96657) log_opt_values /opt/stack/data/venv/lib/python3.12/site-packages/oslo_config/cfg.py:3545}}
Aug 07 21:45:17.975556 np0000006761 nova-scheduler[96657]: DEBUG cotyledon.oslo_config_glue [-] oslo_messaging_rabbit.rabbit_quorum_queue = False {{(pid=96657) log_opt_values /opt/stack/data/venv/lib/python3.12/site-packages/oslo_config/cfg.py:3545}}
Aug 07 21:45:17.975556 np0000006761 nova-scheduler[96657]: DEBUG cotyledon.oslo_config_glue [-] oslo_messaging_rabbit.rabbit_retry_backoff = 2 {{(pid=96657) log_opt_values /opt/stack/data/venv/lib/python3.12/site-packages/oslo_config/cfg.py:3545}}
Aug 07 21:45:17.975556 np0000006761 nova-scheduler[96657]: DEBUG cotyledon.oslo_config_glue [-] oslo_messaging_rabbit.rabbit_retry_interval = 1 {{(pid=96657) log_opt_values /opt/stack/data/venv/lib/python3.12/site-packages/oslo_config/cfg.py:3545}}
Aug 07 21:45:17.975556 np0000006761 nova-scheduler[96657]: DEBUG cotyledon.oslo_config_glue [-] oslo_messaging_rabbit.rabbit_stream_fanout = False {{(pid=96657) log_opt_values /opt/stack/data/venv/lib/python3.12/site-packages/oslo_config/cfg.py:3545}}
Aug 07 21:45:17.975803 np0000006761 nova-scheduler[96657]: DEBUG cotyledon.oslo_config_glue [-] oslo_messaging_rabbit.rabbit_transient_queues_ttl = 1800 {{(pid=96657) log_opt_values /opt/stack/data/venv/lib/python3.12/site-packages/oslo_config/cfg.py:3545}}
Aug 07 21:45:17.975803 np0000006761 nova-scheduler[96657]: DEBUG cotyledon.oslo_config_glue [-] oslo_messaging_rabbit.rabbit_transient_quorum_queue = False {{(pid=96657) log_opt_values /opt/stack/data/venv/lib/python3.12/site-packages/oslo_config/cfg.py:3545}}
Aug 07 21:45:17.975803 np0000006761 nova-scheduler[96657]: DEBUG cotyledon.oslo_config_glue [-] oslo_messaging_rabbit.rpc_conn_pool_size = 30 {{(pid=96657) log_opt_values /opt/stack/data/venv/lib/python3.12/site-packages/oslo_config/cfg.py:3545}}
Aug 07 21:45:17.975900 np0000006761 nova-scheduler[96653]: INFO dbcounter [None req-73e618a0-60c9-4a1e-a455-51896fbc3038 None None] Registered counter for database nova_cell0
Aug 07 21:45:17.975976 np0000006761 nova-scheduler[96657]: DEBUG cotyledon.oslo_config_glue [-] oslo_messaging_rabbit.ssl = False {{(pid=96657) log_opt_values /opt/stack/data/venv/lib/python3.12/site-packages/oslo_config/cfg.py:3545}}
Aug 07 21:45:17.975976 np0000006761 nova-scheduler[96657]: DEBUG cotyledon.oslo_config_glue [-] oslo_messaging_rabbit.ssl_ca_file = {{(pid=96657) log_opt_values /opt/stack/data/venv/lib/python3.12/site-packages/oslo_config/cfg.py:3545}}
Aug 07 21:45:17.975976 np0000006761 nova-scheduler[96657]: DEBUG cotyledon.oslo_config_glue [-] oslo_messaging_rabbit.ssl_cert_file = {{(pid=96657) log_opt_values /opt/stack/data/venv/lib/python3.12/site-packages/oslo_config/cfg.py:3545}}
Aug 07 21:45:17.975976 np0000006761 nova-scheduler[96657]: DEBUG cotyledon.oslo_config_glue [-] oslo_messaging_rabbit.ssl_enforce_fips_mode = False {{(pid=96657) log_opt_values /opt/stack/data/venv/lib/python3.12/site-packages/oslo_config/cfg.py:3545}}
Aug 07 21:45:17.975976 np0000006761 nova-scheduler[96657]: DEBUG cotyledon.oslo_config_glue [-] oslo_messaging_rabbit.ssl_enforce_hostname_verification = True {{(pid=96657) log_opt_values /opt/stack/data/venv/lib/python3.12/site-packages/oslo_config/cfg.py:3545}}
Aug 07 21:45:17.975976 np0000006761 nova-scheduler[96657]: DEBUG cotyledon.oslo_config_glue [-] oslo_messaging_rabbit.ssl_key_file = {{(pid=96657) log_opt_values /opt/stack/data/venv/lib/python3.12/site-packages/oslo_config/cfg.py:3545}}
Aug 07 21:45:17.975976 np0000006761 nova-scheduler[96657]: DEBUG cotyledon.oslo_config_glue [-] oslo_messaging_rabbit.ssl_version = {{(pid=96657) log_opt_values /opt/stack/data/venv/lib/python3.12/site-packages/oslo_config/cfg.py:3545}}
Aug 07 21:45:17.975976 np0000006761 nova-scheduler[96657]: DEBUG cotyledon.oslo_config_glue [-] oslo_messaging_rabbit.use_queue_manager = False {{(pid=96657) log_opt_values /opt/stack/data/venv/lib/python3.12/site-packages/oslo_config/cfg.py:3545}}
Aug 07 21:45:17.975976 np0000006761 nova-scheduler[96657]: DEBUG cotyledon.oslo_config_glue [-] oslo_messaging_notifications.driver = ['messagingv2'] {{(pid=96657) log_opt_values /opt/stack/data/venv/lib/python3.12/site-packages/oslo_config/cfg.py:3545}}
Aug 07 21:45:17.976264 np0000006761 nova-scheduler[96657]: DEBUG cotyledon.oslo_config_glue [-] oslo_messaging_notifications.retry = -1 {{(pid=96657) log_opt_values /opt/stack/data/venv/lib/python3.12/site-packages/oslo_config/cfg.py:3545}}
Aug 07 21:45:17.976264 np0000006761 nova-scheduler[96657]: DEBUG cotyledon.oslo_config_glue [-] oslo_messaging_notifications.topics = ['notifications'] {{(pid=96657) log_opt_values /opt/stack/data/venv/lib/python3.12/site-packages/oslo_config/cfg.py:3545}}
Aug 07 21:45:17.976264 np0000006761 nova-scheduler[96657]: DEBUG cotyledon.oslo_config_glue [-] oslo_messaging_notifications.transport_url = **** {{(pid=96657) log_opt_values /opt/stack/data/venv/lib/python3.12/site-packages/oslo_config/cfg.py:3545}}
Aug 07 21:45:17.976264 np0000006761 nova-scheduler[96657]: DEBUG cotyledon.oslo_config_glue [-] oslo_limit.auth_section = None {{(pid=96657) log_opt_values /opt/stack/data/venv/lib/python3.12/site-packages/oslo_config/cfg.py:3545}}
Aug 07 21:45:17.976264 np0000006761 nova-scheduler[96657]: DEBUG cotyledon.oslo_config_glue [-] oslo_limit.auth_type = None {{(pid=96657) log_opt_values /opt/stack/data/venv/lib/python3.12/site-packages/oslo_config/cfg.py:3545}}
Aug 07 21:45:17.976264 np0000006761 nova-scheduler[96657]: DEBUG cotyledon.oslo_config_glue [-] oslo_limit.cafile = None {{(pid=96657) log_opt_values /opt/stack/data/venv/lib/python3.12/site-packages/oslo_config/cfg.py:3545}}
Aug 07 21:45:17.976264 np0000006761 nova-scheduler[96657]: DEBUG cotyledon.oslo_config_glue [-] oslo_limit.certfile = None {{(pid=96657) log_opt_values /opt/stack/data/venv/lib/python3.12/site-packages/oslo_config/cfg.py:3545}}
Aug 07 21:45:17.976264 np0000006761 nova-scheduler[96657]: DEBUG cotyledon.oslo_config_glue [-] oslo_limit.collect_timing = False {{(pid=96657) log_opt_values /opt/stack/data/venv/lib/python3.12/site-packages/oslo_config/cfg.py:3545}}
Aug 07 21:45:17.976264 np0000006761 nova-scheduler[96657]: DEBUG cotyledon.oslo_config_glue [-] oslo_limit.connect_retries = None {{(pid=96657) log_opt_values /opt/stack/data/venv/lib/python3.12/site-packages/oslo_config/cfg.py:3545}}
Aug 07 21:45:17.976620 np0000006761 nova-scheduler[96657]: DEBUG cotyledon.oslo_config_glue [-] oslo_limit.connect_retry_delay = None {{(pid=96657) log_opt_values /opt/stack/data/venv/lib/python3.12/site-packages/oslo_config/cfg.py:3545}}
Aug 07 21:45:17.976620 np0000006761 nova-scheduler[96657]: DEBUG cotyledon.oslo_config_glue [-] oslo_limit.endpoint_id = None {{(pid=96657) log_opt_values /opt/stack/data/venv/lib/python3.12/site-packages/oslo_config/cfg.py:3545}}
Aug 07 21:45:17.976620 np0000006761 nova-scheduler[96657]: DEBUG cotyledon.oslo_config_glue [-] oslo_limit.endpoint_interface = public {{(pid=96657) log_opt_values /opt/stack/data/venv/lib/python3.12/site-packages/oslo_config/cfg.py:3545}}
Aug 07 21:45:17.976620 np0000006761 nova-scheduler[96657]: DEBUG cotyledon.oslo_config_glue [-] oslo_limit.endpoint_override = None {{(pid=96657) log_opt_values /opt/stack/data/venv/lib/python3.12/site-packages/oslo_config/cfg.py:3545}}
Aug 07 21:45:17.976620 np0000006761 nova-scheduler[96657]: DEBUG cotyledon.oslo_config_glue [-] oslo_limit.endpoint_region_name = None {{(pid=96657) log_opt_values /opt/stack/data/venv/lib/python3.12/site-packages/oslo_config/cfg.py:3545}}
Aug 07 21:45:17.976620 np0000006761 nova-scheduler[96657]: DEBUG cotyledon.oslo_config_glue [-] oslo_limit.endpoint_service_name = None {{(pid=96657) log_opt_values /opt/stack/data/venv/lib/python3.12/site-packages/oslo_config/cfg.py:3545}}
Aug 07 21:45:17.976620 np0000006761 nova-scheduler[96657]: DEBUG cotyledon.oslo_config_glue [-] oslo_limit.endpoint_service_type = None {{(pid=96657) log_opt_values /opt/stack/data/venv/lib/python3.12/site-packages/oslo_config/cfg.py:3545}}
Aug 07 21:45:17.976620 np0000006761 nova-scheduler[96657]: DEBUG cotyledon.oslo_config_glue [-] oslo_limit.insecure = False {{(pid=96657) log_opt_values /opt/stack/data/venv/lib/python3.12/site-packages/oslo_config/cfg.py:3545}}
Aug 07 21:45:17.976620 np0000006761 nova-scheduler[96657]: DEBUG cotyledon.oslo_config_glue [-] oslo_limit.keyfile = None {{(pid=96657) log_opt_values /opt/stack/data/venv/lib/python3.12/site-packages/oslo_config/cfg.py:3545}}
Aug 07 21:45:17.976907 np0000006761 nova-scheduler[96657]: DEBUG cotyledon.oslo_config_glue [-] oslo_limit.max_version = None {{(pid=96657) log_opt_values /opt/stack/data/venv/lib/python3.12/site-packages/oslo_config/cfg.py:3545}}
Aug 07 21:45:17.976907 np0000006761 nova-scheduler[96657]: DEBUG cotyledon.oslo_config_glue [-] oslo_limit.min_version = None {{(pid=96657) log_opt_values /opt/stack/data/venv/lib/python3.12/site-packages/oslo_config/cfg.py:3545}}
Aug 07 21:45:17.976907 np0000006761 nova-scheduler[96657]: DEBUG cotyledon.oslo_config_glue [-] oslo_limit.region_name = None {{(pid=96657) log_opt_values /opt/stack/data/venv/lib/python3.12/site-packages/oslo_config/cfg.py:3545}}
Aug 07 21:45:17.976907 np0000006761 nova-scheduler[96657]: DEBUG cotyledon.oslo_config_glue [-] oslo_limit.retriable_status_codes = None {{(pid=96657) log_opt_values /opt/stack/data/venv/lib/python3.12/site-packages/oslo_config/cfg.py:3545}}
Aug 07 21:45:17.976907 np0000006761 nova-scheduler[96657]: DEBUG cotyledon.oslo_config_glue [-] oslo_limit.service_name = None {{(pid=96657) log_opt_values /opt/stack/data/venv/lib/python3.12/site-packages/oslo_config/cfg.py:3545}}
Aug 07 21:45:17.976907 np0000006761 nova-scheduler[96657]: DEBUG cotyledon.oslo_config_glue [-] oslo_limit.service_type = None {{(pid=96657) log_opt_values /opt/stack/data/venv/lib/python3.12/site-packages/oslo_config/cfg.py:3545}}
Aug 07 21:45:17.976907 np0000006761 nova-scheduler[96657]: DEBUG cotyledon.oslo_config_glue [-] oslo_limit.split_loggers = False {{(pid=96657) log_opt_values /opt/stack/data/venv/lib/python3.12/site-packages/oslo_config/cfg.py:3545}}
Aug 07 21:45:17.976907 np0000006761 nova-scheduler[96657]: DEBUG cotyledon.oslo_config_glue [-] oslo_limit.status_code_retries = None {{(pid=96657) log_opt_values /opt/stack/data/venv/lib/python3.12/site-packages/oslo_config/cfg.py:3545}}
Aug 07 21:45:17.976907 np0000006761 nova-scheduler[96657]: DEBUG cotyledon.oslo_config_glue [-] oslo_limit.status_code_retry_delay = None {{(pid=96657) log_opt_values /opt/stack/data/venv/lib/python3.12/site-packages/oslo_config/cfg.py:3545}}
Aug 07 21:45:17.977208 np0000006761 nova-scheduler[96657]: DEBUG cotyledon.oslo_config_glue [-] oslo_limit.timeout = None {{(pid=96657) log_opt_values /opt/stack/data/venv/lib/python3.12/site-packages/oslo_config/cfg.py:3545}}
Aug 07 21:45:17.977208 np0000006761 nova-scheduler[96657]: DEBUG cotyledon.oslo_config_glue [-] oslo_limit.valid_interfaces = None {{(pid=96657) log_opt_values /opt/stack/data/venv/lib/python3.12/site-packages/oslo_config/cfg.py:3545}}
Aug 07 21:45:17.977208 np0000006761 nova-scheduler[96657]: DEBUG cotyledon.oslo_config_glue [-] oslo_limit.version = None {{(pid=96657) log_opt_values /opt/stack/data/venv/lib/python3.12/site-packages/oslo_config/cfg.py:3545}}
Aug 07 21:45:17.977208 np0000006761 nova-scheduler[96657]: DEBUG cotyledon.oslo_config_glue [-] oslo_reports.file_event_handler = None {{(pid=96657) log_opt_values /opt/stack/data/venv/lib/python3.12/site-packages/oslo_config/cfg.py:3545}}
Aug 07 21:45:17.977208 np0000006761 nova-scheduler[96657]: DEBUG cotyledon.oslo_config_glue [-] oslo_reports.file_event_handler_interval = 1 {{(pid=96657) log_opt_values /opt/stack/data/venv/lib/python3.12/site-packages/oslo_config/cfg.py:3545}}
Aug 07 21:45:17.977208 np0000006761 nova-scheduler[96657]: DEBUG cotyledon.oslo_config_glue [-] oslo_reports.log_dir = None {{(pid=96657) log_opt_values /opt/stack/data/venv/lib/python3.12/site-packages/oslo_config/cfg.py:3545}}
Aug 07 21:45:17.977208 np0000006761 nova-scheduler[96657]: DEBUG cotyledon.oslo_config_glue [-] ******************************************************************************** {{(pid=96657) log_opt_values /opt/stack/data/venv/lib/python3.12/site-packages/oslo_config/cfg.py:3552}}
Aug 07 21:45:17.977208 np0000006761 nova-scheduler[96657]: DEBUG cotyledon._service_worker [-] Run service ServiceWrapper(3) [96657] {{(pid=96657) wait_forever /opt/stack/data/venv/lib/python3.12/site-packages/cotyledon/_service_worker.py:218}}
Aug 07 21:45:17.977208 np0000006761 nova-scheduler[96657]: INFO nova.service [-] Starting scheduler node (version 33.1.0)
Aug 07 21:45:17.977208 np0000006761 nova-scheduler[96657]: INFO dbcounter [None req-5fd78ffe-2028-400d-aa14-0212aa0703a5 None None] Registered counter for database nova_cell0
Aug 07 21:45:17.977504 np0000006761 nova-scheduler[96651]: DEBUG oslo_db.sqlalchemy.engines [None req-801b5f07-fdfd-4d73-934d-10f6983f06e2 None None] MySQL server mode set to STRICT_TRANS_TABLES,STRICT_ALL_TABLES,NO_ZERO_IN_DATE,NO_ZERO_DATE,ERROR_FOR_DIVISION_BY_ZERO,TRADITIONAL,NO_ENGINE_SUBSTITUTION {{(pid=96651) _check_effective_sql_mode /opt/stack/data/venv/lib/python3.12/site-packages/oslo_db/sqlalchemy/engines.py:325}}
Aug 07 21:45:17.977504 np0000006761 nova-scheduler[96651]: DEBUG dbcounter [-] [96651] Writer thread running {{(pid=96651) stat_writer /opt/stack/data/venv/lib/python3.12/site-packages/dbcounter.py:102}}
Aug 07 21:45:17.977587 np0000006761 nova-scheduler[96655]: DEBUG oslo_db.sqlalchemy.engines [None req-6a5da25a-14fc-497b-b4e7-410098e304ac None None] MySQL server mode set to STRICT_TRANS_TABLES,STRICT_ALL_TABLES,NO_ZERO_IN_DATE,NO_ZERO_DATE,ERROR_FOR_DIVISION_BY_ZERO,TRADITIONAL,NO_ENGINE_SUBSTITUTION {{(pid=96655) _check_effective_sql_mode /opt/stack/data/venv/lib/python3.12/site-packages/oslo_db/sqlalchemy/engines.py:325}}
Aug 07 21:45:17.979834 np0000006761 nova-scheduler[96653]: DEBUG oslo_db.sqlalchemy.engines [None req-73e618a0-60c9-4a1e-a455-51896fbc3038 None None] MySQL server mode set to STRICT_TRANS_TABLES,STRICT_ALL_TABLES,NO_ZERO_IN_DATE,NO_ZERO_DATE,ERROR_FOR_DIVISION_BY_ZERO,TRADITIONAL,NO_ENGINE_SUBSTITUTION {{(pid=96653) _check_effective_sql_mode /opt/stack/data/venv/lib/python3.12/site-packages/oslo_db/sqlalchemy/engines.py:325}}
Aug 07 21:45:17.987794 np0000006761 nova-scheduler[96655]: DEBUG dbcounter [-] [96655] Writer thread running {{(pid=96655) stat_writer /opt/stack/data/venv/lib/python3.12/site-packages/dbcounter.py:102}}
Aug 07 21:45:17.992432 np0000006761 nova-scheduler[96651]: DEBUG nova.service [None req-801b5f07-fdfd-4d73-934d-10f6983f06e2 None None] Creating RPC server for service: nova-scheduler on topic: scheduler {{(pid=96651) start /opt/stack/nova/nova/service.py:196}}
Aug 07 21:45:17.994523 np0000006761 nova-scheduler[96653]: DEBUG dbcounter [-] [96653] Writer thread running {{(pid=96653) stat_writer /opt/stack/data/venv/lib/python3.12/site-packages/dbcounter.py:102}}
Aug 07 21:45:17.997038 np0000006761 nova-scheduler[96657]: DEBUG oslo_db.sqlalchemy.engines [None req-5fd78ffe-2028-400d-aa14-0212aa0703a5 None None] MySQL server mode set to STRICT_TRANS_TABLES,STRICT_ALL_TABLES,NO_ZERO_IN_DATE,NO_ZERO_DATE,ERROR_FOR_DIVISION_BY_ZERO,TRADITIONAL,NO_ENGINE_SUBSTITUTION {{(pid=96657) _check_effective_sql_mode /opt/stack/data/venv/lib/python3.12/site-packages/oslo_db/sqlalchemy/engines.py:325}}
Aug 07 21:45:17.998960 np0000006761 nova-scheduler[96653]: DEBUG nova.service [None req-73e618a0-60c9-4a1e-a455-51896fbc3038 None None] Creating RPC server for service: nova-scheduler on topic: scheduler {{(pid=96653) start /opt/stack/nova/nova/service.py:196}}
Aug 07 21:45:18.006004 np0000006761 nova-scheduler[96655]: DEBUG nova.service [None req-6a5da25a-14fc-497b-b4e7-410098e304ac None None] Creating RPC server for service: nova-scheduler on topic: scheduler {{(pid=96655) start /opt/stack/nova/nova/service.py:196}}
Aug 07 21:45:18.008469 np0000006761 nova-scheduler[96657]: DEBUG dbcounter [-] [96657] Writer thread running {{(pid=96657) stat_writer /opt/stack/data/venv/lib/python3.12/site-packages/dbcounter.py:102}}
Aug 07 21:45:18.011698 np0000006761 nova-scheduler[96657]: DEBUG nova.service [None req-5fd78ffe-2028-400d-aa14-0212aa0703a5 None None] Creating RPC server for service: nova-scheduler on topic: scheduler {{(pid=96657) start /opt/stack/nova/nova/service.py:196}}
Aug 07 21:45:18.026145 np0000006761 nova-scheduler[96651]: DEBUG nova.service [None req-801b5f07-fdfd-4d73-934d-10f6983f06e2 None None] Join ServiceGroup membership for this service scheduler {{(pid=96651) start /opt/stack/nova/nova/service.py:222}}
Aug 07 21:45:18.026365 np0000006761 nova-scheduler[96655]: DEBUG nova.service [None req-6a5da25a-14fc-497b-b4e7-410098e304ac None None] Join ServiceGroup membership for this service scheduler {{(pid=96655) start /opt/stack/nova/nova/service.py:222}}
Aug 07 21:45:18.026421 np0000006761 nova-scheduler[96651]: DEBUG nova.servicegroup.drivers.db [None req-801b5f07-fdfd-4d73-934d-10f6983f06e2 None None] DB_Driver: join new ServiceGroup member np0000006761 to the scheduler group, service = {{(pid=96651) join /opt/stack/nova/nova/servicegroup/drivers/db.py:44}}
Aug 07 21:45:18.026628 np0000006761 nova-scheduler[96655]: DEBUG nova.servicegroup.drivers.db [None req-6a5da25a-14fc-497b-b4e7-410098e304ac None None] DB_Driver: join new ServiceGroup member np0000006761 to the scheduler group, service = {{(pid=96655) join /opt/stack/nova/nova/servicegroup/drivers/db.py:44}}
Aug 07 21:45:18.028506 np0000006761 nova-scheduler[96653]: DEBUG nova.service [None req-73e618a0-60c9-4a1e-a455-51896fbc3038 None None] Join ServiceGroup membership for this service scheduler {{(pid=96653) start /opt/stack/nova/nova/service.py:222}}
Aug 07 21:45:18.029035 np0000006761 nova-scheduler[96653]: DEBUG nova.servicegroup.drivers.db [None req-73e618a0-60c9-4a1e-a455-51896fbc3038 None None] DB_Driver: join new ServiceGroup member np0000006761 to the scheduler group, service = {{(pid=96653) join /opt/stack/nova/nova/servicegroup/drivers/db.py:44}}
Aug 07 21:45:18.033964 np0000006761 nova-scheduler[96657]: DEBUG nova.service [None req-5fd78ffe-2028-400d-aa14-0212aa0703a5 None None] Join ServiceGroup membership for this service scheduler {{(pid=96657) start /opt/stack/nova/nova/service.py:222}}
Aug 07 21:45:18.034223 np0000006761 nova-scheduler[96657]: DEBUG nova.servicegroup.drivers.db [None req-5fd78ffe-2028-400d-aa14-0212aa0703a5 None None] DB_Driver: join new ServiceGroup member np0000006761 to the scheduler group, service = {{(pid=96657) join /opt/stack/nova/nova/servicegroup/drivers/db.py:44}}
Aug 07 21:45:23.046416 np0000006761 nova-scheduler[96655]: DEBUG oslo.service.backend._threading.loopingcall [-] Fixed interval looping call 'nova.servicegroup.drivers.db.DbDriver._report_state' sleeping for 119.98 seconds {{(pid=96655) _run_loop /opt/stack/data/venv/lib/python3.12/site-packages/oslo_service/backend/_threading/loopingcall.py:125}}
Aug 07 21:45:23.047439 np0000006761 nova-scheduler[96653]: DEBUG oslo.service.backend._threading.loopingcall [-] Fixed interval looping call 'nova.servicegroup.drivers.db.DbDriver._report_state' sleeping for 119.98 seconds {{(pid=96653) _run_loop /opt/stack/data/venv/lib/python3.12/site-packages/oslo_service/backend/_threading/loopingcall.py:125}}
Aug 07 21:45:23.047802 np0000006761 nova-scheduler[96651]: DEBUG oslo.service.backend._threading.loopingcall [-] Fixed interval looping call 'nova.servicegroup.drivers.db.DbDriver._report_state' sleeping for 119.98 seconds {{(pid=96651) _run_loop /opt/stack/data/venv/lib/python3.12/site-packages/oslo_service/backend/_threading/loopingcall.py:125}}
Aug 07 21:45:23.050761 np0000006761 nova-scheduler[96657]: DEBUG oslo.service.backend._threading.loopingcall [-] Fixed interval looping call 'nova.servicegroup.drivers.db.DbDriver._report_state' sleeping for 119.99 seconds {{(pid=96657) _run_loop /opt/stack/data/venv/lib/python3.12/site-packages/oslo_service/backend/_threading/loopingcall.py:125}}
Aug 07 21:45:26.030528 np0000006761 nova-scheduler[96655]: DEBUG oslo.service.backend._threading.loopingcall [None req-af0bdc45-45e0-4f64-81d3-c757870a56cc None None] Dynamic interval looping call 'nova.service.Service.periodic_tasks' sleeping for 60.00 seconds {{(pid=96655) _run_loop /opt/stack/data/venv/lib/python3.12/site-packages/oslo_service/backend/_threading/loopingcall.py:125}}
Aug 07 21:45:26.500800 np0000006761 nova-scheduler[95447]: DEBUG dbcounter [-] [95447] Writing DB stats nova_api:SELECT=3 {{(pid=95447) stat_writer /opt/stack/data/venv/lib/python3.12/site-packages/dbcounter.py:115}}
Aug 07 21:45:26.645035 np0000006761 nova-scheduler[95447]: DEBUG dbcounter [-] [95447] Writing DB stats nova_cell0:SELECT=1 {{(pid=95447) stat_writer /opt/stack/data/venv/lib/python3.12/site-packages/dbcounter.py:115}}
Aug 07 21:45:26.652640 np0000006761 nova-scheduler[95447]: DEBUG dbcounter [-] [95447] Writing DB stats nova_cell1:SELECT=1 {{(pid=95447) stat_writer /opt/stack/data/venv/lib/python3.12/site-packages/dbcounter.py:115}}
Aug 07 21:45:33.036869 np0000006761 nova-scheduler[96655]: DEBUG dbcounter [-] [96655] Writing DB stats nova_cell0:SELECT=4,nova_cell0:INSERT=1,nova_cell0:UPDATE=1 {{(pid=96655) stat_writer /opt/stack/data/venv/lib/python3.12/site-packages/dbcounter.py:115}}
Aug 07 21:45:33.038432 np0000006761 nova-scheduler[96651]: DEBUG dbcounter [-] [96651] Writing DB stats nova_cell0:SELECT=4,nova_cell0:INSERT=1,nova_cell0:UPDATE=1 {{(pid=96651) stat_writer /opt/stack/data/venv/lib/python3.12/site-packages/dbcounter.py:115}}
Aug 07 21:45:33.043949 np0000006761 nova-scheduler[96653]: DEBUG dbcounter [-] [96653] Writing DB stats nova_cell0:SELECT=3,nova_cell0:UPDATE=1 {{(pid=96653) stat_writer /opt/stack/data/venv/lib/python3.12/site-packages/dbcounter.py:115}}
Aug 07 21:45:33.047483 np0000006761 nova-scheduler[96657]: DEBUG dbcounter [-] [96657] Writing DB stats nova_cell0:SELECT=3 {{(pid=96657) stat_writer /opt/stack/data/venv/lib/python3.12/site-packages/dbcounter.py:115}}
Aug 07 21:45:36.031410 np0000006761 nova-scheduler[96653]: DEBUG oslo.service.backend._threading.loopingcall [None req-20f90c48-376c-4701-921a-2528b7f9622e None None] Dynamic interval looping call 'nova.service.Service.periodic_tasks' sleeping for 60.00 seconds {{(pid=96653) _run_loop /opt/stack/data/venv/lib/python3.12/site-packages/oslo_service/backend/_threading/loopingcall.py:125}}
Aug 07 21:45:38.036737 np0000006761 nova-scheduler[96657]: DEBUG oslo.service.backend._threading.loopingcall [None req-454f3614-cf4c-4dc4-ae1e-130a1cb22988 None None] Dynamic interval looping call 'nova.service.Service.periodic_tasks' sleeping for 60.00 seconds {{(pid=96657) _run_loop /opt/stack/data/venv/lib/python3.12/site-packages/oslo_service/backend/_threading/loopingcall.py:125}}
Aug 07 21:45:42.030907 np0000006761 nova-scheduler[96651]: DEBUG oslo.service.backend._threading.loopingcall [None req-21e84a78-9ec0-4274-81f8-4875908ae8fe None None] Dynamic interval looping call 'nova.service.Service.periodic_tasks' sleeping for 60.00 seconds {{(pid=96651) _run_loop /opt/stack/data/venv/lib/python3.12/site-packages/oslo_service/backend/_threading/loopingcall.py:125}}
Aug 07 21:46:26.031160 np0000006761 nova-scheduler[96655]: DEBUG oslo.service.backend._threading.loopingcall [None req-af0bdc45-45e0-4f64-81d3-c757870a56cc None None] Dynamic interval looping call 'nova.service.Service.periodic_tasks' sleeping for 60.00 seconds {{(pid=96655) _run_loop /opt/stack/data/venv/lib/python3.12/site-packages/oslo_service/backend/_threading/loopingcall.py:125}}
Aug 07 21:46:36.031964 np0000006761 nova-scheduler[96653]: DEBUG oslo.service.backend._threading.loopingcall [None req-20f90c48-376c-4701-921a-2528b7f9622e None None] Dynamic interval looping call 'nova.service.Service.periodic_tasks' sleeping for 60.00 seconds {{(pid=96653) _run_loop /opt/stack/data/venv/lib/python3.12/site-packages/oslo_service/backend/_threading/loopingcall.py:125}}
Aug 07 21:46:38.037245 np0000006761 nova-scheduler[96657]: DEBUG oslo.service.backend._threading.loopingcall [None req-454f3614-cf4c-4dc4-ae1e-130a1cb22988 None None] Dynamic interval looping call 'nova.service.Service.periodic_tasks' sleeping for 60.00 seconds {{(pid=96657) _run_loop /opt/stack/data/venv/lib/python3.12/site-packages/oslo_service/backend/_threading/loopingcall.py:125}}
Aug 07 21:46:42.031689 np0000006761 nova-scheduler[96651]: DEBUG oslo.service.backend._threading.loopingcall [None req-21e84a78-9ec0-4274-81f8-4875908ae8fe None None] Dynamic interval looping call 'nova.service.Service.periodic_tasks' sleeping for 60.00 seconds {{(pid=96651) _run_loop /opt/stack/data/venv/lib/python3.12/site-packages/oslo_service/backend/_threading/loopingcall.py:125}}
Aug 07 21:47:23.038095 np0000006761 nova-scheduler[96655]: DEBUG oslo.service.backend._threading.loopingcall [-] Fixed interval looping call 'nova.servicegroup.drivers.db.DbDriver._report_state' sleeping for 119.99 seconds {{(pid=96655) _run_loop /opt/stack/data/venv/lib/python3.12/site-packages/oslo_service/backend/_threading/loopingcall.py:125}}
Aug 07 21:47:23.038884 np0000006761 nova-scheduler[96653]: DEBUG oslo.service.backend._threading.loopingcall [-] Fixed interval looping call 'nova.servicegroup.drivers.db.DbDriver._report_state' sleeping for 119.99 seconds {{(pid=96653) _run_loop /opt/stack/data/venv/lib/python3.12/site-packages/oslo_service/backend/_threading/loopingcall.py:125}}
Aug 07 21:47:23.039689 np0000006761 nova-scheduler[96651]: DEBUG oslo.service.backend._threading.loopingcall [-] Fixed interval looping call 'nova.servicegroup.drivers.db.DbDriver._report_state' sleeping for 119.99 seconds {{(pid=96651) _run_loop /opt/stack/data/venv/lib/python3.12/site-packages/oslo_service/backend/_threading/loopingcall.py:125}}
Aug 07 21:47:23.044815 np0000006761 nova-scheduler[96657]: DEBUG oslo.service.backend._threading.loopingcall [-] Fixed interval looping call 'nova.servicegroup.drivers.db.DbDriver._report_state' sleeping for 120.00 seconds {{(pid=96657) _run_loop /opt/stack/data/venv/lib/python3.12/site-packages/oslo_service/backend/_threading/loopingcall.py:125}}
Aug 07 21:47:26.031826 np0000006761 nova-scheduler[96655]: DEBUG oslo.service.backend._threading.loopingcall [None req-af0bdc45-45e0-4f64-81d3-c757870a56cc None None] Dynamic interval looping call 'nova.service.Service.periodic_tasks' sleeping for 60.00 seconds {{(pid=96655) _run_loop /opt/stack/data/venv/lib/python3.12/site-packages/oslo_service/backend/_threading/loopingcall.py:125}}
Aug 07 21:47:33.030658 np0000006761 nova-scheduler[96655]: DEBUG dbcounter [-] [96655] Writing DB stats nova_cell0:SELECT=1,nova_cell0:UPDATE=1 {{(pid=96655) stat_writer /opt/stack/data/venv/lib/python3.12/site-packages/dbcounter.py:115}}
Aug 07 21:47:33.031128 np0000006761 nova-scheduler[96653]: DEBUG dbcounter [-] [96653] Writing DB stats nova_cell0:SELECT=1,nova_cell0:UPDATE=1 {{(pid=96653) stat_writer /opt/stack/data/venv/lib/python3.12/site-packages/dbcounter.py:115}}
Aug 07 21:47:33.031689 np0000006761 nova-scheduler[96651]: DEBUG dbcounter [-] [96651] Writing DB stats nova_cell0:SELECT=1,nova_cell0:UPDATE=1 {{(pid=96651) stat_writer /opt/stack/data/venv/lib/python3.12/site-packages/dbcounter.py:115}}
Aug 07 21:47:33.042971 np0000006761 nova-scheduler[96657]: DEBUG dbcounter [-] [96657] Writing DB stats nova_cell0:SELECT=1 {{(pid=96657) stat_writer /opt/stack/data/venv/lib/python3.12/site-packages/dbcounter.py:115}}
Aug 07 21:47:36.033305 np0000006761 nova-scheduler[96653]: DEBUG oslo.service.backend._threading.loopingcall [None req-20f90c48-376c-4701-921a-2528b7f9622e None None] Dynamic interval looping call 'nova.service.Service.periodic_tasks' sleeping for 60.00 seconds {{(pid=96653) _run_loop /opt/stack/data/venv/lib/python3.12/site-packages/oslo_service/backend/_threading/loopingcall.py:125}}
Aug 07 21:47:38.037776 np0000006761 nova-scheduler[96657]: DEBUG oslo.service.backend._threading.loopingcall [None req-454f3614-cf4c-4dc4-ae1e-130a1cb22988 None None] Dynamic interval looping call 'nova.service.Service.periodic_tasks' sleeping for 60.00 seconds {{(pid=96657) _run_loop /opt/stack/data/venv/lib/python3.12/site-packages/oslo_service/backend/_threading/loopingcall.py:125}}
Aug 07 21:47:42.033094 np0000006761 nova-scheduler[96651]: DEBUG oslo.service.backend._threading.loopingcall [None req-21e84a78-9ec0-4274-81f8-4875908ae8fe None None] Dynamic interval looping call 'nova.service.Service.periodic_tasks' sleeping for 60.00 seconds {{(pid=96651) _run_loop /opt/stack/data/venv/lib/python3.12/site-packages/oslo_service/backend/_threading/loopingcall.py:125}}
Aug 07 21:47:44.840369 np0000006761 nova-scheduler[96651]: DEBUG nova.scheduler.manager [None req-cdd871e0-6728-4568-8727-c8bb7493ffcb tempest-ServerRescueNegativeTestJSON-1901853525 tempest-ServerRescueNegativeTestJSON-1901853525-project-member] Starting to schedule for instances: ['70d5703e-6035-4bb2-8283-7a4997703500'] {{(pid=96651) select_destinations /opt/stack/nova/nova/scheduler/manager.py:209}}
Aug 07 21:47:44.840369 np0000006761 nova-scheduler[96651]: DEBUG nova.scheduler.request_filter [None req-cdd871e0-6728-4568-8727-c8bb7493ffcb tempest-ServerRescueNegativeTestJSON-1901853525 tempest-ServerRescueNegativeTestJSON-1901853525-project-member] compute_status_filter request filter added forbidden trait COMPUTE_STATUS_DISABLED {{(pid=96651) compute_status_filter /opt/stack/nova/nova/scheduler/request_filter.py:253}}
Aug 07 21:47:44.840369 np0000006761 nova-scheduler[96651]: DEBUG nova.scheduler.request_filter [None req-cdd871e0-6728-4568-8727-c8bb7493ffcb tempest-ServerRescueNegativeTestJSON-1901853525 tempest-ServerRescueNegativeTestJSON-1901853525-project-member] Request filter 'compute_status_filter' took 0.0 seconds {{(pid=96651) wrapper /opt/stack/nova/nova/scheduler/request_filter.py:46}}
Aug 07 21:47:44.840369 np0000006761 nova-scheduler[96651]: DEBUG nova.scheduler.request_filter [None req-cdd871e0-6728-4568-8727-c8bb7493ffcb tempest-ServerRescueNegativeTestJSON-1901853525 tempest-ServerRescueNegativeTestJSON-1901853525-project-member] Request filter 'accelerators_filter' took 0.0 seconds {{(pid=96651) wrapper /opt/stack/nova/nova/scheduler/request_filter.py:46}}
Aug 07 21:47:44.840369 np0000006761 nova-scheduler[96651]: DEBUG nova.scheduler.request_filter [None req-cdd871e0-6728-4568-8727-c8bb7493ffcb tempest-ServerRescueNegativeTestJSON-1901853525 tempest-ServerRescueNegativeTestJSON-1901853525-project-member] Request filter 'packed_virtqueue_filter' took 0.0 seconds {{(pid=96651) wrapper /opt/stack/nova/nova/scheduler/request_filter.py:46}}
Aug 07 21:47:44.841124 np0000006761 nova-scheduler[96651]: DEBUG nova.scheduler.request_filter [None req-cdd871e0-6728-4568-8727-c8bb7493ffcb tempest-ServerRescueNegativeTestJSON-1901853525 tempest-ServerRescueNegativeTestJSON-1901853525-project-member] Request filter 'remote_managed_ports_filter' took 0.0 seconds {{(pid=96651) wrapper /opt/stack/nova/nova/scheduler/request_filter.py:46}}
Aug 07 21:47:44.841124 np0000006761 nova-scheduler[96651]: DEBUG nova.scheduler.request_filter [None req-cdd871e0-6728-4568-8727-c8bb7493ffcb tempest-ServerRescueNegativeTestJSON-1901853525 tempest-ServerRescueNegativeTestJSON-1901853525-project-member] ephemeral_encryption_filter skipped {{(pid=96651) ephemeral_encryption_filter /opt/stack/nova/nova/scheduler/request_filter.py:426}}
Aug 07 21:47:44.841124 np0000006761 nova-scheduler[96651]: DEBUG nova.scheduler.request_filter [None req-cdd871e0-6728-4568-8727-c8bb7493ffcb tempest-ServerRescueNegativeTestJSON-1901853525 tempest-ServerRescueNegativeTestJSON-1901853525-project-member] virtio_sound_filter skipped {{(pid=96651) virtio_sound_filter /opt/stack/nova/nova/scheduler/request_filter.py:460}}
Aug 07 21:47:44.841282 np0000006761 nova-scheduler[96651]: DEBUG nova.scheduler.request_filter [None req-cdd871e0-6728-4568-8727-c8bb7493ffcb tempest-ServerRescueNegativeTestJSON-1901853525 tempest-ServerRescueNegativeTestJSON-1901853525-project-member] tpm_secret_security_filter skipped {{(pid=96651) tpm_secret_security_filter /opt/stack/nova/nova/scheduler/request_filter.py:477}}
Aug 07 21:47:45.513986 np0000006761 nova-scheduler[96651]: INFO nova.utils [None req-cdd871e0-6728-4568-8727-c8bb7493ffcb tempest-ServerRescueNegativeTestJSON-1901853525 tempest-ServerRescueNegativeTestJSON-1901853525-project-member] The cell worker thread pool ForkProcess-1.cell_worker is initialized
Aug 07 21:47:45.514418 np0000006761 nova-scheduler[96651]: DEBUG oslo_concurrency.lockutils [None req-cdd871e0-6728-4568-8727-c8bb7493ffcb tempest-ServerRescueNegativeTestJSON-1901853525 tempest-ServerRescueNegativeTestJSON-1901853525-project-member] Acquiring lock "e4a9ecbe-54f9-43d3-9ab3-f9faa6cd0c1a" by "nova.context.set_target_cell..get_or_set_cached_cell_and_set_connections" {{(pid=96651) inner /opt/stack/data/venv/lib/python3.12/site-packages/oslo_concurrency/lockutils.py:512}}
Aug 07 21:47:45.514693 np0000006761 nova-scheduler[96651]: DEBUG oslo_concurrency.lockutils [None req-cdd871e0-6728-4568-8727-c8bb7493ffcb tempest-ServerRescueNegativeTestJSON-1901853525 tempest-ServerRescueNegativeTestJSON-1901853525-project-member] Lock "e4a9ecbe-54f9-43d3-9ab3-f9faa6cd0c1a" acquired by "nova.context.set_target_cell..get_or_set_cached_cell_and_set_connections" :: waited 0.000s {{(pid=96651) inner /opt/stack/data/venv/lib/python3.12/site-packages/oslo_concurrency/lockutils.py:525}}
Aug 07 21:47:45.516224 np0000006761 nova-scheduler[96651]: DEBUG oslo_concurrency.lockutils [None req-cdd871e0-6728-4568-8727-c8bb7493ffcb tempest-ServerRescueNegativeTestJSON-1901853525 tempest-ServerRescueNegativeTestJSON-1901853525-project-member] Lock "e4a9ecbe-54f9-43d3-9ab3-f9faa6cd0c1a" "released" by "nova.context.set_target_cell..get_or_set_cached_cell_and_set_connections" :: held 0.001s {{(pid=96651) inner /opt/stack/data/venv/lib/python3.12/site-packages/oslo_concurrency/lockutils.py:544}}
Aug 07 21:47:45.518607 np0000006761 nova-scheduler[96651]: INFO dbcounter [None req-cdd871e0-6728-4568-8727-c8bb7493ffcb tempest-ServerRescueNegativeTestJSON-1901853525 tempest-ServerRescueNegativeTestJSON-1901853525-project-member] Registered counter for database nova_cell1
Aug 07 21:47:45.569997 np0000006761 nova-scheduler[96651]: DEBUG oslo_db.sqlalchemy.engines [None req-cdd871e0-6728-4568-8727-c8bb7493ffcb tempest-ServerRescueNegativeTestJSON-1901853525 tempest-ServerRescueNegativeTestJSON-1901853525-project-member] MySQL server mode set to STRICT_TRANS_TABLES,STRICT_ALL_TABLES,NO_ZERO_IN_DATE,NO_ZERO_DATE,ERROR_FOR_DIVISION_BY_ZERO,TRADITIONAL,NO_ENGINE_SUBSTITUTION {{(pid=96651) _check_effective_sql_mode /opt/stack/data/venv/lib/python3.12/site-packages/oslo_db/sqlalchemy/engines.py:325}}
Aug 07 21:47:45.583093 np0000006761 nova-scheduler[96651]: DEBUG dbcounter [-] [96651] Writer thread running {{(pid=96651) stat_writer /opt/stack/data/venv/lib/python3.12/site-packages/dbcounter.py:102}}
Aug 07 21:47:45.605234 np0000006761 nova-scheduler[96651]: DEBUG oslo_db.sqlalchemy.engines [None req-cdd871e0-6728-4568-8727-c8bb7493ffcb tempest-ServerRescueNegativeTestJSON-1901853525 tempest-ServerRescueNegativeTestJSON-1901853525-project-member] Parent process 95447 forked (96651) with an open database connection, which is being discarded and recreated. {{(pid=96651) checkout /opt/stack/data/venv/lib/python3.12/site-packages/oslo_db/sqlalchemy/engines.py:402}}
Aug 07 21:47:45.648945 np0000006761 nova-scheduler[96651]: DEBUG dbcounter [-] [96651] Writer thread running {{(pid=96651) stat_writer /opt/stack/data/venv/lib/python3.12/site-packages/dbcounter.py:102}}
