Aug 07 21:45:24.362848 np0000006761 nova-conductor[99076]: DEBUG cotyledon.oslo_config_glue [-] workarounds.disable_group_policy_check_upcall = False {{(pid=99076) log_opt_values /opt/stack/data/venv/lib/python3.12/site-packages/oslo_config/cfg.py:3545}}
Aug 07 21:45:24.362848 np0000006761 nova-conductor[99076]: DEBUG cotyledon.oslo_config_glue [-] workarounds.disable_libvirt_livesnapshot = False {{(pid=99076) log_opt_values /opt/stack/data/venv/lib/python3.12/site-packages/oslo_config/cfg.py:3545}}
Aug 07 21:45:24.362848 np0000006761 nova-conductor[99076]: DEBUG cotyledon.oslo_config_glue [-] workarounds.disable_rootwrap = False {{(pid=99076) log_opt_values /opt/stack/data/venv/lib/python3.12/site-packages/oslo_config/cfg.py:3545}}
Aug 07 21:45:24.362848 np0000006761 nova-conductor[99076]: DEBUG cotyledon.oslo_config_glue [-] workarounds.enable_numa_live_migration = False {{(pid=99076) log_opt_values /opt/stack/data/venv/lib/python3.12/site-packages/oslo_config/cfg.py:3545}}
Aug 07 21:45:24.363183 np0000006761 nova-conductor[99076]: DEBUG cotyledon.oslo_config_glue [-] workarounds.enable_qemu_monitor_announce_self = False {{(pid=99076) log_opt_values /opt/stack/data/venv/lib/python3.12/site-packages/oslo_config/cfg.py:3545}}
Aug 07 21:45:24.363183 np0000006761 nova-conductor[99076]: DEBUG cotyledon.oslo_config_glue [-] workarounds.ensure_libvirt_rbd_instance_dir_cleanup = False {{(pid=99076) log_opt_values /opt/stack/data/venv/lib/python3.12/site-packages/oslo_config/cfg.py:3545}}
Aug 07 21:45:24.363183 np0000006761 nova-conductor[99076]: DEBUG cotyledon.oslo_config_glue [-] workarounds.handle_virt_lifecycle_events = True {{(pid=99076) log_opt_values /opt/stack/data/venv/lib/python3.12/site-packages/oslo_config/cfg.py:3545}}
Aug 07 21:45:24.363183 np0000006761 nova-conductor[99076]: DEBUG cotyledon.oslo_config_glue [-] workarounds.libvirt_disable_apic = False {{(pid=99076) log_opt_values /opt/stack/data/venv/lib/python3.12/site-packages/oslo_config/cfg.py:3545}}
Aug 07 21:45:24.363183 np0000006761 nova-conductor[99076]: DEBUG cotyledon.oslo_config_glue [-] workarounds.never_download_image_if_on_rbd = False {{(pid=99076) log_opt_values /opt/stack/data/venv/lib/python3.12/site-packages/oslo_config/cfg.py:3545}}
Aug 07 21:45:24.363183 np0000006761 nova-conductor[99076]: DEBUG cotyledon.oslo_config_glue [-] workarounds.qemu_monitor_announce_self_count = 3 {{(pid=99076) log_opt_values /opt/stack/data/venv/lib/python3.12/site-packages/oslo_config/cfg.py:3545}}
Aug 07 21:45:24.363183 np0000006761 nova-conductor[99076]: DEBUG cotyledon.oslo_config_glue [-] workarounds.qemu_monitor_announce_self_interval = 1 {{(pid=99076) log_opt_values /opt/stack/data/venv/lib/python3.12/site-packages/oslo_config/cfg.py:3545}}
Aug 07 21:45:24.363183 np0000006761 nova-conductor[99076]: DEBUG cotyledon.oslo_config_glue [-] workarounds.reserve_disk_resource_for_image_cache = False {{(pid=99076) log_opt_values /opt/stack/data/venv/lib/python3.12/site-packages/oslo_config/cfg.py:3545}}
Aug 07 21:45:24.363183 np0000006761 nova-conductor[99076]: DEBUG cotyledon.oslo_config_glue [-] workarounds.skip_cpu_compare_at_startup = False {{(pid=99076) log_opt_values /opt/stack/data/venv/lib/python3.12/site-packages/oslo_config/cfg.py:3545}}
Aug 07 21:45:24.363656 np0000006761 nova-conductor[99076]: DEBUG cotyledon.oslo_config_glue [-] workarounds.skip_cpu_compare_on_dest = False {{(pid=99076) log_opt_values /opt/stack/data/venv/lib/python3.12/site-packages/oslo_config/cfg.py:3545}}
Aug 07 21:45:24.363656 np0000006761 nova-conductor[99076]: DEBUG cotyledon.oslo_config_glue [-] workarounds.skip_hypervisor_version_check_on_lm = False {{(pid=99076) log_opt_values /opt/stack/data/venv/lib/python3.12/site-packages/oslo_config/cfg.py:3545}}
Aug 07 21:45:24.363656 np0000006761 nova-conductor[99076]: DEBUG cotyledon.oslo_config_glue [-] workarounds.skip_reserve_in_use_ironic_nodes = False {{(pid=99076) log_opt_values /opt/stack/data/venv/lib/python3.12/site-packages/oslo_config/cfg.py:3545}}
Aug 07 21:45:24.363656 np0000006761 nova-conductor[99076]: DEBUG cotyledon.oslo_config_glue [-] workarounds.unified_limits_count_pcpu_as_vcpu = False {{(pid=99076) log_opt_values /opt/stack/data/venv/lib/python3.12/site-packages/oslo_config/cfg.py:3545}}
Aug 07 21:45:24.363656 np0000006761 nova-conductor[99076]: DEBUG cotyledon.oslo_config_glue [-] workarounds.wait_for_vif_plugged_event_during_hard_reboot = [] {{(pid=99076) log_opt_values /opt/stack/data/venv/lib/python3.12/site-packages/oslo_config/cfg.py:3545}}
Aug 07 21:45:24.363656 np0000006761 nova-conductor[99076]: DEBUG cotyledon.oslo_config_glue [-] wsgi.api_paste_config = /etc/nova/api-paste.ini {{(pid=99076) log_opt_values /opt/stack/data/venv/lib/python3.12/site-packages/oslo_config/cfg.py:3545}}
Aug 07 21:45:24.363656 np0000006761 nova-conductor[99076]: DEBUG cotyledon.oslo_config_glue [-] wsgi.secure_proxy_ssl_header = None {{(pid=99076) log_opt_values /opt/stack/data/venv/lib/python3.12/site-packages/oslo_config/cfg.py:3545}}
Aug 07 21:45:24.363656 np0000006761 nova-conductor[99076]: DEBUG cotyledon.oslo_config_glue [-] zvm.ca_file = None {{(pid=99076) log_opt_values /opt/stack/data/venv/lib/python3.12/site-packages/oslo_config/cfg.py:3545}}
Aug 07 21:45:24.363656 np0000006761 nova-conductor[99076]: DEBUG cotyledon.oslo_config_glue [-] zvm.cloud_connector_url = None {{(pid=99076) log_opt_values /opt/stack/data/venv/lib/python3.12/site-packages/oslo_config/cfg.py:3545}}
Aug 07 21:45:24.363941 np0000006761 nova-conductor[99076]: DEBUG cotyledon.oslo_config_glue [-] zvm.image_tmp_path = /opt/stack/data/nova/images {{(pid=99076) log_opt_values /opt/stack/data/venv/lib/python3.12/site-packages/oslo_config/cfg.py:3545}}
Aug 07 21:45:24.363941 np0000006761 nova-conductor[99076]: DEBUG cotyledon.oslo_config_glue [-] zvm.reachable_timeout = 300 {{(pid=99076) log_opt_values /opt/stack/data/venv/lib/python3.12/site-packages/oslo_config/cfg.py:3545}}
Aug 07 21:45:24.363941 np0000006761 nova-conductor[99076]: DEBUG cotyledon.oslo_config_glue [-] oslo_versionedobjects.fatal_exception_format_errors = False {{(pid=99076) log_opt_values /opt/stack/data/venv/lib/python3.12/site-packages/oslo_config/cfg.py:3545}}
Aug 07 21:45:24.363941 np0000006761 nova-conductor[99076]: DEBUG cotyledon.oslo_config_glue [-] oslo_middleware.http_basic_auth_user_file = /etc/htpasswd {{(pid=99076) log_opt_values /opt/stack/data/venv/lib/python3.12/site-packages/oslo_config/cfg.py:3545}}
Aug 07 21:45:24.363941 np0000006761 nova-conductor[99076]: DEBUG cotyledon.oslo_config_glue [-] profiler.connection_string = messaging:// {{(pid=99076) log_opt_values /opt/stack/data/venv/lib/python3.12/site-packages/oslo_config/cfg.py:3545}}
Aug 07 21:45:24.363941 np0000006761 nova-conductor[99076]: DEBUG cotyledon.oslo_config_glue [-] profiler.enabled = False {{(pid=99076) log_opt_values /opt/stack/data/venv/lib/python3.12/site-packages/oslo_config/cfg.py:3545}}
Aug 07 21:45:24.363941 np0000006761 nova-conductor[99076]: DEBUG cotyledon.oslo_config_glue [-] profiler.es_doc_type = notification {{(pid=99076) log_opt_values /opt/stack/data/venv/lib/python3.12/site-packages/oslo_config/cfg.py:3545}}
Aug 07 21:45:24.363941 np0000006761 nova-conductor[99076]: DEBUG cotyledon.oslo_config_glue [-] profiler.es_scroll_size = 10000 {{(pid=99076) log_opt_values /opt/stack/data/venv/lib/python3.12/site-packages/oslo_config/cfg.py:3545}}
Aug 07 21:45:24.363941 np0000006761 nova-conductor[99076]: DEBUG cotyledon.oslo_config_glue [-] profiler.es_scroll_time = 2m {{(pid=99076) log_opt_values /opt/stack/data/venv/lib/python3.12/site-packages/oslo_config/cfg.py:3545}}
Aug 07 21:45:24.364455 np0000006761 nova-conductor[99076]: DEBUG cotyledon.oslo_config_glue [-] profiler.filter_error_trace = False {{(pid=99076) log_opt_values /opt/stack/data/venv/lib/python3.12/site-packages/oslo_config/cfg.py:3545}}
Aug 07 21:45:24.364455 np0000006761 nova-conductor[99076]: DEBUG cotyledon.oslo_config_glue [-] profiler.hmac_keys = **** {{(pid=99076) log_opt_values /opt/stack/data/venv/lib/python3.12/site-packages/oslo_config/cfg.py:3545}}
Aug 07 21:45:24.364455 np0000006761 nova-conductor[99076]: DEBUG cotyledon.oslo_config_glue [-] profiler.sentinel_service_name = mymaster {{(pid=99076) log_opt_values /opt/stack/data/venv/lib/python3.12/site-packages/oslo_config/cfg.py:3545}}
Aug 07 21:45:24.364455 np0000006761 nova-conductor[99076]: DEBUG cotyledon.oslo_config_glue [-] profiler.socket_timeout = 0.1 {{(pid=99076) log_opt_values /opt/stack/data/venv/lib/python3.12/site-packages/oslo_config/cfg.py:3545}}
Aug 07 21:45:24.364455 np0000006761 nova-conductor[99076]: DEBUG cotyledon.oslo_config_glue [-] profiler.trace_requests = False {{(pid=99076) log_opt_values /opt/stack/data/venv/lib/python3.12/site-packages/oslo_config/cfg.py:3545}}
Aug 07 21:45:24.364455 np0000006761 nova-conductor[99076]: DEBUG cotyledon.oslo_config_glue [-] profiler.trace_sqlalchemy = False {{(pid=99076) log_opt_values /opt/stack/data/venv/lib/python3.12/site-packages/oslo_config/cfg.py:3545}}
Aug 07 21:45:24.364455 np0000006761 nova-conductor[99076]: DEBUG cotyledon.oslo_config_glue [-] profiler_jaeger.process_tags = {} {{(pid=99076) log_opt_values /opt/stack/data/venv/lib/python3.12/site-packages/oslo_config/cfg.py:3545}}
Aug 07 21:45:24.364455 np0000006761 nova-conductor[99076]: DEBUG cotyledon.oslo_config_glue [-] profiler_jaeger.service_name_prefix = None {{(pid=99076) log_opt_values /opt/stack/data/venv/lib/python3.12/site-packages/oslo_config/cfg.py:3545}}
Aug 07 21:45:24.364455 np0000006761 nova-conductor[99076]: DEBUG cotyledon.oslo_config_glue [-] profiler_otlp.service_name_prefix = None {{(pid=99076) log_opt_values /opt/stack/data/venv/lib/python3.12/site-packages/oslo_config/cfg.py:3545}}
Aug 07 21:45:24.364753 np0000006761 nova-conductor[99076]: DEBUG cotyledon.oslo_config_glue [-] oslo_messaging_rabbit.amqp_auto_delete = False {{(pid=99076) log_opt_values /opt/stack/data/venv/lib/python3.12/site-packages/oslo_config/cfg.py:3545}}
Aug 07 21:45:24.364753 np0000006761 nova-conductor[99076]: DEBUG cotyledon.oslo_config_glue [-] oslo_messaging_rabbit.amqp_durable_queues = False {{(pid=99076) log_opt_values /opt/stack/data/venv/lib/python3.12/site-packages/oslo_config/cfg.py:3545}}
Aug 07 21:45:24.364753 np0000006761 nova-conductor[99076]: DEBUG cotyledon.oslo_config_glue [-] oslo_messaging_rabbit.conn_pool_min_size = 2 {{(pid=99076) log_opt_values /opt/stack/data/venv/lib/python3.12/site-packages/oslo_config/cfg.py:3545}}
Aug 07 21:45:24.364753 np0000006761 nova-conductor[99076]: DEBUG cotyledon.oslo_config_glue [-] oslo_messaging_rabbit.conn_pool_ttl = 1200 {{(pid=99076) log_opt_values /opt/stack/data/venv/lib/python3.12/site-packages/oslo_config/cfg.py:3545}}
Aug 07 21:45:24.364753 np0000006761 nova-conductor[99076]: DEBUG cotyledon.oslo_config_glue [-] oslo_messaging_rabbit.direct_mandatory_flag = True {{(pid=99076) log_opt_values /opt/stack/data/venv/lib/python3.12/site-packages/oslo_config/cfg.py:3545}}
Aug 07 21:45:24.364753 np0000006761 nova-conductor[99076]: DEBUG cotyledon.oslo_config_glue [-] oslo_messaging_rabbit.enable_cancel_on_failover = False {{(pid=99076) log_opt_values /opt/stack/data/venv/lib/python3.12/site-packages/oslo_config/cfg.py:3545}}
Aug 07 21:45:24.364753 np0000006761 nova-conductor[99076]: DEBUG cotyledon.oslo_config_glue [-] oslo_messaging_rabbit.heartbeat_rate = 3 {{(pid=99076) log_opt_values /opt/stack/data/venv/lib/python3.12/site-packages/oslo_config/cfg.py:3545}}
Aug 07 21:45:24.364753 np0000006761 nova-conductor[99076]: DEBUG cotyledon.oslo_config_glue [-] oslo_messaging_rabbit.heartbeat_timeout_threshold = 60 {{(pid=99076) log_opt_values /opt/stack/data/venv/lib/python3.12/site-packages/oslo_config/cfg.py:3545}}
Aug 07 21:45:24.364753 np0000006761 nova-conductor[99076]: DEBUG cotyledon.oslo_config_glue [-] oslo_messaging_rabbit.hostname = np0000006761 {{(pid=99076) log_opt_values /opt/stack/data/venv/lib/python3.12/site-packages/oslo_config/cfg.py:3545}}
Aug 07 21:45:24.365330 np0000006761 nova-conductor[99076]: DEBUG cotyledon.oslo_config_glue [-] oslo_messaging_rabbit.kombu_compression = None {{(pid=99076) log_opt_values /opt/stack/data/venv/lib/python3.12/site-packages/oslo_config/cfg.py:3545}}
Aug 07 21:45:24.365330 np0000006761 nova-conductor[99076]: DEBUG cotyledon.oslo_config_glue [-] oslo_messaging_rabbit.kombu_failover_strategy = round-robin {{(pid=99076) log_opt_values /opt/stack/data/venv/lib/python3.12/site-packages/oslo_config/cfg.py:3545}}
Aug 07 21:45:24.365330 np0000006761 nova-conductor[99076]: DEBUG cotyledon.oslo_config_glue [-] oslo_messaging_rabbit.kombu_missing_consumer_retry_timeout = 60 {{(pid=99076) log_opt_values /opt/stack/data/venv/lib/python3.12/site-packages/oslo_config/cfg.py:3545}}
Aug 07 21:45:24.365330 np0000006761 nova-conductor[99076]: DEBUG cotyledon.oslo_config_glue [-] oslo_messaging_rabbit.kombu_reconnect_delay = 1.0 {{(pid=99076) log_opt_values /opt/stack/data/venv/lib/python3.12/site-packages/oslo_config/cfg.py:3545}}
Aug 07 21:45:24.365330 np0000006761 nova-conductor[99076]: DEBUG cotyledon.oslo_config_glue [-] oslo_messaging_rabbit.kombu_reconnect_splay = 0.0 {{(pid=99076) log_opt_values /opt/stack/data/venv/lib/python3.12/site-packages/oslo_config/cfg.py:3545}}
Aug 07 21:45:24.365330 np0000006761 nova-conductor[99076]: DEBUG cotyledon.oslo_config_glue [-] oslo_messaging_rabbit.processname = nova-conductor {{(pid=99076) log_opt_values /opt/stack/data/venv/lib/python3.12/site-packages/oslo_config/cfg.py:3545}}
Aug 07 21:45:24.365330 np0000006761 nova-conductor[99076]: DEBUG cotyledon.oslo_config_glue [-] oslo_messaging_rabbit.rabbit_ha_queues = False {{(pid=99076) log_opt_values /opt/stack/data/venv/lib/python3.12/site-packages/oslo_config/cfg.py:3545}}
Aug 07 21:45:24.365330 np0000006761 nova-conductor[99076]: DEBUG cotyledon.oslo_config_glue [-] oslo_messaging_rabbit.rabbit_interval_max = 30 {{(pid=99076) log_opt_values /opt/stack/data/venv/lib/python3.12/site-packages/oslo_config/cfg.py:3545}}
Aug 07 21:45:24.365330 np0000006761 nova-conductor[99076]: DEBUG cotyledon.oslo_config_glue [-] oslo_messaging_rabbit.rabbit_login_method = AMQPLAIN {{(pid=99076) log_opt_values /opt/stack/data/venv/lib/python3.12/site-packages/oslo_config/cfg.py:3545}}
Aug 07 21:45:24.365676 np0000006761 nova-conductor[99076]: DEBUG cotyledon.oslo_config_glue [-] oslo_messaging_rabbit.rabbit_qos_prefetch_count = 0 {{(pid=99076) log_opt_values /opt/stack/data/venv/lib/python3.12/site-packages/oslo_config/cfg.py:3545}}
Aug 07 21:45:24.365676 np0000006761 nova-conductor[99076]: DEBUG cotyledon.oslo_config_glue [-] oslo_messaging_rabbit.rabbit_quorum_delivery_limit = 0 {{(pid=99076) log_opt_values /opt/stack/data/venv/lib/python3.12/site-packages/oslo_config/cfg.py:3545}}
Aug 07 21:45:24.365676 np0000006761 nova-conductor[99076]: DEBUG cotyledon.oslo_config_glue [-] oslo_messaging_rabbit.rabbit_quorum_max_memory_bytes = 0 {{(pid=99076) log_opt_values /opt/stack/data/venv/lib/python3.12/site-packages/oslo_config/cfg.py:3545}}
Aug 07 21:45:24.365676 np0000006761 nova-conductor[99076]: DEBUG cotyledon.oslo_config_glue [-] oslo_messaging_rabbit.rabbit_quorum_max_memory_length = 0 {{(pid=99076) log_opt_values /opt/stack/data/venv/lib/python3.12/site-packages/oslo_config/cfg.py:3545}}
Aug 07 21:45:24.365676 np0000006761 nova-conductor[99076]: DEBUG cotyledon.oslo_config_glue [-] oslo_messaging_rabbit.rabbit_quorum_queue = False {{(pid=99076) log_opt_values /opt/stack/data/venv/lib/python3.12/site-packages/oslo_config/cfg.py:3545}}
Aug 07 21:45:24.365676 np0000006761 nova-conductor[99076]: DEBUG cotyledon.oslo_config_glue [-] oslo_messaging_rabbit.rabbit_retry_backoff = 2 {{(pid=99076) log_opt_values /opt/stack/data/venv/lib/python3.12/site-packages/oslo_config/cfg.py:3545}}
Aug 07 21:45:24.365676 np0000006761 nova-conductor[99076]: DEBUG cotyledon.oslo_config_glue [-] oslo_messaging_rabbit.rabbit_retry_interval = 1 {{(pid=99076) log_opt_values /opt/stack/data/venv/lib/python3.12/site-packages/oslo_config/cfg.py:3545}}
Aug 07 21:45:24.365676 np0000006761 nova-conductor[99076]: DEBUG cotyledon.oslo_config_glue [-] oslo_messaging_rabbit.rabbit_stream_fanout = False {{(pid=99076) log_opt_values /opt/stack/data/venv/lib/python3.12/site-packages/oslo_config/cfg.py:3545}}
Aug 07 21:45:24.365981 np0000006761 nova-conductor[99076]: DEBUG cotyledon.oslo_config_glue [-] oslo_messaging_rabbit.rabbit_transient_queues_ttl = 1800 {{(pid=99076) log_opt_values /opt/stack/data/venv/lib/python3.12/site-packages/oslo_config/cfg.py:3545}}
Aug 07 21:45:24.365981 np0000006761 nova-conductor[99076]: DEBUG cotyledon.oslo_config_glue [-] oslo_messaging_rabbit.rabbit_transient_quorum_queue = False {{(pid=99076) log_opt_values /opt/stack/data/venv/lib/python3.12/site-packages/oslo_config/cfg.py:3545}}
Aug 07 21:45:24.365981 np0000006761 nova-conductor[99076]: DEBUG cotyledon.oslo_config_glue [-] oslo_messaging_rabbit.rpc_conn_pool_size = 30 {{(pid=99076) log_opt_values /opt/stack/data/venv/lib/python3.12/site-packages/oslo_config/cfg.py:3545}}
Aug 07 21:45:24.365981 np0000006761 nova-conductor[99076]: DEBUG cotyledon.oslo_config_glue [-] oslo_messaging_rabbit.ssl = False {{(pid=99076) log_opt_values /opt/stack/data/venv/lib/python3.12/site-packages/oslo_config/cfg.py:3545}}
Aug 07 21:45:24.365981 np0000006761 nova-conductor[99076]: DEBUG cotyledon.oslo_config_glue [-] oslo_messaging_rabbit.ssl_ca_file = {{(pid=99076) log_opt_values /opt/stack/data/venv/lib/python3.12/site-packages/oslo_config/cfg.py:3545}}
Aug 07 21:45:24.365981 np0000006761 nova-conductor[99076]: DEBUG cotyledon.oslo_config_glue [-] oslo_messaging_rabbit.ssl_cert_file = {{(pid=99076) log_opt_values /opt/stack/data/venv/lib/python3.12/site-packages/oslo_config/cfg.py:3545}}
Aug 07 21:45:24.365981 np0000006761 nova-conductor[99076]: DEBUG cotyledon.oslo_config_glue [-] oslo_messaging_rabbit.ssl_enforce_fips_mode = False {{(pid=99076) log_opt_values /opt/stack/data/venv/lib/python3.12/site-packages/oslo_config/cfg.py:3545}}
Aug 07 21:45:24.365981 np0000006761 nova-conductor[99076]: DEBUG cotyledon.oslo_config_glue [-] oslo_messaging_rabbit.ssl_enforce_hostname_verification = True {{(pid=99076) log_opt_values /opt/stack/data/venv/lib/python3.12/site-packages/oslo_config/cfg.py:3545}}
Aug 07 21:45:24.365981 np0000006761 nova-conductor[99076]: DEBUG cotyledon.oslo_config_glue [-] oslo_messaging_rabbit.ssl_key_file = {{(pid=99076) log_opt_values /opt/stack/data/venv/lib/python3.12/site-packages/oslo_config/cfg.py:3545}}
Aug 07 21:45:24.366248 np0000006761 nova-conductor[99076]: DEBUG cotyledon.oslo_config_glue [-] oslo_messaging_rabbit.ssl_version = {{(pid=99076) log_opt_values /opt/stack/data/venv/lib/python3.12/site-packages/oslo_config/cfg.py:3545}}
Aug 07 21:45:24.366248 np0000006761 nova-conductor[99076]: DEBUG cotyledon.oslo_config_glue [-] oslo_messaging_rabbit.use_queue_manager = False {{(pid=99076) log_opt_values /opt/stack/data/venv/lib/python3.12/site-packages/oslo_config/cfg.py:3545}}
Aug 07 21:45:24.366248 np0000006761 nova-conductor[99076]: DEBUG cotyledon.oslo_config_glue [-] oslo_messaging_notifications.driver = ['messagingv2'] {{(pid=99076) log_opt_values /opt/stack/data/venv/lib/python3.12/site-packages/oslo_config/cfg.py:3545}}
Aug 07 21:45:24.366248 np0000006761 nova-conductor[99076]: DEBUG cotyledon.oslo_config_glue [-] oslo_messaging_notifications.retry = -1 {{(pid=99076) log_opt_values /opt/stack/data/venv/lib/python3.12/site-packages/oslo_config/cfg.py:3545}}
Aug 07 21:45:24.366248 np0000006761 nova-conductor[99076]: DEBUG cotyledon.oslo_config_glue [-] oslo_messaging_notifications.topics = ['notifications'] {{(pid=99076) log_opt_values /opt/stack/data/venv/lib/python3.12/site-packages/oslo_config/cfg.py:3545}}
Aug 07 21:45:24.366248 np0000006761 nova-conductor[99076]: DEBUG cotyledon.oslo_config_glue [-] oslo_messaging_notifications.transport_url = **** {{(pid=99076) log_opt_values /opt/stack/data/venv/lib/python3.12/site-packages/oslo_config/cfg.py:3545}}
Aug 07 21:45:24.366248 np0000006761 nova-conductor[99076]: DEBUG cotyledon.oslo_config_glue [-] oslo_limit.auth_section = None {{(pid=99076) log_opt_values /opt/stack/data/venv/lib/python3.12/site-packages/oslo_config/cfg.py:3545}}
Aug 07 21:45:24.366248 np0000006761 nova-conductor[99076]: DEBUG cotyledon.oslo_config_glue [-] oslo_limit.auth_type = None {{(pid=99076) log_opt_values /opt/stack/data/venv/lib/python3.12/site-packages/oslo_config/cfg.py:3545}}
Aug 07 21:45:24.366248 np0000006761 nova-conductor[99076]: DEBUG cotyledon.oslo_config_glue [-] oslo_limit.cafile = None {{(pid=99076) log_opt_values /opt/stack/data/venv/lib/python3.12/site-packages/oslo_config/cfg.py:3545}}
Aug 07 21:45:24.366484 np0000006761 nova-conductor[99076]: DEBUG cotyledon.oslo_config_glue [-] oslo_limit.certfile = None {{(pid=99076) log_opt_values /opt/stack/data/venv/lib/python3.12/site-packages/oslo_config/cfg.py:3545}}
Aug 07 21:45:24.366484 np0000006761 nova-conductor[99076]: DEBUG cotyledon.oslo_config_glue [-] oslo_limit.collect_timing = False {{(pid=99076) log_opt_values /opt/stack/data/venv/lib/python3.12/site-packages/oslo_config/cfg.py:3545}}
Aug 07 21:45:24.366484 np0000006761 nova-conductor[99076]: DEBUG cotyledon.oslo_config_glue [-] oslo_limit.connect_retries = None {{(pid=99076) log_opt_values /opt/stack/data/venv/lib/python3.12/site-packages/oslo_config/cfg.py:3545}}
Aug 07 21:45:24.366484 np0000006761 nova-conductor[99076]: DEBUG cotyledon.oslo_config_glue [-] oslo_limit.connect_retry_delay = None {{(pid=99076) log_opt_values /opt/stack/data/venv/lib/python3.12/site-packages/oslo_config/cfg.py:3545}}
Aug 07 21:45:24.366484 np0000006761 nova-conductor[99076]: DEBUG cotyledon.oslo_config_glue [-] oslo_limit.endpoint_id = None {{(pid=99076) log_opt_values /opt/stack/data/venv/lib/python3.12/site-packages/oslo_config/cfg.py:3545}}
Aug 07 21:45:24.366484 np0000006761 nova-conductor[99076]: DEBUG cotyledon.oslo_config_glue [-] oslo_limit.endpoint_interface = public {{(pid=99076) log_opt_values /opt/stack/data/venv/lib/python3.12/site-packages/oslo_config/cfg.py:3545}}
Aug 07 21:45:24.366484 np0000006761 nova-conductor[99076]: DEBUG cotyledon.oslo_config_glue [-] oslo_limit.endpoint_override = None {{(pid=99076) log_opt_values /opt/stack/data/venv/lib/python3.12/site-packages/oslo_config/cfg.py:3545}}
Aug 07 21:45:24.366484 np0000006761 nova-conductor[99076]: DEBUG cotyledon.oslo_config_glue [-] oslo_limit.endpoint_region_name = None {{(pid=99076) log_opt_values /opt/stack/data/venv/lib/python3.12/site-packages/oslo_config/cfg.py:3545}}
Aug 07 21:45:24.366484 np0000006761 nova-conductor[99076]: DEBUG cotyledon.oslo_config_glue [-] oslo_limit.endpoint_service_name = None {{(pid=99076) log_opt_values /opt/stack/data/venv/lib/python3.12/site-packages/oslo_config/cfg.py:3545}}
Aug 07 21:45:24.366761 np0000006761 nova-conductor[99076]: DEBUG cotyledon.oslo_config_glue [-] oslo_limit.endpoint_service_type = None {{(pid=99076) log_opt_values /opt/stack/data/venv/lib/python3.12/site-packages/oslo_config/cfg.py:3545}}
Aug 07 21:45:24.366761 np0000006761 nova-conductor[99076]: DEBUG cotyledon.oslo_config_glue [-] oslo_limit.insecure = False {{(pid=99076) log_opt_values /opt/stack/data/venv/lib/python3.12/site-packages/oslo_config/cfg.py:3545}}
Aug 07 21:45:24.366761 np0000006761 nova-conductor[99076]: DEBUG cotyledon.oslo_config_glue [-] oslo_limit.keyfile = None {{(pid=99076) log_opt_values /opt/stack/data/venv/lib/python3.12/site-packages/oslo_config/cfg.py:3545}}
Aug 07 21:45:24.366761 np0000006761 nova-conductor[99076]: DEBUG cotyledon.oslo_config_glue [-] oslo_limit.max_version = None {{(pid=99076) log_opt_values /opt/stack/data/venv/lib/python3.12/site-packages/oslo_config/cfg.py:3545}}
Aug 07 21:45:24.366761 np0000006761 nova-conductor[99076]: DEBUG cotyledon.oslo_config_glue [-] oslo_limit.min_version = None {{(pid=99076) log_opt_values /opt/stack/data/venv/lib/python3.12/site-packages/oslo_config/cfg.py:3545}}
Aug 07 21:45:24.366761 np0000006761 nova-conductor[99076]: DEBUG cotyledon.oslo_config_glue [-] oslo_limit.region_name = None {{(pid=99076) log_opt_values /opt/stack/data/venv/lib/python3.12/site-packages/oslo_config/cfg.py:3545}}
Aug 07 21:45:24.366761 np0000006761 nova-conductor[99076]: DEBUG cotyledon.oslo_config_glue [-] oslo_limit.retriable_status_codes = None {{(pid=99076) log_opt_values /opt/stack/data/venv/lib/python3.12/site-packages/oslo_config/cfg.py:3545}}
Aug 07 21:45:24.366761 np0000006761 nova-conductor[99076]: DEBUG cotyledon.oslo_config_glue [-] oslo_limit.service_name = None {{(pid=99076) log_opt_values /opt/stack/data/venv/lib/python3.12/site-packages/oslo_config/cfg.py:3545}}
Aug 07 21:45:24.366761 np0000006761 nova-conductor[99076]: DEBUG cotyledon.oslo_config_glue [-] oslo_limit.service_type = None {{(pid=99076) log_opt_values /opt/stack/data/venv/lib/python3.12/site-packages/oslo_config/cfg.py:3545}}
Aug 07 21:45:24.367617 np0000006761 nova-conductor[99076]: DEBUG cotyledon.oslo_config_glue [-] oslo_limit.split_loggers = False {{(pid=99076) log_opt_values /opt/stack/data/venv/lib/python3.12/site-packages/oslo_config/cfg.py:3545}}
Aug 07 21:45:24.367617 np0000006761 nova-conductor[99076]: DEBUG cotyledon.oslo_config_glue [-] oslo_limit.status_code_retries = None {{(pid=99076) log_opt_values /opt/stack/data/venv/lib/python3.12/site-packages/oslo_config/cfg.py:3545}}
Aug 07 21:45:24.367617 np0000006761 nova-conductor[99076]: DEBUG cotyledon.oslo_config_glue [-] oslo_limit.status_code_retry_delay = None {{(pid=99076) log_opt_values /opt/stack/data/venv/lib/python3.12/site-packages/oslo_config/cfg.py:3545}}
Aug 07 21:45:24.367617 np0000006761 nova-conductor[99076]: DEBUG cotyledon.oslo_config_glue [-] oslo_limit.timeout = None {{(pid=99076) log_opt_values /opt/stack/data/venv/lib/python3.12/site-packages/oslo_config/cfg.py:3545}}
Aug 07 21:45:24.367617 np0000006761 nova-conductor[99076]: DEBUG cotyledon.oslo_config_glue [-] oslo_limit.valid_interfaces = None {{(pid=99076) log_opt_values /opt/stack/data/venv/lib/python3.12/site-packages/oslo_config/cfg.py:3545}}
Aug 07 21:45:24.367617 np0000006761 nova-conductor[99076]: DEBUG cotyledon.oslo_config_glue [-] oslo_limit.version = None {{(pid=99076) log_opt_values /opt/stack/data/venv/lib/python3.12/site-packages/oslo_config/cfg.py:3545}}
Aug 07 21:45:24.367617 np0000006761 nova-conductor[99076]: DEBUG cotyledon.oslo_config_glue [-] oslo_reports.file_event_handler = None {{(pid=99076) log_opt_values /opt/stack/data/venv/lib/python3.12/site-packages/oslo_config/cfg.py:3545}}
Aug 07 21:45:24.367617 np0000006761 nova-conductor[99076]: DEBUG cotyledon.oslo_config_glue [-] oslo_reports.file_event_handler_interval = 1 {{(pid=99076) log_opt_values /opt/stack/data/venv/lib/python3.12/site-packages/oslo_config/cfg.py:3545}}
Aug 07 21:45:24.367617 np0000006761 nova-conductor[99076]: DEBUG cotyledon.oslo_config_glue [-] oslo_reports.log_dir = None {{(pid=99076) log_opt_values /opt/stack/data/venv/lib/python3.12/site-packages/oslo_config/cfg.py:3545}}
Aug 07 21:45:24.368132 np0000006761 nova-conductor[99076]: DEBUG cotyledon.oslo_config_glue [-] ******************************************************************************** {{(pid=99076) log_opt_values /opt/stack/data/venv/lib/python3.12/site-packages/oslo_config/cfg.py:3552}}
Aug 07 21:45:24.368132 np0000006761 nova-conductor[99076]: DEBUG cotyledon._service_worker [-] Run service ServiceWrapper(3) [99076] {{(pid=99076) wait_forever /opt/stack/data/venv/lib/python3.12/site-packages/cotyledon/_service_worker.py:218}}
Aug 07 21:45:24.368132 np0000006761 nova-conductor[99076]: INFO nova.service [-] Starting conductor node (version 33.1.0)
Aug 07 21:45:24.368132 np0000006761 nova-conductor[99076]: INFO dbcounter [None req-4273a8e3-6a73-45c2-a53b-77cb2a3c5ba7 None None] Registered counter for database nova_cell0
Aug 07 21:45:24.368254 np0000006761 nova-conductor[99061]: DEBUG oslo_db.sqlalchemy.engines [None req-c417cb01-2ea1-4313-92b4-57fc7c1375a7 None None] MySQL server mode set to STRICT_TRANS_TABLES,STRICT_ALL_TABLES,NO_ZERO_IN_DATE,NO_ZERO_DATE,ERROR_FOR_DIVISION_BY_ZERO,TRADITIONAL,NO_ENGINE_SUBSTITUTION {{(pid=99061) _check_effective_sql_mode /opt/stack/data/venv/lib/python3.12/site-packages/oslo_db/sqlalchemy/engines.py:325}}
Aug 07 21:45:24.368303 np0000006761 nova-conductor[99072]: DEBUG oslo_db.sqlalchemy.engines [None req-c6e4db7e-7404-4f2f-97fb-00ab49b8c4d1 None None] MySQL server mode set to STRICT_TRANS_TABLES,STRICT_ALL_TABLES,NO_ZERO_IN_DATE,NO_ZERO_DATE,ERROR_FOR_DIVISION_BY_ZERO,TRADITIONAL,NO_ENGINE_SUBSTITUTION {{(pid=99072) _check_effective_sql_mode /opt/stack/data/venv/lib/python3.12/site-packages/oslo_db/sqlalchemy/engines.py:325}}
Aug 07 21:45:24.368360 np0000006761 nova-conductor[99061]: DEBUG dbcounter [-] [99061] Writer thread running {{(pid=99061) stat_writer /opt/stack/data/venv/lib/python3.12/site-packages/dbcounter.py:102}}
Aug 07 21:45:24.368399 np0000006761 nova-conductor[99065]: DEBUG oslo_db.sqlalchemy.engines [None req-f67e59b5-2ed2-45be-a171-42356feb8f68 None None] MySQL server mode set to STRICT_TRANS_TABLES,STRICT_ALL_TABLES,NO_ZERO_IN_DATE,NO_ZERO_DATE,ERROR_FOR_DIVISION_BY_ZERO,TRADITIONAL,NO_ENGINE_SUBSTITUTION {{(pid=99065) _check_effective_sql_mode /opt/stack/data/venv/lib/python3.12/site-packages/oslo_db/sqlalchemy/engines.py:325}}
Aug 07 21:45:24.368459 np0000006761 nova-conductor[99072]: DEBUG dbcounter [-] [99072] Writer thread running {{(pid=99072) stat_writer /opt/stack/data/venv/lib/python3.12/site-packages/dbcounter.py:102}}
Aug 07 21:45:24.368507 np0000006761 nova-conductor[99065]: DEBUG dbcounter [-] [99065] Writer thread running {{(pid=99065) stat_writer /opt/stack/data/venv/lib/python3.12/site-packages/dbcounter.py:102}}
Aug 07 21:45:24.370166 np0000006761 nova-conductor[99061]: DEBUG nova.service [None req-c417cb01-2ea1-4313-92b4-57fc7c1375a7 None None] Creating RPC server for service: nova-conductor on topic: conductor {{(pid=99061) start /opt/stack/nova/nova/service.py:196}}
Aug 07 21:45:24.371984 np0000006761 nova-conductor[99076]: DEBUG oslo_db.sqlalchemy.engines [None req-4273a8e3-6a73-45c2-a53b-77cb2a3c5ba7 None None] MySQL server mode set to STRICT_TRANS_TABLES,STRICT_ALL_TABLES,NO_ZERO_IN_DATE,NO_ZERO_DATE,ERROR_FOR_DIVISION_BY_ZERO,TRADITIONAL,NO_ENGINE_SUBSTITUTION {{(pid=99076) _check_effective_sql_mode /opt/stack/data/venv/lib/python3.12/site-packages/oslo_db/sqlalchemy/engines.py:325}}
Aug 07 21:45:24.379818 np0000006761 nova-conductor[99072]: DEBUG nova.service [None req-c6e4db7e-7404-4f2f-97fb-00ab49b8c4d1 None None] Creating RPC server for service: nova-conductor on topic: conductor {{(pid=99072) start /opt/stack/nova/nova/service.py:196}}
Aug 07 21:45:24.386587 np0000006761 nova-conductor[99076]: DEBUG dbcounter [-] [99076] Writer thread running {{(pid=99076) stat_writer /opt/stack/data/venv/lib/python3.12/site-packages/dbcounter.py:102}}
Aug 07 21:45:24.388896 np0000006761 nova-conductor[99065]: DEBUG nova.service [None req-f67e59b5-2ed2-45be-a171-42356feb8f68 None None] Creating RPC server for service: nova-conductor on topic: conductor {{(pid=99065) start /opt/stack/nova/nova/service.py:196}}
Aug 07 21:45:24.390350 np0000006761 nova-conductor[99076]: DEBUG nova.service [None req-4273a8e3-6a73-45c2-a53b-77cb2a3c5ba7 None None] Creating RPC server for service: nova-conductor on topic: conductor {{(pid=99076) start /opt/stack/nova/nova/service.py:196}}
Aug 07 21:45:24.412738 np0000006761 nova-conductor[99061]: DEBUG nova.service [None req-c417cb01-2ea1-4313-92b4-57fc7c1375a7 None None] Join ServiceGroup membership for this service conductor {{(pid=99061) start /opt/stack/nova/nova/service.py:222}}
Aug 07 21:45:24.413197 np0000006761 nova-conductor[99061]: DEBUG nova.servicegroup.drivers.db [None req-c417cb01-2ea1-4313-92b4-57fc7c1375a7 None None] DB_Driver: join new ServiceGroup member np0000006761 to the conductor group, service = {{(pid=99061) join /opt/stack/nova/nova/servicegroup/drivers/db.py:44}}
Aug 07 21:45:24.414047 np0000006761 nova-conductor[99072]: DEBUG nova.service [None req-c6e4db7e-7404-4f2f-97fb-00ab49b8c4d1 None None] Join ServiceGroup membership for this service conductor {{(pid=99072) start /opt/stack/nova/nova/service.py:222}}
Aug 07 21:45:24.414047 np0000006761 nova-conductor[99072]: DEBUG nova.servicegroup.drivers.db [None req-c6e4db7e-7404-4f2f-97fb-00ab49b8c4d1 None None] DB_Driver: join new ServiceGroup member np0000006761 to the conductor group, service = {{(pid=99072) join /opt/stack/nova/nova/servicegroup/drivers/db.py:44}}
Aug 07 21:45:24.416134 np0000006761 nova-conductor[99065]: DEBUG nova.service [None req-f67e59b5-2ed2-45be-a171-42356feb8f68 None None] Join ServiceGroup membership for this service conductor {{(pid=99065) start /opt/stack/nova/nova/service.py:222}}
Aug 07 21:45:24.416291 np0000006761 nova-conductor[99065]: DEBUG nova.servicegroup.drivers.db [None req-f67e59b5-2ed2-45be-a171-42356feb8f68 None None] DB_Driver: join new ServiceGroup member np0000006761 to the conductor group, service = {{(pid=99065) join /opt/stack/nova/nova/servicegroup/drivers/db.py:44}}
Aug 07 21:45:24.417416 np0000006761 nova-conductor[99076]: DEBUG nova.service [None req-4273a8e3-6a73-45c2-a53b-77cb2a3c5ba7 None None] Join ServiceGroup membership for this service conductor {{(pid=99076) start /opt/stack/nova/nova/service.py:222}}
Aug 07 21:45:24.417775 np0000006761 nova-conductor[99076]: DEBUG nova.servicegroup.drivers.db [None req-4273a8e3-6a73-45c2-a53b-77cb2a3c5ba7 None None] DB_Driver: join new ServiceGroup member np0000006761 to the conductor group, service = {{(pid=99076) join /opt/stack/nova/nova/servicegroup/drivers/db.py:44}}
Aug 07 21:45:29.430358 np0000006761 nova-conductor[99072]: DEBUG oslo.service.backend._threading.loopingcall [-] Fixed interval looping call 'nova.servicegroup.drivers.db.DbDriver._report_state' sleeping for 119.99 seconds {{(pid=99072) _run_loop /opt/stack/data/venv/lib/python3.12/site-packages/oslo_service/backend/_threading/loopingcall.py:125}}
Aug 07 21:45:29.431267 np0000006761 nova-conductor[99065]: DEBUG oslo.service.backend._threading.loopingcall [-] Fixed interval looping call 'nova.servicegroup.drivers.db.DbDriver._report_state' sleeping for 119.99 seconds {{(pid=99065) _run_loop /opt/stack/data/venv/lib/python3.12/site-packages/oslo_service/backend/_threading/loopingcall.py:125}}
Aug 07 21:45:29.432974 np0000006761 nova-conductor[99061]: DEBUG oslo.service.backend._threading.loopingcall [-] Fixed interval looping call 'nova.servicegroup.drivers.db.DbDriver._report_state' sleeping for 119.98 seconds {{(pid=99061) _run_loop /opt/stack/data/venv/lib/python3.12/site-packages/oslo_service/backend/_threading/loopingcall.py:125}}
Aug 07 21:45:29.436628 np0000006761 nova-conductor[99076]: DEBUG oslo.service.backend._threading.loopingcall [-] Fixed interval looping call 'nova.servicegroup.drivers.db.DbDriver._report_state' sleeping for 119.98 seconds {{(pid=99076) _run_loop /opt/stack/data/venv/lib/python3.12/site-packages/oslo_service/backend/_threading/loopingcall.py:125}}
Aug 07 21:45:31.420232 np0000006761 nova-conductor[99076]: DEBUG oslo.service.backend._threading.loopingcall [None req-755612a1-a501-446e-9f30-50768725b495 None None] Dynamic interval looping call 'nova.service.Service.periodic_tasks' sleeping for 60.00 seconds {{(pid=99076) _run_loop /opt/stack/data/venv/lib/python3.12/site-packages/oslo_service/backend/_threading/loopingcall.py:125}}
Aug 07 21:45:32.892782 np0000006761 nova-conductor[97596]: DEBUG dbcounter [-] [97596] Writing DB stats nova_api:SELECT=1 {{(pid=97596) stat_writer /opt/stack/data/venv/lib/python3.12/site-packages/dbcounter.py:115}}
Aug 07 21:45:33.055326 np0000006761 nova-conductor[97596]: DEBUG dbcounter [-] [97596] Writing DB stats nova_cell0:SELECT=1 {{(pid=97596) stat_writer /opt/stack/data/venv/lib/python3.12/site-packages/dbcounter.py:115}}
Aug 07 21:45:33.063955 np0000006761 nova-conductor[97596]: DEBUG dbcounter [-] [97596] Writing DB stats nova_cell1:SELECT=1 {{(pid=97596) stat_writer /opt/stack/data/venv/lib/python3.12/site-packages/dbcounter.py:115}}
Aug 07 21:45:39.425085 np0000006761 nova-conductor[99072]: DEBUG dbcounter [-] [99072] Writing DB stats nova_cell0:SELECT=5,nova_cell0:INSERT=1,nova_cell0:UPDATE=1 {{(pid=99072) stat_writer /opt/stack/data/venv/lib/python3.12/site-packages/dbcounter.py:115}}
Aug 07 21:45:39.425571 np0000006761 nova-conductor[99065]: DEBUG dbcounter [-] [99065] Writing DB stats nova_cell0:SELECT=4,nova_cell0:INSERT=1,nova_cell0:UPDATE=1 {{(pid=99065) stat_writer /opt/stack/data/venv/lib/python3.12/site-packages/dbcounter.py:115}}
Aug 07 21:45:39.427843 np0000006761 nova-conductor[99061]: DEBUG dbcounter [-] [99061] Writing DB stats nova_cell0:SELECT=4,nova_cell0:INSERT=1,nova_cell0:UPDATE=1 {{(pid=99061) stat_writer /opt/stack/data/venv/lib/python3.12/site-packages/dbcounter.py:115}}
Aug 07 21:45:39.432381 np0000006761 nova-conductor[99076]: DEBUG dbcounter [-] [99076] Writing DB stats nova_cell0:SELECT=3 {{(pid=99076) stat_writer /opt/stack/data/venv/lib/python3.12/site-packages/dbcounter.py:115}}
Aug 07 21:45:55.417035 np0000006761 nova-conductor[99072]: DEBUG oslo.service.backend._threading.loopingcall [None req-721d47d4-b851-4f8d-84e1-78f0b8311be1 None None] Dynamic interval looping call 'nova.service.Service.periodic_tasks' sleeping for 60.00 seconds {{(pid=99072) _run_loop /opt/stack/data/venv/lib/python3.12/site-packages/oslo_service/backend/_threading/loopingcall.py:125}}
Aug 07 21:46:03.419007 np0000006761 nova-conductor[99065]: DEBUG oslo.service.backend._threading.loopingcall [None req-be21dce3-ae79-42ba-9e98-eeef3c766228 None None] Dynamic interval looping call 'nova.service.Service.periodic_tasks' sleeping for 60.00 seconds {{(pid=99065) _run_loop /opt/stack/data/venv/lib/python3.12/site-packages/oslo_service/backend/_threading/loopingcall.py:125}}
Aug 07 21:46:06.415562 np0000006761 nova-conductor[99061]: DEBUG oslo.service.backend._threading.loopingcall [None req-88ec79d6-eb8a-4f5d-a55e-19cff13933fd None None] Dynamic interval looping call 'nova.service.Service.periodic_tasks' sleeping for 60.00 seconds {{(pid=99061) _run_loop /opt/stack/data/venv/lib/python3.12/site-packages/oslo_service/backend/_threading/loopingcall.py:125}}
Aug 07 21:46:31.420744 np0000006761 nova-conductor[99076]: DEBUG oslo.service.backend._threading.loopingcall [None req-755612a1-a501-446e-9f30-50768725b495 None None] Dynamic interval looping call 'nova.service.Service.periodic_tasks' sleeping for 60.00 seconds {{(pid=99076) _run_loop /opt/stack/data/venv/lib/python3.12/site-packages/oslo_service/backend/_threading/loopingcall.py:125}}
Aug 07 21:46:55.417500 np0000006761 nova-conductor[99072]: DEBUG oslo.service.backend._threading.loopingcall [None req-721d47d4-b851-4f8d-84e1-78f0b8311be1 None None] Dynamic interval looping call 'nova.service.Service.periodic_tasks' sleeping for 60.00 seconds {{(pid=99072) _run_loop /opt/stack/data/venv/lib/python3.12/site-packages/oslo_service/backend/_threading/loopingcall.py:125}}
Aug 07 21:47:03.419188 np0000006761 nova-conductor[99065]: DEBUG oslo.service.backend._threading.loopingcall [None req-be21dce3-ae79-42ba-9e98-eeef3c766228 None None] Dynamic interval looping call 'nova.service.Service.periodic_tasks' sleeping for 60.00 seconds {{(pid=99065) _run_loop /opt/stack/data/venv/lib/python3.12/site-packages/oslo_service/backend/_threading/loopingcall.py:125}}
Aug 07 21:47:06.416231 np0000006761 nova-conductor[99061]: DEBUG oslo.service.backend._threading.loopingcall [None req-88ec79d6-eb8a-4f5d-a55e-19cff13933fd None None] Dynamic interval looping call 'nova.service.Service.periodic_tasks' sleeping for 60.00 seconds {{(pid=99061) _run_loop /opt/stack/data/venv/lib/python3.12/site-packages/oslo_service/backend/_threading/loopingcall.py:125}}
Aug 07 21:47:29.422308 np0000006761 nova-conductor[99061]: DEBUG oslo.service.backend._threading.loopingcall [-] Fixed interval looping call 'nova.servicegroup.drivers.db.DbDriver._report_state' sleeping for 119.99 seconds {{(pid=99061) _run_loop /opt/stack/data/venv/lib/python3.12/site-packages/oslo_service/backend/_threading/loopingcall.py:125}}
Aug 07 21:47:29.424225 np0000006761 nova-conductor[99072]: DEBUG oslo.service.backend._threading.loopingcall [-] Fixed interval looping call 'nova.servicegroup.drivers.db.DbDriver._report_state' sleeping for 120.00 seconds {{(pid=99072) _run_loop /opt/stack/data/venv/lib/python3.12/site-packages/oslo_service/backend/_threading/loopingcall.py:125}}
Aug 07 21:47:29.424593 np0000006761 nova-conductor[99076]: DEBUG oslo.service.backend._threading.loopingcall [-] Fixed interval looping call 'nova.servicegroup.drivers.db.DbDriver._report_state' sleeping for 119.99 seconds {{(pid=99076) _run_loop /opt/stack/data/venv/lib/python3.12/site-packages/oslo_service/backend/_threading/loopingcall.py:125}}
Aug 07 21:47:29.425196 np0000006761 nova-conductor[99065]: DEBUG oslo.service.backend._threading.loopingcall [-] Fixed interval looping call 'nova.servicegroup.drivers.db.DbDriver._report_state' sleeping for 120.00 seconds {{(pid=99065) _run_loop /opt/stack/data/venv/lib/python3.12/site-packages/oslo_service/backend/_threading/loopingcall.py:125}}
Aug 07 21:47:31.421327 np0000006761 nova-conductor[99076]: DEBUG oslo.service.backend._threading.loopingcall [None req-755612a1-a501-446e-9f30-50768725b495 None None] Dynamic interval looping call 'nova.service.Service.periodic_tasks' sleeping for 60.00 seconds {{(pid=99076) _run_loop /opt/stack/data/venv/lib/python3.12/site-packages/oslo_service/backend/_threading/loopingcall.py:125}}
Aug 07 21:47:39.417021 np0000006761 nova-conductor[99061]: DEBUG dbcounter [-] [99061] Writing DB stats nova_cell0:SELECT=1,nova_cell0:UPDATE=1 {{(pid=99061) stat_writer /opt/stack/data/venv/lib/python3.12/site-packages/dbcounter.py:115}}
Aug 07 21:47:39.422705 np0000006761 nova-conductor[99072]: DEBUG dbcounter [-] [99072] Writing DB stats nova_cell0:SELECT=1 {{(pid=99072) stat_writer /opt/stack/data/venv/lib/python3.12/site-packages/dbcounter.py:115}}
Aug 07 21:47:39.423677 np0000006761 nova-conductor[99065]: DEBUG dbcounter [-] [99065] Writing DB stats nova_cell0:SELECT=1 {{(pid=99065) stat_writer /opt/stack/data/venv/lib/python3.12/site-packages/dbcounter.py:115}}
Aug 07 21:47:39.425108 np0000006761 nova-conductor[99076]: DEBUG dbcounter [-] [99076] Writing DB stats nova_cell0:SELECT=1,nova_cell0:UPDATE=1 {{(pid=99076) stat_writer /opt/stack/data/venv/lib/python3.12/site-packages/dbcounter.py:115}}
Aug 07 21:47:44.751354 np0000006761 nova-conductor[99061]: DEBUG oslo_db.sqlalchemy.engines [None req-cdd871e0-6728-4568-8727-c8bb7493ffcb tempest-ServerRescueNegativeTestJSON-1901853525 tempest-ServerRescueNegativeTestJSON-1901853525-project-member] Parent process 97596 forked (99061) with an open database connection, which is being discarded and recreated. {{(pid=99061) checkout /opt/stack/data/venv/lib/python3.12/site-packages/oslo_db/sqlalchemy/engines.py:402}}
Aug 07 21:47:44.803301 np0000006761 nova-conductor[99061]: DEBUG dbcounter [-] [99061] Writer thread running {{(pid=99061) stat_writer /opt/stack/data/venv/lib/python3.12/site-packages/dbcounter.py:102}}
Aug 07 21:47:45.870251 np0000006761 nova-conductor[99061]: DEBUG nova.conductor.manager [None req-cdd871e0-6728-4568-8727-c8bb7493ffcb tempest-ServerRescueNegativeTestJSON-1901853525 tempest-ServerRescueNegativeTestJSON-1901853525-project-member] Took 1.06 seconds to select destinations for 1 instance(s). {{(pid=99061) _schedule_instances /opt/stack/nova/nova/conductor/manager.py:968}}
Aug 07 21:47:45.901899 np0000006761 nova-conductor[99061]: DEBUG oslo_concurrency.lockutils [None req-cdd871e0-6728-4568-8727-c8bb7493ffcb tempest-ServerRescueNegativeTestJSON-1901853525 tempest-ServerRescueNegativeTestJSON-1901853525-project-member] Acquiring lock "e4a9ecbe-54f9-43d3-9ab3-f9faa6cd0c1a" by "nova.context.set_target_cell..get_or_set_cached_cell_and_set_connections" {{(pid=99061) inner /opt/stack/data/venv/lib/python3.12/site-packages/oslo_concurrency/lockutils.py:512}}
Aug 07 21:47:45.902153 np0000006761 nova-conductor[99061]: DEBUG oslo_concurrency.lockutils [None req-cdd871e0-6728-4568-8727-c8bb7493ffcb tempest-ServerRescueNegativeTestJSON-1901853525 tempest-ServerRescueNegativeTestJSON-1901853525-project-member] Lock "e4a9ecbe-54f9-43d3-9ab3-f9faa6cd0c1a" acquired by "nova.context.set_target_cell..get_or_set_cached_cell_and_set_connections" :: waited 0.000s {{(pid=99061) inner /opt/stack/data/venv/lib/python3.12/site-packages/oslo_concurrency/lockutils.py:525}}
Aug 07 21:47:45.903671 np0000006761 nova-conductor[99061]: DEBUG oslo_concurrency.lockutils [None req-cdd871e0-6728-4568-8727-c8bb7493ffcb tempest-ServerRescueNegativeTestJSON-1901853525 tempest-ServerRescueNegativeTestJSON-1901853525-project-member] Lock "e4a9ecbe-54f9-43d3-9ab3-f9faa6cd0c1a" "released" by "nova.context.set_target_cell..get_or_set_cached_cell_and_set_connections" :: held 0.001s {{(pid=99061) inner /opt/stack/data/venv/lib/python3.12/site-packages/oslo_concurrency/lockutils.py:544}}
Aug 07 21:47:45.905913 np0000006761 nova-conductor[99061]: INFO dbcounter [None req-cdd871e0-6728-4568-8727-c8bb7493ffcb tempest-ServerRescueNegativeTestJSON-1901853525 tempest-ServerRescueNegativeTestJSON-1901853525-project-member] Registered counter for database nova_cell1
Aug 07 21:47:45.956348 np0000006761 nova-conductor[99061]: DEBUG oslo_db.sqlalchemy.engines [None req-cdd871e0-6728-4568-8727-c8bb7493ffcb tempest-ServerRescueNegativeTestJSON-1901853525 tempest-ServerRescueNegativeTestJSON-1901853525-project-member] MySQL server mode set to STRICT_TRANS_TABLES,STRICT_ALL_TABLES,NO_ZERO_IN_DATE,NO_ZERO_DATE,ERROR_FOR_DIVISION_BY_ZERO,TRADITIONAL,NO_ENGINE_SUBSTITUTION {{(pid=99061) _check_effective_sql_mode /opt/stack/data/venv/lib/python3.12/site-packages/oslo_db/sqlalchemy/engines.py:325}}
Aug 07 21:47:45.963878 np0000006761 nova-conductor[99061]: DEBUG dbcounter [-] [99061] Writer thread running {{(pid=99061) stat_writer /opt/stack/data/venv/lib/python3.12/site-packages/dbcounter.py:102}}
Aug 07 21:47:46.031950 np0000006761 nova-conductor[99061]: INFO nova.utils [None req-cdd871e0-6728-4568-8727-c8bb7493ffcb tempest-ServerRescueNegativeTestJSON-1901853525 tempest-ServerRescueNegativeTestJSON-1901853525-project-member] The cell worker thread pool ForkProcess-1.cell_worker is initialized
Aug 07 21:47:46.032250 np0000006761 nova-conductor[99061]: DEBUG oslo_concurrency.lockutils [None req-cdd871e0-6728-4568-8727-c8bb7493ffcb tempest-ServerRescueNegativeTestJSON-1901853525 tempest-ServerRescueNegativeTestJSON-1901853525-project-member] Acquiring lock "00000000-0000-0000-0000-000000000000" by "nova.context.set_target_cell..get_or_set_cached_cell_and_set_connections" {{(pid=99061) inner /opt/stack/data/venv/lib/python3.12/site-packages/oslo_concurrency/lockutils.py:512}}
Aug 07 21:47:46.032385 np0000006761 nova-conductor[99061]: DEBUG oslo_concurrency.lockutils [None req-cdd871e0-6728-4568-8727-c8bb7493ffcb tempest-ServerRescueNegativeTestJSON-1901853525 tempest-ServerRescueNegativeTestJSON-1901853525-project-member] Lock "00000000-0000-0000-0000-000000000000" acquired by "nova.context.set_target_cell..get_or_set_cached_cell_and_set_connections" :: waited 0.000s {{(pid=99061) inner /opt/stack/data/venv/lib/python3.12/site-packages/oslo_concurrency/lockutils.py:525}}
Aug 07 21:47:46.032882 np0000006761 nova-conductor[99061]: DEBUG oslo_concurrency.lockutils [None req-cdd871e0-6728-4568-8727-c8bb7493ffcb tempest-ServerRescueNegativeTestJSON-1901853525 tempest-ServerRescueNegativeTestJSON-1901853525-project-member] Lock "00000000-0000-0000-0000-000000000000" "released" by "nova.context.set_target_cell..get_or_set_cached_cell_and_set_connections" :: held 0.000s {{(pid=99061) inner /opt/stack/data/venv/lib/python3.12/site-packages/oslo_concurrency/lockutils.py:544}}
Aug 07 21:47:46.033434 np0000006761 nova-conductor[99061]: DEBUG oslo_concurrency.lockutils [None req-cdd871e0-6728-4568-8727-c8bb7493ffcb tempest-ServerRescueNegativeTestJSON-1901853525 tempest-ServerRescueNegativeTestJSON-1901853525-project-member] Acquiring lock "e4a9ecbe-54f9-43d3-9ab3-f9faa6cd0c1a" by "nova.context.set_target_cell..get_or_set_cached_cell_and_set_connections" {{(pid=99061) inner /opt/stack/data/venv/lib/python3.12/site-packages/oslo_concurrency/lockutils.py:512}}
Aug 07 21:47:46.033594 np0000006761 nova-conductor[99061]: DEBUG oslo_concurrency.lockutils [None req-cdd871e0-6728-4568-8727-c8bb7493ffcb tempest-ServerRescueNegativeTestJSON-1901853525 tempest-ServerRescueNegativeTestJSON-1901853525-project-member] Lock "e4a9ecbe-54f9-43d3-9ab3-f9faa6cd0c1a" acquired by "nova.context.set_target_cell..get_or_set_cached_cell_and_set_connections" :: waited 0.000s {{(pid=99061) inner /opt/stack/data/venv/lib/python3.12/site-packages/oslo_concurrency/lockutils.py:525}}
Aug 07 21:47:46.033712 np0000006761 nova-conductor[99061]: DEBUG oslo_concurrency.lockutils [None req-cdd871e0-6728-4568-8727-c8bb7493ffcb tempest-ServerRescueNegativeTestJSON-1901853525 tempest-ServerRescueNegativeTestJSON-1901853525-project-member] Lock "e4a9ecbe-54f9-43d3-9ab3-f9faa6cd0c1a" "released" by "nova.context.set_target_cell..get_or_set_cached_cell_and_set_connections" :: held 0.000s {{(pid=99061) inner /opt/stack/data/venv/lib/python3.12/site-packages/oslo_concurrency/lockutils.py:544}}
Aug 07 21:47:46.035030 np0000006761 nova-conductor[99061]: INFO dbcounter [None req-cdd871e0-6728-4568-8727-c8bb7493ffcb tempest-ServerRescueNegativeTestJSON-1901853525 tempest-ServerRescueNegativeTestJSON-1901853525-project-member] Registered counter for database nova_cell0
