Aug 07 21:44:48.681264 np0000006761 devstack@neutron-api.service[90864]: DEBUG oslo_concurrency.processutils [None req-18ab2873-714f-484b-a2ac-271f5c68fc2d None None] CMD "ovsdb-client transact ssl:10.4.3.131:6641 --timeout 180 -p /opt/stack/data/CA/int-ca/private/devstack-cert.key -c /opt/stack/data/CA/int-ca/devstack-cert.crt -C /opt/stack/data/CA/int-ca/ca-chain.pem ["OVN_Northbound", {"op": "wait", "timeout": 0, "table": "Port_Group", "where": [["name", "==", "pvlan_pg_drop"]], "until": "==", "rows": []}, {"op": "insert", "table": "ACL", "row": {"action": "drop", "direction": "to-lport", "match": "outport == @pvlan_pg_drop && ip", "priority": 1010}, "uuid-name": "pvlandroptoport"}, {"op": "insert", "table": "ACL", "row": {"action": "drop", "direction": "from-lport", "match": "inport == @pvlan_pg_drop && ip", "priority": 1010}, "uuid-name": "pvlandropfromport"}, {"op": "insert", "table": "Port_Group", "row": {"name": "pvlan_pg_drop", "acls": ["set", [["named-uuid", "pvlandroptoport"], ["named-uuid", "pvlandropfromport"]]]}}]" returned: 0 in 0.030s {{(pid=90864) execute /opt/stack/data/venv/lib/python3.12/site-packages/oslo_concurrency/processutils.py:468}}
Aug 07 21:44:48.683438 np0000006761 devstack@neutron-api.service[90864]: WSGI app 0 (mountpoint='') ready in 7 seconds on interpreter 0x7ca86b8a4668 pid: 90864 (default app)
Aug 07 21:44:50.574482 np0000006761 devstack@neutron-api.service[90864]: DEBUG neutron.plugins.ml2.drivers.ovn.mech_driver.ovsdb.ovsdb_monitor [-] Hash Ring: Node 9b8589430fc053e594606e6c15359c25 (host: np0000006761) handling event "update" for row add0fdf4-c2c6-4df1-8ffc-809e394b8509 (table: Connection) {{(pid=90864) notify /opt/stack/neutron/neutron/plugins/ml2/drivers/ovn/mech_driver/ovsdb/ovsdb_monitor.py:1099}}
Aug 07 21:44:50.574985 np0000006761 devstack@neutron-api.service[90862]: DEBUG neutron.plugins.ml2.drivers.ovn.mech_driver.ovsdb.ovsdb_monitor [-] Hash Ring: Node f300757f6d235473a5507cf7d97952a7 (host: np0000006761) handling event "update" for row add0fdf4-c2c6-4df1-8ffc-809e394b8509 (table: Connection) {{(pid=90862) notify /opt/stack/neutron/neutron/plugins/ml2/drivers/ovn/mech_driver/ovsdb/ovsdb_monitor.py:1099}}
Aug 07 21:44:50.575682 np0000006761 devstack@neutron-api.service[90861]: DEBUG neutron.common.ovn.hash_ring_manager [-] Allow caching, nodes 4>=4 {{(pid=90861) _wait_startup_before_caching /opt/stack/neutron/neutron/common/ovn/hash_ring_manager.py:71}}
Aug 07 21:44:50.575967 np0000006761 devstack@neutron-api.service[90861]: DEBUG neutron.plugins.ml2.drivers.ovn.mech_driver.ovsdb.ovsdb_monitor [-] Hash Ring: Node 3d429a2e0fbf551886a02a15c4b4033c (host: np0000006761) handling event "update" for row add0fdf4-c2c6-4df1-8ffc-809e394b8509 (table: Connection) {{(pid=90861) notify /opt/stack/neutron/neutron/plugins/ml2/drivers/ovn/mech_driver/ovsdb/ovsdb_monitor.py:1099}}
Aug 07 21:44:52.858707 np0000006761 devstack@neutron-api.service[90861]: DEBUG neutron.api.wsgi [None req-5f146bec-f1d9-4774-8470-579737e4543f admin admin] Missing Content-Type {{(pid=90861) get_content_type /opt/stack/neutron/neutron/api/wsgi.py:80}}
Aug 07 21:44:52.859369 np0000006761 devstack@neutron-api.service[90861]: DEBUG neutron.api.wsgi [None req-5f146bec-f1d9-4774-8470-579737e4543f admin admin] https://10.4.3.131/networking/v2.0/extensions returned with HTTP 200 {{(pid=90861) __call__ /opt/stack/neutron/neutron/api/wsgi.py:540}}
Aug 07 21:44:52.859484 np0000006761 devstack@neutron-api.service[90861]: [pid: 90861|app: 0|req: 2/2] 10.4.3.131 () {64 vars in 1292 bytes} [Fri Aug 7 21:44:52 2026] GET /networking/v2.0/extensions => generated 16171 bytes in 696 msecs (HTTP/1.1 200) 4 headers in 159 bytes (1 switches on core 0)
Aug 07 21:44:53.305132 np0000006761 devstack@neutron-api.service[90863]: DEBUG neutron.api.v2.base [None req-5908ea8b-665f-4f38-9d98-acf52fe8faa6 admin admin] Request body: {'subnetpool': {'default_prefixlen': 26, 'prefixes': ['10.1.0.0/20'], 'is_default': True, 'shared': True, 'name': 'shared-default-subnetpool-v4'}} {{(pid=90863) prepare_request_body /opt/stack/neutron/neutron/api/v2/base.py:727}}
Aug 07 21:44:53.490349 np0000006761 devstack@neutron-api.service[90863]: DEBUG neutron.policy [None req-5908ea8b-665f-4f38-9d98-acf52fe8faa6 admin admin] Loaded default policies from ['neutron'] under neutron.policies entry points {{(pid=90863) register_rules /opt/stack/neutron/neutron/policy.py:65}}
Aug 07 21:44:53.634347 np0000006761 devstack@neutron-api.service[90863]: DEBUG neutron_lib.callbacks.manager [None req-5908ea8b-665f-4f38-9d98-acf52fe8faa6 admin admin] Publish callbacks ['neutron.objects.securitygroup.RbacNeutronDbObjectMixin.validate_rbac_policy_change-2041727461839', 'neutron.objects.address_group.RbacNeutronDbObjectMixin.validate_rbac_policy_change-2041727473353', 'neutron.objects.network.RbacNeutronDbObjectMixin.validate_rbac_policy_change-2041727599986', 'neutron.objects.qos.policy.RbacNeutronDbObjectMixin.validate_rbac_policy_change-2041727563322', 'neutron.objects.subnetpool.RbacNeutronDbObjectMixin.validate_rbac_policy_change-2041727571711', 'neutron.objects.address_scope.RbacNeutronDbObjectMixin.validate_rbac_policy_change-2041727566431', 'neutron.plugins.ml2.plugin.External_net_db_mixin._process_ext_policy_create-1550114', 'neutron.plugins.ml2.plugin.NeutronDbPluginV2.validate_network_rbac_policy_change-1536558'] for rbac-policy (None), before_create {{(pid=90863) _notify_loop /opt/stack/data/venv/lib/python3.12/site-packages/neutron_lib/callbacks/manager.py:184}}
Aug 07 21:44:53.675385 np0000006761 devstack@neutron-api.service[90863]: DEBUG neutron_lib.callbacks.manager [None req-5908ea8b-665f-4f38-9d98-acf52fe8faa6 admin admin] Publish callbacks [] for subnetpool (None), before_response {{(pid=90863) _notify_loop /opt/stack/data/venv/lib/python3.12/site-packages/neutron_lib/callbacks/manager.py:184}}
Aug 07 21:44:53.675877 np0000006761 devstack@neutron-api.service[90863]: [pid: 90863|app: 0|req: 1/3] 10.4.3.131 () {68 vars in 1336 bytes} [Fri Aug 7 21:44:53 2026] POST /networking/v2.0/subnetpools => generated 533 bytes in 485 msecs (HTTP/1.1 201) 4 headers in 162 bytes (1 switches on core 0)
Aug 07 21:44:54.030469 np0000006761 devstack@neutron-api.service[90862]: DEBUG neutron.api.v2.base [None req-dff746cd-7cae-48ad-abf5-7aaccd935495 admin admin] Request body: {'subnetpool': {'default_prefixlen': 64, 'prefixes': ['fd7d:5a37:74fa::/56'], 'is_default': True, 'shared': True, 'name': 'shared-default-subnetpool-v6'}} {{(pid=90862) prepare_request_body /opt/stack/neutron/neutron/api/v2/base.py:727}}
Aug 07 21:44:54.209210 np0000006761 devstack@neutron-api.service[90862]: DEBUG neutron.policy [None req-dff746cd-7cae-48ad-abf5-7aaccd935495 admin admin] Loaded default policies from ['neutron'] under neutron.policies entry points {{(pid=90862) register_rules /opt/stack/neutron/neutron/policy.py:65}}
Aug 07 21:44:54.356766 np0000006761 devstack@neutron-api.service[90862]: DEBUG neutron_lib.callbacks.manager [None req-dff746cd-7cae-48ad-abf5-7aaccd935495 admin admin] Publish callbacks ['neutron.objects.securitygroup.RbacNeutronDbObjectMixin.validate_rbac_policy_change-2041727662263', 'neutron.objects.address_group.RbacNeutronDbObjectMixin.validate_rbac_policy_change-2041727438862', 'neutron.objects.network.RbacNeutronDbObjectMixin.validate_rbac_policy_change-2041727421146', 'neutron.objects.qos.policy.RbacNeutronDbObjectMixin.validate_rbac_policy_change-2041727424981', 'neutron.objects.subnetpool.RbacNeutronDbObjectMixin.validate_rbac_policy_change-2041727467237', 'neutron.objects.address_scope.RbacNeutronDbObjectMixin.validate_rbac_policy_change-2041727451717', 'neutron.plugins.ml2.plugin.External_net_db_mixin._process_ext_policy_create-1475922', 'neutron.plugins.ml2.plugin.NeutronDbPluginV2.validate_network_rbac_policy_change-1463310'] for rbac-policy (None), before_create {{(pid=90862) _notify_loop /opt/stack/data/venv/lib/python3.12/site-packages/neutron_lib/callbacks/manager.py:184}}
Aug 07 21:44:54.397133 np0000006761 devstack@neutron-api.service[90862]: DEBUG neutron_lib.callbacks.manager [None req-dff746cd-7cae-48ad-abf5-7aaccd935495 admin admin] Publish callbacks [] for subnetpool (None), before_response {{(pid=90862) _notify_loop /opt/stack/data/venv/lib/python3.12/site-packages/neutron_lib/callbacks/manager.py:184}}
Aug 07 21:44:54.397665 np0000006761 devstack@neutron-api.service[90862]: [pid: 90862|app: 0|req: 1/4] 10.4.3.131 () {68 vars in 1336 bytes} [Fri Aug 7 21:44:53 2026] POST /networking/v2.0/subnetpools => generated 543 bytes in 483 msecs (HTTP/1.1 201) 4 headers in 162 bytes (1 switches on core 0)
Aug 07 21:44:54.768740 np0000006761 devstack@neutron-api.service[90864]: DEBUG neutron.api.v2.base [None req-b30905c6-83ad-4d18-bba3-d0e3471b645d admin admin] Request body: {'network': {'name': 'private', 'admin_state_up': True}} {{(pid=90864) prepare_request_body /opt/stack/neutron/neutron/api/v2/base.py:727}}
Aug 07 21:44:54.805706 np0000006761 devstack@neutron-api.service[90864]: DEBUG neutron.pecan_wsgi.hooks.quota_enforcement [None req-b30905c6-83ad-4d18-bba3-d0e3471b645d admin admin] Made reservation on behalf of 838f8e5a760744a3bbe0fb22008b6085 for: {'network': 1} {{(pid=90864) before /opt/stack/neutron/neutron/pecan_wsgi/hooks/quota_enforcement.py:66}}
Aug 07 21:44:54.955102 np0000006761 devstack@neutron-api.service[90864]: DEBUG neutron.policy [None req-b30905c6-83ad-4d18-bba3-d0e3471b645d admin admin] Loaded default policies from ['neutron'] under neutron.policies entry points {{(pid=90864) register_rules /opt/stack/neutron/neutron/policy.py:65}}
Aug 07 21:44:55.043372 np0000006761 devstack@neutron-api.service[90864]: DEBUG neutron_lib.callbacks.manager [None req-b30905c6-83ad-4d18-bba3-d0e3471b645d admin admin] Publish callbacks ['neutron.plugins.ml2.plugin.SecurityGroupDbMixin._ensure_default_security_group_handler-12268'] for network (None), before_create {{(pid=90864) _notify_loop /opt/stack/data/venv/lib/python3.12/site-packages/neutron_lib/callbacks/manager.py:184}}
Aug 07 21:44:55.063540 np0000006761 devstack@neutron-api.service[90864]: DEBUG neutron_lib.callbacks.manager [None req-b30905c6-83ad-4d18-bba3-d0e3471b645d admin admin] Publish callbacks [] for security_group (None), before_create {{(pid=90864) _notify_loop /opt/stack/data/venv/lib/python3.12/site-packages/neutron_lib/callbacks/manager.py:184}}
Aug 07 21:44:55.169690 np0000006761 devstack@neutron-api.service[90864]: DEBUG neutron_lib.callbacks.manager [None req-b30905c6-83ad-4d18-bba3-d0e3471b645d admin admin] Publish callbacks ['neutron.plugins.ml2.drivers.ovn.mech_driver.mech_driver.OVNMechanismDriver._create_security_group_precommit-204959'] for security_group (15086a76-addb-4137-87e4-dfe4e06f3a94), precommit_create {{(pid=90864) _notify_loop /opt/stack/data/venv/lib/python3.12/site-packages/neutron_lib/callbacks/manager.py:184}}
Aug 07 21:44:55.169921 np0000006761 devstack@neutron-api.service[90864]: DEBUG neutron.db.ovn_revision_numbers_db [None req-b30905c6-83ad-4d18-bba3-d0e3471b645d admin admin] create_initial_revision uuid=15086a76-addb-4137-87e4-dfe4e06f3a94, type=security_groups, rev=-1 {{(pid=90864) create_initial_revision /opt/stack/neutron/neutron/db/ovn_revision_numbers_db.py:98}}
Aug 07 21:44:55.173141 np0000006761 devstack@neutron-api.service[90864]: DEBUG neutron.db.ovn_revision_numbers_db [None req-b30905c6-83ad-4d18-bba3-d0e3471b645d admin admin] create_initial_revision uuid=035d8b95-89a7-48ac-a1ea-9c312f368f9c, type=security_group_rules, rev=-1 {{(pid=90864) create_initial_revision /opt/stack/neutron/neutron/db/ovn_revision_numbers_db.py:98}}
Aug 07 21:44:55.174569 np0000006761 devstack@neutron-api.service[90864]: DEBUG neutron.db.ovn_revision_numbers_db [None req-b30905c6-83ad-4d18-bba3-d0e3471b645d admin admin] create_initial_revision uuid=55cab01d-bc15-4ac7-ab68-ed11b8513ef0, type=security_group_rules, rev=-1 {{(pid=90864) create_initial_revision /opt/stack/neutron/neutron/db/ovn_revision_numbers_db.py:98}}
Aug 07 21:44:55.175908 np0000006761 devstack@neutron-api.service[90864]: DEBUG neutron.db.ovn_revision_numbers_db [None req-b30905c6-83ad-4d18-bba3-d0e3471b645d admin admin] create_initial_revision uuid=56fd089a-6dad-4076-8dde-c0bc8672ace4, type=security_group_rules, rev=-1 {{(pid=90864) create_initial_revision /opt/stack/neutron/neutron/db/ovn_revision_numbers_db.py:98}}
Aug 07 21:44:55.177342 np0000006761 devstack@neutron-api.service[90864]: DEBUG neutron.db.ovn_revision_numbers_db [None req-b30905c6-83ad-4d18-bba3-d0e3471b645d admin admin] create_initial_revision uuid=60d43808-b660-416b-b9db-31441e7f14f3, type=security_group_rules, rev=-1 {{(pid=90864) create_initial_revision /opt/stack/neutron/neutron/db/ovn_revision_numbers_db.py:98}}
Aug 07 21:44:55.181298 np0000006761 devstack@neutron-api.service[90864]: DEBUG neutron_lib.callbacks.manager [None req-b30905c6-83ad-4d18-bba3-d0e3471b645d admin admin] Publish callbacks ['neutron.plugins.ml2.drivers.ovn.mech_driver.mech_driver.OVNMechanismDriver._create_security_group-204901', 'neutron.plugins.ml2.ovo_rpc._ObjectChangeHandler.handle_event-6651776'] for security_group (15086a76-addb-4137-87e4-dfe4e06f3a94), after_create {{(pid=90864) _notify_loop /opt/stack/data/venv/lib/python3.12/site-packages/neutron_lib/callbacks/manager.py:184}}
Aug 07 21:44:55.181529 np0000006761 devstack@neutron-api.service[90864]: INFO neutron.plugins.ml2.drivers.ovn.mech_driver.ovsdb.extensions.qos [None req-b30905c6-83ad-4d18-bba3-d0e3471b645d admin admin] Starting OVNClientQosExtension
Aug 07 21:44:55.181719 np0000006761 devstack@neutron-api.service[90864]: INFO neutron.plugins.ml2.drivers.ovn.mech_driver.ovsdb.extensions.placement [None req-b30905c6-83ad-4d18-bba3-d0e3471b645d admin admin] Starting OVNClientPlacementExtension
Aug 07 21:44:55.182798 np0000006761 devstack@neutron-api.service[90864]: DEBUG ovsdbapp.backend.ovs_idl.transaction [-] Running txn n=1 command(idx=0): PgAddCommand(_result=None, name=pg_15086a76_addb_4137_87e4_dfe4e06f3a94, may_exist=False, columns={'acls': [], 'external_ids': {'neutron:security_group_id': '15086a76-addb-4137-87e4-dfe4e06f3a94'}}) {{(pid=90864) do_commit /opt/stack/data/venv/lib/python3.12/site-packages/ovsdbapp/backend/ovs_idl/transaction.py:89}}
Aug 07 21:44:55.184041 np0000006761 devstack@neutron-api.service[90864]: DEBUG ovsdbapp.backend.ovs_idl.transaction [-] Running txn n=1 command(idx=1): PgAclAddCommand(_result=None, entity=pg_15086a76_addb_4137_87e4_dfe4e06f3a94, direction=to-lport, priority=1002, match=outport == @pg_15086a76_addb_4137_87e4_dfe4e06f3a94 && ip6 && ip6.src == $pg_15086a76_addb_4137_87e4_dfe4e06f3a94_ip6, action=allow-related, log=False, may_exist=True, severity=[], name=[], meter=[], external_ids={'neutron:security_group_rule_id': '035d8b95-89a7-48ac-a1ea-9c312f368f9c'}) {{(pid=90864) do_commit /opt/stack/data/venv/lib/python3.12/site-packages/ovsdbapp/backend/ovs_idl/transaction.py:89}}
Aug 07 21:44:55.184415 np0000006761 devstack@neutron-api.service[90864]: DEBUG ovsdbapp.backend.ovs_idl.transaction [-] Running txn n=1 command(idx=2): PgAclAddCommand(_result=None, entity=pg_15086a76_addb_4137_87e4_dfe4e06f3a94, direction=from-lport, priority=1002, match=inport == @pg_15086a76_addb_4137_87e4_dfe4e06f3a94 && ip6, action=allow-related, log=False, may_exist=True, severity=[], name=[], meter=[], external_ids={'neutron:security_group_rule_id': '55cab01d-bc15-4ac7-ab68-ed11b8513ef0'}) {{(pid=90864) do_commit /opt/stack/data/venv/lib/python3.12/site-packages/ovsdbapp/backend/ovs_idl/transaction.py:89}}
Aug 07 21:44:55.184671 np0000006761 devstack@neutron-api.service[90864]: DEBUG ovsdbapp.backend.ovs_idl.transaction [-] Running txn n=1 command(idx=3): PgAclAddCommand(_result=None, entity=pg_15086a76_addb_4137_87e4_dfe4e06f3a94, direction=from-lport, priority=1002, match=inport == @pg_15086a76_addb_4137_87e4_dfe4e06f3a94 && ip4, action=allow-related, log=False, may_exist=True, severity=[], name=[], meter=[], external_ids={'neutron:security_group_rule_id': '56fd089a-6dad-4076-8dde-c0bc8672ace4'}) {{(pid=90864) do_commit /opt/stack/data/venv/lib/python3.12/site-packages/ovsdbapp/backend/ovs_idl/transaction.py:89}}
Aug 07 21:44:55.184913 np0000006761 devstack@neutron-api.service[90864]: DEBUG ovsdbapp.backend.ovs_idl.transaction [-] Running txn n=1 command(idx=4): PgAclAddCommand(_result=None, entity=pg_15086a76_addb_4137_87e4_dfe4e06f3a94, direction=to-lport, priority=1002, match=outport == @pg_15086a76_addb_4137_87e4_dfe4e06f3a94 && ip4 && ip4.src == $pg_15086a76_addb_4137_87e4_dfe4e06f3a94_ip4, action=allow-related, log=False, may_exist=True, severity=[], name=[], meter=[], external_ids={'neutron:security_group_rule_id': '60d43808-b660-416b-b9db-31441e7f14f3'}) {{(pid=90864) do_commit /opt/stack/data/venv/lib/python3.12/site-packages/ovsdbapp/backend/ovs_idl/transaction.py:89}}
Aug 07 21:44:55.191360 np0000006761 devstack@neutron-api.service[90861]: DEBUG neutron.plugins.ml2.drivers.ovn.mech_driver.ovsdb.ovsdb_monitor [-] Hash Ring: Node 3d429a2e0fbf551886a02a15c4b4033c (host: np0000006761) handling event "create" for row 45d9e0de-83b4-475f-b992-789e17998e14 (table: ACL) {{(pid=90861) notify /opt/stack/neutron/neutron/plugins/ml2/drivers/ovn/mech_driver/ovsdb/ovsdb_monitor.py:1099}}
Aug 07 21:44:55.191720 np0000006761 devstack@neutron-api.service[90861]: DEBUG neutron.plugins.ml2.drivers.ovn.mech_driver.ovsdb.ovsdb_monitor [-] Hash Ring: Node 3d429a2e0fbf551886a02a15c4b4033c (host: np0000006761) handling event "create" for row 6b2c64ce-9bf7-4892-8c39-98e100dbf165 (table: ACL) {{(pid=90861) notify /opt/stack/neutron/neutron/plugins/ml2/drivers/ovn/mech_driver/ovsdb/ovsdb_monitor.py:1099}}
Aug 07 21:44:55.191776 np0000006761 devstack@neutron-api.service[90862]: DEBUG neutron.plugins.ml2.drivers.ovn.mech_driver.ovsdb.ovsdb_monitor [-] Hash Ring: Node f300757f6d235473a5507cf7d97952a7 (host: np0000006761) handling event "create" for row 6b2c64ce-9bf7-4892-8c39-98e100dbf165 (table: ACL) {{(pid=90862) notify /opt/stack/neutron/neutron/plugins/ml2/drivers/ovn/mech_driver/ovsdb/ovsdb_monitor.py:1099}}
Aug 07 21:44:55.192068 np0000006761 devstack@neutron-api.service[90864]: DEBUG neutron.plugins.ml2.drivers.ovn.mech_driver.ovsdb.ovsdb_monitor [-] Hash Ring: Node 9b8589430fc053e594606e6c15359c25 (host: np0000006761) handling event "create" for row 45d9e0de-83b4-475f-b992-789e17998e14 (table: ACL) {{(pid=90864) notify /opt/stack/neutron/neutron/plugins/ml2/drivers/ovn/mech_driver/ovsdb/ovsdb_monitor.py:1099}}
Aug 07 21:44:55.192116 np0000006761 devstack@neutron-api.service[90861]: DEBUG neutron.plugins.ml2.drivers.ovn.mech_driver.ovsdb.ovsdb_monitor [-] Hash Ring: Node 3d429a2e0fbf551886a02a15c4b4033c (host: np0000006761) handling event "create" for row 84d91773-731b-4687-8f94-b1d9e1ec8b40 (table: ACL) {{(pid=90861) notify /opt/stack/neutron/neutron/plugins/ml2/drivers/ovn/mech_driver/ovsdb/ovsdb_monitor.py:1099}}
Aug 07 21:44:55.192156 np0000006761 devstack@neutron-api.service[90862]: DEBUG neutron.plugins.ml2.drivers.ovn.mech_driver.ovsdb.ovsdb_monitor [-] Hash Ring: Node f300757f6d235473a5507cf7d97952a7 (host: np0000006761) handling event "create" for row d0470c27-c954-4fcb-9ccb-b0ef1072c63c (table: ACL) {{(pid=90862) notify /opt/stack/neutron/neutron/plugins/ml2/drivers/ovn/mech_driver/ovsdb/ovsdb_monitor.py:1099}}
Aug 07 21:44:55.192156 np0000006761 devstack@neutron-api.service[90862]: DEBUG neutron.plugins.ml2.drivers.ovn.mech_driver.ovsdb.ovsdb_monitor [-] Hash Ring: Node f300757f6d235473a5507cf7d97952a7 (host: np0000006761) handling event "create" for row 9afef550-a783-4035-bc45-7dde98c29c50 (table: Port_Group) {{(pid=90862) notify /opt/stack/neutron/neutron/plugins/ml2/drivers/ovn/mech_driver/ovsdb/ovsdb_monitor.py:1099}}
Aug 07 21:44:55.192241 np0000006761 devstack@neutron-api.service[90861]: DEBUG neutron.plugins.ml2.drivers.ovn.mech_driver.ovsdb.ovsdb_monitor [-] Hash Ring: Node 3d429a2e0fbf551886a02a15c4b4033c (host: np0000006761) handling event "create" for row d0470c27-c954-4fcb-9ccb-b0ef1072c63c (table: ACL) {{(pid=90861) notify /opt/stack/neutron/neutron/plugins/ml2/drivers/ovn/mech_driver/ovsdb/ovsdb_monitor.py:1099}}
Aug 07 21:44:55.192241 np0000006761 devstack@neutron-api.service[90861]: DEBUG neutron.plugins.ml2.drivers.ovn.mech_driver.ovsdb.ovsdb_monitor [-] Hash Ring: Node 3d429a2e0fbf551886a02a15c4b4033c (host: np0000006761) handling event "create" for row 9afef550-a783-4035-bc45-7dde98c29c50 (table: Port_Group) {{(pid=90861) notify /opt/stack/neutron/neutron/plugins/ml2/drivers/ovn/mech_driver/ovsdb/ovsdb_monitor.py:1099}}
Aug 07 21:44:55.217212 np0000006761 devstack@neutron-api.service[90864]: INFO neutron.db.ovn_revision_numbers_db [None req-b30905c6-83ad-4d18-bba3-d0e3471b645d admin admin] Successfully bumped revision number for resource 15086a76-addb-4137-87e4-dfe4e06f3a94 (type: security_groups) to 1
Aug 07 21:44:55.230037 np0000006761 devstack@neutron-api.service[90864]: INFO neutron.db.ovn_revision_numbers_db [None req-b30905c6-83ad-4d18-bba3-d0e3471b645d admin admin] Successfully bumped revision number for resource 035d8b95-89a7-48ac-a1ea-9c312f368f9c (type: security_group_rules) to 0
Aug 07 21:44:55.241042 np0000006761 devstack@neutron-api.service[90864]: INFO neutron.db.ovn_revision_numbers_db [None req-b30905c6-83ad-4d18-bba3-d0e3471b645d admin admin] Successfully bumped revision number for resource 55cab01d-bc15-4ac7-ab68-ed11b8513ef0 (type: security_group_rules) to 0
Aug 07 21:44:55.253720 np0000006761 devstack@neutron-api.service[90864]: INFO neutron.db.ovn_revision_numbers_db [None req-b30905c6-83ad-4d18-bba3-d0e3471b645d admin admin] Successfully bumped revision number for resource 56fd089a-6dad-4076-8dde-c0bc8672ace4 (type: security_group_rules) to 0
Aug 07 21:44:55.267312 np0000006761 devstack@neutron-api.service[90864]: INFO neutron.db.ovn_revision_numbers_db [None req-b30905c6-83ad-4d18-bba3-d0e3471b645d admin admin] Successfully bumped revision number for resource 60d43808-b660-416b-b9db-31441e7f14f3 (type: security_group_rules) to 0
Aug 07 21:44:55.294301 np0000006761 devstack@neutron-api.service[90864]: DEBUG neutron.api.rpc.handlers.resources_rpc [None req-b30905c6-83ad-4d18-bba3-d0e3471b645d admin admin] Pushing event updated for resources: {'SecurityGroup': ['ID=15086a76-addb-4137-87e4-dfe4e06f3a94,revision_number=1']} {{(pid=90864) push /opt/stack/neutron/neutron/api/rpc/handlers/resources_rpc.py:237}}
Aug 07 21:44:55.301701 np0000006761 devstack@neutron-api.service[90864]: DEBUG ovsdbapp.backend.ovs_idl.transaction [-] Running txn n=1 command(idx=0): CheckLivenessCommand(_result=None) {{(pid=90864) do_commit /opt/stack/data/venv/lib/python3.12/site-packages/ovsdbapp/backend/ovs_idl/transaction.py:89}}
Aug 07 21:44:55.304300 np0000006761 devstack@neutron-api.service[90861]: DEBUG neutron.plugins.ml2.drivers.ovn.mech_driver.ovsdb.ovsdb_monitor [-] Hash Ring: Node 3d429a2e0fbf551886a02a15c4b4033c (host: np0000006761) handling event "update" for row 7c943f19-1e5e-440f-af1a-b55db6d8117a (table: NB_Global) {{(pid=90861) notify /opt/stack/neutron/neutron/plugins/ml2/drivers/ovn/mech_driver/ovsdb/ovsdb_monitor.py:1099}}
Aug 07 21:44:55.305811 np0000006761 devstack@neutron-api.service[90861]: DEBUG neutron.plugins.ml2.drivers.ovn.mech_driver.ovsdb.ovsdb_monitor [-] Hash Ring: Node 3d429a2e0fbf551886a02a15c4b4033c (host: np0000006761) handling event "update" for row 7c943f19-1e5e-440f-af1a-b55db6d8117a (table: NB_Global) {{(pid=90861) notify /opt/stack/neutron/neutron/plugins/ml2/drivers/ovn/mech_driver/ovsdb/ovsdb_monitor.py:1099}}
Aug 07 21:44:55.305949 np0000006761 devstack@neutron-api.service[90864]: DEBUG neutron.api.rpc.callbacks.version_manager [None req-b30905c6-83ad-4d18-bba3-d0e3471b645d admin admin] Tracked resource versions report:
Aug 07 21:44:55.305949 np0000006761 devstack@neutron-api.service[90864]: pushed versions:
Aug 07 21:44:55.305949 np0000006761 devstack@neutron-api.service[90864]: { 'AddressGroup': {'1.2'},
Aug 07 21:44:55.305949 np0000006761 devstack@neutron-api.service[90864]: 'Agent': {'1.1'},
Aug 07 21:44:55.305949 np0000006761 devstack@neutron-api.service[90864]: 'ConntrackHelper': {'1.0'},
Aug 07 21:44:55.305949 np0000006761 devstack@neutron-api.service[90864]: 'LocalIPAssociation': {'1.0'},
Aug 07 21:44:55.305949 np0000006761 devstack@neutron-api.service[90864]: 'Log': {'1.0'},
Aug 07 21:44:55.305949 np0000006761 devstack@neutron-api.service[90864]: 'NDPProxy': {'1.0'},
Aug 07 21:44:55.305949 np0000006761 devstack@neutron-api.service[90864]: 'Network': {'1.3'},
Aug 07 21:44:55.305949 np0000006761 devstack@neutron-api.service[90864]: 'Port': {'1.11'},
Aug 07 21:44:55.305949 np0000006761 devstack@neutron-api.service[90864]: 'PortForwarding': {'1.3'},
Aug 07 21:44:55.305949 np0000006761 devstack@neutron-api.service[90864]: 'QosPolicy': {'1.10'},
Aug 07 21:44:55.305949 np0000006761 devstack@neutron-api.service[90864]: 'SecurityGroup': {'1.6'},
Aug 07 21:44:55.305949 np0000006761 devstack@neutron-api.service[90864]: 'SecurityGroupRule': {'1.3'},
Aug 07 21:44:55.305949 np0000006761 devstack@neutron-api.service[90864]: 'SubPort': {'1.0'},
Aug 07 21:44:55.305949 np0000006761 devstack@neutron-api.service[90864]: 'Subnet': {'1.2'},
Aug 07 21:44:55.305949 np0000006761 devstack@neutron-api.service[90864]: 'Trunk': {'1.1'}}
Aug 07 21:44:55.305949 np0000006761 devstack@neutron-api.service[90864]: consumer versions:
Aug 07 21:44:55.305949 np0000006761 devstack@neutron-api.service[90864]: {}
Aug 07 21:44:55.305949 np0000006761 devstack@neutron-api.service[90864]: {{(pid=90864) report /opt/stack/neutron/neutron/api/rpc/callbacks/version_manager.py:183}}
Aug 07 21:44:55.306643 np0000006761 devstack@neutron-api.service[90863]: DEBUG neutron.plugins.ml2.drivers.ovn.mech_driver.ovsdb.ovsdb_monitor [-] Hash Ring: Node 2bb16b5322b85e5f9fd941f10ccfe28e (host: np0000006761) handling event "update" for row 7c943f19-1e5e-440f-af1a-b55db6d8117a (table: NB_Global) {{(pid=90863) notify /opt/stack/neutron/neutron/plugins/ml2/drivers/ovn/mech_driver/ovsdb/ovsdb_monitor.py:1099}}
Aug 07 21:44:55.306984 np0000006761 devstack@neutron-api.service[90861]: DEBUG neutron.plugins.ml2.drivers.ovn.mech_driver.ovsdb.ovsdb_monitor [-] Hash Ring: Node 3d429a2e0fbf551886a02a15c4b4033c (host: np0000006761) handling event "update" for row 7c943f19-1e5e-440f-af1a-b55db6d8117a (table: NB_Global) {{(pid=90861) notify /opt/stack/neutron/neutron/plugins/ml2/drivers/ovn/mech_driver/ovsdb/ovsdb_monitor.py:1099}}
Aug 07 21:44:55.308072 np0000006761 devstack@neutron-api.service[90863]: DEBUG neutron.plugins.ml2.drivers.ovn.mech_driver.ovsdb.ovsdb_monitor [-] Hash Ring: Node 2bb16b5322b85e5f9fd941f10ccfe28e (host: np0000006761) handling event "update" for row 7c943f19-1e5e-440f-af1a-b55db6d8117a (table: NB_Global) {{(pid=90863) notify /opt/stack/neutron/neutron/plugins/ml2/drivers/ovn/mech_driver/ovsdb/ovsdb_monitor.py:1099}}
Aug 07 21:44:55.309384 np0000006761 devstack@neutron-api.service[90861]: DEBUG ovsdbapp.backend.ovs_idl.event [-] Matched UPDATE: ChassisAgentWriteEvent(events=('create', 'update'), table='Chassis_Private', conditions=None, old_conditions=None), priority=20 to row=Chassis_Private(uuid=e68e2515-e6d2-424e-85f0-a054d195d917, chassis=b7c66d13-9104-4d54-97d7-079e3e54ed83, external_ids={'neutron:ovn-bridge': 'br-int', 'neutron:ovn-neutron-agent-id': '12cffa53-9a49-5967-96cd-37849c3c118d', 'neutron:ovn-neutron-agent-sb-cfg': '0'}, name='c53d3640-0381-4357-8d20-0bab76d49317', nb_cfg=1, nb_cfg_timestamp=1786139095305) old=Chassis_Private(uuid=e68e2515-e6d2-424e-85f0-a054d195d917, nb_cfg=0, nb_cfg_timestamp=0) {{(pid=90861) matches /opt/stack/data/venv/lib/python3.12/site-packages/ovsdbapp/backend/ovs_idl/event.py:55}}
Aug 07 21:44:55.310207 np0000006761 devstack@neutron-api.service[90863]: DEBUG ovsdbapp.backend.ovs_idl.event [-] Matched UPDATE: ChassisAgentWriteEvent(events=('create', 'update'), table='Chassis_Private', conditions=None, old_conditions=None), priority=20 to row=Chassis_Private(uuid=e68e2515-e6d2-424e-85f0-a054d195d917, chassis=b7c66d13-9104-4d54-97d7-079e3e54ed83, external_ids={'neutron:ovn-bridge': 'br-int', 'neutron:ovn-neutron-agent-id': '12cffa53-9a49-5967-96cd-37849c3c118d', 'neutron:ovn-neutron-agent-sb-cfg': '0'}, name='c53d3640-0381-4357-8d20-0bab76d49317', nb_cfg=1, nb_cfg_timestamp=1786139095305) old=Chassis_Private(uuid=e68e2515-e6d2-424e-85f0-a054d195d917, nb_cfg=0, nb_cfg_timestamp=0) {{(pid=90863) matches /opt/stack/data/venv/lib/python3.12/site-packages/ovsdbapp/backend/ovs_idl/event.py:55}}
Aug 07 21:44:55.310296 np0000006761 devstack@neutron-api.service[90862]: DEBUG ovsdbapp.backend.ovs_idl.event [-] Matched UPDATE: ChassisAgentWriteEvent(events=('create', 'update'), table='Chassis_Private', conditions=None, old_conditions=None), priority=20 to row=Chassis_Private(uuid=e68e2515-e6d2-424e-85f0-a054d195d917, chassis=b7c66d13-9104-4d54-97d7-079e3e54ed83, external_ids={'neutron:ovn-bridge': 'br-int', 'neutron:ovn-neutron-agent-id': '12cffa53-9a49-5967-96cd-37849c3c118d', 'neutron:ovn-neutron-agent-sb-cfg': '0'}, name='c53d3640-0381-4357-8d20-0bab76d49317', nb_cfg=1, nb_cfg_timestamp=1786139095305) old=Chassis_Private(uuid=e68e2515-e6d2-424e-85f0-a054d195d917, nb_cfg=0, nb_cfg_timestamp=0) {{(pid=90862) matches /opt/stack/data/venv/lib/python3.12/site-packages/ovsdbapp/backend/ovs_idl/event.py:55}}
Aug 07 21:44:55.310557 np0000006761 devstack@neutron-api.service[90863]: DEBUG neutron.plugins.ml2.drivers.ovn.mech_driver.ovsdb.ovsdb_monitor [-] Hash Ring: Node 2bb16b5322b85e5f9fd941f10ccfe28e (host: np0000006761) handling event "update" for row e68e2515-e6d2-424e-85f0-a054d195d917 (table: Chassis_Private) {{(pid=90863) notify /opt/stack/neutron/neutron/plugins/ml2/drivers/ovn/mech_driver/ovsdb/ovsdb_monitor.py:1099}}
Aug 07 21:44:55.311131 np0000006761 devstack@neutron-api.service[90863]: DEBUG neutron.plugins.ml2.drivers.ovn.mech_driver.ovsdb.ovsdb_monitor [-] Hash Ring: Node 2bb16b5322b85e5f9fd941f10ccfe28e (host: np0000006761) handling event "update" for row 7c943f19-1e5e-440f-af1a-b55db6d8117a (table: NB_Global) {{(pid=90863) notify /opt/stack/neutron/neutron/plugins/ml2/drivers/ovn/mech_driver/ovsdb/ovsdb_monitor.py:1099}}
Aug 07 21:44:55.312820 np0000006761 devstack@neutron-api.service[90863]: DEBUG neutron.plugins.ml2.drivers.ovn.mech_driver.ovsdb.ovsdb_monitor [-] Hash Ring: Node 2bb16b5322b85e5f9fd941f10ccfe28e (host: np0000006761) handling event "update" for row 7c943f19-1e5e-440f-af1a-b55db6d8117a (table: NB_Global) {{(pid=90863) notify /opt/stack/neutron/neutron/plugins/ml2/drivers/ovn/mech_driver/ovsdb/ovsdb_monitor.py:1099}}
Aug 07 21:44:55.313450 np0000006761 devstack@neutron-api.service[90861]: DEBUG neutron.plugins.ml2.drivers.ovn.mech_driver.ovsdb.ovsdb_monitor [-] Hash Ring: Node 3d429a2e0fbf551886a02a15c4b4033c (host: np0000006761) handling event "update" for row 7c943f19-1e5e-440f-af1a-b55db6d8117a (table: NB_Global) {{(pid=90861) notify /opt/stack/neutron/neutron/plugins/ml2/drivers/ovn/mech_driver/ovsdb/ovsdb_monitor.py:1099}}
Aug 07 21:44:55.313988 np0000006761 devstack@neutron-api.service[90862]: DEBUG ovsdbapp.backend.ovs_idl.event [-] Matched UPDATE: ChassisOVNAgentWriteEvent(events=('create', 'update'), table='Chassis_Private', conditions=None, old_conditions=None), priority=20 to row=Chassis_Private(uuid=e68e2515-e6d2-424e-85f0-a054d195d917, chassis=b7c66d13-9104-4d54-97d7-079e3e54ed83, external_ids={'neutron:ovn-bridge': 'br-int', 'neutron:ovn-neutron-agent-id': '12cffa53-9a49-5967-96cd-37849c3c118d', 'neutron:ovn-neutron-agent-sb-cfg': '1'}, name='c53d3640-0381-4357-8d20-0bab76d49317', nb_cfg=1, nb_cfg_timestamp=1786139095305) old=Chassis_Private(uuid=e68e2515-e6d2-424e-85f0-a054d195d917, external_ids={'neutron:ovn-bridge': 'br-int', 'neutron:ovn-neutron-agent-id': '12cffa53-9a49-5967-96cd-37849c3c118d', 'neutron:ovn-neutron-agent-sb-cfg': '0'}) {{(pid=90862) matches /opt/stack/data/venv/lib/python3.12/site-packages/ovsdbapp/backend/ovs_idl/event.py:55}}
Aug 07 21:44:55.315151 np0000006761 devstack@neutron-api.service[90863]: DEBUG ovsdbapp.backend.ovs_idl.event [-] Matched UPDATE: ChassisOVNAgentWriteEvent(events=('create', 'update'), table='Chassis_Private', conditions=None, old_conditions=None), priority=20 to row=Chassis_Private(uuid=e68e2515-e6d2-424e-85f0-a054d195d917, chassis=b7c66d13-9104-4d54-97d7-079e3e54ed83, external_ids={'neutron:ovn-bridge': 'br-int', 'neutron:ovn-neutron-agent-id': '12cffa53-9a49-5967-96cd-37849c3c118d', 'neutron:ovn-neutron-agent-sb-cfg': '1'}, name='c53d3640-0381-4357-8d20-0bab76d49317', nb_cfg=1, nb_cfg_timestamp=1786139095305) old=Chassis_Private(uuid=e68e2515-e6d2-424e-85f0-a054d195d917, external_ids={'neutron:ovn-bridge': 'br-int', 'neutron:ovn-neutron-agent-id': '12cffa53-9a49-5967-96cd-37849c3c118d', 'neutron:ovn-neutron-agent-sb-cfg': '0'}) {{(pid=90863) matches /opt/stack/data/venv/lib/python3.12/site-packages/ovsdbapp/backend/ovs_idl/event.py:55}}
Aug 07 21:44:55.315595 np0000006761 devstack@neutron-api.service[90863]: DEBUG neutron.plugins.ml2.drivers.ovn.mech_driver.ovsdb.ovsdb_monitor [-] Hash Ring: Node 2bb16b5322b85e5f9fd941f10ccfe28e (host: np0000006761) handling event "update" for row e68e2515-e6d2-424e-85f0-a054d195d917 (table: Chassis_Private) {{(pid=90863) notify /opt/stack/neutron/neutron/plugins/ml2/drivers/ovn/mech_driver/ovsdb/ovsdb_monitor.py:1099}}
Aug 07 21:44:55.315970 np0000006761 devstack@neutron-api.service[90861]: DEBUG neutron.common.ovn.hash_ring_manager [-] Allow caching, nodes 4>=4 {{(pid=90861) _wait_startup_before_caching /opt/stack/neutron/neutron/common/ovn/hash_ring_manager.py:71}}
Aug 07 21:44:55.316126 np0000006761 devstack@neutron-api.service[90861]: DEBUG neutron.plugins.ml2.drivers.ovn.mech_driver.ovsdb.ovsdb_monitor [-] Hash Ring: Node 3d429a2e0fbf551886a02a15c4b4033c (host: np0000006761) handling event "update" for row e68e2515-e6d2-424e-85f0-a054d195d917 (table: Chassis_Private) {{(pid=90861) notify /opt/stack/neutron/neutron/plugins/ml2/drivers/ovn/mech_driver/ovsdb/ovsdb_monitor.py:1099}}
Aug 07 21:44:55.317021 np0000006761 devstack@neutron-api.service[90864]: DEBUG ovsdbapp.backend.ovs_idl.event [-] Matched UPDATE: ChassisAgentWriteEvent(events=('create', 'update'), table='Chassis_Private', conditions=None, old_conditions=None), priority=20 to row=Chassis_Private(uuid=e68e2515-e6d2-424e-85f0-a054d195d917, chassis=b7c66d13-9104-4d54-97d7-079e3e54ed83, external_ids={'neutron:ovn-bridge': 'br-int', 'neutron:ovn-neutron-agent-id': '12cffa53-9a49-5967-96cd-37849c3c118d', 'neutron:ovn-neutron-agent-sb-cfg': '0'}, name='c53d3640-0381-4357-8d20-0bab76d49317', nb_cfg=1, nb_cfg_timestamp=1786139095305) old=Chassis_Private(uuid=e68e2515-e6d2-424e-85f0-a054d195d917, nb_cfg=0, nb_cfg_timestamp=0) {{(pid=90864) matches /opt/stack/data/venv/lib/python3.12/site-packages/ovsdbapp/backend/ovs_idl/event.py:55}}
Aug 07 21:44:55.317526 np0000006761 devstack@neutron-api.service[90861]: DEBUG ovsdbapp.backend.ovs_idl.event [-] Matched UPDATE: ChassisOVNAgentWriteEvent(events=('create', 'update'), table='Chassis_Private', conditions=None, old_conditions=None), priority=20 to row=Chassis_Private(uuid=e68e2515-e6d2-424e-85f0-a054d195d917, chassis=b7c66d13-9104-4d54-97d7-079e3e54ed83, external_ids={'neutron:ovn-bridge': 'br-int', 'neutron:ovn-neutron-agent-id': '12cffa53-9a49-5967-96cd-37849c3c118d', 'neutron:ovn-neutron-agent-sb-cfg': '1'}, name='c53d3640-0381-4357-8d20-0bab76d49317', nb_cfg=1, nb_cfg_timestamp=1786139095305) old=Chassis_Private(uuid=e68e2515-e6d2-424e-85f0-a054d195d917, external_ids={'neutron:ovn-bridge': 'br-int', 'neutron:ovn-neutron-agent-id': '12cffa53-9a49-5967-96cd-37849c3c118d', 'neutron:ovn-neutron-agent-sb-cfg': '0'}) {{(pid=90861) matches /opt/stack/data/venv/lib/python3.12/site-packages/ovsdbapp/backend/ovs_idl/event.py:55}}
Aug 07 21:44:55.317606 np0000006761 devstack@neutron-api.service[90861]: DEBUG neutron.plugins.ml2.drivers.ovn.mech_driver.ovsdb.ovsdb_monitor [-] Hash Ring: Node 3d429a2e0fbf551886a02a15c4b4033c (host: np0000006761) handling event "update" for row e68e2515-e6d2-424e-85f0-a054d195d917 (table: Chassis_Private) {{(pid=90861) notify /opt/stack/neutron/neutron/plugins/ml2/drivers/ovn/mech_driver/ovsdb/ovsdb_monitor.py:1099}}
Aug 07 21:44:55.319261 np0000006761 devstack@neutron-api.service[90864]: DEBUG ovsdbapp.backend.ovs_idl.event [-] Matched UPDATE: ChassisOVNAgentWriteEvent(events=('create', 'update'), table='Chassis_Private', conditions=None, old_conditions=None), priority=20 to row=Chassis_Private(uuid=e68e2515-e6d2-424e-85f0-a054d195d917, chassis=b7c66d13-9104-4d54-97d7-079e3e54ed83, external_ids={'neutron:ovn-bridge': 'br-int', 'neutron:ovn-neutron-agent-id': '12cffa53-9a49-5967-96cd-37849c3c118d', 'neutron:ovn-neutron-agent-sb-cfg': '1'}, name='c53d3640-0381-4357-8d20-0bab76d49317', nb_cfg=1, nb_cfg_timestamp=1786139095305) old=Chassis_Private(uuid=e68e2515-e6d2-424e-85f0-a054d195d917, external_ids={'neutron:ovn-bridge': 'br-int', 'neutron:ovn-neutron-agent-id': '12cffa53-9a49-5967-96cd-37849c3c118d', 'neutron:ovn-neutron-agent-sb-cfg': '0'}) {{(pid=90864) matches /opt/stack/data/venv/lib/python3.12/site-packages/ovsdbapp/backend/ovs_idl/event.py:55}}
Aug 07 21:44:55.365703 np0000006761 devstack@neutron-api.service[90864]: DEBUG neutron.plugins.ml2.drivers.helpers [None req-b30905c6-83ad-4d18-bba3-d0e3471b645d admin admin] geneve segment allocate from pool success with {'geneve_vni': 37691} {{(pid=90864) allocate_partially_specified_segment /opt/stack/neutron/neutron/plugins/ml2/drivers/helpers.py:142}}
Aug 07 21:44:55.376193 np0000006761 devstack@neutron-api.service[90864]: DEBUG neutron_lib.callbacks.manager [None req-b30905c6-83ad-4d18-bba3-d0e3471b645d admin admin] Publish callbacks ['neutron.services.segments.db._add_segment_host_mapping_for_segment-8566417816106', 'neutron.plugins.ml2.plugin.Ml2Plugin._handle_segment_change-810808'] for segment (c057e64f-2fe1-4d88-b71b-ce1f2f551bcd), precommit_create {{(pid=90864) _notify_loop /opt/stack/data/venv/lib/python3.12/site-packages/neutron_lib/callbacks/manager.py:184}}
Aug 07 21:44:55.376364 np0000006761 devstack@neutron-api.service[90864]: INFO neutron.db.segments_db [None req-b30905c6-83ad-4d18-bba3-d0e3471b645d admin admin] Added segment c057e64f-2fe1-4d88-b71b-ce1f2f551bcd of type geneve for network a83db614-6a48-47ea-be50-1a6bfd677442
Aug 07 21:44:55.413194 np0000006761 devstack@neutron-api.service[90864]: DEBUG neutron_lib.callbacks.manager [None req-b30905c6-83ad-4d18-bba3-d0e3471b645d admin admin] Publish callbacks ['neutron.services.auto_allocate.db._ensure_external_network_default_value_callback-8566416125172'] for network (a83db614-6a48-47ea-be50-1a6bfd677442), precommit_create {{(pid=90864) _notify_loop /opt/stack/data/venv/lib/python3.12/site-packages/neutron_lib/callbacks/manager.py:184}}
Aug 07 21:44:55.431951 np0000006761 devstack@neutron-api.service[90864]: DEBUG neutron.plugins.ml2.drivers.ovn.mech_driver.mech_driver [None req-b30905c6-83ad-4d18-bba3-d0e3471b645d admin admin] Validating network segment with type geneve, segmentation ID 37691, physical network None {{(pid=90864) _validate_network_segments /opt/stack/neutron/neutron/plugins/ml2/drivers/ovn/mech_driver/mech_driver.py:646}}
Aug 07 21:44:55.432089 np0000006761 devstack@neutron-api.service[90864]: DEBUG neutron.db.ovn_revision_numbers_db [None req-b30905c6-83ad-4d18-bba3-d0e3471b645d admin admin] create_initial_revision uuid=a83db614-6a48-47ea-be50-1a6bfd677442, type=networks, rev=-1 {{(pid=90864) create_initial_revision /opt/stack/neutron/neutron/db/ovn_revision_numbers_db.py:98}}
Aug 07 21:44:55.447544 np0000006761 devstack@neutron-api.service[90864]: DEBUG neutron_lib.callbacks.manager [None req-b30905c6-83ad-4d18-bba3-d0e3471b645d admin admin] Publish callbacks ['neutron.plugins.ml2.ovo_rpc._ObjectChangeHandler.handle_event-6651781'] for network (a83db614-6a48-47ea-be50-1a6bfd677442), after_create {{(pid=90864) _notify_loop /opt/stack/data/venv/lib/python3.12/site-packages/neutron_lib/callbacks/manager.py:184}}
Aug 07 21:44:55.501552 np0000006761 devstack@neutron-api.service[90864]: DEBUG neutron.api.rpc.handlers.resources_rpc [None req-b30905c6-83ad-4d18-bba3-d0e3471b645d admin admin] Pushing event updated for resources: {'Network': ['ID=a83db614-6a48-47ea-be50-1a6bfd677442,revision_number=1']} {{(pid=90864) push /opt/stack/neutron/neutron/api/rpc/handlers/resources_rpc.py:237}}
Aug 07 21:44:55.509478 np0000006761 devstack@neutron-api.service[90864]: DEBUG ovsdbapp.backend.ovs_idl.transaction [-] Running txn n=1 command(idx=0): AddNetworkCommand(_result=None, network_uuid=a83db614-6a48-47ea-be50-1a6bfd677442, may_exist=True, columns={'external_ids': {'neutron:network_name': 'private', 'neutron:mtu': '1372', 'neutron:revision_number': '1', 'neutron:availability_zone_hints': '', 'neutron:provnet-network-type': 'geneve'}, 'other_config': {'mcast_snoop': 'false', 'mcast_flood_unregistered': 'false', 'vlan-passthru': 'false'}}) {{(pid=90864) do_commit /opt/stack/data/venv/lib/python3.12/site-packages/ovsdbapp/backend/ovs_idl/transaction.py:89}}
Aug 07 21:44:55.509822 np0000006761 devstack@neutron-api.service[90864]: DEBUG neutron.common.ovn.utils [-] OVS persist_uuid supported=True {{(pid=90864) ovs_persist_uuid_supported /opt/stack/neutron/neutron/common/ovn/utils.py:1565}}
Aug 07 21:44:55.512691 np0000006761 devstack@neutron-api.service[90861]: DEBUG neutron.plugins.ml2.drivers.ovn.mech_driver.ovsdb.ovsdb_monitor [-] Hash Ring: Node 3d429a2e0fbf551886a02a15c4b4033c (host: np0000006761) handling event "create" for row a83db614-6a48-47ea-be50-1a6bfd677442 (table: Logical_Switch) {{(pid=90861) notify /opt/stack/neutron/neutron/plugins/ml2/drivers/ovn/mech_driver/ovsdb/ovsdb_monitor.py:1099}}
Aug 07 21:44:55.513707 np0000006761 devstack@neutron-api.service[90862]: DEBUG neutron.plugins.ml2.drivers.ovn.mech_driver.ovsdb.ovsdb_monitor [-] Hash Ring: Node f300757f6d235473a5507cf7d97952a7 (host: np0000006761) handling event "create" for row a83db614-6a48-47ea-be50-1a6bfd677442 (table: Logical_Switch) {{(pid=90862) notify /opt/stack/neutron/neutron/plugins/ml2/drivers/ovn/mech_driver/ovsdb/ovsdb_monitor.py:1099}}
Aug 07 21:44:55.517173 np0000006761 devstack@neutron-api.service[90861]: DEBUG neutron.plugins.ml2.drivers.ovn.mech_driver.ovsdb.ovsdb_monitor [-] Hash Ring: Node 3d429a2e0fbf551886a02a15c4b4033c (host: np0000006761) handling event "create" for row 698b5af7-c1b8-41e8-8458-1dec774dfe77 (table: Datapath_Binding) {{(pid=90861) notify /opt/stack/neutron/neutron/plugins/ml2/drivers/ovn/mech_driver/ovsdb/ovsdb_monitor.py:1099}}
Aug 07 21:44:55.540491 np0000006761 devstack@neutron-api.service[90864]: INFO neutron.db.ovn_revision_numbers_db [None req-b30905c6-83ad-4d18-bba3-d0e3471b645d admin admin] Successfully bumped revision number for resource a83db614-6a48-47ea-be50-1a6bfd677442 (type: networks) to 1
Aug 07 21:44:55.590558 np0000006761 devstack@neutron-api.service[90864]: DEBUG neutron_lib.callbacks.manager [None req-b30905c6-83ad-4d18-bba3-d0e3471b645d admin admin] Publish callbacks ['neutron.plugins.ml2.plugin.SecurityGroupDbMixin._ensure_default_security_group_handler-12268'] for port (None), before_create {{(pid=90864) _notify_loop /opt/stack/data/venv/lib/python3.12/site-packages/neutron_lib/callbacks/manager.py:184}}
Aug 07 21:44:55.899373 np0000006761 devstack@neutron-api.service[90864]: DEBUG neutron_lib.callbacks.manager [None req-b30905c6-83ad-4d18-bba3-d0e3471b645d admin admin] Publish callbacks ['neutron.plugins.ml2.drivers.ovn.mech_driver.mech_driver.OVNMechanismDriver._validate_allowed_address_pairs-204823'] for allowed_address_pair (176c6a1e-35f4-49d4-9d11-ff87248c7809), before_create {{(pid=90864) _notify_loop /opt/stack/data/venv/lib/python3.12/site-packages/neutron_lib/callbacks/manager.py:184}}
Aug 07 21:44:55.900125 np0000006761 devstack@neutron-api.service[90864]: DEBUG neutron_lib.callbacks.manager [None req-b30905c6-83ad-4d18-bba3-d0e3471b645d admin admin] Publish callbacks [] for port (176c6a1e-35f4-49d4-9d11-ff87248c7809), precommit_create {{(pid=90864) _notify_loop /opt/stack/data/venv/lib/python3.12/site-packages/neutron_lib/callbacks/manager.py:184}}
Aug 07 21:44:55.900388 np0000006761 devstack@neutron-api.service[90864]: DEBUG neutron.plugins.ml2.drivers.ovn.mech_driver.mech_driver [None req-b30905c6-83ad-4d18-bba3-d0e3471b645d admin admin] No provisioning block for port 176c6a1e-35f4-49d4-9d11-ff87248c7809 since it does not have a host {{(pid=90864) _is_port_provisioning_required /opt/stack/neutron/neutron/plugins/ml2/drivers/ovn/mech_driver/mech_driver.py:899}}
Aug 07 21:44:55.900556 np0000006761 devstack@neutron-api.service[90864]: DEBUG neutron.db.ovn_revision_numbers_db [None req-b30905c6-83ad-4d18-bba3-d0e3471b645d admin admin] create_initial_revision uuid=176c6a1e-35f4-49d4-9d11-ff87248c7809, type=ports, rev=-1 {{(pid=90864) create_initial_revision /opt/stack/neutron/neutron/db/ovn_revision_numbers_db.py:98}}
Aug 07 21:44:55.974331 np0000006761 devstack@neutron-api.service[90864]: DEBUG neutron_lib.callbacks.manager [None req-b30905c6-83ad-4d18-bba3-d0e3471b645d admin admin] Publish callbacks ['neutron.plugins.ml2.ovo_rpc._ObjectChangeHandler.handle_event-6651508'] for port (176c6a1e-35f4-49d4-9d11-ff87248c7809), after_create {{(pid=90864) _notify_loop /opt/stack/data/venv/lib/python3.12/site-packages/neutron_lib/callbacks/manager.py:184}}
Aug 07 21:44:56.030257 np0000006761 devstack@neutron-api.service[90864]: DEBUG neutron.api.rpc.handlers.resources_rpc [None req-b30905c6-83ad-4d18-bba3-d0e3471b645d admin admin] Pushing event updated for resources: {'Port': ['ID=176c6a1e-35f4-49d4-9d11-ff87248c7809,revision_number=1']} {{(pid=90864) push /opt/stack/neutron/neutron/api/rpc/handlers/resources_rpc.py:237}}
Aug 07 21:44:56.061175 np0000006761 devstack@neutron-api.service[90864]: DEBUG neutron.plugins.ml2.drivers.ovn.mech_driver.ovsdb.commands [None req-b30905c6-83ad-4d18-bba3-d0e3471b645d admin admin] Converting tag [] to a tag_request {{(pid=90864) _tag_column_to_tag_request /opt/stack/neutron/neutron/plugins/ml2/drivers/ovn/mech_driver/ovsdb/commands.py:227}}
Aug 07 21:44:56.062008 np0000006761 devstack@neutron-api.service[90864]: DEBUG ovsdbapp.backend.ovs_idl.transaction [-] Running txn n=1 command(idx=0): AddLSwitchPortCommand(_result=None, lport=176c6a1e-35f4-49d4-9d11-ff87248c7809, lswitch=neutron-a83db614-6a48-47ea-be50-1a6bfd677442, may_exist=True, network_uuid=a83db614-6a48-47ea-be50-1a6bfd677442, columns={'addresses': ['fa:16:3e:dc:71:35'], 'external_ids': {'neutron:port_name': '', 'neutron:device_id': 'ovnmeta-a83db614-6a48-47ea-be50-1a6bfd677442', 'neutron:project_id': '838f8e5a760744a3bbe0fb22008b6085', 'neutron:cidrs': '', 'neutron:device_owner': 'network:distributed', 'neutron:subnet_pool_addr_scope4': '', 'neutron:subnet_pool_addr_scope6': '', 'neutron:network_name': 'neutron-a83db614-6a48-47ea-be50-1a6bfd677442', 'neutron:security_group_ids': '', 'neutron:revision_number': '1', 'neutron:vnic_type': 'normal', 'neutron:port_capabilities': '', 'neutron:mtu': '1372'}, 'parent_name': [], 'enabled': True, 'options': {}, 'type': 'localport', 'port_security': [], 'dhcpv4_options': [], 'dhcpv6_options': [], 'tag_request': []}) {{(pid=90864) do_commit /opt/stack/data/venv/lib/python3.12/site-packages/ovsdbapp/backend/ovs_idl/transaction.py:89}}
Aug 07 21:44:56.062474 np0000006761 devstack@neutron-api.service[90864]: DEBUG ovsdbapp.backend.ovs_idl.transaction [-] Running txn n=1 command(idx=1): QoSDelCommand(_result=None, switch=neutron-a83db614-6a48-47ea-be50-1a6bfd677442, conditions=[('direction', '=', 'to-lport'), ('priority', '=', 2002), ('match', '=', 'outport == "176c6a1e-35f4-49d4-9d11-ff87248c7809"')], if_exists=True) {{(pid=90864) do_commit /opt/stack/data/venv/lib/python3.12/site-packages/ovsdbapp/backend/ovs_idl/transaction.py:89}}
Aug 07 21:44:56.062678 np0000006761 devstack@neutron-api.service[90864]: DEBUG ovsdbapp.backend.ovs_idl.transaction [-] Running txn n=1 command(idx=2): QoSDelCommand(_result=None, switch=neutron-a83db614-6a48-47ea-be50-1a6bfd677442, conditions=[('direction', '=', 'from-lport'), ('priority', '=', 2002), ('match', '=', 'inport == "176c6a1e-35f4-49d4-9d11-ff87248c7809"')], if_exists=True) {{(pid=90864) do_commit /opt/stack/data/venv/lib/python3.12/site-packages/ovsdbapp/backend/ovs_idl/transaction.py:89}}
Aug 07 21:44:56.065868 np0000006761 devstack@neutron-api.service[90861]: DEBUG neutron.plugins.ml2.drivers.ovn.mech_driver.ovsdb.ovsdb_monitor [-] Hash Ring: Node 3d429a2e0fbf551886a02a15c4b4033c (host: np0000006761) handling event "update" for row a83db614-6a48-47ea-be50-1a6bfd677442 (table: Logical_Switch) {{(pid=90861) notify /opt/stack/neutron/neutron/plugins/ml2/drivers/ovn/mech_driver/ovsdb/ovsdb_monitor.py:1099}}
Aug 07 21:44:56.066019 np0000006761 devstack@neutron-api.service[90861]: DEBUG neutron.plugins.ml2.drivers.ovn.mech_driver.ovsdb.ovsdb_monitor [-] Hash Ring: Node 3d429a2e0fbf551886a02a15c4b4033c (host: np0000006761) handling event "create" for row dbf5cafd-1e1c-4bd0-a9f8-440de9c3a604 (table: Logical_Switch_Port) {{(pid=90861) notify /opt/stack/neutron/neutron/plugins/ml2/drivers/ovn/mech_driver/ovsdb/ovsdb_monitor.py:1099}}
