Aug 26 03:02:04.288917 np0000008126 systemd[1]: Starting devstack@n-api-meta.service - Devstack devstack@n-api-meta.service...
Aug 26 03:02:04.295085 np0000008126 devstack@n-api-meta.service[92899]: [uWSGI] getting INI configuration from /etc/nova/nova-metadata-uwsgi.ini
Aug 26 03:02:04.297470 np0000008126 devstack@n-api-meta.service[92899]: *** Starting uWSGI 2.0.24-debian (64bit) on [Wed Aug 26 03:02:04 2026] ***
Aug 26 03:02:04.297470 np0000008126 devstack@n-api-meta.service[92899]: compiled with version: 13.2.0 on 17 April 2024 16:23:48
Aug 26 03:02:04.297470 np0000008126 devstack@n-api-meta.service[92899]: os: Linux-6.8.0-138-generic #138-Ubuntu SMP PREEMPT_DYNAMIC Fri Jul 31 22:41:49 UTC 2026
Aug 26 03:02:04.297470 np0000008126 devstack@n-api-meta.service[92899]: nodename: np0000008126
Aug 26 03:02:04.297470 np0000008126 devstack@n-api-meta.service[92899]: machine: x86_64
Aug 26 03:02:04.297470 np0000008126 devstack@n-api-meta.service[92899]: clock source: unix
Aug 26 03:02:04.297470 np0000008126 devstack@n-api-meta.service[92899]: pcre jit disabled
Aug 26 03:02:04.297470 np0000008126 devstack@n-api-meta.service[92899]: detected number of CPU cores: 16
Aug 26 03:02:04.297470 np0000008126 devstack@n-api-meta.service[92899]: current working directory: /
Aug 26 03:02:04.297470 np0000008126 devstack@n-api-meta.service[92899]: detected binary path: /usr/bin/uwsgi-core
Aug 26 03:02:04.297470 np0000008126 devstack@n-api-meta.service[92899]: your processes number limit is 252954
Aug 26 03:02:04.297470 np0000008126 devstack@n-api-meta.service[92899]: your memory page size is 4096 bytes
Aug 26 03:02:04.297775 np0000008126 devstack@n-api-meta.service[92899]: detected max file descriptor number: 2048
Aug 26 03:02:04.297775 np0000008126 devstack@n-api-meta.service[92899]: lock engine: pthread robust mutexes
Aug 26 03:02:04.297775 np0000008126 devstack@n-api-meta.service[92899]: thunder lock: enabled
Aug 26 03:02:04.297903 np0000008126 devstack@n-api-meta.service[92899]: uWSGI http bound on 0.0.0.0:8775 fd 5
Aug 26 03:02:04.297939 np0000008126 devstack@n-api-meta.service[92899]: uwsgi socket 0 bound to TCP address 127.0.0.1:43267 (port auto-assigned) fd 4
Aug 26 03:02:04.297966 np0000008126 devstack@n-api-meta.service[92899]: Python version: 3.12.3 (main, Jul 15 2026, 23:46:41) [GCC 13.3.0]
Aug 26 03:02:04.297966 np0000008126 devstack@n-api-meta.service[92899]: PEP 405 virtualenv detected: /opt/stack/data/venv
Aug 26 03:02:04.297966 np0000008126 devstack@n-api-meta.service[92899]: Set PythonHome to /opt/stack/data/venv
Aug 26 03:02:04.330862 np0000008126 devstack@n-api-meta.service[92899]: Python main interpreter initialized at 0x7415d76a4668
Aug 26 03:02:04.330862 np0000008126 devstack@n-api-meta.service[92899]: python threads support enabled
Aug 26 03:02:04.330862 np0000008126 devstack@n-api-meta.service[92899]: your server socket listen backlog is limited to 100 connections
Aug 26 03:02:04.330862 np0000008126 devstack@n-api-meta.service[92899]: your mercy for graceful operations on workers is 80 seconds
Aug 26 03:02:04.331259 np0000008126 devstack@n-api-meta.service[92899]: mapped 537436 bytes (524 KB) for 3 cores
Aug 26 03:02:04.331376 np0000008126 devstack@n-api-meta.service[92899]: *** Operational MODE: preforking ***
Aug 26 03:02:04.331553 np0000008126 devstack@n-api-meta.service[92899]: *** uWSGI is running in multiple interpreter mode ***
Aug 26 03:02:04.331553 np0000008126 devstack@n-api-meta.service[92899]: spawned uWSGI master process (pid: 92899)
Aug 26 03:02:04.331759 np0000008126 systemd[1]: Started devstack@n-api-meta.service - Devstack devstack@n-api-meta.service.
Aug 26 03:02:04.332086 np0000008126 devstack@n-api-meta.service[92899]: spawned uWSGI worker 1 (pid: 92902, cores: 1)
Aug 26 03:02:04.332483 np0000008126 devstack@n-api-meta.service[92899]: spawned uWSGI worker 2 (pid: 92903, cores: 1)
Aug 26 03:02:04.332893 np0000008126 devstack@n-api-meta.service[92899]: spawned uWSGI worker 3 (pid: 92904, cores: 1)
Aug 26 03:02:04.333323 np0000008126 devstack@n-api-meta.service[92899]: spawned uWSGI http 1 (pid: 92905)
Aug 26 03:02:04.333323 np0000008126 devstack@n-api-meta.service[92899]: running "unix_signal:15 gracefully_kill_them_all" (master-start)...
Aug 26 03:02:05.901858 np0000008126 devstack@n-api-meta.service[92902]: INFO dbcounter [None req-e87b6d04-83c1-4656-8ed9-76b2a4d3d352 None None] Registered counter for database nova_api
Aug 26 03:02:05.918639 np0000008126 devstack@n-api-meta.service[92903]: INFO dbcounter [None req-03667790-e997-4eb1-9db7-4d42a2d98574 None None] Registered counter for database nova_api
Aug 26 03:02:05.923294 np0000008126 devstack@n-api-meta.service[92904]: INFO dbcounter [None req-c7187c9b-9912-4892-ad76-ee6e07fc13e4 None None] Registered counter for database nova_api
Aug 26 03:02:05.941365 np0000008126 devstack@n-api-meta.service[92902]: DEBUG oslo_db.sqlalchemy.engines [None req-e87b6d04-83c1-4656-8ed9-76b2a4d3d352 None None] MySQL server mode set to STRICT_TRANS_TABLES,STRICT_ALL_TABLES,NO_ZERO_IN_DATE,NO_ZERO_DATE,ERROR_FOR_DIVISION_BY_ZERO,TRADITIONAL,NO_ENGINE_SUBSTITUTION {{(pid=92902) _check_effective_sql_mode /opt/stack/data/venv/lib/python3.12/site-packages/oslo_db/sqlalchemy/engines.py:325}}
Aug 26 03:02:05.955094 np0000008126 devstack@n-api-meta.service[92903]: DEBUG oslo_db.sqlalchemy.engines [None req-03667790-e997-4eb1-9db7-4d42a2d98574 None None] MySQL server mode set to STRICT_TRANS_TABLES,STRICT_ALL_TABLES,NO_ZERO_IN_DATE,NO_ZERO_DATE,ERROR_FOR_DIVISION_BY_ZERO,TRADITIONAL,NO_ENGINE_SUBSTITUTION {{(pid=92903) _check_effective_sql_mode /opt/stack/data/venv/lib/python3.12/site-packages/oslo_db/sqlalchemy/engines.py:325}}
Aug 26 03:02:05.964589 np0000008126 devstack@n-api-meta.service[92904]: DEBUG oslo_db.sqlalchemy.engines [None req-c7187c9b-9912-4892-ad76-ee6e07fc13e4 None None] MySQL server mode set to STRICT_TRANS_TABLES,STRICT_ALL_TABLES,NO_ZERO_IN_DATE,NO_ZERO_DATE,ERROR_FOR_DIVISION_BY_ZERO,TRADITIONAL,NO_ENGINE_SUBSTITUTION {{(pid=92904) _check_effective_sql_mode /opt/stack/data/venv/lib/python3.12/site-packages/oslo_db/sqlalchemy/engines.py:325}}
Aug 26 03:02:05.969516 np0000008126 devstack@n-api-meta.service[92902]: DEBUG dbcounter [-] [92902] Writer thread running {{(pid=92902) stat_writer /opt/stack/data/venv/lib/python3.12/site-packages/dbcounter.py:102}}
Aug 26 03:02:05.971942 np0000008126 devstack@n-api-meta.service[92902]: DEBUG nova.context [None req-e87b6d04-83c1-4656-8ed9-76b2a4d3d352 None None] Found 2 cells: 00000000-0000-0000-0000-000000000000(cell0),80582207-47e2-4eb6-8204-974e23395585(cell1) {{(pid=92902) load_cells /opt/stack/nova/nova/context.py:509}}
Aug 26 03:02:05.973542 np0000008126 devstack@n-api-meta.service[92902]: DEBUG oslo_concurrency.lockutils [None req-e87b6d04-83c1-4656-8ed9-76b2a4d3d352 None None] Acquiring lock "00000000-0000-0000-0000-000000000000" by "nova.context.set_target_cell..get_or_set_cached_cell_and_set_connections" {{(pid=92902) inner /opt/stack/data/venv/lib/python3.12/site-packages/oslo_concurrency/lockutils.py:512}}
Aug 26 03:02:05.973713 np0000008126 devstack@n-api-meta.service[92902]: DEBUG oslo_concurrency.lockutils [None req-e87b6d04-83c1-4656-8ed9-76b2a4d3d352 None None] Lock "00000000-0000-0000-0000-000000000000" acquired by "nova.context.set_target_cell..get_or_set_cached_cell_and_set_connections" :: waited 0.000s {{(pid=92902) inner /opt/stack/data/venv/lib/python3.12/site-packages/oslo_concurrency/lockutils.py:525}}
Aug 26 03:02:05.974082 np0000008126 devstack@n-api-meta.service[92902]: DEBUG oslo_concurrency.lockutils [None req-e87b6d04-83c1-4656-8ed9-76b2a4d3d352 None None] Lock "00000000-0000-0000-0000-000000000000" "released" by "nova.context.set_target_cell..get_or_set_cached_cell_and_set_connections" :: held 0.000s {{(pid=92902) inner /opt/stack/data/venv/lib/python3.12/site-packages/oslo_concurrency/lockutils.py:544}}
Aug 26 03:02:05.974304 np0000008126 devstack@n-api-meta.service[92902]: INFO nova.thread_pool_factory [None req-e87b6d04-83c1-4656-8ed9-76b2a4d3d352 None None] The cell_worker thread pool MainProcess.cell_worker is initialized
Aug 26 03:02:05.974855 np0000008126 devstack@n-api-meta.service[92902]: DEBUG oslo_concurrency.lockutils [None req-e87b6d04-83c1-4656-8ed9-76b2a4d3d352 None None] Acquiring lock "80582207-47e2-4eb6-8204-974e23395585" by "nova.context.set_target_cell..get_or_set_cached_cell_and_set_connections" {{(pid=92902) inner /opt/stack/data/venv/lib/python3.12/site-packages/oslo_concurrency/lockutils.py:512}}
Aug 26 03:02:05.975005 np0000008126 devstack@n-api-meta.service[92902]: DEBUG oslo_concurrency.lockutils [None req-e87b6d04-83c1-4656-8ed9-76b2a4d3d352 None None] Lock "80582207-47e2-4eb6-8204-974e23395585" acquired by "nova.context.set_target_cell..get_or_set_cached_cell_and_set_connections" :: waited 0.000s {{(pid=92902) inner /opt/stack/data/venv/lib/python3.12/site-packages/oslo_concurrency/lockutils.py:525}}
Aug 26 03:02:05.975735 np0000008126 devstack@n-api-meta.service[92902]: DEBUG oslo_concurrency.lockutils [None req-e87b6d04-83c1-4656-8ed9-76b2a4d3d352 None None] Lock "80582207-47e2-4eb6-8204-974e23395585" "released" by "nova.context.set_target_cell..get_or_set_cached_cell_and_set_connections" :: held 0.001s {{(pid=92902) inner /opt/stack/data/venv/lib/python3.12/site-packages/oslo_concurrency/lockutils.py:544}}
Aug 26 03:02:05.976985 np0000008126 devstack@n-api-meta.service[92902]: INFO dbcounter [None req-e87b6d04-83c1-4656-8ed9-76b2a4d3d352 None None] Registered counter for database nova_cell0
Aug 26 03:02:05.978932 np0000008126 devstack@n-api-meta.service[92902]: INFO dbcounter [None req-e87b6d04-83c1-4656-8ed9-76b2a4d3d352 None None] Registered counter for database nova_cell1
Aug 26 03:02:05.982799 np0000008126 devstack@n-api-meta.service[92903]: DEBUG dbcounter [-] [92903] Writer thread running {{(pid=92903) stat_writer /opt/stack/data/venv/lib/python3.12/site-packages/dbcounter.py:102}}
Aug 26 03:02:05.985640 np0000008126 devstack@n-api-meta.service[92903]: DEBUG nova.context [None req-03667790-e997-4eb1-9db7-4d42a2d98574 None None] Found 2 cells: 00000000-0000-0000-0000-000000000000(cell0),80582207-47e2-4eb6-8204-974e23395585(cell1) {{(pid=92903) load_cells /opt/stack/nova/nova/context.py:509}}
Aug 26 03:02:05.986789 np0000008126 devstack@n-api-meta.service[92903]: DEBUG oslo_concurrency.lockutils [None req-03667790-e997-4eb1-9db7-4d42a2d98574 None None] Acquiring lock "00000000-0000-0000-0000-000000000000" by "nova.context.set_target_cell..get_or_set_cached_cell_and_set_connections" {{(pid=92903) inner /opt/stack/data/venv/lib/python3.12/site-packages/oslo_concurrency/lockutils.py:512}}
Aug 26 03:02:05.986942 np0000008126 devstack@n-api-meta.service[92903]: DEBUG oslo_concurrency.lockutils [None req-03667790-e997-4eb1-9db7-4d42a2d98574 None None] Lock "00000000-0000-0000-0000-000000000000" acquired by "nova.context.set_target_cell..get_or_set_cached_cell_and_set_connections" :: waited 0.000s {{(pid=92903) inner /opt/stack/data/venv/lib/python3.12/site-packages/oslo_concurrency/lockutils.py:525}}
Aug 26 03:02:05.987271 np0000008126 devstack@n-api-meta.service[92903]: DEBUG oslo_concurrency.lockutils [None req-03667790-e997-4eb1-9db7-4d42a2d98574 None None] Lock "00000000-0000-0000-0000-000000000000" "released" by "nova.context.set_target_cell..get_or_set_cached_cell_and_set_connections" :: held 0.000s {{(pid=92903) inner /opt/stack/data/venv/lib/python3.12/site-packages/oslo_concurrency/lockutils.py:544}}
Aug 26 03:02:05.987488 np0000008126 devstack@n-api-meta.service[92903]: INFO nova.thread_pool_factory [None req-03667790-e997-4eb1-9db7-4d42a2d98574 None None] The cell_worker thread pool MainProcess.cell_worker is initialized
Aug 26 03:02:05.988232 np0000008126 devstack@n-api-meta.service[92903]: DEBUG oslo_concurrency.lockutils [None req-03667790-e997-4eb1-9db7-4d42a2d98574 None None] Acquiring lock "80582207-47e2-4eb6-8204-974e23395585" by "nova.context.set_target_cell..get_or_set_cached_cell_and_set_connections" {{(pid=92903) inner /opt/stack/data/venv/lib/python3.12/site-packages/oslo_concurrency/lockutils.py:512}}
Aug 26 03:02:05.989884 np0000008126 devstack@n-api-meta.service[92903]: INFO dbcounter [None req-03667790-e997-4eb1-9db7-4d42a2d98574 None None] Registered counter for database nova_cell0
Aug 26 03:02:05.991167 np0000008126 devstack@n-api-meta.service[92903]: DEBUG oslo_concurrency.lockutils [None req-03667790-e997-4eb1-9db7-4d42a2d98574 None None] Lock "80582207-47e2-4eb6-8204-974e23395585" acquired by "nova.context.set_target_cell..get_or_set_cached_cell_and_set_connections" :: waited 0.001s {{(pid=92903) inner /opt/stack/data/venv/lib/python3.12/site-packages/oslo_concurrency/lockutils.py:525}}
Aug 26 03:02:05.992296 np0000008126 devstack@n-api-meta.service[92903]: DEBUG oslo_concurrency.lockutils [None req-03667790-e997-4eb1-9db7-4d42a2d98574 None None] Lock "80582207-47e2-4eb6-8204-974e23395585" "released" by "nova.context.set_target_cell..get_or_set_cached_cell_and_set_connections" :: held 0.003s {{(pid=92903) inner /opt/stack/data/venv/lib/python3.12/site-packages/oslo_concurrency/lockutils.py:544}}
Aug 26 03:02:05.993677 np0000008126 devstack@n-api-meta.service[92904]: DEBUG dbcounter [-] [92904] Writer thread running {{(pid=92904) stat_writer /opt/stack/data/venv/lib/python3.12/site-packages/dbcounter.py:102}}
Aug 26 03:02:05.993936 np0000008126 devstack@n-api-meta.service[92903]: INFO dbcounter [None req-03667790-e997-4eb1-9db7-4d42a2d98574 None None] Registered counter for database nova_cell1
Aug 26 03:02:05.996327 np0000008126 devstack@n-api-meta.service[92904]: DEBUG nova.context [None req-c7187c9b-9912-4892-ad76-ee6e07fc13e4 None None] Found 2 cells: 00000000-0000-0000-0000-000000000000(cell0),80582207-47e2-4eb6-8204-974e23395585(cell1) {{(pid=92904) load_cells /opt/stack/nova/nova/context.py:509}}
Aug 26 03:02:05.997970 np0000008126 devstack@n-api-meta.service[92904]: DEBUG oslo_concurrency.lockutils [None req-c7187c9b-9912-4892-ad76-ee6e07fc13e4 None None] Acquiring lock "00000000-0000-0000-0000-000000000000" by "nova.context.set_target_cell..get_or_set_cached_cell_and_set_connections" {{(pid=92904) inner /opt/stack/data/venv/lib/python3.12/site-packages/oslo_concurrency/lockutils.py:512}}
Aug 26 03:02:05.998124 np0000008126 devstack@n-api-meta.service[92904]: DEBUG oslo_concurrency.lockutils [None req-c7187c9b-9912-4892-ad76-ee6e07fc13e4 None None] Lock "00000000-0000-0000-0000-000000000000" acquired by "nova.context.set_target_cell..get_or_set_cached_cell_and_set_connections" :: waited 0.000s {{(pid=92904) inner /opt/stack/data/venv/lib/python3.12/site-packages/oslo_concurrency/lockutils.py:525}}
Aug 26 03:02:05.998555 np0000008126 devstack@n-api-meta.service[92904]: DEBUG oslo_concurrency.lockutils [None req-c7187c9b-9912-4892-ad76-ee6e07fc13e4 None None] Lock "00000000-0000-0000-0000-000000000000" "released" by "nova.context.set_target_cell..get_or_set_cached_cell_and_set_connections" :: held 0.000s {{(pid=92904) inner /opt/stack/data/venv/lib/python3.12/site-packages/oslo_concurrency/lockutils.py:544}}
Aug 26 03:02:05.998711 np0000008126 devstack@n-api-meta.service[92904]: INFO nova.thread_pool_factory [None req-c7187c9b-9912-4892-ad76-ee6e07fc13e4 None None] The cell_worker thread pool MainProcess.cell_worker is initialized
Aug 26 03:02:05.999344 np0000008126 devstack@n-api-meta.service[92904]: DEBUG oslo_concurrency.lockutils [None req-c7187c9b-9912-4892-ad76-ee6e07fc13e4 None None] Acquiring lock "80582207-47e2-4eb6-8204-974e23395585" by "nova.context.set_target_cell..get_or_set_cached_cell_and_set_connections" {{(pid=92904) inner /opt/stack/data/venv/lib/python3.12/site-packages/oslo_concurrency/lockutils.py:512}}
Aug 26 03:02:05.999512 np0000008126 devstack@n-api-meta.service[92904]: DEBUG oslo_concurrency.lockutils [None req-c7187c9b-9912-4892-ad76-ee6e07fc13e4 None None] Lock "80582207-47e2-4eb6-8204-974e23395585" acquired by "nova.context.set_target_cell..get_or_set_cached_cell_and_set_connections" :: waited 0.000s {{(pid=92904) inner /opt/stack/data/venv/lib/python3.12/site-packages/oslo_concurrency/lockutils.py:525}}
Aug 26 03:02:06.000332 np0000008126 devstack@n-api-meta.service[92904]: DEBUG oslo_concurrency.lockutils [None req-c7187c9b-9912-4892-ad76-ee6e07fc13e4 None None] Lock "80582207-47e2-4eb6-8204-974e23395585" "released" by "nova.context.set_target_cell..get_or_set_cached_cell_and_set_connections" :: held 0.001s {{(pid=92904) inner /opt/stack/data/venv/lib/python3.12/site-packages/oslo_concurrency/lockutils.py:544}}
Aug 26 03:02:06.002687 np0000008126 devstack@n-api-meta.service[92904]: INFO dbcounter [None req-c7187c9b-9912-4892-ad76-ee6e07fc13e4 None None] Registered counter for database nova_cell0
Aug 26 03:02:06.005524 np0000008126 devstack@n-api-meta.service[92904]: INFO dbcounter [None req-c7187c9b-9912-4892-ad76-ee6e07fc13e4 None None] Registered counter for database nova_cell1
Aug 26 03:02:06.014478 np0000008126 devstack@n-api-meta.service[92902]: DEBUG oslo_db.sqlalchemy.engines [None req-e87b6d04-83c1-4656-8ed9-76b2a4d3d352 None None] MySQL server mode set to STRICT_TRANS_TABLES,STRICT_ALL_TABLES,NO_ZERO_IN_DATE,NO_ZERO_DATE,ERROR_FOR_DIVISION_BY_ZERO,TRADITIONAL,NO_ENGINE_SUBSTITUTION {{(pid=92902) _check_effective_sql_mode /opt/stack/data/venv/lib/python3.12/site-packages/oslo_db/sqlalchemy/engines.py:325}}
Aug 26 03:02:06.018259 np0000008126 devstack@n-api-meta.service[92902]: DEBUG oslo_db.sqlalchemy.engines [None req-e87b6d04-83c1-4656-8ed9-76b2a4d3d352 None None] MySQL server mode set to STRICT_TRANS_TABLES,STRICT_ALL_TABLES,NO_ZERO_IN_DATE,NO_ZERO_DATE,ERROR_FOR_DIVISION_BY_ZERO,TRADITIONAL,NO_ENGINE_SUBSTITUTION {{(pid=92902) _check_effective_sql_mode /opt/stack/data/venv/lib/python3.12/site-packages/oslo_db/sqlalchemy/engines.py:325}}
Aug 26 03:02:06.035298 np0000008126 devstack@n-api-meta.service[92903]: DEBUG oslo_db.sqlalchemy.engines [None req-03667790-e997-4eb1-9db7-4d42a2d98574 None None] MySQL server mode set to STRICT_TRANS_TABLES,STRICT_ALL_TABLES,NO_ZERO_IN_DATE,NO_ZERO_DATE,ERROR_FOR_DIVISION_BY_ZERO,TRADITIONAL,NO_ENGINE_SUBSTITUTION {{(pid=92903) _check_effective_sql_mode /opt/stack/data/venv/lib/python3.12/site-packages/oslo_db/sqlalchemy/engines.py:325}}
Aug 26 03:02:06.045705 np0000008126 devstack@n-api-meta.service[92904]: DEBUG oslo_db.sqlalchemy.engines [None req-c7187c9b-9912-4892-ad76-ee6e07fc13e4 None None] MySQL server mode set to STRICT_TRANS_TABLES,STRICT_ALL_TABLES,NO_ZERO_IN_DATE,NO_ZERO_DATE,ERROR_FOR_DIVISION_BY_ZERO,TRADITIONAL,NO_ENGINE_SUBSTITUTION {{(pid=92904) _check_effective_sql_mode /opt/stack/data/venv/lib/python3.12/site-packages/oslo_db/sqlalchemy/engines.py:325}}
Aug 26 03:02:06.090216 np0000008126 devstack@n-api-meta.service[92902]: DEBUG dbcounter [-] [92902] Writer thread running {{(pid=92902) stat_writer /opt/stack/data/venv/lib/python3.12/site-packages/dbcounter.py:102}}
Aug 26 03:02:06.095557 np0000008126 devstack@n-api-meta.service[92902]: DEBUG dbcounter [-] [92902] Writer thread running {{(pid=92902) stat_writer /opt/stack/data/venv/lib/python3.12/site-packages/dbcounter.py:102}}
Aug 26 03:02:06.096293 np0000008126 devstack@n-api-meta.service[92903]: DEBUG oslo_db.sqlalchemy.engines [None req-03667790-e997-4eb1-9db7-4d42a2d98574 None None] MySQL server mode set to STRICT_TRANS_TABLES,STRICT_ALL_TABLES,NO_ZERO_IN_DATE,NO_ZERO_DATE,ERROR_FOR_DIVISION_BY_ZERO,TRADITIONAL,NO_ENGINE_SUBSTITUTION {{(pid=92903) _check_effective_sql_mode /opt/stack/data/venv/lib/python3.12/site-packages/oslo_db/sqlalchemy/engines.py:325}}
Aug 26 03:02:06.098273 np0000008126 devstack@n-api-meta.service[92902]: INFO dbcounter [None req-e87b6d04-83c1-4656-8ed9-76b2a4d3d352 None None] Registered counter for database nova_cell0
Aug 26 03:02:06.114299 np0000008126 devstack@n-api-meta.service[92904]: DEBUG oslo_db.sqlalchemy.engines [None req-c7187c9b-9912-4892-ad76-ee6e07fc13e4 None None] MySQL server mode set to STRICT_TRANS_TABLES,STRICT_ALL_TABLES,NO_ZERO_IN_DATE,NO_ZERO_DATE,ERROR_FOR_DIVISION_BY_ZERO,TRADITIONAL,NO_ENGINE_SUBSTITUTION {{(pid=92904) _check_effective_sql_mode /opt/stack/data/venv/lib/python3.12/site-packages/oslo_db/sqlalchemy/engines.py:325}}
Aug 26 03:02:06.125830 np0000008126 devstack@n-api-meta.service[92903]: DEBUG dbcounter [-] [92903] Writer thread running {{(pid=92903) stat_writer /opt/stack/data/venv/lib/python3.12/site-packages/dbcounter.py:102}}
Aug 26 03:02:06.126204 np0000008126 devstack@n-api-meta.service[92902]: DEBUG oslo_db.sqlalchemy.engines [None req-e87b6d04-83c1-4656-8ed9-76b2a4d3d352 None None] MySQL server mode set to STRICT_TRANS_TABLES,STRICT_ALL_TABLES,NO_ZERO_IN_DATE,NO_ZERO_DATE,ERROR_FOR_DIVISION_BY_ZERO,TRADITIONAL,NO_ENGINE_SUBSTITUTION {{(pid=92902) _check_effective_sql_mode /opt/stack/data/venv/lib/python3.12/site-packages/oslo_db/sqlalchemy/engines.py:325}}
Aug 26 03:02:06.131309 np0000008126 devstack@n-api-meta.service[92904]: DEBUG dbcounter [-] [92904] Writer thread running {{(pid=92904) stat_writer /opt/stack/data/venv/lib/python3.12/site-packages/dbcounter.py:102}}
Aug 26 03:02:06.131652 np0000008126 devstack@n-api-meta.service[92903]: DEBUG dbcounter [-] [92903] Writer thread running {{(pid=92903) stat_writer /opt/stack/data/venv/lib/python3.12/site-packages/dbcounter.py:102}}
Aug 26 03:02:06.131814 np0000008126 devstack@n-api-meta.service[92902]: DEBUG dbcounter [-] [92902] Writer thread running {{(pid=92902) stat_writer /opt/stack/data/venv/lib/python3.12/site-packages/dbcounter.py:102}}
Aug 26 03:02:06.135258 np0000008126 devstack@n-api-meta.service[92903]: INFO dbcounter [None req-03667790-e997-4eb1-9db7-4d42a2d98574 None None] Registered counter for database nova_cell0
Aug 26 03:02:06.138262 np0000008126 devstack@n-api-meta.service[92904]: DEBUG dbcounter [-] [92904] Writer thread running {{(pid=92904) stat_writer /opt/stack/data/venv/lib/python3.12/site-packages/dbcounter.py:102}}
Aug 26 03:02:06.141726 np0000008126 devstack@n-api-meta.service[92904]: INFO dbcounter [None req-c7187c9b-9912-4892-ad76-ee6e07fc13e4 None None] Registered counter for database nova_cell0
Aug 26 03:02:06.166831 np0000008126 devstack@n-api-meta.service[92903]: DEBUG oslo_db.sqlalchemy.engines [None req-03667790-e997-4eb1-9db7-4d42a2d98574 None None] MySQL server mode set to STRICT_TRANS_TABLES,STRICT_ALL_TABLES,NO_ZERO_IN_DATE,NO_ZERO_DATE,ERROR_FOR_DIVISION_BY_ZERO,TRADITIONAL,NO_ENGINE_SUBSTITUTION {{(pid=92903) _check_effective_sql_mode /opt/stack/data/venv/lib/python3.12/site-packages/oslo_db/sqlalchemy/engines.py:325}}
Aug 26 03:02:06.168862 np0000008126 devstack@n-api-meta.service[92902]: WARNING nova.api.metadata.handler [None req-e87b6d04-83c1-4656-8ed9-76b2a4d3d352 None None] metadata_proxy_shared_secret is not configured, the metadata information returned by the proxy cannot be trusted
Aug 26 03:02:06.170842 np0000008126 devstack@n-api-meta.service[92904]: DEBUG oslo_db.sqlalchemy.engines [None req-c7187c9b-9912-4892-ad76-ee6e07fc13e4 None None] MySQL server mode set to STRICT_TRANS_TABLES,STRICT_ALL_TABLES,NO_ZERO_IN_DATE,NO_ZERO_DATE,ERROR_FOR_DIVISION_BY_ZERO,TRADITIONAL,NO_ENGINE_SUBSTITUTION {{(pid=92904) _check_effective_sql_mode /opt/stack/data/venv/lib/python3.12/site-packages/oslo_db/sqlalchemy/engines.py:325}}
Aug 26 03:02:06.170928 np0000008126 devstack@n-api-meta.service[92902]: DEBUG nova.api.openstack.wsgi_app [None req-e87b6d04-83c1-4656-8ed9-76b2a4d3d352 None None] ******************************************************************************** {{(pid=92902) log_opt_values /opt/stack/data/venv/lib/python3.12/site-packages/oslo_config/cfg.py:3533}}
Aug 26 03:02:06.171033 np0000008126 devstack@n-api-meta.service[92902]: DEBUG nova.api.openstack.wsgi_app [None req-e87b6d04-83c1-4656-8ed9-76b2a4d3d352 None None] Configuration options gathered from: {{(pid=92902) log_opt_values /opt/stack/data/venv/lib/python3.12/site-packages/oslo_config/cfg.py:3534}}
Aug 26 03:02:06.171139 np0000008126 devstack@n-api-meta.service[92902]: DEBUG nova.api.openstack.wsgi_app [None req-e87b6d04-83c1-4656-8ed9-76b2a4d3d352 None None] command line args: [] {{(pid=92902) log_opt_values /opt/stack/data/venv/lib/python3.12/site-packages/oslo_config/cfg.py:3535}}
Aug 26 03:02:06.171272 np0000008126 devstack@n-api-meta.service[92902]: DEBUG nova.api.openstack.wsgi_app [None req-e87b6d04-83c1-4656-8ed9-76b2a4d3d352 None None] config files: ['/etc/nova/api-paste.ini', '/etc/nova/nova.conf'] {{(pid=92902) log_opt_values /opt/stack/data/venv/lib/python3.12/site-packages/oslo_config/cfg.py:3536}}
Aug 26 03:02:06.171367 np0000008126 devstack@n-api-meta.service[92902]: DEBUG nova.api.openstack.wsgi_app [None req-e87b6d04-83c1-4656-8ed9-76b2a4d3d352 None None] ================================================================================ {{(pid=92902) log_opt_values /opt/stack/data/venv/lib/python3.12/site-packages/oslo_config/cfg.py:3541}}
Aug 26 03:02:06.171524 np0000008126 devstack@n-api-meta.service[92902]: DEBUG nova.api.openstack.wsgi_app [None req-e87b6d04-83c1-4656-8ed9-76b2a4d3d352 None None] allow_resize_to_same_host = True {{(pid=92902) log_opt_values /opt/stack/data/venv/lib/python3.12/site-packages/oslo_config/cfg.py:3549}}
Aug 26 03:02:06.171727 np0000008126 devstack@n-api-meta.service[92902]: DEBUG nova.api.openstack.wsgi_app [None req-e87b6d04-83c1-4656-8ed9-76b2a4d3d352 None None] arq_binding_timeout = 300 {{(pid=92902) log_opt_values /opt/stack/data/venv/lib/python3.12/site-packages/oslo_config/cfg.py:3549}}
Aug 26 03:02:06.171880 np0000008126 devstack@n-api-meta.service[92902]: DEBUG nova.api.openstack.wsgi_app [None req-e87b6d04-83c1-4656-8ed9-76b2a4d3d352 None None] block_device_allocate_retries = 60 {{(pid=92902) log_opt_values /opt/stack/data/venv/lib/python3.12/site-packages/oslo_config/cfg.py:3549}}
Aug 26 03:02:06.172010 np0000008126 devstack@n-api-meta.service[92902]: DEBUG nova.api.openstack.wsgi_app [None req-e87b6d04-83c1-4656-8ed9-76b2a4d3d352 None None] block_device_allocate_retries_interval = 3 {{(pid=92902) log_opt_values /opt/stack/data/venv/lib/python3.12/site-packages/oslo_config/cfg.py:3549}}
Aug 26 03:02:06.172128 np0000008126 devstack@n-api-meta.service[92902]: DEBUG nova.api.openstack.wsgi_app [None req-e87b6d04-83c1-4656-8ed9-76b2a4d3d352 None None] cell_worker_thread_pool_size = 5 {{(pid=92902) log_opt_values /opt/stack/data/venv/lib/python3.12/site-packages/oslo_config/cfg.py:3549}}
Aug 26 03:02:06.172251 np0000008126 devstack@n-api-meta.service[92902]: DEBUG nova.api.openstack.wsgi_app [None req-e87b6d04-83c1-4656-8ed9-76b2a4d3d352 None None] cert = self.pem {{(pid=92902) log_opt_values /opt/stack/data/venv/lib/python3.12/site-packages/oslo_config/cfg.py:3549}}
Aug 26 03:02:06.172370 np0000008126 devstack@n-api-meta.service[92902]: DEBUG nova.api.openstack.wsgi_app [None req-e87b6d04-83c1-4656-8ed9-76b2a4d3d352 None None] compute_driver = libvirt.LibvirtDriver {{(pid=92902) log_opt_values /opt/stack/data/venv/lib/python3.12/site-packages/oslo_config/cfg.py:3549}}
Aug 26 03:02:06.172491 np0000008126 devstack@n-api-meta.service[92902]: DEBUG nova.api.openstack.wsgi_app [None req-e87b6d04-83c1-4656-8ed9-76b2a4d3d352 None None] compute_monitors = [] {{(pid=92902) log_opt_values /opt/stack/data/venv/lib/python3.12/site-packages/oslo_config/cfg.py:3549}}
Aug 26 03:02:06.172567 np0000008126 devstack@n-api-meta.service[92903]: DEBUG dbcounter [-] [92903] Writer thread running {{(pid=92903) stat_writer /opt/stack/data/venv/lib/python3.12/site-packages/dbcounter.py:102}}
Aug 26 03:02:06.172603 np0000008126 devstack@n-api-meta.service[92902]: DEBUG nova.api.openstack.wsgi_app [None req-e87b6d04-83c1-4656-8ed9-76b2a4d3d352 None None] concurrency_backend = auto {{(pid=92902) log_opt_values /opt/stack/data/venv/lib/python3.12/site-packages/oslo_config/cfg.py:3549}}
Aug 26 03:02:06.172781 np0000008126 devstack@n-api-meta.service[92902]: DEBUG nova.api.openstack.wsgi_app [None req-e87b6d04-83c1-4656-8ed9-76b2a4d3d352 None None] config_dir = [] {{(pid=92902) log_opt_values /opt/stack/data/venv/lib/python3.12/site-packages/oslo_config/cfg.py:3549}}
Aug 26 03:02:06.172906 np0000008126 devstack@n-api-meta.service[92902]: DEBUG nova.api.openstack.wsgi_app [None req-e87b6d04-83c1-4656-8ed9-76b2a4d3d352 None None] config_drive_format = iso9660 {{(pid=92902) log_opt_values /opt/stack/data/venv/lib/python3.12/site-packages/oslo_config/cfg.py:3549}}
Aug 26 03:02:06.173002 np0000008126 devstack@n-api-meta.service[92902]: DEBUG nova.api.openstack.wsgi_app [None req-e87b6d04-83c1-4656-8ed9-76b2a4d3d352 None None] config_file = ['/etc/nova/api-paste.ini', '/etc/nova/nova.conf'] {{(pid=92902) log_opt_values /opt/stack/data/venv/lib/python3.12/site-packages/oslo_config/cfg.py:3549}}
Aug 26 03:02:06.173126 np0000008126 devstack@n-api-meta.service[92902]: DEBUG nova.api.openstack.wsgi_app [None req-e87b6d04-83c1-4656-8ed9-76b2a4d3d352 None None] config_source = [] {{(pid=92902) log_opt_values /opt/stack/data/venv/lib/python3.12/site-packages/oslo_config/cfg.py:3549}}
Aug 26 03:02:06.173244 np0000008126 devstack@n-api-meta.service[92902]: DEBUG nova.api.openstack.wsgi_app [None req-e87b6d04-83c1-4656-8ed9-76b2a4d3d352 None None] console_host = np0000008126 {{(pid=92902) log_opt_values /opt/stack/data/venv/lib/python3.12/site-packages/oslo_config/cfg.py:3549}}
Aug 26 03:02:06.173366 np0000008126 devstack@n-api-meta.service[92902]: DEBUG nova.api.openstack.wsgi_app [None req-e87b6d04-83c1-4656-8ed9-76b2a4d3d352 None None] control_exchange = nova {{(pid=92902) log_opt_values /opt/stack/data/venv/lib/python3.12/site-packages/oslo_config/cfg.py:3549}}
Aug 26 03:02:06.173474 np0000008126 devstack@n-api-meta.service[92902]: DEBUG nova.api.openstack.wsgi_app [None req-e87b6d04-83c1-4656-8ed9-76b2a4d3d352 None None] cpu_allocation_ratio = None {{(pid=92902) log_opt_values /opt/stack/data/venv/lib/python3.12/site-packages/oslo_config/cfg.py:3549}}
Aug 26 03:02:06.173582 np0000008126 devstack@n-api-meta.service[92902]: DEBUG nova.api.openstack.wsgi_app [None req-e87b6d04-83c1-4656-8ed9-76b2a4d3d352 None None] daemon = False {{(pid=92902) log_opt_values /opt/stack/data/venv/lib/python3.12/site-packages/oslo_config/cfg.py:3549}}
Aug 26 03:02:06.173749 np0000008126 devstack@n-api-meta.service[92902]: DEBUG nova.api.openstack.wsgi_app [None req-e87b6d04-83c1-4656-8ed9-76b2a4d3d352 None None] debug = True {{(pid=92902) log_opt_values /opt/stack/data/venv/lib/python3.12/site-packages/oslo_config/cfg.py:3549}}
Aug 26 03:02:06.173877 np0000008126 devstack@n-api-meta.service[92902]: DEBUG nova.api.openstack.wsgi_app [None req-e87b6d04-83c1-4656-8ed9-76b2a4d3d352 None None] default_access_ip_network_name = None {{(pid=92902) log_opt_values /opt/stack/data/venv/lib/python3.12/site-packages/oslo_config/cfg.py:3549}}
Aug 26 03:02:06.173993 np0000008126 devstack@n-api-meta.service[92902]: DEBUG nova.api.openstack.wsgi_app [None req-e87b6d04-83c1-4656-8ed9-76b2a4d3d352 None None] default_availability_zone = nova {{(pid=92902) log_opt_values /opt/stack/data/venv/lib/python3.12/site-packages/oslo_config/cfg.py:3549}}
Aug 26 03:02:06.174133 np0000008126 devstack@n-api-meta.service[92902]: DEBUG nova.api.openstack.wsgi_app [None req-e87b6d04-83c1-4656-8ed9-76b2a4d3d352 None None] default_ephemeral_format = ext4 {{(pid=92902) log_opt_values /opt/stack/data/venv/lib/python3.12/site-packages/oslo_config/cfg.py:3549}}
Aug 26 03:02:06.174266 np0000008126 devstack@n-api-meta.service[92902]: DEBUG nova.api.openstack.wsgi_app [None req-e87b6d04-83c1-4656-8ed9-76b2a4d3d352 None None] default_green_pool_size = 1000 {{(pid=92902) log_opt_values /opt/stack/data/venv/lib/python3.12/site-packages/oslo_config/cfg.py:3549}}
Aug 26 03:02:06.174449 np0000008126 devstack@n-api-meta.service[92902]: DEBUG nova.api.openstack.wsgi_app [None req-e87b6d04-83c1-4656-8ed9-76b2a4d3d352 None None] default_log_levels = ['amqp=WARN', 'boto=WARN', 'sqlalchemy=WARN', 'suds=INFO', 'oslo.messaging=INFO', 'oslo_messaging=INFO', 'iso8601=WARN', 'requests.packages.urllib3.connectionpool=WARN', 'urllib3.connectionpool=WARN', 'websocket=WARN', 'requests.packages.urllib3.util.retry=WARN', 'urllib3.util.retry=WARN', 'keystonemiddleware=WARN', 'routes.middleware=WARN', 'stevedore=WARN', 'taskflow=WARN', 'keystoneauth=WARN', 'oslo.cache=INFO', 'oslo_policy=INFO', 'dogpile.core.dogpile=INFO', 'glanceclient=WARN', 'oslo.privsep.daemon=INFO'] {{(pid=92902) log_opt_values /opt/stack/data/venv/lib/python3.12/site-packages/oslo_config/cfg.py:3549}}
Aug 26 03:02:06.174562 np0000008126 devstack@n-api-meta.service[92902]: DEBUG nova.api.openstack.wsgi_app [None req-e87b6d04-83c1-4656-8ed9-76b2a4d3d352 None None] default_schedule_zone = None {{(pid=92902) log_opt_values /opt/stack/data/venv/lib/python3.12/site-packages/oslo_config/cfg.py:3549}}
Aug 26 03:02:06.174705 np0000008126 devstack@n-api-meta.service[92902]: DEBUG nova.api.openstack.wsgi_app [None req-e87b6d04-83c1-4656-8ed9-76b2a4d3d352 None None] default_thread_pool_size = 10 {{(pid=92902) log_opt_values /opt/stack/data/venv/lib/python3.12/site-packages/oslo_config/cfg.py:3549}}
Aug 26 03:02:06.174870 np0000008126 devstack@n-api-meta.service[92902]: DEBUG nova.api.openstack.wsgi_app [None req-e87b6d04-83c1-4656-8ed9-76b2a4d3d352 None None] disk_allocation_ratio = None {{(pid=92902) log_opt_values /opt/stack/data/venv/lib/python3.12/site-packages/oslo_config/cfg.py:3549}}
Aug 26 03:02:06.174991 np0000008126 devstack@n-api-meta.service[92902]: DEBUG nova.api.openstack.wsgi_app [None req-e87b6d04-83c1-4656-8ed9-76b2a4d3d352 None None] enable_new_services = True {{(pid=92902) log_opt_values /opt/stack/data/venv/lib/python3.12/site-packages/oslo_config/cfg.py:3549}}
Aug 26 03:02:06.175104 np0000008126 devstack@n-api-meta.service[92902]: DEBUG nova.api.openstack.wsgi_app [None req-e87b6d04-83c1-4656-8ed9-76b2a4d3d352 None None] flat_injected = False {{(pid=92902) log_opt_values /opt/stack/data/venv/lib/python3.12/site-packages/oslo_config/cfg.py:3549}}
Aug 26 03:02:06.175222 np0000008126 devstack@n-api-meta.service[92902]: DEBUG nova.api.openstack.wsgi_app [None req-e87b6d04-83c1-4656-8ed9-76b2a4d3d352 None None] force_config_drive = True {{(pid=92902) log_opt_values /opt/stack/data/venv/lib/python3.12/site-packages/oslo_config/cfg.py:3549}}
Aug 26 03:02:06.175332 np0000008126 devstack@n-api-meta.service[92902]: DEBUG nova.api.openstack.wsgi_app [None req-e87b6d04-83c1-4656-8ed9-76b2a4d3d352 None None] force_raw_images = True {{(pid=92902) log_opt_values /opt/stack/data/venv/lib/python3.12/site-packages/oslo_config/cfg.py:3549}}
Aug 26 03:02:06.175452 np0000008126 devstack@n-api-meta.service[92902]: DEBUG nova.api.openstack.wsgi_app [None req-e87b6d04-83c1-4656-8ed9-76b2a4d3d352 None None] graceful_shutdown_timeout = 5 {{(pid=92902) log_opt_values /opt/stack/data/venv/lib/python3.12/site-packages/oslo_config/cfg.py:3549}}
Aug 26 03:02:06.175565 np0000008126 devstack@n-api-meta.service[92902]: DEBUG nova.api.openstack.wsgi_app [None req-e87b6d04-83c1-4656-8ed9-76b2a4d3d352 None None] heal_instance_info_cache_interval = -1 {{(pid=92902) log_opt_values /opt/stack/data/venv/lib/python3.12/site-packages/oslo_config/cfg.py:3549}}
Aug 26 03:02:06.175987 np0000008126 devstack@n-api-meta.service[92902]: DEBUG nova.api.openstack.wsgi_app [None req-e87b6d04-83c1-4656-8ed9-76b2a4d3d352 None None] host = np0000008126 {{(pid=92902) log_opt_values /opt/stack/data/venv/lib/python3.12/site-packages/oslo_config/cfg.py:3549}}
Aug 26 03:02:06.176159 np0000008126 devstack@n-api-meta.service[92902]: DEBUG nova.api.openstack.wsgi_app [None req-e87b6d04-83c1-4656-8ed9-76b2a4d3d352 None None] initial_cpu_allocation_ratio = 4.0 {{(pid=92902) log_opt_values /opt/stack/data/venv/lib/python3.12/site-packages/oslo_config/cfg.py:3549}}
Aug 26 03:02:06.176342 np0000008126 devstack@n-api-meta.service[92902]: DEBUG nova.api.openstack.wsgi_app [None req-e87b6d04-83c1-4656-8ed9-76b2a4d3d352 None None] initial_disk_allocation_ratio = 1.0 {{(pid=92902) log_opt_values /opt/stack/data/venv/lib/python3.12/site-packages/oslo_config/cfg.py:3549}}
Aug 26 03:02:06.176376 np0000008126 devstack@n-api-meta.service[92904]: DEBUG dbcounter [-] [92904] Writer thread running {{(pid=92904) stat_writer /opt/stack/data/venv/lib/python3.12/site-packages/dbcounter.py:102}}
Aug 26 03:02:06.176523 np0000008126 devstack@n-api-meta.service[92902]: DEBUG nova.api.openstack.wsgi_app [None req-e87b6d04-83c1-4656-8ed9-76b2a4d3d352 None None] initial_ram_allocation_ratio = 1.0 {{(pid=92902) log_opt_values /opt/stack/data/venv/lib/python3.12/site-packages/oslo_config/cfg.py:3549}}
Aug 26 03:02:06.176712 np0000008126 devstack@n-api-meta.service[92902]: DEBUG nova.api.openstack.wsgi_app [None req-e87b6d04-83c1-4656-8ed9-76b2a4d3d352 None None] injected_network_template = /opt/stack/nova/nova/virt/interfaces.template {{(pid=92902) log_opt_values /opt/stack/data/venv/lib/python3.12/site-packages/oslo_config/cfg.py:3549}}
Aug 26 03:02:06.176880 np0000008126 devstack@n-api-meta.service[92902]: DEBUG nova.api.openstack.wsgi_app [None req-e87b6d04-83c1-4656-8ed9-76b2a4d3d352 None None] instance_build_timeout = 0 {{(pid=92902) log_opt_values /opt/stack/data/venv/lib/python3.12/site-packages/oslo_config/cfg.py:3549}}
Aug 26 03:02:06.176995 np0000008126 devstack@n-api-meta.service[92902]: DEBUG nova.api.openstack.wsgi_app [None req-e87b6d04-83c1-4656-8ed9-76b2a4d3d352 None None] instance_delete_interval = 300 {{(pid=92902) log_opt_values /opt/stack/data/venv/lib/python3.12/site-packages/oslo_config/cfg.py:3549}}
Aug 26 03:02:06.177114 np0000008126 devstack@n-api-meta.service[92902]: DEBUG nova.api.openstack.wsgi_app [None req-e87b6d04-83c1-4656-8ed9-76b2a4d3d352 None None] instance_format = [instance: %(uuid)s] {{(pid=92902) log_opt_values /opt/stack/data/venv/lib/python3.12/site-packages/oslo_config/cfg.py:3549}}
Aug 26 03:02:06.177231 np0000008126 devstack@n-api-meta.service[92902]: DEBUG nova.api.openstack.wsgi_app [None req-e87b6d04-83c1-4656-8ed9-76b2a4d3d352 None None] instance_name_template = instance-%08x {{(pid=92902) log_opt_values /opt/stack/data/venv/lib/python3.12/site-packages/oslo_config/cfg.py:3549}}
Aug 26 03:02:06.177342 np0000008126 devstack@n-api-meta.service[92902]: DEBUG nova.api.openstack.wsgi_app [None req-e87b6d04-83c1-4656-8ed9-76b2a4d3d352 None None] instance_usage_audit = False {{(pid=92902) log_opt_values /opt/stack/data/venv/lib/python3.12/site-packages/oslo_config/cfg.py:3549}}
Aug 26 03:02:06.177461 np0000008126 devstack@n-api-meta.service[92902]: DEBUG nova.api.openstack.wsgi_app [None req-e87b6d04-83c1-4656-8ed9-76b2a4d3d352 None None] instance_usage_audit_period = month {{(pid=92902) log_opt_values /opt/stack/data/venv/lib/python3.12/site-packages/oslo_config/cfg.py:3549}}
Aug 26 03:02:06.177575 np0000008126 devstack@n-api-meta.service[92902]: DEBUG nova.api.openstack.wsgi_app [None req-e87b6d04-83c1-4656-8ed9-76b2a4d3d352 None None] instance_uuid_format = [instance: %(uuid)s] {{(pid=92902) log_opt_values /opt/stack/data/venv/lib/python3.12/site-packages/oslo_config/cfg.py:3549}}
Aug 26 03:02:06.177720 np0000008126 devstack@n-api-meta.service[92902]: DEBUG nova.api.openstack.wsgi_app [None req-e87b6d04-83c1-4656-8ed9-76b2a4d3d352 None None] instances_path = /opt/stack/data/nova/instances {{(pid=92902) log_opt_values /opt/stack/data/venv/lib/python3.12/site-packages/oslo_config/cfg.py:3549}}
Aug 26 03:02:06.177850 np0000008126 devstack@n-api-meta.service[92902]: DEBUG nova.api.openstack.wsgi_app [None req-e87b6d04-83c1-4656-8ed9-76b2a4d3d352 None None] internal_service_availability_zone = internal {{(pid=92902) log_opt_values /opt/stack/data/venv/lib/python3.12/site-packages/oslo_config/cfg.py:3549}}
Aug 26 03:02:06.177960 np0000008126 devstack@n-api-meta.service[92902]: DEBUG nova.api.openstack.wsgi_app [None req-e87b6d04-83c1-4656-8ed9-76b2a4d3d352 None None] key = None {{(pid=92902) log_opt_values /opt/stack/data/venv/lib/python3.12/site-packages/oslo_config/cfg.py:3549}}
Aug 26 03:02:06.178070 np0000008126 devstack@n-api-meta.service[92902]: DEBUG nova.api.openstack.wsgi_app [None req-e87b6d04-83c1-4656-8ed9-76b2a4d3d352 None None] live_migration_retry_count = 30 {{(pid=92902) log_opt_values /opt/stack/data/venv/lib/python3.12/site-packages/oslo_config/cfg.py:3549}}
Aug 26 03:02:06.178188 np0000008126 devstack@n-api-meta.service[92902]: DEBUG nova.api.openstack.wsgi_app [None req-e87b6d04-83c1-4656-8ed9-76b2a4d3d352 None None] log_color = False {{(pid=92902) log_opt_values /opt/stack/data/venv/lib/python3.12/site-packages/oslo_config/cfg.py:3549}}
Aug 26 03:02:06.178322 np0000008126 devstack@n-api-meta.service[92902]: DEBUG nova.api.openstack.wsgi_app [None req-e87b6d04-83c1-4656-8ed9-76b2a4d3d352 None None] log_config_append = None {{(pid=92902) log_opt_values /opt/stack/data/venv/lib/python3.12/site-packages/oslo_config/cfg.py:3549}}
Aug 26 03:02:06.178445 np0000008126 devstack@n-api-meta.service[92902]: DEBUG nova.api.openstack.wsgi_app [None req-e87b6d04-83c1-4656-8ed9-76b2a4d3d352 None None] log_date_format = %Y-%m-%d %H:%M:%S {{(pid=92902) log_opt_values /opt/stack/data/venv/lib/python3.12/site-packages/oslo_config/cfg.py:3549}}
Aug 26 03:02:06.178705 np0000008126 devstack@n-api-meta.service[92902]: DEBUG nova.api.openstack.wsgi_app [None req-e87b6d04-83c1-4656-8ed9-76b2a4d3d352 None None] log_dir = None {{(pid=92902) log_opt_values /opt/stack/data/venv/lib/python3.12/site-packages/oslo_config/cfg.py:3549}}
Aug 26 03:02:06.178845 np0000008126 devstack@n-api-meta.service[92902]: DEBUG nova.api.openstack.wsgi_app [None req-e87b6d04-83c1-4656-8ed9-76b2a4d3d352 None None] log_file = None {{(pid=92902) log_opt_values /opt/stack/data/venv/lib/python3.12/site-packages/oslo_config/cfg.py:3549}}
Aug 26 03:02:06.178936 np0000008126 devstack@n-api-meta.service[92902]: DEBUG nova.api.openstack.wsgi_app [None req-e87b6d04-83c1-4656-8ed9-76b2a4d3d352 None None] log_options = True {{(pid=92902) log_opt_values /opt/stack/data/venv/lib/python3.12/site-packages/oslo_config/cfg.py:3549}}
Aug 26 03:02:06.179051 np0000008126 devstack@n-api-meta.service[92902]: DEBUG nova.api.openstack.wsgi_app [None req-e87b6d04-83c1-4656-8ed9-76b2a4d3d352 None None] log_rotate_interval = 1 {{(pid=92902) log_opt_values /opt/stack/data/venv/lib/python3.12/site-packages/oslo_config/cfg.py:3549}}
Aug 26 03:02:06.179204 np0000008126 devstack@n-api-meta.service[92902]: DEBUG nova.api.openstack.wsgi_app [None req-e87b6d04-83c1-4656-8ed9-76b2a4d3d352 None None] log_rotate_interval_type = days {{(pid=92902) log_opt_values /opt/stack/data/venv/lib/python3.12/site-packages/oslo_config/cfg.py:3549}}
Aug 26 03:02:06.179326 np0000008126 devstack@n-api-meta.service[92902]: DEBUG nova.api.openstack.wsgi_app [None req-e87b6d04-83c1-4656-8ed9-76b2a4d3d352 None None] log_rotation_type = none {{(pid=92902) log_opt_values /opt/stack/data/venv/lib/python3.12/site-packages/oslo_config/cfg.py:3549}}
Aug 26 03:02:06.179416 np0000008126 devstack@n-api-meta.service[92902]: DEBUG nova.api.openstack.wsgi_app [None req-e87b6d04-83c1-4656-8ed9-76b2a4d3d352 None None] logging_context_format_string = %(color)s%(levelname)s %(name)s [%(global_request_id)s %(request_id)s %(project_name)s %(user_name)s%(color)s] %(instance)s%(color)s%(message)s {{(pid=92902) log_opt_values /opt/stack/data/venv/lib/python3.12/site-packages/oslo_config/cfg.py:3549}}
Aug 26 03:02:06.179526 np0000008126 devstack@n-api-meta.service[92902]: DEBUG nova.api.openstack.wsgi_app [None req-e87b6d04-83c1-4656-8ed9-76b2a4d3d352 None None] logging_debug_format_suffix = {{(pid=%(process)d) %(funcName)s %(pathname)s:%(lineno)d}} {{(pid=92902) log_opt_values /opt/stack/data/venv/lib/python3.12/site-packages/oslo_config/cfg.py:3549}}
Aug 26 03:02:06.179675 np0000008126 devstack@n-api-meta.service[92902]: DEBUG nova.api.openstack.wsgi_app [None req-e87b6d04-83c1-4656-8ed9-76b2a4d3d352 None None] logging_default_format_string = %(color)s%(levelname)s %(name)s [-%(color)s] %(instance)s%(color)s%(message)s {{(pid=92902) log_opt_values /opt/stack/data/venv/lib/python3.12/site-packages/oslo_config/cfg.py:3549}}
Aug 26 03:02:06.179810 np0000008126 devstack@n-api-meta.service[92902]: DEBUG nova.api.openstack.wsgi_app [None req-e87b6d04-83c1-4656-8ed9-76b2a4d3d352 None None] logging_exception_prefix = ERROR %(name)s %(instance)s {{(pid=92902) log_opt_values /opt/stack/data/venv/lib/python3.12/site-packages/oslo_config/cfg.py:3549}}
Aug 26 03:02:06.179899 np0000008126 devstack@n-api-meta.service[92902]: DEBUG nova.api.openstack.wsgi_app [None req-e87b6d04-83c1-4656-8ed9-76b2a4d3d352 None None] logging_user_identity_format = %(user)s %(project)s %(domain)s %(system_scope)s %(user_domain)s %(project_domain)s {{(pid=92902) log_opt_values /opt/stack/data/venv/lib/python3.12/site-packages/oslo_config/cfg.py:3549}}
Aug 26 03:02:06.180008 np0000008126 devstack@n-api-meta.service[92902]: DEBUG nova.api.openstack.wsgi_app [None req-e87b6d04-83c1-4656-8ed9-76b2a4d3d352 None None] long_rpc_timeout = 1800 {{(pid=92902) log_opt_values /opt/stack/data/venv/lib/python3.12/site-packages/oslo_config/cfg.py:3549}}
Aug 26 03:02:06.180118 np0000008126 devstack@n-api-meta.service[92902]: DEBUG nova.api.openstack.wsgi_app [None req-e87b6d04-83c1-4656-8ed9-76b2a4d3d352 None None] manager_shutdown_timeout = 160 {{(pid=92902) log_opt_values /opt/stack/data/venv/lib/python3.12/site-packages/oslo_config/cfg.py:3549}}
Aug 26 03:02:06.180231 np0000008126 devstack@n-api-meta.service[92902]: DEBUG nova.api.openstack.wsgi_app [None req-e87b6d04-83c1-4656-8ed9-76b2a4d3d352 None None] max_concurrent_builds = 10 {{(pid=92902) log_opt_values /opt/stack/data/venv/lib/python3.12/site-packages/oslo_config/cfg.py:3549}}
Aug 26 03:02:06.180344 np0000008126 devstack@n-api-meta.service[92902]: DEBUG nova.api.openstack.wsgi_app [None req-e87b6d04-83c1-4656-8ed9-76b2a4d3d352 None None] max_concurrent_live_migrations = 1 {{(pid=92902) log_opt_values /opt/stack/data/venv/lib/python3.12/site-packages/oslo_config/cfg.py:3549}}
Aug 26 03:02:06.180454 np0000008126 devstack@n-api-meta.service[92902]: DEBUG nova.api.openstack.wsgi_app [None req-e87b6d04-83c1-4656-8ed9-76b2a4d3d352 None None] max_concurrent_snapshots = 5 {{(pid=92902) log_opt_values /opt/stack/data/venv/lib/python3.12/site-packages/oslo_config/cfg.py:3549}}
Aug 26 03:02:06.180563 np0000008126 devstack@n-api-meta.service[92902]: DEBUG nova.api.openstack.wsgi_app [None req-e87b6d04-83c1-4656-8ed9-76b2a4d3d352 None None] max_local_block_devices = 3 {{(pid=92902) log_opt_values /opt/stack/data/venv/lib/python3.12/site-packages/oslo_config/cfg.py:3549}}
Aug 26 03:02:06.180707 np0000008126 devstack@n-api-meta.service[92902]: DEBUG nova.api.openstack.wsgi_app [None req-e87b6d04-83c1-4656-8ed9-76b2a4d3d352 None None] max_logfile_count = 30 {{(pid=92902) log_opt_values /opt/stack/data/venv/lib/python3.12/site-packages/oslo_config/cfg.py:3549}}
Aug 26 03:02:06.180836 np0000008126 devstack@n-api-meta.service[92902]: DEBUG nova.api.openstack.wsgi_app [None req-e87b6d04-83c1-4656-8ed9-76b2a4d3d352 None None] max_logfile_size_mb = 200 {{(pid=92902) log_opt_values /opt/stack/data/venv/lib/python3.12/site-packages/oslo_config/cfg.py:3549}}
Aug 26 03:02:06.180950 np0000008126 devstack@n-api-meta.service[92902]: DEBUG nova.api.openstack.wsgi_app [None req-e87b6d04-83c1-4656-8ed9-76b2a4d3d352 None None] maximum_instance_delete_attempts = 5 {{(pid=92902) log_opt_values /opt/stack/data/venv/lib/python3.12/site-packages/oslo_config/cfg.py:3549}}
Aug 26 03:02:06.181164 np0000008126 devstack@n-api-meta.service[92902]: DEBUG nova.api.openstack.wsgi_app [None req-e87b6d04-83c1-4656-8ed9-76b2a4d3d352 None None] migrate_max_retries = -1 {{(pid=92902) log_opt_values /opt/stack/data/venv/lib/python3.12/site-packages/oslo_config/cfg.py:3549}}
Aug 26 03:02:06.181294 np0000008126 devstack@n-api-meta.service[92902]: DEBUG nova.api.openstack.wsgi_app [None req-e87b6d04-83c1-4656-8ed9-76b2a4d3d352 None None] mkisofs_cmd = genisoimage {{(pid=92902) log_opt_values /opt/stack/data/venv/lib/python3.12/site-packages/oslo_config/cfg.py:3549}}
Aug 26 03:02:06.181457 np0000008126 devstack@n-api-meta.service[92902]: DEBUG nova.api.openstack.wsgi_app [None req-e87b6d04-83c1-4656-8ed9-76b2a4d3d352 None None] my_block_storage_ip = 10.4.3.240 {{(pid=92902) log_opt_values /opt/stack/data/venv/lib/python3.12/site-packages/oslo_config/cfg.py:3549}}
Aug 26 03:02:06.181548 np0000008126 devstack@n-api-meta.service[92902]: DEBUG nova.api.openstack.wsgi_app [None req-e87b6d04-83c1-4656-8ed9-76b2a4d3d352 None None] my_ip = 10.4.3.240 {{(pid=92902) log_opt_values /opt/stack/data/venv/lib/python3.12/site-packages/oslo_config/cfg.py:3549}}
Aug 26 03:02:06.181725 np0000008126 devstack@n-api-meta.service[92902]: DEBUG nova.api.openstack.wsgi_app [None req-e87b6d04-83c1-4656-8ed9-76b2a4d3d352 None None] my_shared_fs_storage_ip = 10.4.3.240 {{(pid=92902) log_opt_values /opt/stack/data/venv/lib/python3.12/site-packages/oslo_config/cfg.py:3549}}
Aug 26 03:02:06.181858 np0000008126 devstack@n-api-meta.service[92902]: DEBUG nova.api.openstack.wsgi_app [None req-e87b6d04-83c1-4656-8ed9-76b2a4d3d352 None None] network_allocate_retries = 0 {{(pid=92902) log_opt_values /opt/stack/data/venv/lib/python3.12/site-packages/oslo_config/cfg.py:3549}}
Aug 26 03:02:06.181985 np0000008126 devstack@n-api-meta.service[92902]: DEBUG nova.api.openstack.wsgi_app [None req-e87b6d04-83c1-4656-8ed9-76b2a4d3d352 None None] non_inheritable_image_properties = ['cache_in_nova', 'bittorrent'] {{(pid=92902) log_opt_values /opt/stack/data/venv/lib/python3.12/site-packages/oslo_config/cfg.py:3549}}
Aug 26 03:02:06.182100 np0000008126 devstack@n-api-meta.service[92902]: DEBUG nova.api.openstack.wsgi_app [None req-e87b6d04-83c1-4656-8ed9-76b2a4d3d352 None None] osapi_compute_unique_server_name_scope = {{(pid=92902) log_opt_values /opt/stack/data/venv/lib/python3.12/site-packages/oslo_config/cfg.py:3549}}
