Aug 26 03:02:05.718409 np0000008126 nova-scheduler[93529]: DEBUG cotyledon.oslo_config_glue [-] oslo_messaging_rabbit.rabbit_qos_prefetch_count = 0 {{(pid=93529) log_opt_values /opt/stack/data/venv/lib/python3.12/site-packages/oslo_config/cfg.py:3560}}
Aug 26 03:02:05.718409 np0000008126 nova-scheduler[93529]: DEBUG cotyledon.oslo_config_glue [-] oslo_messaging_rabbit.rabbit_quorum_delivery_limit = 0 {{(pid=93529) log_opt_values /opt/stack/data/venv/lib/python3.12/site-packages/oslo_config/cfg.py:3560}}
Aug 26 03:02:05.718409 np0000008126 nova-scheduler[93529]: DEBUG cotyledon.oslo_config_glue [-] oslo_messaging_rabbit.rabbit_quorum_max_memory_bytes = 0 {{(pid=93529) log_opt_values /opt/stack/data/venv/lib/python3.12/site-packages/oslo_config/cfg.py:3560}}
Aug 26 03:02:05.718409 np0000008126 nova-scheduler[93529]: DEBUG cotyledon.oslo_config_glue [-] oslo_messaging_rabbit.rabbit_quorum_max_memory_length = 0 {{(pid=93529) log_opt_values /opt/stack/data/venv/lib/python3.12/site-packages/oslo_config/cfg.py:3560}}
Aug 26 03:02:05.718409 np0000008126 nova-scheduler[93529]: DEBUG cotyledon.oslo_config_glue [-] oslo_messaging_rabbit.rabbit_quorum_queue = False {{(pid=93529) log_opt_values /opt/stack/data/venv/lib/python3.12/site-packages/oslo_config/cfg.py:3560}}
Aug 26 03:02:05.718409 np0000008126 nova-scheduler[93529]: DEBUG cotyledon.oslo_config_glue [-] oslo_messaging_rabbit.rabbit_retry_backoff = 2 {{(pid=93529) log_opt_values /opt/stack/data/venv/lib/python3.12/site-packages/oslo_config/cfg.py:3560}}
Aug 26 03:02:05.718409 np0000008126 nova-scheduler[93529]: DEBUG cotyledon.oslo_config_glue [-] oslo_messaging_rabbit.rabbit_retry_interval = 1 {{(pid=93529) log_opt_values /opt/stack/data/venv/lib/python3.12/site-packages/oslo_config/cfg.py:3560}}
Aug 26 03:02:05.718409 np0000008126 nova-scheduler[93529]: DEBUG cotyledon.oslo_config_glue [-] oslo_messaging_rabbit.rabbit_stream_fanout = False {{(pid=93529) log_opt_values /opt/stack/data/venv/lib/python3.12/site-packages/oslo_config/cfg.py:3560}}
Aug 26 03:02:05.718592 np0000008126 nova-scheduler[93529]: DEBUG cotyledon.oslo_config_glue [-] oslo_messaging_rabbit.rabbit_transient_queues_ttl = 1800 {{(pid=93529) log_opt_values /opt/stack/data/venv/lib/python3.12/site-packages/oslo_config/cfg.py:3560}}
Aug 26 03:02:05.718592 np0000008126 nova-scheduler[93529]: DEBUG cotyledon.oslo_config_glue [-] oslo_messaging_rabbit.rabbit_transient_quorum_queue = False {{(pid=93529) log_opt_values /opt/stack/data/venv/lib/python3.12/site-packages/oslo_config/cfg.py:3560}}
Aug 26 03:02:05.718592 np0000008126 nova-scheduler[93529]: DEBUG cotyledon.oslo_config_glue [-] oslo_messaging_rabbit.rpc_conn_pool_size = 30 {{(pid=93529) log_opt_values /opt/stack/data/venv/lib/python3.12/site-packages/oslo_config/cfg.py:3560}}
Aug 26 03:02:05.718592 np0000008126 nova-scheduler[93529]: DEBUG cotyledon.oslo_config_glue [-] oslo_messaging_rabbit.ssl = False {{(pid=93529) log_opt_values /opt/stack/data/venv/lib/python3.12/site-packages/oslo_config/cfg.py:3560}}
Aug 26 03:02:05.718592 np0000008126 nova-scheduler[93529]: DEBUG cotyledon.oslo_config_glue [-] oslo_messaging_rabbit.ssl_ca_file = {{(pid=93529) log_opt_values /opt/stack/data/venv/lib/python3.12/site-packages/oslo_config/cfg.py:3560}}
Aug 26 03:02:05.718592 np0000008126 nova-scheduler[93529]: DEBUG cotyledon.oslo_config_glue [-] oslo_messaging_rabbit.ssl_cert_file = {{(pid=93529) log_opt_values /opt/stack/data/venv/lib/python3.12/site-packages/oslo_config/cfg.py:3560}}
Aug 26 03:02:05.718592 np0000008126 nova-scheduler[93529]: DEBUG cotyledon.oslo_config_glue [-] oslo_messaging_rabbit.ssl_enforce_fips_mode = False {{(pid=93529) log_opt_values /opt/stack/data/venv/lib/python3.12/site-packages/oslo_config/cfg.py:3560}}
Aug 26 03:02:05.718592 np0000008126 nova-scheduler[93529]: DEBUG cotyledon.oslo_config_glue [-] oslo_messaging_rabbit.ssl_enforce_hostname_verification = True {{(pid=93529) log_opt_values /opt/stack/data/venv/lib/python3.12/site-packages/oslo_config/cfg.py:3560}}
Aug 26 03:02:05.718592 np0000008126 nova-scheduler[93529]: DEBUG cotyledon.oslo_config_glue [-] oslo_messaging_rabbit.ssl_key_file = {{(pid=93529) log_opt_values /opt/stack/data/venv/lib/python3.12/site-packages/oslo_config/cfg.py:3560}}
Aug 26 03:02:05.718822 np0000008126 nova-scheduler[93529]: DEBUG cotyledon.oslo_config_glue [-] oslo_messaging_rabbit.ssl_version = {{(pid=93529) log_opt_values /opt/stack/data/venv/lib/python3.12/site-packages/oslo_config/cfg.py:3560}}
Aug 26 03:02:05.718822 np0000008126 nova-scheduler[93529]: DEBUG cotyledon.oslo_config_glue [-] oslo_messaging_rabbit.use_queue_manager = False {{(pid=93529) log_opt_values /opt/stack/data/venv/lib/python3.12/site-packages/oslo_config/cfg.py:3560}}
Aug 26 03:02:05.718822 np0000008126 nova-scheduler[93529]: DEBUG cotyledon.oslo_config_glue [-] oslo_messaging_notifications.driver = ['messagingv2'] {{(pid=93529) log_opt_values /opt/stack/data/venv/lib/python3.12/site-packages/oslo_config/cfg.py:3560}}
Aug 26 03:02:05.718822 np0000008126 nova-scheduler[93529]: DEBUG cotyledon.oslo_config_glue [-] oslo_messaging_notifications.retry = -1 {{(pid=93529) log_opt_values /opt/stack/data/venv/lib/python3.12/site-packages/oslo_config/cfg.py:3560}}
Aug 26 03:02:05.718822 np0000008126 nova-scheduler[93529]: DEBUG cotyledon.oslo_config_glue [-] oslo_messaging_notifications.topics = ['notifications'] {{(pid=93529) log_opt_values /opt/stack/data/venv/lib/python3.12/site-packages/oslo_config/cfg.py:3560}}
Aug 26 03:02:05.718822 np0000008126 nova-scheduler[93529]: DEBUG cotyledon.oslo_config_glue [-] oslo_messaging_notifications.transport_url = **** {{(pid=93529) log_opt_values /opt/stack/data/venv/lib/python3.12/site-packages/oslo_config/cfg.py:3560}}
Aug 26 03:02:05.718822 np0000008126 nova-scheduler[93529]: DEBUG cotyledon.oslo_config_glue [-] oslo_limit.auth_section = None {{(pid=93529) log_opt_values /opt/stack/data/venv/lib/python3.12/site-packages/oslo_config/cfg.py:3560}}
Aug 26 03:02:05.718822 np0000008126 nova-scheduler[93529]: DEBUG cotyledon.oslo_config_glue [-] oslo_limit.auth_type = None {{(pid=93529) log_opt_values /opt/stack/data/venv/lib/python3.12/site-packages/oslo_config/cfg.py:3560}}
Aug 26 03:02:05.718822 np0000008126 nova-scheduler[93529]: DEBUG cotyledon.oslo_config_glue [-] oslo_limit.cafile = None {{(pid=93529) log_opt_values /opt/stack/data/venv/lib/python3.12/site-packages/oslo_config/cfg.py:3560}}
Aug 26 03:02:05.719045 np0000008126 nova-scheduler[93529]: DEBUG cotyledon.oslo_config_glue [-] oslo_limit.certfile = None {{(pid=93529) log_opt_values /opt/stack/data/venv/lib/python3.12/site-packages/oslo_config/cfg.py:3560}}
Aug 26 03:02:05.719045 np0000008126 nova-scheduler[93529]: DEBUG cotyledon.oslo_config_glue [-] oslo_limit.collect_timing = False {{(pid=93529) log_opt_values /opt/stack/data/venv/lib/python3.12/site-packages/oslo_config/cfg.py:3560}}
Aug 26 03:02:05.719045 np0000008126 nova-scheduler[93529]: DEBUG cotyledon.oslo_config_glue [-] oslo_limit.connect_retries = None {{(pid=93529) log_opt_values /opt/stack/data/venv/lib/python3.12/site-packages/oslo_config/cfg.py:3560}}
Aug 26 03:02:05.719045 np0000008126 nova-scheduler[93529]: DEBUG cotyledon.oslo_config_glue [-] oslo_limit.connect_retry_delay = None {{(pid=93529) log_opt_values /opt/stack/data/venv/lib/python3.12/site-packages/oslo_config/cfg.py:3560}}
Aug 26 03:02:05.719045 np0000008126 nova-scheduler[93529]: DEBUG cotyledon.oslo_config_glue [-] oslo_limit.endpoint_id = None {{(pid=93529) log_opt_values /opt/stack/data/venv/lib/python3.12/site-packages/oslo_config/cfg.py:3560}}
Aug 26 03:02:05.719045 np0000008126 nova-scheduler[93529]: DEBUG cotyledon.oslo_config_glue [-] oslo_limit.endpoint_interface = public {{(pid=93529) log_opt_values /opt/stack/data/venv/lib/python3.12/site-packages/oslo_config/cfg.py:3560}}
Aug 26 03:02:05.719045 np0000008126 nova-scheduler[93529]: DEBUG cotyledon.oslo_config_glue [-] oslo_limit.endpoint_override = None {{(pid=93529) log_opt_values /opt/stack/data/venv/lib/python3.12/site-packages/oslo_config/cfg.py:3560}}
Aug 26 03:02:05.719045 np0000008126 nova-scheduler[93529]: DEBUG cotyledon.oslo_config_glue [-] oslo_limit.endpoint_region_name = None {{(pid=93529) log_opt_values /opt/stack/data/venv/lib/python3.12/site-packages/oslo_config/cfg.py:3560}}
Aug 26 03:02:05.719045 np0000008126 nova-scheduler[93529]: DEBUG cotyledon.oslo_config_glue [-] oslo_limit.endpoint_service_name = None {{(pid=93529) log_opt_values /opt/stack/data/venv/lib/python3.12/site-packages/oslo_config/cfg.py:3560}}
Aug 26 03:02:05.719258 np0000008126 nova-scheduler[93529]: DEBUG cotyledon.oslo_config_glue [-] oslo_limit.endpoint_service_type = None {{(pid=93529) log_opt_values /opt/stack/data/venv/lib/python3.12/site-packages/oslo_config/cfg.py:3560}}
Aug 26 03:02:05.719258 np0000008126 nova-scheduler[93529]: DEBUG cotyledon.oslo_config_glue [-] oslo_limit.insecure = False {{(pid=93529) log_opt_values /opt/stack/data/venv/lib/python3.12/site-packages/oslo_config/cfg.py:3560}}
Aug 26 03:02:05.719258 np0000008126 nova-scheduler[93529]: DEBUG cotyledon.oslo_config_glue [-] oslo_limit.keyfile = None {{(pid=93529) log_opt_values /opt/stack/data/venv/lib/python3.12/site-packages/oslo_config/cfg.py:3560}}
Aug 26 03:02:05.719258 np0000008126 nova-scheduler[93529]: DEBUG cotyledon.oslo_config_glue [-] oslo_limit.max_version = None {{(pid=93529) log_opt_values /opt/stack/data/venv/lib/python3.12/site-packages/oslo_config/cfg.py:3560}}
Aug 26 03:02:05.719258 np0000008126 nova-scheduler[93529]: DEBUG cotyledon.oslo_config_glue [-] oslo_limit.min_version = None {{(pid=93529) log_opt_values /opt/stack/data/venv/lib/python3.12/site-packages/oslo_config/cfg.py:3560}}
Aug 26 03:02:05.719258 np0000008126 nova-scheduler[93529]: DEBUG cotyledon.oslo_config_glue [-] oslo_limit.region_name = None {{(pid=93529) log_opt_values /opt/stack/data/venv/lib/python3.12/site-packages/oslo_config/cfg.py:3560}}
Aug 26 03:02:05.719258 np0000008126 nova-scheduler[93529]: DEBUG cotyledon.oslo_config_glue [-] oslo_limit.retriable_status_codes = None {{(pid=93529) log_opt_values /opt/stack/data/venv/lib/python3.12/site-packages/oslo_config/cfg.py:3560}}
Aug 26 03:02:05.719258 np0000008126 nova-scheduler[93529]: DEBUG cotyledon.oslo_config_glue [-] oslo_limit.service_name = None {{(pid=93529) log_opt_values /opt/stack/data/venv/lib/python3.12/site-packages/oslo_config/cfg.py:3560}}
Aug 26 03:02:05.719258 np0000008126 nova-scheduler[93529]: DEBUG cotyledon.oslo_config_glue [-] oslo_limit.service_type = None {{(pid=93529) log_opt_values /opt/stack/data/venv/lib/python3.12/site-packages/oslo_config/cfg.py:3560}}
Aug 26 03:02:05.719505 np0000008126 nova-scheduler[93529]: DEBUG cotyledon.oslo_config_glue [-] oslo_limit.split_loggers = False {{(pid=93529) log_opt_values /opt/stack/data/venv/lib/python3.12/site-packages/oslo_config/cfg.py:3560}}
Aug 26 03:02:05.719505 np0000008126 nova-scheduler[93529]: DEBUG cotyledon.oslo_config_glue [-] oslo_limit.status_code_retries = None {{(pid=93529) log_opt_values /opt/stack/data/venv/lib/python3.12/site-packages/oslo_config/cfg.py:3560}}
Aug 26 03:02:05.719505 np0000008126 nova-scheduler[93529]: DEBUG cotyledon.oslo_config_glue [-] oslo_limit.status_code_retry_delay = None {{(pid=93529) log_opt_values /opt/stack/data/venv/lib/python3.12/site-packages/oslo_config/cfg.py:3560}}
Aug 26 03:02:05.719505 np0000008126 nova-scheduler[93529]: DEBUG cotyledon.oslo_config_glue [-] oslo_limit.timeout = None {{(pid=93529) log_opt_values /opt/stack/data/venv/lib/python3.12/site-packages/oslo_config/cfg.py:3560}}
Aug 26 03:02:05.719505 np0000008126 nova-scheduler[93529]: DEBUG cotyledon.oslo_config_glue [-] oslo_limit.valid_interfaces = None {{(pid=93529) log_opt_values /opt/stack/data/venv/lib/python3.12/site-packages/oslo_config/cfg.py:3560}}
Aug 26 03:02:05.719505 np0000008126 nova-scheduler[93529]: DEBUG cotyledon.oslo_config_glue [-] oslo_limit.version = None {{(pid=93529) log_opt_values /opt/stack/data/venv/lib/python3.12/site-packages/oslo_config/cfg.py:3560}}
Aug 26 03:02:05.719505 np0000008126 nova-scheduler[93529]: DEBUG cotyledon.oslo_config_glue [-] oslo_reports.file_event_handler = None {{(pid=93529) log_opt_values /opt/stack/data/venv/lib/python3.12/site-packages/oslo_config/cfg.py:3560}}
Aug 26 03:02:05.719505 np0000008126 nova-scheduler[93529]: DEBUG cotyledon.oslo_config_glue [-] oslo_reports.file_event_handler_interval = 1 {{(pid=93529) log_opt_values /opt/stack/data/venv/lib/python3.12/site-packages/oslo_config/cfg.py:3560}}
Aug 26 03:02:05.719505 np0000008126 nova-scheduler[93529]: DEBUG cotyledon.oslo_config_glue [-] oslo_reports.log_dir = None {{(pid=93529) log_opt_values /opt/stack/data/venv/lib/python3.12/site-packages/oslo_config/cfg.py:3560}}
Aug 26 03:02:05.719705 np0000008126 nova-scheduler[93529]: DEBUG cotyledon.oslo_config_glue [-] ******************************************************************************** {{(pid=93529) log_opt_values /opt/stack/data/venv/lib/python3.12/site-packages/oslo_config/cfg.py:3567}}
Aug 26 03:02:05.719705 np0000008126 nova-scheduler[93529]: DEBUG cotyledon._service_worker [-] Run service ServiceWrapper(2) [93529] {{(pid=93529) wait_forever /opt/stack/data/venv/lib/python3.12/site-packages/cotyledon/_service_worker.py:218}}
Aug 26 03:02:05.719750 np0000008126 nova-scheduler[93499]: INFO dbcounter [None req-caf34b63-e33c-4cb6-af1e-e4f4ed14de27 None None] Registered counter for database nova_cell0
Aug 26 03:02:05.719795 np0000008126 nova-scheduler[93529]: INFO nova.service [-] Starting scheduler node (version 33.1.0)
Aug 26 03:02:05.719795 np0000008126 nova-scheduler[93529]: INFO dbcounter [None req-dd96b1ec-2740-4d4e-8c7c-1330e090696c None None] Registered counter for database nova_cell0
Aug 26 03:02:05.719862 np0000008126 nova-scheduler[93478]: DEBUG oslo_db.sqlalchemy.engines [None req-55ba7dc1-7826-4e9e-96f3-de79de57b9e6 None None] MySQL server mode set to STRICT_TRANS_TABLES,STRICT_ALL_TABLES,NO_ZERO_IN_DATE,NO_ZERO_DATE,ERROR_FOR_DIVISION_BY_ZERO,TRADITIONAL,NO_ENGINE_SUBSTITUTION {{(pid=93478) _check_effective_sql_mode /opt/stack/data/venv/lib/python3.12/site-packages/oslo_db/sqlalchemy/engines.py:325}}
Aug 26 03:02:05.719862 np0000008126 nova-scheduler[93478]: DEBUG dbcounter [-] [93478] Writer thread running {{(pid=93478) stat_writer /opt/stack/data/venv/lib/python3.12/site-packages/dbcounter.py:102}}
Aug 26 03:02:05.723419 np0000008126 nova-scheduler[93529]: DEBUG oslo_db.sqlalchemy.engines [None req-dd96b1ec-2740-4d4e-8c7c-1330e090696c None None] MySQL server mode set to STRICT_TRANS_TABLES,STRICT_ALL_TABLES,NO_ZERO_IN_DATE,NO_ZERO_DATE,ERROR_FOR_DIVISION_BY_ZERO,TRADITIONAL,NO_ENGINE_SUBSTITUTION {{(pid=93529) _check_effective_sql_mode /opt/stack/data/venv/lib/python3.12/site-packages/oslo_db/sqlalchemy/engines.py:325}}
Aug 26 03:02:05.731715 np0000008126 nova-scheduler[93499]: DEBUG oslo_db.sqlalchemy.engines [None req-caf34b63-e33c-4cb6-af1e-e4f4ed14de27 None None] MySQL server mode set to STRICT_TRANS_TABLES,STRICT_ALL_TABLES,NO_ZERO_IN_DATE,NO_ZERO_DATE,ERROR_FOR_DIVISION_BY_ZERO,TRADITIONAL,NO_ENGINE_SUBSTITUTION {{(pid=93499) _check_effective_sql_mode /opt/stack/data/venv/lib/python3.12/site-packages/oslo_db/sqlalchemy/engines.py:325}}
Aug 26 03:02:05.732516 np0000008126 nova-scheduler[93529]: DEBUG dbcounter [-] [93529] Writer thread running {{(pid=93529) stat_writer /opt/stack/data/venv/lib/python3.12/site-packages/dbcounter.py:102}}
Aug 26 03:02:05.734361 np0000008126 nova-scheduler[93478]: DEBUG nova.service [None req-55ba7dc1-7826-4e9e-96f3-de79de57b9e6 None None] Creating RPC server for service: nova-scheduler on topic: scheduler {{(pid=93478) start /opt/stack/nova/nova/service.py:262}}
Aug 26 03:02:05.735306 np0000008126 nova-scheduler[93529]: DEBUG nova.service [None req-dd96b1ec-2740-4d4e-8c7c-1330e090696c None None] Creating RPC server for service: nova-scheduler on topic: scheduler {{(pid=93529) start /opt/stack/nova/nova/service.py:262}}
Aug 26 03:02:05.742240 np0000008126 nova-scheduler[93499]: DEBUG dbcounter [-] [93499] Writer thread running {{(pid=93499) stat_writer /opt/stack/data/venv/lib/python3.12/site-packages/dbcounter.py:102}}
Aug 26 03:02:05.745221 np0000008126 nova-scheduler[93499]: DEBUG nova.service [None req-caf34b63-e33c-4cb6-af1e-e4f4ed14de27 None None] Creating RPC server for service: nova-scheduler on topic: scheduler {{(pid=93499) start /opt/stack/nova/nova/service.py:262}}
Aug 26 03:02:05.758964 np0000008126 nova-scheduler[93478]: DEBUG nova.service [None req-55ba7dc1-7826-4e9e-96f3-de79de57b9e6 None None] Join ServiceGroup membership for this service scheduler {{(pid=93478) start /opt/stack/nova/nova/service.py:288}}
Aug 26 03:02:05.759189 np0000008126 nova-scheduler[93478]: DEBUG nova.servicegroup.drivers.db [None req-55ba7dc1-7826-4e9e-96f3-de79de57b9e6 None None] DB_Driver: join new ServiceGroup member np0000008126 to the scheduler group, service = {{(pid=93478) join /opt/stack/nova/nova/servicegroup/drivers/db.py:44}}
Aug 26 03:02:05.760919 np0000008126 nova-scheduler[93529]: DEBUG nova.service [None req-dd96b1ec-2740-4d4e-8c7c-1330e090696c None None] Join ServiceGroup membership for this service scheduler {{(pid=93529) start /opt/stack/nova/nova/service.py:288}}
Aug 26 03:02:05.761018 np0000008126 nova-scheduler[93529]: DEBUG nova.servicegroup.drivers.db [None req-dd96b1ec-2740-4d4e-8c7c-1330e090696c None None] DB_Driver: join new ServiceGroup member np0000008126 to the scheduler group, service = {{(pid=93529) join /opt/stack/nova/nova/servicegroup/drivers/db.py:44}}
Aug 26 03:02:05.763159 np0000008126 nova-scheduler[93499]: DEBUG nova.service [None req-caf34b63-e33c-4cb6-af1e-e4f4ed14de27 None None] Join ServiceGroup membership for this service scheduler {{(pid=93499) start /opt/stack/nova/nova/service.py:288}}
Aug 26 03:02:05.763364 np0000008126 nova-scheduler[93499]: DEBUG nova.servicegroup.drivers.db [None req-caf34b63-e33c-4cb6-af1e-e4f4ed14de27 None None] DB_Driver: join new ServiceGroup member np0000008126 to the scheduler group, service = {{(pid=93499) join /opt/stack/nova/nova/servicegroup/drivers/db.py:44}}
Aug 26 03:02:10.776255 np0000008126 nova-scheduler[93529]: DEBUG oslo.service.backend._threading.loopingcall [-] Fixed interval looping call 'nova.servicegroup.drivers.db.DbDriver._report_state' sleeping for 119.99 seconds {{(pid=93529) _run_loop /opt/stack/data/venv/lib/python3.12/site-packages/oslo_service/backend/_threading/loopingcall.py:125}}
Aug 26 03:02:10.780029 np0000008126 nova-scheduler[93478]: DEBUG oslo.service.backend._threading.loopingcall [-] Fixed interval looping call 'nova.servicegroup.drivers.db.DbDriver._report_state' sleeping for 119.98 seconds {{(pid=93478) _run_loop /opt/stack/data/venv/lib/python3.12/site-packages/oslo_service/backend/_threading/loopingcall.py:125}}
Aug 26 03:02:10.780510 np0000008126 nova-scheduler[93499]: DEBUG oslo.service.backend._threading.loopingcall [-] Fixed interval looping call 'nova.servicegroup.drivers.db.DbDriver._report_state' sleeping for 119.98 seconds {{(pid=93499) _run_loop /opt/stack/data/venv/lib/python3.12/site-packages/oslo_service/backend/_threading/loopingcall.py:125}}
Aug 26 03:02:14.299691 np0000008126 nova-scheduler[92267]: DEBUG dbcounter [-] [92267] Writing DB stats nova_api:SELECT=3 {{(pid=92267) stat_writer /opt/stack/data/venv/lib/python3.12/site-packages/dbcounter.py:115}}
Aug 26 03:02:14.427666 np0000008126 nova-scheduler[92267]: DEBUG dbcounter [-] [92267] Writing DB stats nova_cell1:SELECT=1 {{(pid=92267) stat_writer /opt/stack/data/venv/lib/python3.12/site-packages/dbcounter.py:115}}
Aug 26 03:02:14.430965 np0000008126 nova-scheduler[92267]: DEBUG dbcounter [-] [92267] Writing DB stats nova_cell0:SELECT=1 {{(pid=92267) stat_writer /opt/stack/data/venv/lib/python3.12/site-packages/dbcounter.py:115}}
Aug 26 03:02:17.765542 np0000008126 nova-scheduler[93499]: DEBUG oslo.service.backend._threading.loopingcall [None req-49e15e62-24fd-4405-82b3-2b81e1d8363f None None] Dynamic interval looping call 'nova.service.Service.periodic_tasks' sleeping for 60.00 seconds {{(pid=93499) _run_loop /opt/stack/data/venv/lib/python3.12/site-packages/oslo_service/backend/_threading/loopingcall.py:125}}
Aug 26 03:02:20.772289 np0000008126 nova-scheduler[93529]: DEBUG dbcounter [-] [93529] Writing DB stats nova_cell0:SELECT=3,nova_cell0:UPDATE=1 {{(pid=93529) stat_writer /opt/stack/data/venv/lib/python3.12/site-packages/dbcounter.py:115}}
Aug 26 03:02:20.774607 np0000008126 nova-scheduler[93478]: DEBUG dbcounter [-] [93478] Writing DB stats nova_cell0:SELECT=4,nova_cell0:INSERT=1,nova_cell0:UPDATE=1 {{(pid=93478) stat_writer /opt/stack/data/venv/lib/python3.12/site-packages/dbcounter.py:115}}
Aug 26 03:02:20.776008 np0000008126 nova-scheduler[93499]: DEBUG dbcounter [-] [93499] Writing DB stats nova_cell0:SELECT=3,nova_cell0:UPDATE=1 {{(pid=93499) stat_writer /opt/stack/data/venv/lib/python3.12/site-packages/dbcounter.py:115}}
Aug 26 03:02:25.763068 np0000008126 nova-scheduler[93529]: DEBUG oslo.service.backend._threading.loopingcall [None req-4fe1c4ce-d1a3-42ba-8aa6-ed0b9023769c None None] Dynamic interval looping call 'nova.service.Service.periodic_tasks' sleeping for 60.00 seconds {{(pid=93529) _run_loop /opt/stack/data/venv/lib/python3.12/site-packages/oslo_service/backend/_threading/loopingcall.py:125}}
Aug 26 03:02:46.761880 np0000008126 nova-scheduler[93478]: DEBUG oslo.service.backend._threading.loopingcall [None req-9ffd6c99-d33f-4c3c-a712-3dd2f1bf6348 None None] Dynamic interval looping call 'nova.service.Service.periodic_tasks' sleeping for 60.00 seconds {{(pid=93478) _run_loop /opt/stack/data/venv/lib/python3.12/site-packages/oslo_service/backend/_threading/loopingcall.py:125}}
Aug 26 03:03:17.766161 np0000008126 nova-scheduler[93499]: DEBUG oslo.service.backend._threading.loopingcall [None req-49e15e62-24fd-4405-82b3-2b81e1d8363f None None] Dynamic interval looping call 'nova.service.Service.periodic_tasks' sleeping for 60.00 seconds {{(pid=93499) _run_loop /opt/stack/data/venv/lib/python3.12/site-packages/oslo_service/backend/_threading/loopingcall.py:125}}
Aug 26 03:03:25.763560 np0000008126 nova-scheduler[93529]: DEBUG oslo.service.backend._threading.loopingcall [None req-4fe1c4ce-d1a3-42ba-8aa6-ed0b9023769c None None] Dynamic interval looping call 'nova.service.Service.periodic_tasks' sleeping for 60.00 seconds {{(pid=93529) _run_loop /opt/stack/data/venv/lib/python3.12/site-packages/oslo_service/backend/_threading/loopingcall.py:125}}
Aug 26 03:03:46.762346 np0000008126 nova-scheduler[93478]: DEBUG oslo.service.backend._threading.loopingcall [None req-9ffd6c99-d33f-4c3c-a712-3dd2f1bf6348 None None] Dynamic interval looping call 'nova.service.Service.periodic_tasks' sleeping for 60.00 seconds {{(pid=93478) _run_loop /opt/stack/data/venv/lib/python3.12/site-packages/oslo_service/backend/_threading/loopingcall.py:125}}
Aug 26 03:04:10.766313 np0000008126 nova-scheduler[93478]: DEBUG oslo.service.backend._threading.loopingcall [-] Fixed interval looping call 'nova.servicegroup.drivers.db.DbDriver._report_state' sleeping for 119.99 seconds {{(pid=93478) _run_loop /opt/stack/data/venv/lib/python3.12/site-packages/oslo_service/backend/_threading/loopingcall.py:125}}
Aug 26 03:04:10.766974 np0000008126 nova-scheduler[93499]: DEBUG oslo.service.backend._threading.loopingcall [-] Fixed interval looping call 'nova.servicegroup.drivers.db.DbDriver._report_state' sleeping for 119.99 seconds {{(pid=93499) _run_loop /opt/stack/data/venv/lib/python3.12/site-packages/oslo_service/backend/_threading/loopingcall.py:125}}
Aug 26 03:04:10.769645 np0000008126 nova-scheduler[93529]: DEBUG oslo.service.backend._threading.loopingcall [-] Fixed interval looping call 'nova.servicegroup.drivers.db.DbDriver._report_state' sleeping for 120.00 seconds {{(pid=93529) _run_loop /opt/stack/data/venv/lib/python3.12/site-packages/oslo_service/backend/_threading/loopingcall.py:125}}
Aug 26 03:04:17.766831 np0000008126 nova-scheduler[93499]: DEBUG oslo.service.backend._threading.loopingcall [None req-49e15e62-24fd-4405-82b3-2b81e1d8363f None None] Dynamic interval looping call 'nova.service.Service.periodic_tasks' sleeping for 60.00 seconds {{(pid=93499) _run_loop /opt/stack/data/venv/lib/python3.12/site-packages/oslo_service/backend/_threading/loopingcall.py:125}}
Aug 26 03:04:20.763963 np0000008126 nova-scheduler[93478]: DEBUG dbcounter [-] [93478] Writing DB stats nova_cell0:SELECT=1,nova_cell0:UPDATE=1 {{(pid=93478) stat_writer /opt/stack/data/venv/lib/python3.12/site-packages/dbcounter.py:115}}
Aug 26 03:04:20.765849 np0000008126 nova-scheduler[93499]: DEBUG dbcounter [-] [93499] Writing DB stats nova_cell0:SELECT=1,nova_cell0:UPDATE=1 {{(pid=93499) stat_writer /opt/stack/data/venv/lib/python3.12/site-packages/dbcounter.py:115}}
Aug 26 03:04:20.767994 np0000008126 nova-scheduler[93529]: DEBUG dbcounter [-] [93529] Writing DB stats nova_cell0:SELECT=1 {{(pid=93529) stat_writer /opt/stack/data/venv/lib/python3.12/site-packages/dbcounter.py:115}}
Aug 26 03:04:25.764594 np0000008126 nova-scheduler[93529]: DEBUG oslo.service.backend._threading.loopingcall [None req-4fe1c4ce-d1a3-42ba-8aa6-ed0b9023769c None None] Dynamic interval looping call 'nova.service.Service.periodic_tasks' sleeping for 60.00 seconds {{(pid=93529) _run_loop /opt/stack/data/venv/lib/python3.12/site-packages/oslo_service/backend/_threading/loopingcall.py:125}}
Aug 26 03:04:34.664054 np0000008126 nova-scheduler[93478]: DEBUG nova.scheduler.manager [None req-0399270a-8c62-4e95-9f85-2948c4fdb3ca tempest-ServerBootFromVolumeStableRescueTest-401355249 tempest-ServerBootFromVolumeStableRescueTest-401355249-project-member] Starting to schedule for instances: ['9c7490f2-ac86-46b5-aeff-0c36c51efdd9'] {{(pid=93478) select_destinations /opt/stack/nova/nova/scheduler/manager.py:197}}
Aug 26 03:04:34.664924 np0000008126 nova-scheduler[93478]: DEBUG nova.scheduler.request_filter [None req-0399270a-8c62-4e95-9f85-2948c4fdb3ca tempest-ServerBootFromVolumeStableRescueTest-401355249 tempest-ServerBootFromVolumeStableRescueTest-401355249-project-member] compute_status_filter request filter added forbidden trait COMPUTE_STATUS_DISABLED {{(pid=93478) compute_status_filter /opt/stack/nova/nova/scheduler/request_filter.py:258}}
Aug 26 03:04:34.665298 np0000008126 nova-scheduler[93478]: DEBUG nova.scheduler.request_filter [None req-0399270a-8c62-4e95-9f85-2948c4fdb3ca tempest-ServerBootFromVolumeStableRescueTest-401355249 tempest-ServerBootFromVolumeStableRescueTest-401355249-project-member] Request filter 'compute_status_filter' took 0.0 seconds {{(pid=93478) wrapper /opt/stack/nova/nova/scheduler/request_filter.py:51}}
Aug 26 03:04:34.665844 np0000008126 nova-scheduler[93478]: DEBUG nova.scheduler.request_filter [None req-0399270a-8c62-4e95-9f85-2948c4fdb3ca tempest-ServerBootFromVolumeStableRescueTest-401355249 tempest-ServerBootFromVolumeStableRescueTest-401355249-project-member] Request filter 'accelerators_filter' took 0.0 seconds {{(pid=93478) wrapper /opt/stack/nova/nova/scheduler/request_filter.py:51}}
Aug 26 03:04:34.667167 np0000008126 nova-scheduler[93478]: DEBUG nova.scheduler.request_filter [None req-0399270a-8c62-4e95-9f85-2948c4fdb3ca tempest-ServerBootFromVolumeStableRescueTest-401355249 tempest-ServerBootFromVolumeStableRescueTest-401355249-project-member] Request filter 'packed_virtqueue_filter' took 0.0 seconds {{(pid=93478) wrapper /opt/stack/nova/nova/scheduler/request_filter.py:51}}
Aug 26 03:04:34.667167 np0000008126 nova-scheduler[93478]: DEBUG nova.scheduler.request_filter [None req-0399270a-8c62-4e95-9f85-2948c4fdb3ca tempest-ServerBootFromVolumeStableRescueTest-401355249 tempest-ServerBootFromVolumeStableRescueTest-401355249-project-member] Request filter 'remote_managed_ports_filter' took 0.0 seconds {{(pid=93478) wrapper /opt/stack/nova/nova/scheduler/request_filter.py:51}}
Aug 26 03:04:34.667167 np0000008126 nova-scheduler[93478]: DEBUG nova.scheduler.request_filter [None req-0399270a-8c62-4e95-9f85-2948c4fdb3ca tempest-ServerBootFromVolumeStableRescueTest-401355249 tempest-ServerBootFromVolumeStableRescueTest-401355249-project-member] ephemeral_encryption_filter skipped {{(pid=93478) ephemeral_encryption_filter /opt/stack/nova/nova/scheduler/request_filter.py:431}}
Aug 26 03:04:34.667167 np0000008126 nova-scheduler[93478]: DEBUG nova.scheduler.request_filter [None req-0399270a-8c62-4e95-9f85-2948c4fdb3ca tempest-ServerBootFromVolumeStableRescueTest-401355249 tempest-ServerBootFromVolumeStableRescueTest-401355249-project-member] virtio_sound_filter skipped {{(pid=93478) virtio_sound_filter /opt/stack/nova/nova/scheduler/request_filter.py:465}}
Aug 26 03:04:34.667808 np0000008126 nova-scheduler[93478]: DEBUG nova.scheduler.request_filter [None req-0399270a-8c62-4e95-9f85-2948c4fdb3ca tempest-ServerBootFromVolumeStableRescueTest-401355249 tempest-ServerBootFromVolumeStableRescueTest-401355249-project-member] tpm_secret_security_filter skipped {{(pid=93478) tpm_secret_security_filter /opt/stack/nova/nova/scheduler/request_filter.py:482}}
Aug 26 03:04:34.668880 np0000008126 nova-scheduler[93478]: DEBUG oslo_concurrency.lockutils [None req-0399270a-8c62-4e95-9f85-2948c4fdb3ca tempest-ServerBootFromVolumeStableRescueTest-401355249 tempest-ServerBootFromVolumeStableRescueTest-401355249-project-member] Acquiring lock "00000000-0000-0000-0000-000000000000" by "nova.context.set_target_cell..get_or_set_cached_cell_and_set_connections" {{(pid=93478) inner /opt/stack/data/venv/lib/python3.12/site-packages/oslo_concurrency/lockutils.py:512}}
Aug 26 03:04:34.668924 np0000008126 nova-scheduler[93478]: DEBUG oslo_concurrency.lockutils [None req-0399270a-8c62-4e95-9f85-2948c4fdb3ca tempest-ServerBootFromVolumeStableRescueTest-401355249 tempest-ServerBootFromVolumeStableRescueTest-401355249-project-member] Lock "00000000-0000-0000-0000-000000000000" acquired by "nova.context.set_target_cell..get_or_set_cached_cell_and_set_connections" :: waited 0.000s {{(pid=93478) inner /opt/stack/data/venv/lib/python3.12/site-packages/oslo_concurrency/lockutils.py:525}}
Aug 26 03:04:34.670021 np0000008126 nova-scheduler[93478]: DEBUG oslo_concurrency.lockutils [None req-0399270a-8c62-4e95-9f85-2948c4fdb3ca tempest-ServerBootFromVolumeStableRescueTest-401355249 tempest-ServerBootFromVolumeStableRescueTest-401355249-project-member] Lock "00000000-0000-0000-0000-000000000000" "released" by "nova.context.set_target_cell..get_or_set_cached_cell_and_set_connections" :: held 0.001s {{(pid=93478) inner /opt/stack/data/venv/lib/python3.12/site-packages/oslo_concurrency/lockutils.py:544}}
Aug 26 03:04:34.673644 np0000008126 nova-scheduler[93478]: INFO nova.thread_pool_factory [None req-0399270a-8c62-4e95-9f85-2948c4fdb3ca tempest-ServerBootFromVolumeStableRescueTest-401355249 tempest-ServerBootFromVolumeStableRescueTest-401355249-project-member] The cell_worker thread pool ForkProcess-1.cell_worker is initialized
Aug 26 03:04:34.673644 np0000008126 nova-scheduler[93478]: DEBUG oslo_concurrency.lockutils [None req-0399270a-8c62-4e95-9f85-2948c4fdb3ca tempest-ServerBootFromVolumeStableRescueTest-401355249 tempest-ServerBootFromVolumeStableRescueTest-401355249-project-member] Acquiring lock "80582207-47e2-4eb6-8204-974e23395585" by "nova.context.set_target_cell..get_or_set_cached_cell_and_set_connections" {{(pid=93478) inner /opt/stack/data/venv/lib/python3.12/site-packages/oslo_concurrency/lockutils.py:512}}
Aug 26 03:04:34.673644 np0000008126 nova-scheduler[93478]: DEBUG oslo_concurrency.lockutils [None req-0399270a-8c62-4e95-9f85-2948c4fdb3ca tempest-ServerBootFromVolumeStableRescueTest-401355249 tempest-ServerBootFromVolumeStableRescueTest-401355249-project-member] Lock "80582207-47e2-4eb6-8204-974e23395585" acquired by "nova.context.set_target_cell..get_or_set_cached_cell_and_set_connections" :: waited 0.000s {{(pid=93478) inner /opt/stack/data/venv/lib/python3.12/site-packages/oslo_concurrency/lockutils.py:525}}
Aug 26 03:04:34.673644 np0000008126 nova-scheduler[93478]: DEBUG oslo_concurrency.lockutils [None req-0399270a-8c62-4e95-9f85-2948c4fdb3ca tempest-ServerBootFromVolumeStableRescueTest-401355249 tempest-ServerBootFromVolumeStableRescueTest-401355249-project-member] Lock "80582207-47e2-4eb6-8204-974e23395585" "released" by "nova.context.set_target_cell..get_or_set_cached_cell_and_set_connections" :: held 0.001s {{(pid=93478) inner /opt/stack/data/venv/lib/python3.12/site-packages/oslo_concurrency/lockutils.py:544}}
Aug 26 03:04:34.675795 np0000008126 nova-scheduler[93478]: INFO dbcounter [None req-0399270a-8c62-4e95-9f85-2948c4fdb3ca tempest-ServerBootFromVolumeStableRescueTest-401355249 tempest-ServerBootFromVolumeStableRescueTest-401355249-project-member] Registered counter for database nova_cell0
Aug 26 03:04:34.680251 np0000008126 nova-scheduler[93478]: INFO dbcounter [None req-0399270a-8c62-4e95-9f85-2948c4fdb3ca tempest-ServerBootFromVolumeStableRescueTest-401355249 tempest-ServerBootFromVolumeStableRescueTest-401355249-project-member] Registered counter for database nova_cell1
Aug 26 03:04:34.720287 np0000008126 nova-scheduler[93478]: DEBUG oslo_db.sqlalchemy.engines [None req-0399270a-8c62-4e95-9f85-2948c4fdb3ca tempest-ServerBootFromVolumeStableRescueTest-401355249 tempest-ServerBootFromVolumeStableRescueTest-401355249-project-member] MySQL server mode set to STRICT_TRANS_TABLES,STRICT_ALL_TABLES,NO_ZERO_IN_DATE,NO_ZERO_DATE,ERROR_FOR_DIVISION_BY_ZERO,TRADITIONAL,NO_ENGINE_SUBSTITUTION {{(pid=93478) _check_effective_sql_mode /opt/stack/data/venv/lib/python3.12/site-packages/oslo_db/sqlalchemy/engines.py:325}}
Aug 26 03:04:34.727200 np0000008126 nova-scheduler[93478]: DEBUG dbcounter [-] [93478] Writer thread running {{(pid=93478) stat_writer /opt/stack/data/venv/lib/python3.12/site-packages/dbcounter.py:102}}
Aug 26 03:04:34.737227 np0000008126 nova-scheduler[93478]: DEBUG oslo_db.sqlalchemy.engines [None req-0399270a-8c62-4e95-9f85-2948c4fdb3ca tempest-ServerBootFromVolumeStableRescueTest-401355249 tempest-ServerBootFromVolumeStableRescueTest-401355249-project-member] MySQL server mode set to STRICT_TRANS_TABLES,STRICT_ALL_TABLES,NO_ZERO_IN_DATE,NO_ZERO_DATE,ERROR_FOR_DIVISION_BY_ZERO,TRADITIONAL,NO_ENGINE_SUBSTITUTION {{(pid=93478) _check_effective_sql_mode /opt/stack/data/venv/lib/python3.12/site-packages/oslo_db/sqlalchemy/engines.py:325}}
Aug 26 03:04:34.746564 np0000008126 nova-scheduler[93478]: DEBUG dbcounter [-] [93478] Writer thread running {{(pid=93478) stat_writer /opt/stack/data/venv/lib/python3.12/site-packages/dbcounter.py:102}}
Aug 26 03:04:34.746825 np0000008126 nova-scheduler[93478]: DEBUG nova.scheduler.request_filter [None req-0399270a-8c62-4e95-9f85-2948c4fdb3ca tempest-ServerBootFromVolumeStableRescueTest-401355249 tempest-ServerBootFromVolumeStableRescueTest-401355249-project-member] Added required trait OWNER_NOVA to root provider in request spec {{(pid=93478) owner_nova_filter /opt/stack/nova/nova/scheduler/request_filter.py:580}}
Aug 26 03:04:34.746991 np0000008126 nova-scheduler[93478]: DEBUG nova.scheduler.request_filter [None req-0399270a-8c62-4e95-9f85-2948c4fdb3ca tempest-ServerBootFromVolumeStableRescueTest-401355249 tempest-ServerBootFromVolumeStableRescueTest-401355249-project-member] Request filter 'owner_nova_filter' took 0.1 seconds {{(pid=93478) wrapper /opt/stack/nova/nova/scheduler/request_filter.py:51}}
Aug 26 03:04:35.145897 np0000008126 nova-scheduler[93478]: DEBUG oslo_concurrency.lockutils [None req-0399270a-8c62-4e95-9f85-2948c4fdb3ca tempest-ServerBootFromVolumeStableRescueTest-401355249 tempest-ServerBootFromVolumeStableRescueTest-401355249-project-member] Acquiring lock "80582207-47e2-4eb6-8204-974e23395585" by "nova.context.set_target_cell..get_or_set_cached_cell_and_set_connections" {{(pid=93478) inner /opt/stack/data/venv/lib/python3.12/site-packages/oslo_concurrency/lockutils.py:512}}
Aug 26 03:04:35.146060 np0000008126 nova-scheduler[93478]: DEBUG oslo_concurrency.lockutils [None req-0399270a-8c62-4e95-9f85-2948c4fdb3ca tempest-ServerBootFromVolumeStableRescueTest-401355249 tempest-ServerBootFromVolumeStableRescueTest-401355249-project-member] Lock "80582207-47e2-4eb6-8204-974e23395585" acquired by "nova.context.set_target_cell..get_or_set_cached_cell_and_set_connections" :: waited 0.000s {{(pid=93478) inner /opt/stack/data/venv/lib/python3.12/site-packages/oslo_concurrency/lockutils.py:525}}
Aug 26 03:04:35.146173 np0000008126 nova-scheduler[93478]: DEBUG oslo_concurrency.lockutils [None req-0399270a-8c62-4e95-9f85-2948c4fdb3ca tempest-ServerBootFromVolumeStableRescueTest-401355249 tempest-ServerBootFromVolumeStableRescueTest-401355249-project-member] Lock "80582207-47e2-4eb6-8204-974e23395585" "released" by "nova.context.set_target_cell..get_or_set_cached_cell_and_set_connections" :: held 0.000s {{(pid=93478) inner /opt/stack/data/venv/lib/python3.12/site-packages/oslo_concurrency/lockutils.py:544}}
Aug 26 03:04:35.171988 np0000008126 nova-scheduler[93478]: DEBUG oslo_db.sqlalchemy.engines [None req-0399270a-8c62-4e95-9f85-2948c4fdb3ca tempest-ServerBootFromVolumeStableRescueTest-401355249 tempest-ServerBootFromVolumeStableRescueTest-401355249-project-member] Parent process 92267 forked (93478) with an open database connection, which is being discarded and recreated. {{(pid=93478) checkout /opt/stack/data/venv/lib/python3.12/site-packages/oslo_db/sqlalchemy/engines.py:402}}
Aug 26 03:04:35.221167 np0000008126 nova-scheduler[93478]: DEBUG dbcounter [-] [93478] Writer thread running {{(pid=93478) stat_writer /opt/stack/data/venv/lib/python3.12/site-packages/dbcounter.py:102}}
Aug 26 03:04:35.224149 np0000008126 nova-scheduler[93478]: DEBUG oslo_concurrency.lockutils [None req-0399270a-8c62-4e95-9f85-2948c4fdb3ca tempest-ServerBootFromVolumeStableRescueTest-401355249 tempest-ServerBootFromVolumeStableRescueTest-401355249-project-member] Acquiring lock "80582207-47e2-4eb6-8204-974e23395585" by "nova.context.set_target_cell..get_or_set_cached_cell_and_set_connections" {{(pid=93478) inner /opt/stack/data/venv/lib/python3.12/site-packages/oslo_concurrency/lockutils.py:512}}
Aug 26 03:04:35.224468 np0000008126 nova-scheduler[93478]: DEBUG oslo_concurrency.lockutils [None req-0399270a-8c62-4e95-9f85-2948c4fdb3ca tempest-ServerBootFromVolumeStableRescueTest-401355249 tempest-ServerBootFromVolumeStableRescueTest-401355249-project-member] Lock "80582207-47e2-4eb6-8204-974e23395585" acquired by "nova.context.set_target_cell..get_or_set_cached_cell_and_set_connections" :: waited 0.001s {{(pid=93478) inner /opt/stack/data/venv/lib/python3.12/site-packages/oslo_concurrency/lockutils.py:525}}
Aug 26 03:04:35.224646 np0000008126 nova-scheduler[93478]: DEBUG oslo_concurrency.lockutils [None req-0399270a-8c62-4e95-9f85-2948c4fdb3ca tempest-ServerBootFromVolumeStableRescueTest-401355249 tempest-ServerBootFromVolumeStableRescueTest-401355249-project-member] Lock "80582207-47e2-4eb6-8204-974e23395585" "released" by "nova.context.set_target_cell..get_or_set_cached_cell_and_set_connections" :: held 0.000s {{(pid=93478) inner /opt/stack/data/venv/lib/python3.12/site-packages/oslo_concurrency/lockutils.py:544}}
Aug 26 03:04:35.229754 np0000008126 nova-scheduler[93478]: DEBUG oslo_concurrency.lockutils [None req-0399270a-8c62-4e95-9f85-2948c4fdb3ca tempest-ServerBootFromVolumeStableRescueTest-401355249 tempest-ServerBootFromVolumeStableRescueTest-401355249-project-member] Acquiring lock "np0000008126-np0000008126" by "nova.scheduler.host_manager.HostState.update.._locked_update" {{(pid=93478) inner /opt/stack/data/venv/lib/python3.12/site-packages/oslo_concurrency/lockutils.py:512}}
Aug 26 03:04:35.229921 np0000008126 nova-scheduler[93478]: DEBUG oslo_concurrency.lockutils [None req-0399270a-8c62-4e95-9f85-2948c4fdb3ca tempest-ServerBootFromVolumeStableRescueTest-401355249 tempest-ServerBootFromVolumeStableRescueTest-401355249-project-member] Lock "np0000008126-np0000008126" acquired by "nova.scheduler.host_manager.HostState.update.._locked_update" :: waited 0.001s {{(pid=93478) inner /opt/stack/data/venv/lib/python3.12/site-packages/oslo_concurrency/lockutils.py:525}}
Aug 26 03:04:35.230788 np0000008126 nova-scheduler[93478]: DEBUG nova.scheduler.host_manager [None req-0399270a-8c62-4e95-9f85-2948c4fdb3ca tempest-ServerBootFromVolumeStableRescueTest-401355249 tempest-ServerBootFromVolumeStableRescueTest-401355249-project-member] Update host state from compute node: ComputeNode(cpu_allocation_ratio=4.0,cpu_info='{"arch": "x86_64", "model": "EPYC-Milan", "vendor": "AMD", "topology": {"cells": 1, "sockets": 16, "cores": 1, "threads": 1}, "maxphysaddr": {"mode": "emulate", "bits": 40}, "features": ["pcid", "pge", "umip", "nx", "f16c", "sep", "clzero", "fma", "wbnoinvd", "rdctl-no", "tsc", "sha-ni", "xsaves", "pni", "gds-no", "amd-psfd", "avx", "tsc_adjust", "sse4a", "hypervisor", "xsave", "xsaveerptr", "mtrr", "svme-addr-chk", "lbrv", "sse4.1", "pause-filter", "msr", "fxsr", "sse4.2", "pfthreshold", "ssbd", "rdpid", "pdpe1gb", "xgetbv1", "popcnt", "xsaveopt", "virt-ssbd", "lm", "de", "lfence-always-serializing", "clflush", "misalignsse", "mce", "pschange-mc-no", "cmov", "fsgsbase", "spec-ctrl", "tsc-deadline", "fxsr_opt", "pse36", "cx16", "ssse3", "amd-ssbd", "topoext", "syscall", "stibp", "nrip-save", "lahf_lm", "vaes", "ibrs", "sse", "perfctr_core", "cr8legacy", "adx", "clwb", "smep", "mca", "3dnowprefetch", "aes", "smap", "abm", "movbe", "v-vmsave-vmload", "cx8", "vmcb-clean", "rdseed", "bmi2", "svm", "fpu", "flushbyasid", "mds-no", "osvw", "stibp-always-on", "cmp_legacy", "ibpb", "null-sel-clr-base", "invpcid", "mmx", "vme", "rdrand", "arch-capabilities", "pclmuldq", "avx2", "npt", "arat", "bmi1", "pat", "skip-l1dfl-vmentry", "xsavec", "amd-stibp", "rdtscp", "vgif", "mmxext", "pse", "no-nested-data-bp", "pae", "fsrm", "x2apic", "sse2", "erms", "pku", "vpclmulqdq", "tsc-scale", "apic", "clflushopt"]}',created_at=2026-08-26T03:02:27Z,current_workload=0,deleted=False,deleted_at=None,disk_allocation_ratio=1.0,disk_available_least=73,free_disk_gb=95,free_ram_mb=62765,host='np0000008126',host_ip=10.4.3.240,hypervisor_hostname='np0000008126',hypervisor_type='QEMU',hypervisor_version=8002002,id=1,local_gb=95,local_gb_used=0,mapped=1,memory_mb=63277,memory_mb_used=512,metrics='[]',numa_topology='{"nova_object.name": "NUMATopology", "nova_object.namespace": "nova", "nova_object.version": "1.2", "nova_object.data": {"cells": [{"nova_object.name": "NUMACell", "nova_object.namespace": "nova", "nova_object.version": "1.5", "nova_object.data": {"id": 0, "cpuset": [0, 1, 2, 3, 4, 5, 6, 7, 8, 9, 10, 11, 12, 13, 14, 15], "pcpuset": [0, 1, 2, 3, 4, 5, 6, 7, 8, 9, 10, 11, 12, 13, 14, 15], "memory": 63277, "cpu_usage": 0, "memory_usage": 0, "pinned_cpus": [], "siblings": [[6], [12], [2], [15], [5], [11], [8], [14], [4], [1], [7], [10], [0], [13], [3], [9]], "mempages": [{"nova_object.name": "NUMAPagesTopology", "nova_object.namespace": "nova", "nova_object.version": "1.1", "nova_object.data": {"size_kb": 4, "total": 16177928, "used": 0, "reserved": 0}, "nova_object.changes": ["size_kb", "total", "used", "reserved"]}, {"nova_object.name": "NUMAPagesTopology", "nova_object.namespace": "nova", "nova_object.version": "1.1", "nova_object.data": {"size_kb": 2048, "total": 41, "used": 0, "reserved": 0}, "nova_object.changes": ["size_kb", "total", "used", "reserved"]}, {"nova_object.name": "NUMAPagesTopology", "nova_object.namespace": "nova", "nova_object.version": "1.1", "nova_object.data": {"size_kb": 1048576, "total": 0, "used": 0, "reserved": 0}, "nova_object.changes": ["size_kb", "total", "used", "reserved"]}], "network_metadata": {"nova_object.name": "NetworkMetadata", "nova_object.namespace": "nova", "nova_object.version": "1.0", "nova_object.data": {"physnets": [], "tunneled": false}, "nova_object.changes": ["tunneled", "physnets"]}, "socket": null}, "nova_object.changes": ["mempages", "pinned_cpus", "memory_usage", "pcpuset", "memory", "socket", "network_metadata", "cpu_usage", "cpuset", "siblings", "id"]}]}, "nova_object.changes": ["cells"]}',pci_device_pools=PciDevicePoolList,ram_allocation_ratio=1.0,running_vms=0,service_id=3,stats={failed_builds='0',uptime=' 03:04:15 up 13 min, 2 users, load average: 1.19, 1.19, 0.70
Aug 26 03:04:35.230788 np0000008126 nova-scheduler[93478]: '},supported_hv_specs=[HVSpec,HVSpec,HVSpec,HVSpec,HVSpec,HVSpec,HVSpec,HVSpec,HVSpec,HVSpec,HVSpec,HVSpec,HVSpec,HVSpec,HVSpec,HVSpec,HVSpec,HVSpec,HVSpec,HVSpec,HVSpec,HVSpec,HVSpec,HVSpec,HVSpec],updated_at=2026-08-26T03:04:15Z,uuid=f11e2a8c-b865-4fb0-997c-d7da7e02f877,vcpus=16,vcpus_used=0) {{(pid=93478) _locked_update /opt/stack/nova/nova/scheduler/host_manager.py:169}}
Aug 26 03:04:35.231557 np0000008126 nova-scheduler[93478]: DEBUG nova.scheduler.host_manager [None req-0399270a-8c62-4e95-9f85-2948c4fdb3ca tempest-ServerBootFromVolumeStableRescueTest-401355249 tempest-ServerBootFromVolumeStableRescueTest-401355249-project-member] Update host state with aggregates: [] {{(pid=93478) _locked_update /opt/stack/nova/nova/scheduler/host_manager.py:172}}
Aug 26 03:04:35.231703 np0000008126 nova-scheduler[93478]: DEBUG nova.scheduler.host_manager [None req-0399270a-8c62-4e95-9f85-2948c4fdb3ca tempest-ServerBootFromVolumeStableRescueTest-401355249 tempest-ServerBootFromVolumeStableRescueTest-401355249-project-member] Update host state with service dict: {'id': 3, 'uuid': 'f674f6d1-ffb7-467f-8da5-fe6d6341c398', 'host': 'np0000008126', 'binary': 'nova-compute', 'topic': 'compute', 'report_count': 2, 'disabled': False, 'disabled_reason': None, 'last_seen_up': datetime.datetime(2026, 8, 26, 3, 4, 33, tzinfo=datetime.timezone.utc), 'forced_down': False, 'version': 73, 'created_at': datetime.datetime(2026, 8, 26, 3, 2, 26, tzinfo=datetime.timezone.utc), 'updated_at': datetime.datetime(2026, 8, 26, 3, 4, 33, tzinfo=datetime.timezone.utc), 'deleted_at': None, 'deleted': False} {{(pid=93478) _locked_update /opt/stack/nova/nova/scheduler/host_manager.py:175}}
Aug 26 03:04:35.231830 np0000008126 nova-scheduler[93478]: DEBUG nova.scheduler.host_manager [None req-0399270a-8c62-4e95-9f85-2948c4fdb3ca tempest-ServerBootFromVolumeStableRescueTest-401355249 tempest-ServerBootFromVolumeStableRescueTest-401355249-project-member] Update host state with instances: [] {{(pid=93478) _locked_update /opt/stack/nova/nova/scheduler/host_manager.py:178}}
Aug 26 03:04:35.231936 np0000008126 nova-scheduler[93478]: DEBUG oslo_concurrency.lockutils [None req-0399270a-8c62-4e95-9f85-2948c4fdb3ca tempest-ServerBootFromVolumeStableRescueTest-401355249 tempest-ServerBootFromVolumeStableRescueTest-401355249-project-member] Lock "np0000008126-np0000008126" "released" by "nova.scheduler.host_manager.HostState.update.._locked_update" :: held 0.002s {{(pid=93478) inner /opt/stack/data/venv/lib/python3.12/site-packages/oslo_concurrency/lockutils.py:544}}
Aug 26 03:04:35.232274 np0000008126 nova-scheduler[93478]: DEBUG nova.filters [None req-0399270a-8c62-4e95-9f85-2948c4fdb3ca tempest-ServerBootFromVolumeStableRescueTest-401355249 tempest-ServerBootFromVolumeStableRescueTest-401355249-project-member] Starting with 1 host(s) {{(pid=93478) get_filtered_objects /opt/stack/nova/nova/filters.py:70}}
Aug 26 03:04:35.232467 np0000008126 nova-scheduler[93478]: DEBUG nova.filters [None req-0399270a-8c62-4e95-9f85-2948c4fdb3ca tempest-ServerBootFromVolumeStableRescueTest-401355249 tempest-ServerBootFromVolumeStableRescueTest-401355249-project-member] Filter ComputeFilter returned 1 host(s) {{(pid=93478) get_filtered_objects /opt/stack/nova/nova/filters.py:102}}
Aug 26 03:04:35.232606 np0000008126 nova-scheduler[93478]: DEBUG nova.filters [None req-0399270a-8c62-4e95-9f85-2948c4fdb3ca tempest-ServerBootFromVolumeStableRescueTest-401355249 tempest-ServerBootFromVolumeStableRescueTest-401355249-project-member] Filter ComputeCapabilitiesFilter returned 1 host(s) {{(pid=93478) get_filtered_objects /opt/stack/nova/nova/filters.py:102}}
Aug 26 03:04:35.233039 np0000008126 nova-scheduler[93478]: DEBUG nova.filters [None req-0399270a-8c62-4e95-9f85-2948c4fdb3ca tempest-ServerBootFromVolumeStableRescueTest-401355249 tempest-ServerBootFromVolumeStableRescueTest-401355249-project-member] Filter ImagePropertiesFilter returned 1 host(s) {{(pid=93478) get_filtered_objects /opt/stack/nova/nova/filters.py:102}}
Aug 26 03:04:35.233188 np0000008126 nova-scheduler[93478]: DEBUG nova.filters [None req-0399270a-8c62-4e95-9f85-2948c4fdb3ca tempest-ServerBootFromVolumeStableRescueTest-401355249 tempest-ServerBootFromVolumeStableRescueTest-401355249-project-member] Filter ServerGroupAntiAffinityFilter returned 1 host(s) {{(pid=93478) get_filtered_objects /opt/stack/nova/nova/filters.py:102}}
Aug 26 03:04:35.233325 np0000008126 nova-scheduler[93478]: DEBUG nova.filters [None req-0399270a-8c62-4e95-9f85-2948c4fdb3ca tempest-ServerBootFromVolumeStableRescueTest-401355249 tempest-ServerBootFromVolumeStableRescueTest-401355249-project-member] Filter ServerGroupAffinityFilter returned 1 host(s) {{(pid=93478) get_filtered_objects /opt/stack/nova/nova/filters.py:102}}
Aug 26 03:04:35.233425 np0000008126 nova-scheduler[93478]: DEBUG nova.filters [None req-0399270a-8c62-4e95-9f85-2948c4fdb3ca tempest-ServerBootFromVolumeStableRescueTest-401355249 tempest-ServerBootFromVolumeStableRescueTest-401355249-project-member] Filter SameHostFilter returned 1 host(s) {{(pid=93478) get_filtered_objects /opt/stack/nova/nova/filters.py:102}}
Aug 26 03:04:35.233545 np0000008126 nova-scheduler[93478]: DEBUG nova.filters [None req-0399270a-8c62-4e95-9f85-2948c4fdb3ca tempest-ServerBootFromVolumeStableRescueTest-401355249 tempest-ServerBootFromVolumeStableRescueTest-401355249-project-member] Filter DifferentHostFilter returned 1 host(s) {{(pid=93478) get_filtered_objects /opt/stack/nova/nova/filters.py:102}}
