Jul 03 15:40:32.690251 np0000004436 nova-scheduler[96271]: DEBUG cotyledon.oslo_config_glue [-] profiler.es_scroll_size = 10000 {{(pid=96271) log_opt_values /opt/stack/data/venv/lib/python3.12/site-packages/oslo_config/cfg.py:3253}}
Jul 03 15:40:32.690251 np0000004436 nova-scheduler[96271]: DEBUG cotyledon.oslo_config_glue [-] profiler.es_scroll_time = 2m {{(pid=96271) log_opt_values /opt/stack/data/venv/lib/python3.12/site-packages/oslo_config/cfg.py:3253}}
Jul 03 15:40:32.690251 np0000004436 nova-scheduler[96271]: DEBUG cotyledon.oslo_config_glue [-] profiler.filter_error_trace = False {{(pid=96271) log_opt_values /opt/stack/data/venv/lib/python3.12/site-packages/oslo_config/cfg.py:3253}}
Jul 03 15:40:32.690251 np0000004436 nova-scheduler[96271]: DEBUG cotyledon.oslo_config_glue [-] profiler.hmac_keys = **** {{(pid=96271) log_opt_values /opt/stack/data/venv/lib/python3.12/site-packages/oslo_config/cfg.py:3253}}
Jul 03 15:40:32.690251 np0000004436 nova-scheduler[96271]: DEBUG cotyledon.oslo_config_glue [-] profiler.sentinel_service_name = mymaster {{(pid=96271) log_opt_values /opt/stack/data/venv/lib/python3.12/site-packages/oslo_config/cfg.py:3253}}
Jul 03 15:40:32.690251 np0000004436 nova-scheduler[96271]: DEBUG cotyledon.oslo_config_glue [-] profiler.socket_timeout = 0.1 {{(pid=96271) log_opt_values /opt/stack/data/venv/lib/python3.12/site-packages/oslo_config/cfg.py:3253}}
Jul 03 15:40:32.690251 np0000004436 nova-scheduler[96271]: DEBUG cotyledon.oslo_config_glue [-] profiler.trace_requests = False {{(pid=96271) log_opt_values /opt/stack/data/venv/lib/python3.12/site-packages/oslo_config/cfg.py:3253}}
Jul 03 15:40:32.690438 np0000004436 nova-scheduler[96271]: DEBUG cotyledon.oslo_config_glue [-] profiler.trace_sqlalchemy = False {{(pid=96271) log_opt_values /opt/stack/data/venv/lib/python3.12/site-packages/oslo_config/cfg.py:3253}}
Jul 03 15:40:32.690438 np0000004436 nova-scheduler[96271]: DEBUG cotyledon.oslo_config_glue [-] profiler_jaeger.process_tags = {} {{(pid=96271) log_opt_values /opt/stack/data/venv/lib/python3.12/site-packages/oslo_config/cfg.py:3253}}
Jul 03 15:40:32.690438 np0000004436 nova-scheduler[96271]: DEBUG cotyledon.oslo_config_glue [-] profiler_jaeger.service_name_prefix = None {{(pid=96271) log_opt_values /opt/stack/data/venv/lib/python3.12/site-packages/oslo_config/cfg.py:3253}}
Jul 03 15:40:32.690438 np0000004436 nova-scheduler[96271]: DEBUG cotyledon.oslo_config_glue [-] profiler_otlp.service_name_prefix = None {{(pid=96271) log_opt_values /opt/stack/data/venv/lib/python3.12/site-packages/oslo_config/cfg.py:3253}}
Jul 03 15:40:32.690438 np0000004436 nova-scheduler[96271]: DEBUG cotyledon.oslo_config_glue [-] oslo_messaging_rabbit.amqp_auto_delete = False {{(pid=96271) log_opt_values /opt/stack/data/venv/lib/python3.12/site-packages/oslo_config/cfg.py:3253}}
Jul 03 15:40:32.690438 np0000004436 nova-scheduler[96271]: DEBUG cotyledon.oslo_config_glue [-] oslo_messaging_rabbit.amqp_durable_queues = False {{(pid=96271) log_opt_values /opt/stack/data/venv/lib/python3.12/site-packages/oslo_config/cfg.py:3253}}
Jul 03 15:40:32.690438 np0000004436 nova-scheduler[96271]: DEBUG cotyledon.oslo_config_glue [-] oslo_messaging_rabbit.conn_pool_min_size = 2 {{(pid=96271) log_opt_values /opt/stack/data/venv/lib/python3.12/site-packages/oslo_config/cfg.py:3253}}
Jul 03 15:40:32.690438 np0000004436 nova-scheduler[96271]: DEBUG cotyledon.oslo_config_glue [-] oslo_messaging_rabbit.conn_pool_ttl = 1200 {{(pid=96271) log_opt_values /opt/stack/data/venv/lib/python3.12/site-packages/oslo_config/cfg.py:3253}}
Jul 03 15:40:32.690438 np0000004436 nova-scheduler[96271]: DEBUG cotyledon.oslo_config_glue [-] oslo_messaging_rabbit.direct_mandatory_flag = True {{(pid=96271) log_opt_values /opt/stack/data/venv/lib/python3.12/site-packages/oslo_config/cfg.py:3253}}
Jul 03 15:40:32.690634 np0000004436 nova-scheduler[96271]: DEBUG cotyledon.oslo_config_glue [-] oslo_messaging_rabbit.enable_cancel_on_failover = False {{(pid=96271) log_opt_values /opt/stack/data/venv/lib/python3.12/site-packages/oslo_config/cfg.py:3253}}
Jul 03 15:40:32.690634 np0000004436 nova-scheduler[96271]: DEBUG cotyledon.oslo_config_glue [-] oslo_messaging_rabbit.heartbeat_rate = 3 {{(pid=96271) log_opt_values /opt/stack/data/venv/lib/python3.12/site-packages/oslo_config/cfg.py:3253}}
Jul 03 15:40:32.690634 np0000004436 nova-scheduler[96271]: DEBUG cotyledon.oslo_config_glue [-] oslo_messaging_rabbit.heartbeat_timeout_threshold = 60 {{(pid=96271) log_opt_values /opt/stack/data/venv/lib/python3.12/site-packages/oslo_config/cfg.py:3253}}
Jul 03 15:40:32.690634 np0000004436 nova-scheduler[96271]: DEBUG cotyledon.oslo_config_glue [-] oslo_messaging_rabbit.hostname = np0000004436 {{(pid=96271) log_opt_values /opt/stack/data/venv/lib/python3.12/site-packages/oslo_config/cfg.py:3253}}
Jul 03 15:40:32.690634 np0000004436 nova-scheduler[96271]: DEBUG cotyledon.oslo_config_glue [-] oslo_messaging_rabbit.kombu_compression = None {{(pid=96271) log_opt_values /opt/stack/data/venv/lib/python3.12/site-packages/oslo_config/cfg.py:3253}}
Jul 03 15:40:32.690634 np0000004436 nova-scheduler[96271]: DEBUG cotyledon.oslo_config_glue [-] oslo_messaging_rabbit.kombu_failover_strategy = round-robin {{(pid=96271) log_opt_values /opt/stack/data/venv/lib/python3.12/site-packages/oslo_config/cfg.py:3253}}
Jul 03 15:40:32.690634 np0000004436 nova-scheduler[96271]: DEBUG cotyledon.oslo_config_glue [-] oslo_messaging_rabbit.kombu_missing_consumer_retry_timeout = 60 {{(pid=96271) log_opt_values /opt/stack/data/venv/lib/python3.12/site-packages/oslo_config/cfg.py:3253}}
Jul 03 15:40:32.690634 np0000004436 nova-scheduler[96271]: DEBUG cotyledon.oslo_config_glue [-] oslo_messaging_rabbit.kombu_reconnect_delay = 1.0 {{(pid=96271) log_opt_values /opt/stack/data/venv/lib/python3.12/site-packages/oslo_config/cfg.py:3253}}
Jul 03 15:40:32.690634 np0000004436 nova-scheduler[96271]: DEBUG cotyledon.oslo_config_glue [-] oslo_messaging_rabbit.kombu_reconnect_splay = 0.0 {{(pid=96271) log_opt_values /opt/stack/data/venv/lib/python3.12/site-packages/oslo_config/cfg.py:3253}}
Jul 03 15:40:32.690842 np0000004436 nova-scheduler[96271]: DEBUG cotyledon.oslo_config_glue [-] oslo_messaging_rabbit.processname = nova-scheduler {{(pid=96271) log_opt_values /opt/stack/data/venv/lib/python3.12/site-packages/oslo_config/cfg.py:3253}}
Jul 03 15:40:32.690842 np0000004436 nova-scheduler[96271]: DEBUG cotyledon.oslo_config_glue [-] oslo_messaging_rabbit.rabbit_ha_queues = False {{(pid=96271) log_opt_values /opt/stack/data/venv/lib/python3.12/site-packages/oslo_config/cfg.py:3253}}
Jul 03 15:40:32.690842 np0000004436 nova-scheduler[96271]: DEBUG cotyledon.oslo_config_glue [-] oslo_messaging_rabbit.rabbit_interval_max = 30 {{(pid=96271) log_opt_values /opt/stack/data/venv/lib/python3.12/site-packages/oslo_config/cfg.py:3253}}
Jul 03 15:40:32.690842 np0000004436 nova-scheduler[96271]: DEBUG cotyledon.oslo_config_glue [-] oslo_messaging_rabbit.rabbit_login_method = AMQPLAIN {{(pid=96271) log_opt_values /opt/stack/data/venv/lib/python3.12/site-packages/oslo_config/cfg.py:3253}}
Jul 03 15:40:32.690842 np0000004436 nova-scheduler[96271]: DEBUG cotyledon.oslo_config_glue [-] oslo_messaging_rabbit.rabbit_qos_prefetch_count = 0 {{(pid=96271) log_opt_values /opt/stack/data/venv/lib/python3.12/site-packages/oslo_config/cfg.py:3253}}
Jul 03 15:40:32.690842 np0000004436 nova-scheduler[96271]: DEBUG cotyledon.oslo_config_glue [-] oslo_messaging_rabbit.rabbit_quorum_delivery_limit = 0 {{(pid=96271) log_opt_values /opt/stack/data/venv/lib/python3.12/site-packages/oslo_config/cfg.py:3253}}
Jul 03 15:40:32.690842 np0000004436 nova-scheduler[96271]: DEBUG cotyledon.oslo_config_glue [-] oslo_messaging_rabbit.rabbit_quorum_max_memory_bytes = 0 {{(pid=96271) log_opt_values /opt/stack/data/venv/lib/python3.12/site-packages/oslo_config/cfg.py:3253}}
Jul 03 15:40:32.690842 np0000004436 nova-scheduler[96271]: DEBUG cotyledon.oslo_config_glue [-] oslo_messaging_rabbit.rabbit_quorum_max_memory_length = 0 {{(pid=96271) log_opt_values /opt/stack/data/venv/lib/python3.12/site-packages/oslo_config/cfg.py:3253}}
Jul 03 15:40:32.690842 np0000004436 nova-scheduler[96271]: DEBUG cotyledon.oslo_config_glue [-] oslo_messaging_rabbit.rabbit_quorum_queue = False {{(pid=96271) log_opt_values /opt/stack/data/venv/lib/python3.12/site-packages/oslo_config/cfg.py:3253}}
Jul 03 15:40:32.691027 np0000004436 nova-scheduler[96271]: DEBUG cotyledon.oslo_config_glue [-] oslo_messaging_rabbit.rabbit_retry_backoff = 2 {{(pid=96271) log_opt_values /opt/stack/data/venv/lib/python3.12/site-packages/oslo_config/cfg.py:3253}}
Jul 03 15:40:32.691027 np0000004436 nova-scheduler[96271]: DEBUG cotyledon.oslo_config_glue [-] oslo_messaging_rabbit.rabbit_retry_interval = 1 {{(pid=96271) log_opt_values /opt/stack/data/venv/lib/python3.12/site-packages/oslo_config/cfg.py:3253}}
Jul 03 15:40:32.691027 np0000004436 nova-scheduler[96271]: DEBUG cotyledon.oslo_config_glue [-] oslo_messaging_rabbit.rabbit_stream_fanout = False {{(pid=96271) log_opt_values /opt/stack/data/venv/lib/python3.12/site-packages/oslo_config/cfg.py:3253}}
Jul 03 15:40:32.691027 np0000004436 nova-scheduler[96271]: DEBUG cotyledon.oslo_config_glue [-] oslo_messaging_rabbit.rabbit_transient_queues_ttl = 1800 {{(pid=96271) log_opt_values /opt/stack/data/venv/lib/python3.12/site-packages/oslo_config/cfg.py:3253}}
Jul 03 15:40:32.691027 np0000004436 nova-scheduler[96271]: DEBUG cotyledon.oslo_config_glue [-] oslo_messaging_rabbit.rabbit_transient_quorum_queue = False {{(pid=96271) log_opt_values /opt/stack/data/venv/lib/python3.12/site-packages/oslo_config/cfg.py:3253}}
Jul 03 15:40:32.691027 np0000004436 nova-scheduler[96271]: DEBUG cotyledon.oslo_config_glue [-] oslo_messaging_rabbit.rpc_conn_pool_size = 30 {{(pid=96271) log_opt_values /opt/stack/data/venv/lib/python3.12/site-packages/oslo_config/cfg.py:3253}}
Jul 03 15:40:32.691027 np0000004436 nova-scheduler[96271]: DEBUG cotyledon.oslo_config_glue [-] oslo_messaging_rabbit.ssl = False {{(pid=96271) log_opt_values /opt/stack/data/venv/lib/python3.12/site-packages/oslo_config/cfg.py:3253}}
Jul 03 15:40:32.691027 np0000004436 nova-scheduler[96271]: DEBUG cotyledon.oslo_config_glue [-] oslo_messaging_rabbit.ssl_ca_file = {{(pid=96271) log_opt_values /opt/stack/data/venv/lib/python3.12/site-packages/oslo_config/cfg.py:3253}}
Jul 03 15:40:32.691027 np0000004436 nova-scheduler[96271]: DEBUG cotyledon.oslo_config_glue [-] oslo_messaging_rabbit.ssl_cert_file = {{(pid=96271) log_opt_values /opt/stack/data/venv/lib/python3.12/site-packages/oslo_config/cfg.py:3253}}
Jul 03 15:40:32.691201 np0000004436 nova-scheduler[96271]: DEBUG cotyledon.oslo_config_glue [-] oslo_messaging_rabbit.ssl_enforce_fips_mode = False {{(pid=96271) log_opt_values /opt/stack/data/venv/lib/python3.12/site-packages/oslo_config/cfg.py:3253}}
Jul 03 15:40:32.691201 np0000004436 nova-scheduler[96271]: DEBUG cotyledon.oslo_config_glue [-] oslo_messaging_rabbit.ssl_enforce_hostname_verification = True {{(pid=96271) log_opt_values /opt/stack/data/venv/lib/python3.12/site-packages/oslo_config/cfg.py:3253}}
Jul 03 15:40:32.691201 np0000004436 nova-scheduler[96271]: DEBUG cotyledon.oslo_config_glue [-] oslo_messaging_rabbit.ssl_key_file = {{(pid=96271) log_opt_values /opt/stack/data/venv/lib/python3.12/site-packages/oslo_config/cfg.py:3253}}
Jul 03 15:40:32.691201 np0000004436 nova-scheduler[96271]: DEBUG cotyledon.oslo_config_glue [-] oslo_messaging_rabbit.ssl_version = {{(pid=96271) log_opt_values /opt/stack/data/venv/lib/python3.12/site-packages/oslo_config/cfg.py:3253}}
Jul 03 15:40:32.691201 np0000004436 nova-scheduler[96271]: DEBUG cotyledon.oslo_config_glue [-] oslo_messaging_rabbit.use_queue_manager = False {{(pid=96271) log_opt_values /opt/stack/data/venv/lib/python3.12/site-packages/oslo_config/cfg.py:3253}}
Jul 03 15:40:32.691201 np0000004436 nova-scheduler[96271]: DEBUG cotyledon.oslo_config_glue [-] oslo_messaging_notifications.driver = ['messagingv2'] {{(pid=96271) log_opt_values /opt/stack/data/venv/lib/python3.12/site-packages/oslo_config/cfg.py:3253}}
Jul 03 15:40:32.691201 np0000004436 nova-scheduler[96271]: DEBUG cotyledon.oslo_config_glue [-] oslo_messaging_notifications.retry = -1 {{(pid=96271) log_opt_values /opt/stack/data/venv/lib/python3.12/site-packages/oslo_config/cfg.py:3253}}
Jul 03 15:40:32.691463 np0000004436 nova-scheduler[96265]: DEBUG dbcounter [-] [96265] Writer thread running {{(pid=96265) stat_writer /opt/stack/data/venv/lib/python3.12/site-packages/dbcounter.py:102}}
Jul 03 15:40:32.691494 np0000004436 nova-scheduler[96271]: DEBUG cotyledon.oslo_config_glue [-] oslo_messaging_notifications.topics = ['notifications'] {{(pid=96271) log_opt_values /opt/stack/data/venv/lib/python3.12/site-packages/oslo_config/cfg.py:3253}}
Jul 03 15:40:32.691494 np0000004436 nova-scheduler[96271]: DEBUG cotyledon.oslo_config_glue [-] oslo_messaging_notifications.transport_url = **** {{(pid=96271) log_opt_values /opt/stack/data/venv/lib/python3.12/site-packages/oslo_config/cfg.py:3253}}
Jul 03 15:40:32.691494 np0000004436 nova-scheduler[96271]: DEBUG cotyledon.oslo_config_glue [-] oslo_limit.auth_section = None {{(pid=96271) log_opt_values /opt/stack/data/venv/lib/python3.12/site-packages/oslo_config/cfg.py:3253}}
Jul 03 15:40:32.691494 np0000004436 nova-scheduler[96271]: DEBUG cotyledon.oslo_config_glue [-] oslo_limit.auth_type = None {{(pid=96271) log_opt_values /opt/stack/data/venv/lib/python3.12/site-packages/oslo_config/cfg.py:3253}}
Jul 03 15:40:32.691494 np0000004436 nova-scheduler[96271]: DEBUG cotyledon.oslo_config_glue [-] oslo_limit.cafile = None {{(pid=96271) log_opt_values /opt/stack/data/venv/lib/python3.12/site-packages/oslo_config/cfg.py:3253}}
Jul 03 15:40:32.691494 np0000004436 nova-scheduler[96271]: DEBUG cotyledon.oslo_config_glue [-] oslo_limit.certfile = None {{(pid=96271) log_opt_values /opt/stack/data/venv/lib/python3.12/site-packages/oslo_config/cfg.py:3253}}
Jul 03 15:40:32.691494 np0000004436 nova-scheduler[96271]: DEBUG cotyledon.oslo_config_glue [-] oslo_limit.collect_timing = False {{(pid=96271) log_opt_values /opt/stack/data/venv/lib/python3.12/site-packages/oslo_config/cfg.py:3253}}
Jul 03 15:40:32.691494 np0000004436 nova-scheduler[96271]: DEBUG cotyledon.oslo_config_glue [-] oslo_limit.connect_retries = None {{(pid=96271) log_opt_values /opt/stack/data/venv/lib/python3.12/site-packages/oslo_config/cfg.py:3253}}
Jul 03 15:40:32.691494 np0000004436 nova-scheduler[96271]: DEBUG cotyledon.oslo_config_glue [-] oslo_limit.connect_retry_delay = None {{(pid=96271) log_opt_values /opt/stack/data/venv/lib/python3.12/site-packages/oslo_config/cfg.py:3253}}
Jul 03 15:40:32.691679 np0000004436 nova-scheduler[96271]: DEBUG cotyledon.oslo_config_glue [-] oslo_limit.endpoint_id = None {{(pid=96271) log_opt_values /opt/stack/data/venv/lib/python3.12/site-packages/oslo_config/cfg.py:3253}}
Jul 03 15:40:32.691679 np0000004436 nova-scheduler[96271]: DEBUG cotyledon.oslo_config_glue [-] oslo_limit.endpoint_interface = public {{(pid=96271) log_opt_values /opt/stack/data/venv/lib/python3.12/site-packages/oslo_config/cfg.py:3253}}
Jul 03 15:40:32.691679 np0000004436 nova-scheduler[96271]: DEBUG cotyledon.oslo_config_glue [-] oslo_limit.endpoint_override = None {{(pid=96271) log_opt_values /opt/stack/data/venv/lib/python3.12/site-packages/oslo_config/cfg.py:3253}}
Jul 03 15:40:32.691679 np0000004436 nova-scheduler[96271]: DEBUG cotyledon.oslo_config_glue [-] oslo_limit.endpoint_region_name = None {{(pid=96271) log_opt_values /opt/stack/data/venv/lib/python3.12/site-packages/oslo_config/cfg.py:3253}}
Jul 03 15:40:32.691679 np0000004436 nova-scheduler[96271]: DEBUG cotyledon.oslo_config_glue [-] oslo_limit.endpoint_service_name = None {{(pid=96271) log_opt_values /opt/stack/data/venv/lib/python3.12/site-packages/oslo_config/cfg.py:3253}}
Jul 03 15:40:32.691679 np0000004436 nova-scheduler[96271]: DEBUG cotyledon.oslo_config_glue [-] oslo_limit.endpoint_service_type = None {{(pid=96271) log_opt_values /opt/stack/data/venv/lib/python3.12/site-packages/oslo_config/cfg.py:3253}}
Jul 03 15:40:32.691679 np0000004436 nova-scheduler[96271]: DEBUG cotyledon.oslo_config_glue [-] oslo_limit.insecure = False {{(pid=96271) log_opt_values /opt/stack/data/venv/lib/python3.12/site-packages/oslo_config/cfg.py:3253}}
Jul 03 15:40:32.691679 np0000004436 nova-scheduler[96271]: DEBUG cotyledon.oslo_config_glue [-] oslo_limit.keyfile = None {{(pid=96271) log_opt_values /opt/stack/data/venv/lib/python3.12/site-packages/oslo_config/cfg.py:3253}}
Jul 03 15:40:32.691679 np0000004436 nova-scheduler[96271]: DEBUG cotyledon.oslo_config_glue [-] oslo_limit.max_version = None {{(pid=96271) log_opt_values /opt/stack/data/venv/lib/python3.12/site-packages/oslo_config/cfg.py:3253}}
Jul 03 15:40:32.691861 np0000004436 nova-scheduler[96271]: DEBUG cotyledon.oslo_config_glue [-] oslo_limit.min_version = None {{(pid=96271) log_opt_values /opt/stack/data/venv/lib/python3.12/site-packages/oslo_config/cfg.py:3253}}
Jul 03 15:40:32.691861 np0000004436 nova-scheduler[96271]: DEBUG cotyledon.oslo_config_glue [-] oslo_limit.region_name = None {{(pid=96271) log_opt_values /opt/stack/data/venv/lib/python3.12/site-packages/oslo_config/cfg.py:3253}}
Jul 03 15:40:32.691861 np0000004436 nova-scheduler[96271]: DEBUG cotyledon.oslo_config_glue [-] oslo_limit.retriable_status_codes = None {{(pid=96271) log_opt_values /opt/stack/data/venv/lib/python3.12/site-packages/oslo_config/cfg.py:3253}}
Jul 03 15:40:32.691861 np0000004436 nova-scheduler[96271]: DEBUG cotyledon.oslo_config_glue [-] oslo_limit.service_name = None {{(pid=96271) log_opt_values /opt/stack/data/venv/lib/python3.12/site-packages/oslo_config/cfg.py:3253}}
Jul 03 15:40:32.691861 np0000004436 nova-scheduler[96271]: DEBUG cotyledon.oslo_config_glue [-] oslo_limit.service_type = None {{(pid=96271) log_opt_values /opt/stack/data/venv/lib/python3.12/site-packages/oslo_config/cfg.py:3253}}
Jul 03 15:40:32.691861 np0000004436 nova-scheduler[96271]: DEBUG cotyledon.oslo_config_glue [-] oslo_limit.split_loggers = False {{(pid=96271) log_opt_values /opt/stack/data/venv/lib/python3.12/site-packages/oslo_config/cfg.py:3253}}
Jul 03 15:40:32.691861 np0000004436 nova-scheduler[96271]: DEBUG cotyledon.oslo_config_glue [-] oslo_limit.status_code_retries = None {{(pid=96271) log_opt_values /opt/stack/data/venv/lib/python3.12/site-packages/oslo_config/cfg.py:3253}}
Jul 03 15:40:32.691861 np0000004436 nova-scheduler[96271]: DEBUG cotyledon.oslo_config_glue [-] oslo_limit.status_code_retry_delay = None {{(pid=96271) log_opt_values /opt/stack/data/venv/lib/python3.12/site-packages/oslo_config/cfg.py:3253}}
Jul 03 15:40:32.691861 np0000004436 nova-scheduler[96271]: DEBUG cotyledon.oslo_config_glue [-] oslo_limit.timeout = None {{(pid=96271) log_opt_values /opt/stack/data/venv/lib/python3.12/site-packages/oslo_config/cfg.py:3253}}
Jul 03 15:40:32.692040 np0000004436 nova-scheduler[96271]: DEBUG cotyledon.oslo_config_glue [-] oslo_limit.valid_interfaces = None {{(pid=96271) log_opt_values /opt/stack/data/venv/lib/python3.12/site-packages/oslo_config/cfg.py:3253}}
Jul 03 15:40:32.692040 np0000004436 nova-scheduler[96271]: DEBUG cotyledon.oslo_config_glue [-] oslo_limit.version = None {{(pid=96271) log_opt_values /opt/stack/data/venv/lib/python3.12/site-packages/oslo_config/cfg.py:3253}}
Jul 03 15:40:32.692040 np0000004436 nova-scheduler[96271]: DEBUG cotyledon.oslo_config_glue [-] oslo_reports.file_event_handler = None {{(pid=96271) log_opt_values /opt/stack/data/venv/lib/python3.12/site-packages/oslo_config/cfg.py:3253}}
Jul 03 15:40:32.692040 np0000004436 nova-scheduler[96271]: DEBUG cotyledon.oslo_config_glue [-] oslo_reports.file_event_handler_interval = 1 {{(pid=96271) log_opt_values /opt/stack/data/venv/lib/python3.12/site-packages/oslo_config/cfg.py:3253}}
Jul 03 15:40:32.692040 np0000004436 nova-scheduler[96271]: DEBUG cotyledon.oslo_config_glue [-] oslo_reports.log_dir = None {{(pid=96271) log_opt_values /opt/stack/data/venv/lib/python3.12/site-packages/oslo_config/cfg.py:3253}}
Jul 03 15:40:32.692040 np0000004436 nova-scheduler[96271]: DEBUG cotyledon.oslo_config_glue [-] ******************************************************************************** {{(pid=96271) log_opt_values /opt/stack/data/venv/lib/python3.12/site-packages/oslo_config/cfg.py:3260}}
Jul 03 15:40:32.692040 np0000004436 nova-scheduler[96271]: DEBUG cotyledon._service_worker [-] Run service ServiceWrapper(3) [96271] {{(pid=96271) wait_forever /opt/stack/data/venv/lib/python3.12/site-packages/cotyledon/_service_worker.py:218}}
Jul 03 15:40:32.692040 np0000004436 nova-scheduler[96271]: INFO nova.service [-] Starting scheduler node (version 33.1.0)
Jul 03 15:40:32.692040 np0000004436 nova-scheduler[96271]: INFO dbcounter [None req-642744c6-a8c1-4d0d-a8cd-be20a46bd551 None None] Registered counter for database nova_cell0
Jul 03 15:40:32.692208 np0000004436 nova-scheduler[96265]: DEBUG nova.service [None req-23527d1f-8838-4bf5-a314-e2b3b238a7d1 None None] Creating RPC server for service: nova-scheduler on topic: scheduler {{(pid=96265) start /opt/stack/nova/nova/service.py:196}}
Jul 03 15:40:32.699192 np0000004436 nova-scheduler[96269]: DEBUG oslo_db.sqlalchemy.engines [None req-8179f310-9553-4ce3-be09-1ea91f624676 None None] MySQL server mode set to STRICT_TRANS_TABLES,STRICT_ALL_TABLES,NO_ZERO_IN_DATE,NO_ZERO_DATE,ERROR_FOR_DIVISION_BY_ZERO,TRADITIONAL,NO_ENGINE_SUBSTITUTION {{(pid=96269) _check_effective_sql_mode /opt/stack/data/venv/lib/python3.12/site-packages/oslo_db/sqlalchemy/engines.py:325}}
Jul 03 15:40:32.702370 np0000004436 nova-scheduler[96267]: DEBUG oslo_db.sqlalchemy.engines [None req-16538759-a339-4511-8cdf-935d0a4eab7e None None] MySQL server mode set to STRICT_TRANS_TABLES,STRICT_ALL_TABLES,NO_ZERO_IN_DATE,NO_ZERO_DATE,ERROR_FOR_DIVISION_BY_ZERO,TRADITIONAL,NO_ENGINE_SUBSTITUTION {{(pid=96267) _check_effective_sql_mode /opt/stack/data/venv/lib/python3.12/site-packages/oslo_db/sqlalchemy/engines.py:325}}
Jul 03 15:40:32.711611 np0000004436 nova-scheduler[96269]: DEBUG dbcounter [-] [96269] Writer thread running {{(pid=96269) stat_writer /opt/stack/data/venv/lib/python3.12/site-packages/dbcounter.py:102}}
Jul 03 15:40:32.713078 np0000004436 nova-scheduler[96267]: DEBUG dbcounter [-] [96267] Writer thread running {{(pid=96267) stat_writer /opt/stack/data/venv/lib/python3.12/site-packages/dbcounter.py:102}}
Jul 03 15:40:32.714560 np0000004436 nova-scheduler[96269]: DEBUG nova.service [None req-8179f310-9553-4ce3-be09-1ea91f624676 None None] Creating RPC server for service: nova-scheduler on topic: scheduler {{(pid=96269) start /opt/stack/nova/nova/service.py:196}}
Jul 03 15:40:32.715981 np0000004436 nova-scheduler[96267]: DEBUG nova.service [None req-16538759-a339-4511-8cdf-935d0a4eab7e None None] Creating RPC server for service: nova-scheduler on topic: scheduler {{(pid=96267) start /opt/stack/nova/nova/service.py:196}}
Jul 03 15:40:32.716436 np0000004436 nova-scheduler[96265]: DEBUG nova.service [None req-23527d1f-8838-4bf5-a314-e2b3b238a7d1 None None] Join ServiceGroup membership for this service scheduler {{(pid=96265) start /opt/stack/nova/nova/service.py:222}}
Jul 03 15:40:32.716666 np0000004436 nova-scheduler[96265]: DEBUG nova.servicegroup.drivers.db [None req-23527d1f-8838-4bf5-a314-e2b3b238a7d1 None None] DB_Driver: join new ServiceGroup member np0000004436 to the scheduler group, service = {{(pid=96265) join /opt/stack/nova/nova/servicegroup/drivers/db.py:44}}
Jul 03 15:40:32.738836 np0000004436 nova-scheduler[96269]: DEBUG nova.service [None req-8179f310-9553-4ce3-be09-1ea91f624676 None None] Join ServiceGroup membership for this service scheduler {{(pid=96269) start /opt/stack/nova/nova/service.py:222}}
Jul 03 15:40:32.739069 np0000004436 nova-scheduler[96269]: DEBUG nova.servicegroup.drivers.db [None req-8179f310-9553-4ce3-be09-1ea91f624676 None None] DB_Driver: join new ServiceGroup member np0000004436 to the scheduler group, service = {{(pid=96269) join /opt/stack/nova/nova/servicegroup/drivers/db.py:44}}
Jul 03 15:40:32.740503 np0000004436 nova-scheduler[96271]: DEBUG oslo_db.sqlalchemy.engines [None req-642744c6-a8c1-4d0d-a8cd-be20a46bd551 None None] MySQL server mode set to STRICT_TRANS_TABLES,STRICT_ALL_TABLES,NO_ZERO_IN_DATE,NO_ZERO_DATE,ERROR_FOR_DIVISION_BY_ZERO,TRADITIONAL,NO_ENGINE_SUBSTITUTION {{(pid=96271) _check_effective_sql_mode /opt/stack/data/venv/lib/python3.12/site-packages/oslo_db/sqlalchemy/engines.py:325}}
Jul 03 15:40:32.741231 np0000004436 nova-scheduler[96269]: DEBUG oslo.service.backend._threading.loopingcall [None req-d7b42043-8994-4aeb-b8e7-7f96f72b57f2 None None] Dynamic interval looping call 'nova.service.Service.periodic_tasks' sleeping for 60.00 seconds {{(pid=96269) _run_loop /opt/stack/data/venv/lib/python3.12/site-packages/oslo_service/backend/_threading/loopingcall.py:125}}
Jul 03 15:40:32.742662 np0000004436 nova-scheduler[96267]: DEBUG nova.service [None req-16538759-a339-4511-8cdf-935d0a4eab7e None None] Join ServiceGroup membership for this service scheduler {{(pid=96267) start /opt/stack/nova/nova/service.py:222}}
Jul 03 15:40:32.742743 np0000004436 nova-scheduler[96267]: DEBUG nova.servicegroup.drivers.db [None req-16538759-a339-4511-8cdf-935d0a4eab7e None None] DB_Driver: join new ServiceGroup member np0000004436 to the scheduler group, service = {{(pid=96267) join /opt/stack/nova/nova/servicegroup/drivers/db.py:44}}
Jul 03 15:40:32.750062 np0000004436 nova-scheduler[96271]: DEBUG dbcounter [-] [96271] Writer thread running {{(pid=96271) stat_writer /opt/stack/data/venv/lib/python3.12/site-packages/dbcounter.py:102}}
Jul 03 15:40:32.755640 np0000004436 nova-scheduler[96271]: DEBUG nova.service [None req-642744c6-a8c1-4d0d-a8cd-be20a46bd551 None None] Creating RPC server for service: nova-scheduler on topic: scheduler {{(pid=96271) start /opt/stack/nova/nova/service.py:196}}
Jul 03 15:40:32.771454 np0000004436 nova-scheduler[96271]: DEBUG nova.service [None req-642744c6-a8c1-4d0d-a8cd-be20a46bd551 None None] Join ServiceGroup membership for this service scheduler {{(pid=96271) start /opt/stack/nova/nova/service.py:222}}
Jul 03 15:40:32.773159 np0000004436 nova-scheduler[96271]: DEBUG nova.servicegroup.drivers.db [None req-642744c6-a8c1-4d0d-a8cd-be20a46bd551 None None] DB_Driver: join new ServiceGroup member np0000004436 to the scheduler group, service = {{(pid=96271) join /opt/stack/nova/nova/servicegroup/drivers/db.py:44}}
Jul 03 15:40:32.774174 np0000004436 nova-scheduler[96271]: DEBUG oslo.service.backend._threading.loopingcall [None req-99a2f734-2948-4389-a557-832bdd1831e5 None None] Dynamic interval looping call 'nova.service.Service.periodic_tasks' sleeping for 60.00 seconds {{(pid=96271) _run_loop /opt/stack/data/venv/lib/python3.12/site-packages/oslo_service/backend/_threading/loopingcall.py:125}}
Jul 03 15:40:34.718824 np0000004436 nova-scheduler[96265]: DEBUG oslo.service.backend._threading.loopingcall [None req-edb36607-af5e-4cef-b391-c629a88005e9 None None] Dynamic interval looping call 'nova.service.Service.periodic_tasks' sleeping for 60.00 seconds {{(pid=96265) _run_loop /opt/stack/data/venv/lib/python3.12/site-packages/oslo_service/backend/_threading/loopingcall.py:125}}
Jul 03 15:40:37.733443 np0000004436 nova-scheduler[96265]: DEBUG oslo.service.backend._threading.loopingcall [-] Fixed interval looping call 'nova.servicegroup.drivers.db.DbDriver._report_state' sleeping for 119.98 seconds {{(pid=96265) _run_loop /opt/stack/data/venv/lib/python3.12/site-packages/oslo_service/backend/_threading/loopingcall.py:125}}
Jul 03 15:40:37.753269 np0000004436 nova-scheduler[96267]: DEBUG oslo.service.backend._threading.loopingcall [-] Fixed interval looping call 'nova.servicegroup.drivers.db.DbDriver._report_state' sleeping for 119.99 seconds {{(pid=96267) _run_loop /opt/stack/data/venv/lib/python3.12/site-packages/oslo_service/backend/_threading/loopingcall.py:125}}
Jul 03 15:40:37.754465 np0000004436 nova-scheduler[96269]: DEBUG oslo.service.backend._threading.loopingcall [-] Fixed interval looping call 'nova.servicegroup.drivers.db.DbDriver._report_state' sleeping for 119.99 seconds {{(pid=96269) _run_loop /opt/stack/data/venv/lib/python3.12/site-packages/oslo_service/backend/_threading/loopingcall.py:125}}
Jul 03 15:40:37.784656 np0000004436 nova-scheduler[96271]: DEBUG oslo.service.backend._threading.loopingcall [-] Fixed interval looping call 'nova.servicegroup.drivers.db.DbDriver._report_state' sleeping for 119.99 seconds {{(pid=96271) _run_loop /opt/stack/data/venv/lib/python3.12/site-packages/oslo_service/backend/_threading/loopingcall.py:125}}
Jul 03 15:40:41.301319 np0000004436 nova-scheduler[95072]: DEBUG dbcounter [-] [95072] Writing DB stats nova_api:SELECT=3 {{(pid=95072) stat_writer /opt/stack/data/venv/lib/python3.12/site-packages/dbcounter.py:115}}
Jul 03 15:40:41.420103 np0000004436 nova-scheduler[95072]: DEBUG dbcounter [-] [95072] Writing DB stats nova_cell0:SELECT=1 {{(pid=95072) stat_writer /opt/stack/data/venv/lib/python3.12/site-packages/dbcounter.py:115}}
Jul 03 15:40:41.430369 np0000004436 nova-scheduler[95072]: DEBUG dbcounter [-] [95072] Writing DB stats nova_cell1:SELECT=1 {{(pid=95072) stat_writer /opt/stack/data/venv/lib/python3.12/site-packages/dbcounter.py:115}}
Jul 03 15:40:46.744860 np0000004436 nova-scheduler[96267]: DEBUG oslo.service.backend._threading.loopingcall [None req-c904e0a8-4138-467a-9ccd-55f918cf132a None None] Dynamic interval looping call 'nova.service.Service.periodic_tasks' sleeping for 60.00 seconds {{(pid=96267) _run_loop /opt/stack/data/venv/lib/python3.12/site-packages/oslo_service/backend/_threading/loopingcall.py:125}}
Jul 03 15:40:47.726892 np0000004436 nova-scheduler[96265]: DEBUG dbcounter [-] [96265] Writing DB stats nova_cell0:SELECT=4,nova_cell0:INSERT=1,nova_cell0:UPDATE=1 {{(pid=96265) stat_writer /opt/stack/data/venv/lib/python3.12/site-packages/dbcounter.py:115}}
Jul 03 15:40:47.749478 np0000004436 nova-scheduler[96269]: DEBUG dbcounter [-] [96269] Writing DB stats nova_cell0:SELECT=3 {{(pid=96269) stat_writer /opt/stack/data/venv/lib/python3.12/site-packages/dbcounter.py:115}}
Jul 03 15:40:47.754685 np0000004436 nova-scheduler[96267]: DEBUG dbcounter [-] [96267] Writing DB stats nova_cell0:SELECT=3 {{(pid=96267) stat_writer /opt/stack/data/venv/lib/python3.12/site-packages/dbcounter.py:115}}
Jul 03 15:40:47.782032 np0000004436 nova-scheduler[96271]: DEBUG dbcounter [-] [96271] Writing DB stats nova_cell0:SELECT=3 {{(pid=96271) stat_writer /opt/stack/data/venv/lib/python3.12/site-packages/dbcounter.py:115}}
Jul 03 15:41:32.741816 np0000004436 nova-scheduler[96269]: DEBUG oslo.service.backend._threading.loopingcall [None req-d7b42043-8994-4aeb-b8e7-7f96f72b57f2 None None] Dynamic interval looping call 'nova.service.Service.periodic_tasks' sleeping for 60.00 seconds {{(pid=96269) _run_loop /opt/stack/data/venv/lib/python3.12/site-packages/oslo_service/backend/_threading/loopingcall.py:125}}
Jul 03 15:41:32.774814 np0000004436 nova-scheduler[96271]: DEBUG oslo.service.backend._threading.loopingcall [None req-99a2f734-2948-4389-a557-832bdd1831e5 None None] Dynamic interval looping call 'nova.service.Service.periodic_tasks' sleeping for 60.00 seconds {{(pid=96271) _run_loop /opt/stack/data/venv/lib/python3.12/site-packages/oslo_service/backend/_threading/loopingcall.py:125}}
Jul 03 15:41:34.719345 np0000004436 nova-scheduler[96265]: DEBUG oslo.service.backend._threading.loopingcall [None req-edb36607-af5e-4cef-b391-c629a88005e9 None None] Dynamic interval looping call 'nova.service.Service.periodic_tasks' sleeping for 60.00 seconds {{(pid=96265) _run_loop /opt/stack/data/venv/lib/python3.12/site-packages/oslo_service/backend/_threading/loopingcall.py:125}}
Jul 03 15:41:46.745418 np0000004436 nova-scheduler[96267]: DEBUG oslo.service.backend._threading.loopingcall [None req-c904e0a8-4138-467a-9ccd-55f918cf132a None None] Dynamic interval looping call 'nova.service.Service.periodic_tasks' sleeping for 60.00 seconds {{(pid=96267) _run_loop /opt/stack/data/venv/lib/python3.12/site-packages/oslo_service/backend/_threading/loopingcall.py:125}}
Jul 03 15:42:32.742384 np0000004436 nova-scheduler[96269]: DEBUG oslo.service.backend._threading.loopingcall [None req-d7b42043-8994-4aeb-b8e7-7f96f72b57f2 None None] Dynamic interval looping call 'nova.service.Service.periodic_tasks' sleeping for 60.00 seconds {{(pid=96269) _run_loop /opt/stack/data/venv/lib/python3.12/site-packages/oslo_service/backend/_threading/loopingcall.py:125}}
Jul 03 15:42:32.775326 np0000004436 nova-scheduler[96271]: DEBUG oslo.service.backend._threading.loopingcall [None req-99a2f734-2948-4389-a557-832bdd1831e5 None None] Dynamic interval looping call 'nova.service.Service.periodic_tasks' sleeping for 60.00 seconds {{(pid=96271) _run_loop /opt/stack/data/venv/lib/python3.12/site-packages/oslo_service/backend/_threading/loopingcall.py:125}}
Jul 03 15:42:34.723397 np0000004436 nova-scheduler[96265]: DEBUG oslo.service.backend._threading.loopingcall [None req-edb36607-af5e-4cef-b391-c629a88005e9 None None] Dynamic interval looping call 'nova.service.Service.periodic_tasks' sleeping for 60.00 seconds {{(pid=96265) _run_loop /opt/stack/data/venv/lib/python3.12/site-packages/oslo_service/backend/_threading/loopingcall.py:125}}
Jul 03 15:42:37.724474 np0000004436 nova-scheduler[96265]: DEBUG oslo.service.backend._threading.loopingcall [-] Fixed interval looping call 'nova.servicegroup.drivers.db.DbDriver._report_state' sleeping for 119.99 seconds {{(pid=96265) _run_loop /opt/stack/data/venv/lib/python3.12/site-packages/oslo_service/backend/_threading/loopingcall.py:125}}
Jul 03 15:42:37.747946 np0000004436 nova-scheduler[96269]: DEBUG oslo.service.backend._threading.loopingcall [-] Fixed interval looping call 'nova.servicegroup.drivers.db.DbDriver._report_state' sleeping for 120.00 seconds {{(pid=96269) _run_loop /opt/stack/data/venv/lib/python3.12/site-packages/oslo_service/backend/_threading/loopingcall.py:125}}
Jul 03 15:42:37.748394 np0000004436 nova-scheduler[96267]: DEBUG oslo.service.backend._threading.loopingcall [-] Fixed interval looping call 'nova.servicegroup.drivers.db.DbDriver._report_state' sleeping for 120.00 seconds {{(pid=96267) _run_loop /opt/stack/data/venv/lib/python3.12/site-packages/oslo_service/backend/_threading/loopingcall.py:125}}
Jul 03 15:42:37.778961 np0000004436 nova-scheduler[96271]: DEBUG oslo.service.backend._threading.loopingcall [-] Fixed interval looping call 'nova.servicegroup.drivers.db.DbDriver._report_state' sleeping for 120.00 seconds {{(pid=96271) _run_loop /opt/stack/data/venv/lib/python3.12/site-packages/oslo_service/backend/_threading/loopingcall.py:125}}
Jul 03 15:42:41.437375 np0000004436 nova-scheduler[96265]: DEBUG nova.scheduler.manager [None req-b87cba34-cea0-479b-a35a-305670e483ad tempest-ServersNegativeTestJSON-1218242756 tempest-ServersNegativeTestJSON-1218242756-project-member] Starting to schedule for instances: ['954ef01c-4ee5-4263-a0ce-6fb2815cb647'] {{(pid=96265) select_destinations /opt/stack/nova/nova/scheduler/manager.py:209}}
Jul 03 15:42:41.437844 np0000004436 nova-scheduler[96265]: DEBUG nova.scheduler.request_filter [None req-b87cba34-cea0-479b-a35a-305670e483ad tempest-ServersNegativeTestJSON-1218242756 tempest-ServersNegativeTestJSON-1218242756-project-member] compute_status_filter request filter added forbidden trait COMPUTE_STATUS_DISABLED {{(pid=96265) compute_status_filter /opt/stack/nova/nova/scheduler/request_filter.py:253}}
Jul 03 15:42:41.437844 np0000004436 nova-scheduler[96265]: DEBUG nova.scheduler.request_filter [None req-b87cba34-cea0-479b-a35a-305670e483ad tempest-ServersNegativeTestJSON-1218242756 tempest-ServersNegativeTestJSON-1218242756-project-member] Request filter 'compute_status_filter' took 0.0 seconds {{(pid=96265) wrapper /opt/stack/nova/nova/scheduler/request_filter.py:46}}
Jul 03 15:42:41.438302 np0000004436 nova-scheduler[96265]: DEBUG nova.scheduler.request_filter [None req-b87cba34-cea0-479b-a35a-305670e483ad tempest-ServersNegativeTestJSON-1218242756 tempest-ServersNegativeTestJSON-1218242756-project-member] Request filter 'accelerators_filter' took 0.0 seconds {{(pid=96265) wrapper /opt/stack/nova/nova/scheduler/request_filter.py:46}}
Jul 03 15:42:41.438535 np0000004436 nova-scheduler[96265]: DEBUG nova.scheduler.request_filter [None req-b87cba34-cea0-479b-a35a-305670e483ad tempest-ServersNegativeTestJSON-1218242756 tempest-ServersNegativeTestJSON-1218242756-project-member] Request filter 'packed_virtqueue_filter' took 0.0 seconds {{(pid=96265) wrapper /opt/stack/nova/nova/scheduler/request_filter.py:46}}
Jul 03 15:42:41.438859 np0000004436 nova-scheduler[96265]: DEBUG nova.scheduler.request_filter [None req-b87cba34-cea0-479b-a35a-305670e483ad tempest-ServersNegativeTestJSON-1218242756 tempest-ServersNegativeTestJSON-1218242756-project-member] Request filter 'remote_managed_ports_filter' took 0.0 seconds {{(pid=96265) wrapper /opt/stack/nova/nova/scheduler/request_filter.py:46}}
Jul 03 15:42:41.439003 np0000004436 nova-scheduler[96265]: DEBUG nova.scheduler.request_filter [None req-b87cba34-cea0-479b-a35a-305670e483ad tempest-ServersNegativeTestJSON-1218242756 tempest-ServersNegativeTestJSON-1218242756-project-member] ephemeral_encryption_filter skipped {{(pid=96265) ephemeral_encryption_filter /opt/stack/nova/nova/scheduler/request_filter.py:426}}
Jul 03 15:42:41.439161 np0000004436 nova-scheduler[96265]: DEBUG nova.scheduler.request_filter [None req-b87cba34-cea0-479b-a35a-305670e483ad tempest-ServersNegativeTestJSON-1218242756 tempest-ServersNegativeTestJSON-1218242756-project-member] virtio_sound_filter skipped {{(pid=96265) virtio_sound_filter /opt/stack/nova/nova/scheduler/request_filter.py:460}}
Jul 03 15:42:41.439671 np0000004436 nova-scheduler[96265]: DEBUG nova.scheduler.request_filter [None req-b87cba34-cea0-479b-a35a-305670e483ad tempest-ServersNegativeTestJSON-1218242756 tempest-ServersNegativeTestJSON-1218242756-project-member] tpm_secret_security_filter skipped {{(pid=96265) tpm_secret_security_filter /opt/stack/nova/nova/scheduler/request_filter.py:477}}
Jul 03 15:42:42.050315 np0000004436 nova-scheduler[96265]: INFO nova.utils [None req-b87cba34-cea0-479b-a35a-305670e483ad tempest-ServersNegativeTestJSON-1218242756 tempest-ServersNegativeTestJSON-1218242756-project-member] The cell worker thread pool ForkProcess-1.cell_worker is initialized
Jul 03 15:42:42.051227 np0000004436 nova-scheduler[96265]: DEBUG oslo_concurrency.lockutils [None req-b87cba34-cea0-479b-a35a-305670e483ad tempest-ServersNegativeTestJSON-1218242756 tempest-ServersNegativeTestJSON-1218242756-project-member] Acquiring lock "cb0f8b91-91e6-40e5-a08c-84759e806b76" by "nova.context.set_target_cell..get_or_set_cached_cell_and_set_connections" {{(pid=96265) inner /opt/stack/data/venv/lib/python3.12/site-packages/oslo_concurrency/lockutils.py:511}}
Jul 03 15:42:42.051227 np0000004436 nova-scheduler[96265]: DEBUG oslo_concurrency.lockutils [None req-b87cba34-cea0-479b-a35a-305670e483ad tempest-ServersNegativeTestJSON-1218242756 tempest-ServersNegativeTestJSON-1218242756-project-member] Lock "cb0f8b91-91e6-40e5-a08c-84759e806b76" acquired by "nova.context.set_target_cell..get_or_set_cached_cell_and_set_connections" :: waited 0.000s {{(pid=96265) inner /opt/stack/data/venv/lib/python3.12/site-packages/oslo_concurrency/lockutils.py:524}}
Jul 03 15:42:42.053207 np0000004436 nova-scheduler[96265]: DEBUG oslo_concurrency.lockutils [None req-b87cba34-cea0-479b-a35a-305670e483ad tempest-ServersNegativeTestJSON-1218242756 tempest-ServersNegativeTestJSON-1218242756-project-member] Lock "cb0f8b91-91e6-40e5-a08c-84759e806b76" "released" by "nova.context.set_target_cell..get_or_set_cached_cell_and_set_connections" :: held 0.002s {{(pid=96265) inner /opt/stack/data/venv/lib/python3.12/site-packages/oslo_concurrency/lockutils.py:543}}
Jul 03 15:42:42.055155 np0000004436 nova-scheduler[96265]: INFO dbcounter [None req-b87cba34-cea0-479b-a35a-305670e483ad tempest-ServersNegativeTestJSON-1218242756 tempest-ServersNegativeTestJSON-1218242756-project-member] Registered counter for database nova_cell1
Jul 03 15:42:42.104696 np0000004436 nova-scheduler[96265]: DEBUG oslo_db.sqlalchemy.engines [None req-b87cba34-cea0-479b-a35a-305670e483ad tempest-ServersNegativeTestJSON-1218242756 tempest-ServersNegativeTestJSON-1218242756-project-member] MySQL server mode set to STRICT_TRANS_TABLES,STRICT_ALL_TABLES,NO_ZERO_IN_DATE,NO_ZERO_DATE,ERROR_FOR_DIVISION_BY_ZERO,TRADITIONAL,NO_ENGINE_SUBSTITUTION {{(pid=96265) _check_effective_sql_mode /opt/stack/data/venv/lib/python3.12/site-packages/oslo_db/sqlalchemy/engines.py:325}}
Jul 03 15:42:42.110372 np0000004436 nova-scheduler[96265]: DEBUG dbcounter [-] [96265] Writer thread running {{(pid=96265) stat_writer /opt/stack/data/venv/lib/python3.12/site-packages/dbcounter.py:102}}
Jul 03 15:42:42.122064 np0000004436 nova-scheduler[96265]: DEBUG oslo_db.sqlalchemy.engines [None req-b87cba34-cea0-479b-a35a-305670e483ad tempest-ServersNegativeTestJSON-1218242756 tempest-ServersNegativeTestJSON-1218242756-project-member] Parent process 95072 forked (96265) with an open database connection, which is being discarded and recreated. {{(pid=96265) checkout /opt/stack/data/venv/lib/python3.12/site-packages/oslo_db/sqlalchemy/engines.py:402}}
Jul 03 15:42:42.179109 np0000004436 nova-scheduler[96265]: DEBUG dbcounter [-] [96265] Writer thread running {{(pid=96265) stat_writer /opt/stack/data/venv/lib/python3.12/site-packages/dbcounter.py:102}}
Jul 03 15:42:42.184850 np0000004436 nova-scheduler[96265]: DEBUG oslo_concurrency.lockutils [None req-b87cba34-cea0-479b-a35a-305670e483ad tempest-ServersNegativeTestJSON-1218242756 tempest-ServersNegativeTestJSON-1218242756-project-member] Acquiring lock "cb0f8b91-91e6-40e5-a08c-84759e806b76" by "nova.context.set_target_cell..get_or_set_cached_cell_and_set_connections" {{(pid=96265) inner /opt/stack/data/venv/lib/python3.12/site-packages/oslo_concurrency/lockutils.py:511}}
Jul 03 15:42:42.185169 np0000004436 nova-scheduler[96265]: DEBUG oslo_concurrency.lockutils [None req-b87cba34-cea0-479b-a35a-305670e483ad tempest-ServersNegativeTestJSON-1218242756 tempest-ServersNegativeTestJSON-1218242756-project-member] Lock "cb0f8b91-91e6-40e5-a08c-84759e806b76" acquired by "nova.context.set_target_cell..get_or_set_cached_cell_and_set_connections" :: waited 0.000s {{(pid=96265) inner /opt/stack/data/venv/lib/python3.12/site-packages/oslo_concurrency/lockutils.py:524}}
Jul 03 15:42:42.185169 np0000004436 nova-scheduler[96265]: DEBUG oslo_concurrency.lockutils [None req-b87cba34-cea0-479b-a35a-305670e483ad tempest-ServersNegativeTestJSON-1218242756 tempest-ServersNegativeTestJSON-1218242756-project-member] Lock "cb0f8b91-91e6-40e5-a08c-84759e806b76" "released" by "nova.context.set_target_cell..get_or_set_cached_cell_and_set_connections" :: held 0.000s {{(pid=96265) inner /opt/stack/data/venv/lib/python3.12/site-packages/oslo_concurrency/lockutils.py:543}}
Jul 03 15:42:42.191400 np0000004436 nova-scheduler[96265]: DEBUG oslo_concurrency.lockutils [None req-b87cba34-cea0-479b-a35a-305670e483ad tempest-ServersNegativeTestJSON-1218242756 tempest-ServersNegativeTestJSON-1218242756-project-member] Acquiring lock "np0000004436-np0000004436" by "nova.scheduler.host_manager.HostState.update.._locked_update" {{(pid=96265) inner /opt/stack/data/venv/lib/python3.12/site-packages/oslo_concurrency/lockutils.py:511}}
Jul 03 15:42:42.192081 np0000004436 nova-scheduler[96265]: DEBUG oslo_concurrency.lockutils [None req-b87cba34-cea0-479b-a35a-305670e483ad tempest-ServersNegativeTestJSON-1218242756 tempest-ServersNegativeTestJSON-1218242756-project-member] Lock "np0000004436-np0000004436" acquired by "nova.scheduler.host_manager.HostState.update.._locked_update" :: waited 0.000s {{(pid=96265) inner /opt/stack/data/venv/lib/python3.12/site-packages/oslo_concurrency/lockutils.py:524}}
Jul 03 15:42:42.193711 np0000004436 nova-scheduler[96265]: DEBUG nova.scheduler.host_manager [None req-b87cba34-cea0-479b-a35a-305670e483ad tempest-ServersNegativeTestJSON-1218242756 tempest-ServersNegativeTestJSON-1218242756-project-member] Update host state from compute node: ComputeNode(cpu_allocation_ratio=4.0,cpu_info='{"arch": "x86_64", "model": "EPYC-Milan", "vendor": "AMD", "topology": {"cells": 1, "sockets": 16, "cores": 1, "threads": 1}, "maxphysaddr": {"mode": "emulate", "bits": 40}, "features": ["clzero", "pat", "stibp", "xsaveopt", "xsaves", "tsc", "umip", "ssbd", "invpcid", "gds-no", "pge", "wbnoinvd", "apic", "bmi1", "fxsr_opt", "stibp-always-on", "sse4.1", "spec-ctrl", "skip-l1dfl-vmentry", "xsavec", "ssse3", "nrip-save", "osvw", "pcid", "pschange-mc-no", "clflush", "ibrs", "amd-stibp", "rdseed", "topoext", "null-sel-clr-base", "lfence-always-serializing", "fsgsbase", "sha-ni", "rdpid", "adx", "misalignsse", "sse2", "aes", "cmp_legacy", "vpclmulqdq", "sse4.2", "npt", "3dnowprefetch", "vaes", "smep", "clwb", "syscall", "mmxext", "amd-psfd", "msr", "rdtscp", "pse36", "no-nested-data-bp", "bmi2", "cx16", "fma", "xgetbv1", "perfctr_core", "x2apic", "avx", "tsc-scale", "vme", "clflushopt", "mtrr", "svme-addr-chk", "xsaveerptr", "mce", "tsc-deadline", "mmx", "fpu", "virt-ssbd", "tsc_adjust", "rdctl-no", "movbe", "fxsr", "pni", "fsrm", "cx8", "v-vmsave-vmload", "sse", "arat", "pfthreshold", "erms", "nx", "sep", "flushbyasid", "vmcb-clean", "xsave", "pae", "f16c", "sse4a", "pku", "cmov", "pause-filter", "rdrand", "lm", "popcnt", "mds-no", "svm", "de", "pdpe1gb", "lbrv", "smap", "lahf_lm", "pse", "hypervisor", "abm", "pclmuldq", "cr8legacy", "ibpb", "amd-ssbd", "mca", "avx2", "vgif", "arch-capabilities"]}',created_at=2026-07-03T15:40:58Z,current_workload=0,deleted=False,deleted_at=None,disk_allocation_ratio=1.0,disk_available_least=74,free_disk_gb=95,free_ram_mb=63789,host='np0000004436',host_ip=10.4.3.228,hypervisor_hostname='np0000004436',hypervisor_type='QEMU',hypervisor_version=8002002,id=1,local_gb=95,local_gb_used=0,mapped=1,memory_mb=64301,memory_mb_used=512,metrics='[]',numa_topology='{"nova_object.name": "NUMATopology", "nova_object.namespace": "nova", "nova_object.version": "1.2", "nova_object.data": {"cells": [{"nova_object.name": "NUMACell", "nova_object.namespace": "nova", "nova_object.version": "1.5", "nova_object.data": {"id": 0, "cpuset": [0, 1, 2, 3, 4, 5, 6, 7, 8, 9, 10, 11, 12, 13, 14, 15], "pcpuset": [0, 1, 2, 3, 4, 5, 6, 7, 8, 9, 10, 11, 12, 13, 14, 15], "memory": 64301, "cpu_usage": 0, "memory_usage": 0, "pinned_cpus": [], "siblings": [[6], [12], [2], [15], [5], [11], [8], [14], [4], [1], [7], [10], [0], [13], [3], [9]], "mempages": [{"nova_object.name": "NUMAPagesTopology", "nova_object.namespace": "nova", "nova_object.version": "1.1", "nova_object.data": {"size_kb": 4, "total": 16461069, "used": 0, "reserved": 0}, "nova_object.changes": ["size_kb", "total", "used", "reserved"]}, {"nova_object.name": "NUMAPagesTopology", "nova_object.namespace": "nova", "nova_object.version": "1.1", "nova_object.data": {"size_kb": 2048, "total": 0, "used": 0, "reserved": 0}, "nova_object.changes": ["size_kb", "total", "used", "reserved"]}, {"nova_object.name": "NUMAPagesTopology", "nova_object.namespace": "nova", "nova_object.version": "1.1", "nova_object.data": {"size_kb": 1048576, "total": 0, "used": 0, "reserved": 0}, "nova_object.changes": ["size_kb", "total", "used", "reserved"]}], "network_metadata": {"nova_object.name": "NetworkMetadata", "nova_object.namespace": "nova", "nova_object.version": "1.0", "nova_object.data": {"physnets": [], "tunneled": false}, "nova_object.changes": ["tunneled", "physnets"]}, "socket": null}, "nova_object.changes": ["mempages", "pinned_cpus", "socket", "memory", "cpuset", "network_metadata", "siblings", "memory_usage", "cpu_usage", "pcpuset", "id"]}]}, "nova_object.changes": ["cells"]}',pci_device_pools=PciDevicePoolList,ram_allocation_ratio=1.0,running_vms=0,service_id=2,stats={failed_builds='0',uptime=' 15:41:43 up 24 min, 2 users, load average: 2.10, 1.82, 0.97
Jul 03 15:42:42.193711 np0000004436 nova-scheduler[96265]: '},supported_hv_specs=[HVSpec,HVSpec,HVSpec,HVSpec,HVSpec,HVSpec,HVSpec,HVSpec,HVSpec,HVSpec,HVSpec,HVSpec,HVSpec,HVSpec,HVSpec,HVSpec,HVSpec,HVSpec,HVSpec,HVSpec,HVSpec,HVSpec,HVSpec,HVSpec,HVSpec],updated_at=2026-07-03T15:41:45Z,uuid=8edf88fb-767f-4764-8eeb-a87d4e47d695,vcpus=16,vcpus_used=0) {{(pid=96265) _locked_update /opt/stack/nova/nova/scheduler/host_manager.py:168}}
Jul 03 15:42:42.195388 np0000004436 nova-scheduler[96265]: DEBUG nova.scheduler.host_manager [None req-b87cba34-cea0-479b-a35a-305670e483ad tempest-ServersNegativeTestJSON-1218242756 tempest-ServersNegativeTestJSON-1218242756-project-member] Update host state with aggregates: [] {{(pid=96265) _locked_update /opt/stack/nova/nova/scheduler/host_manager.py:171}}
Jul 03 15:42:42.195388 np0000004436 nova-scheduler[96265]: DEBUG nova.scheduler.host_manager [None req-b87cba34-cea0-479b-a35a-305670e483ad tempest-ServersNegativeTestJSON-1218242756 tempest-ServersNegativeTestJSON-1218242756-project-member] Update host state with service dict: {'id': 2, 'uuid': '251d4b2b-7313-47b1-b9cd-3d6d71813aa9', 'host': 'np0000004436', 'binary': 'nova-compute', 'topic': 'compute', 'report_count': 1, 'disabled': False, 'disabled_reason': None, 'last_seen_up': datetime.datetime(2026, 7, 3, 15, 41, 6, tzinfo=datetime.timezone.utc), 'forced_down': False, 'version': 72, 'created_at': datetime.datetime(2026, 7, 3, 15, 40, 56, tzinfo=datetime.timezone.utc), 'updated_at': datetime.datetime(2026, 7, 3, 15, 41, 6, tzinfo=datetime.timezone.utc), 'deleted_at': None, 'deleted': False} {{(pid=96265) _locked_update /opt/stack/nova/nova/scheduler/host_manager.py:174}}
