Jul 21 15:12:47.517682 np0000005570 devstack@neutron-api.service[90587]: DEBUG neutron.api.extensions [None req-bd26d56d-8379-426f-b922-7b0bf073a2a7 None None] Ext name="standard-attr-description" alias="standard-attr-description" description="Extension to add descriptions to standard attributes" updated="2016-02-10T10:00:00-00:00" {{(pid=90587) _check_extension /opt/stack/neutron/neutron/api/extensions.py:415}}
Jul 21 15:12:47.517827 np0000005570 devstack@neutron-api.service[90587]: INFO neutron.api.extensions [None req-bd26d56d-8379-426f-b922-7b0bf073a2a7 None None] Loaded extension: standard-attr-description
Jul 21 15:12:47.517952 np0000005570 devstack@neutron-api.service[90587]: DEBUG neutron.api.extensions [None req-bd26d56d-8379-426f-b922-7b0bf073a2a7 None None] Loading extension file: stateful_security_group.py {{(pid=90587) _load_all_extensions_from_path /opt/stack/neutron/neutron/api/extensions.py:449}}
Jul 21 15:12:47.518213 np0000005570 devstack@neutron-api.service[90587]: DEBUG neutron.api.extensions [None req-bd26d56d-8379-426f-b922-7b0bf073a2a7 None None] Ext name="Stateful security group" alias="stateful-security-group" description="Indicates if the security group is stateful or not" updated="2019-11-26T09:00:00-00:00" {{(pid=90587) _check_extension /opt/stack/neutron/neutron/api/extensions.py:415}}
Jul 21 15:12:47.518322 np0000005570 devstack@neutron-api.service[90587]: INFO neutron.api.extensions [None req-bd26d56d-8379-426f-b922-7b0bf073a2a7 None None] Loaded extension: stateful-security-group
Jul 21 15:12:47.518443 np0000005570 devstack@neutron-api.service[90587]: DEBUG neutron.api.extensions [None req-bd26d56d-8379-426f-b922-7b0bf073a2a7 None None] Loading extension file: stdattrs_common.py {{(pid=90587) _load_all_extensions_from_path /opt/stack/neutron/neutron/api/extensions.py:449}}
Jul 21 15:12:47.518640 np0000005570 devstack@neutron-api.service[90587]: WARNING neutron.api.extensions [None req-bd26d56d-8379-426f-b922-7b0bf073a2a7 None None] Did not find expected name "Stdattrs_common" in /opt/stack/neutron/neutron/extensions/stdattrs_common.py
Jul 21 15:12:47.518779 np0000005570 devstack@neutron-api.service[90587]: DEBUG neutron.api.extensions [None req-bd26d56d-8379-426f-b922-7b0bf073a2a7 None None] Loading extension file: subnet_dns_publish_fixed_ip.py {{(pid=90587) _load_all_extensions_from_path /opt/stack/neutron/neutron/api/extensions.py:449}}
Jul 21 15:12:47.518977 np0000005570 devstack@neutron-api.service[90587]: DEBUG neutron.api.extensions [None req-bd26d56d-8379-426f-b922-7b0bf073a2a7 None None] Ext name="Subnet DNS publish fixed IP" alias="subnet-dns-publish-fixed-ip" description="Support choosing to publish DNS records for IPs from a subnet" updated="2019-05-24T10:00:00-00:00" {{(pid=90587) _check_extension /opt/stack/neutron/neutron/api/extensions.py:415}}
Jul 21 15:12:47.519110 np0000005570 devstack@neutron-api.service[90587]: INFO neutron.api.extensions [None req-bd26d56d-8379-426f-b922-7b0bf073a2a7 None None] Loaded extension: subnet-dns-publish-fixed-ip
Jul 21 15:12:47.519201 np0000005570 devstack@neutron-api.service[90587]: DEBUG neutron.api.extensions [None req-bd26d56d-8379-426f-b922-7b0bf073a2a7 None None] Loading extension file: subnet_external_network.py {{(pid=90587) _load_all_extensions_from_path /opt/stack/neutron/neutron/api/extensions.py:449}}
Jul 21 15:12:47.519595 np0000005570 devstack@neutron-api.service[90587]: DEBUG neutron.api.extensions [None req-bd26d56d-8379-426f-b922-7b0bf073a2a7 None None] Ext name="Subnet belongs to an external network" alias="subnet-external-network" description="Informs if the subnet belongs to an external network" updated="2024-02-05T18:00:00-00:00" {{(pid=90587) _check_extension /opt/stack/neutron/neutron/api/extensions.py:415}}
Jul 21 15:12:47.519595 np0000005570 devstack@neutron-api.service[90587]: INFO neutron.api.extensions [None req-bd26d56d-8379-426f-b922-7b0bf073a2a7 None None] Loaded extension: subnet-external-network
Jul 21 15:12:47.519727 np0000005570 devstack@neutron-api.service[90587]: DEBUG neutron.api.extensions [None req-bd26d56d-8379-426f-b922-7b0bf073a2a7 None None] Loading extension file: subnet_onboard.py {{(pid=90587) _load_all_extensions_from_path /opt/stack/neutron/neutron/api/extensions.py:449}}
Jul 21 15:12:47.519940 np0000005570 devstack@neutron-api.service[90587]: DEBUG neutron.api.extensions [None req-bd26d56d-8379-426f-b922-7b0bf073a2a7 None None] Ext name="Subnet Onboard" alias="subnet_onboard" description="Provides support for onboarding subnets into subnet pools" updated="2018-12-18T09:00:00-00:00" {{(pid=90587) _check_extension /opt/stack/neutron/neutron/api/extensions.py:415}}
Jul 21 15:12:47.520075 np0000005570 devstack@neutron-api.service[90587]: INFO neutron.api.extensions [None req-bd26d56d-8379-426f-b922-7b0bf073a2a7 None None] Loaded extension: subnet_onboard
Jul 21 15:12:47.520186 np0000005570 devstack@neutron-api.service[90587]: DEBUG neutron.api.extensions [None req-bd26d56d-8379-426f-b922-7b0bf073a2a7 None None] Loading extension file: subnet_segmentid_writable.py {{(pid=90587) _load_all_extensions_from_path /opt/stack/neutron/neutron/api/extensions.py:449}}
Jul 21 15:12:47.520413 np0000005570 devstack@neutron-api.service[90587]: DEBUG neutron.api.extensions [None req-bd26d56d-8379-426f-b922-7b0bf073a2a7 None None] Ext name="Subnet SegmentID (writable)" alias="subnet-segmentid-writable" description="Provides a writable segment_id attribute for a subnet resource." updated="2018-03-12T00:00:00-00:00" {{(pid=90587) _check_extension /opt/stack/neutron/neutron/api/extensions.py:415}}
Jul 21 15:12:47.520575 np0000005570 devstack@neutron-api.service[90587]: INFO neutron.api.extensions [None req-bd26d56d-8379-426f-b922-7b0bf073a2a7 None None] Extension subnet-segmentid-writable not supported by any of loaded plugins
Jul 21 15:12:47.520750 np0000005570 devstack@neutron-api.service[90587]: DEBUG neutron.api.extensions [None req-bd26d56d-8379-426f-b922-7b0bf073a2a7 None None] Loading extension file: subnet_service_types.py {{(pid=90587) _load_all_extensions_from_path /opt/stack/neutron/neutron/api/extensions.py:449}}
Jul 21 15:12:47.521009 np0000005570 devstack@neutron-api.service[90587]: DEBUG neutron.api.extensions [None req-bd26d56d-8379-426f-b922-7b0bf073a2a7 None None] Ext name="Subnet service types" alias="subnet-service-types" description="Provides ability to set the subnet service_types field" updated="2016-03-15T18:00:00-00:00" {{(pid=90587) _check_extension /opt/stack/neutron/neutron/api/extensions.py:415}}
Jul 21 15:12:47.521009 np0000005570 devstack@neutron-api.service[90587]: INFO neutron.api.extensions [None req-bd26d56d-8379-426f-b922-7b0bf073a2a7 None None] Loaded extension: subnet-service-types
Jul 21 15:12:47.521196 np0000005570 devstack@neutron-api.service[90587]: DEBUG neutron.api.extensions [None req-bd26d56d-8379-426f-b922-7b0bf073a2a7 None None] Loading extension file: subnetallocation.py {{(pid=90587) _load_all_extensions_from_path /opt/stack/neutron/neutron/api/extensions.py:449}}
Jul 21 15:12:47.521384 np0000005570 devstack@neutron-api.service[90587]: DEBUG neutron.api.extensions [None req-bd26d56d-8379-426f-b922-7b0bf073a2a7 None None] Ext name="Subnet Allocation" alias="subnet_allocation" description="Enables allocation of subnets from a subnet pool" updated="2015-03-30T10:00:00-00:00" {{(pid=90587) _check_extension /opt/stack/neutron/neutron/api/extensions.py:415}}
Jul 21 15:12:47.521534 np0000005570 devstack@neutron-api.service[90587]: INFO neutron.api.extensions [None req-bd26d56d-8379-426f-b922-7b0bf073a2a7 None None] Loaded extension: subnet_allocation
Jul 21 15:12:47.521657 np0000005570 devstack@neutron-api.service[90587]: DEBUG neutron.api.extensions [None req-bd26d56d-8379-426f-b922-7b0bf073a2a7 None None] Loading extension file: subnetpool_prefix_ops.py {{(pid=90587) _load_all_extensions_from_path /opt/stack/neutron/neutron/api/extensions.py:449}}
Jul 21 15:12:47.521881 np0000005570 devstack@neutron-api.service[90587]: DEBUG neutron.api.extensions [None req-bd26d56d-8379-426f-b922-7b0bf073a2a7 None None] Ext name="Subnet Pool Prefix Operations" alias="subnetpool-prefix-ops" description="Provides support for adjusting the prefix list of subnet pools" updated="2019-02-08T10:00:00-00:00" {{(pid=90587) _check_extension /opt/stack/neutron/neutron/api/extensions.py:415}}
Jul 21 15:12:47.521999 np0000005570 devstack@neutron-api.service[90587]: INFO neutron.api.extensions [None req-bd26d56d-8379-426f-b922-7b0bf073a2a7 None None] Loaded extension: subnetpool-prefix-ops
Jul 21 15:12:47.522092 np0000005570 devstack@neutron-api.service[90587]: DEBUG neutron.api.extensions [None req-bd26d56d-8379-426f-b922-7b0bf073a2a7 None None] Loading extension file: tag_creation.py {{(pid=90587) _load_all_extensions_from_path /opt/stack/neutron/neutron/api/extensions.py:449}}
Jul 21 15:12:47.522528 np0000005570 devstack@neutron-api.service[90587]: DEBUG neutron.api.extensions [None req-bd26d56d-8379-426f-b922-7b0bf073a2a7 None None] Ext name="Tag creation extension" alias="tag-creation" description="Allow to create multiple tags for a resource" updated="2024-23-07T10:00:00-00:00" {{(pid=90587) _check_extension /opt/stack/neutron/neutron/api/extensions.py:415}}
Jul 21 15:12:47.522670 np0000005570 devstack@neutron-api.service[90587]: INFO neutron.api.extensions [None req-bd26d56d-8379-426f-b922-7b0bf073a2a7 None None] Loaded extension: tag-creation
Jul 21 15:12:47.522670 np0000005570 devstack@neutron-api.service[90587]: DEBUG neutron.api.extensions [None req-bd26d56d-8379-426f-b922-7b0bf073a2a7 None None] Loading extension file: tag_ports_during_bulk_creation.py {{(pid=90587) _load_all_extensions_from_path /opt/stack/neutron/neutron/api/extensions.py:449}}
Jul 21 15:12:47.522884 np0000005570 devstack@neutron-api.service[90587]: DEBUG neutron.api.extensions [None req-bd26d56d-8379-426f-b922-7b0bf073a2a7 None None] Ext name="Tag Ports During Bulk Creation" alias="tag-ports-during-bulk-creation" description="Allow to tag ports during bulk creation" updated="2019-12-29T19:00:00-00:00" {{(pid=90587) _check_extension /opt/stack/neutron/neutron/api/extensions.py:415}}
Jul 21 15:12:47.523067 np0000005570 devstack@neutron-api.service[90587]: INFO neutron.api.extensions [None req-bd26d56d-8379-426f-b922-7b0bf073a2a7 None None] Extension tag-ports-during-bulk-creation not supported by any of loaded plugins
Jul 21 15:12:47.523156 np0000005570 devstack@neutron-api.service[90587]: DEBUG neutron.api.extensions [None req-bd26d56d-8379-426f-b922-7b0bf073a2a7 None None] Loading extension file: tagging.py {{(pid=90587) _load_all_extensions_from_path /opt/stack/neutron/neutron/api/extensions.py:449}}
Jul 21 15:12:47.524194 np0000005570 devstack@neutron-api.service[90587]: DEBUG neutron.api.extensions [None req-bd26d56d-8379-426f-b922-7b0bf073a2a7 None None] Ext name="Tag support for resources with standard attribute: port, subnet, subnetpool, network, security_group, router, floatingip, policy, trunk, network_segment_range" alias="standard-attr-tag" description="Enables to set tag on resources with standard attribute." updated="2017-01-01T00:00:00-00:00" {{(pid=90587) _check_extension /opt/stack/neutron/neutron/api/extensions.py:415}}
Jul 21 15:12:47.524489 np0000005570 devstack@neutron-api.service[90587]: INFO neutron.api.extensions [None req-bd26d56d-8379-426f-b922-7b0bf073a2a7 None None] Loaded extension: standard-attr-tag
Jul 21 15:12:47.524489 np0000005570 devstack@neutron-api.service[90587]: DEBUG neutron.api.extensions [None req-bd26d56d-8379-426f-b922-7b0bf073a2a7 None None] Loading extension file: timestamp.py {{(pid=90587) _load_all_extensions_from_path /opt/stack/neutron/neutron/api/extensions.py:449}}
Jul 21 15:12:47.524781 np0000005570 devstack@neutron-api.service[90587]: DEBUG neutron.api.extensions [None req-bd26d56d-8379-426f-b922-7b0bf073a2a7 None None] Ext name="Resource timestamps" alias="standard-attr-timestamp" description="Adds created_at and updated_at fields to all Neutron resources that have Neutron standard attributes." updated="2016-09-12T10:00:00-00:00" {{(pid=90587) _check_extension /opt/stack/neutron/neutron/api/extensions.py:415}}
Jul 21 15:12:47.524946 np0000005570 devstack@neutron-api.service[90587]: INFO neutron.api.extensions [None req-bd26d56d-8379-426f-b922-7b0bf073a2a7 None None] Loaded extension: standard-attr-timestamp
Jul 21 15:12:47.525090 np0000005570 devstack@neutron-api.service[90587]: DEBUG neutron.api.extensions [None req-bd26d56d-8379-426f-b922-7b0bf073a2a7 None None] Loading extension file: trunk.py {{(pid=90587) _load_all_extensions_from_path /opt/stack/neutron/neutron/api/extensions.py:449}}
Jul 21 15:12:47.525351 np0000005570 devstack@neutron-api.service[90587]: DEBUG neutron.api.extensions [None req-bd26d56d-8379-426f-b922-7b0bf073a2a7 None None] Ext name="Trunk Extension" alias="trunk" description="Provides support for trunk ports" updated="2016-01-01T10:00:00-00:00" {{(pid=90587) _check_extension /opt/stack/neutron/neutron/api/extensions.py:415}}
Jul 21 15:12:47.525462 np0000005570 devstack@neutron-api.service[90587]: INFO neutron.api.extensions [None req-bd26d56d-8379-426f-b922-7b0bf073a2a7 None None] Extension trunk not supported by any of loaded plugins
Jul 21 15:12:47.525544 np0000005570 devstack@neutron-api.service[90587]: DEBUG neutron.api.extensions [None req-bd26d56d-8379-426f-b922-7b0bf073a2a7 None None] Loading extension file: trunk_details.py {{(pid=90587) _load_all_extensions_from_path /opt/stack/neutron/neutron/api/extensions.py:449}}
Jul 21 15:12:47.525817 np0000005570 devstack@neutron-api.service[90587]: DEBUG neutron.api.extensions [None req-bd26d56d-8379-426f-b922-7b0bf073a2a7 None None] Ext name="Trunk port details" alias="trunk-details" description="Expose trunk port details" updated="2016-01-01T10:00:00-00:00" {{(pid=90587) _check_extension /opt/stack/neutron/neutron/api/extensions.py:415}}
Jul 21 15:12:47.525952 np0000005570 devstack@neutron-api.service[90587]: INFO neutron.api.extensions [None req-bd26d56d-8379-426f-b922-7b0bf073a2a7 None None] Extension trunk-details not supported by any of loaded plugins
Jul 21 15:12:47.526050 np0000005570 devstack@neutron-api.service[90587]: DEBUG neutron.api.extensions [None req-bd26d56d-8379-426f-b922-7b0bf073a2a7 None None] Loading extension file: uplink_status_propagation.py {{(pid=90587) _load_all_extensions_from_path /opt/stack/neutron/neutron/api/extensions.py:449}}
Jul 21 15:12:47.526349 np0000005570 devstack@neutron-api.service[90587]: DEBUG neutron.api.extensions [None req-bd26d56d-8379-426f-b922-7b0bf073a2a7 None None] Ext name="Uplink status propagation extension" alias="uplink-status-propagation" description="Provides ability to propagate port uplink status." updated="2018-05-31T18:00:00-00:00" {{(pid=90587) _check_extension /opt/stack/neutron/neutron/api/extensions.py:415}}
Jul 21 15:12:47.526476 np0000005570 devstack@neutron-api.service[90587]: INFO neutron.api.extensions [None req-bd26d56d-8379-426f-b922-7b0bf073a2a7 None None] Extension uplink-status-propagation not supported by any of loaded plugins
Jul 21 15:12:47.526476 np0000005570 devstack@neutron-api.service[90587]: DEBUG neutron.api.extensions [None req-bd26d56d-8379-426f-b922-7b0bf073a2a7 None None] Loading extension file: uplink_status_propagation_updatable.py {{(pid=90587) _load_all_extensions_from_path /opt/stack/neutron/neutron/api/extensions.py:449}}
Jul 21 15:12:47.526816 np0000005570 devstack@neutron-api.service[90587]: DEBUG neutron.api.extensions [None req-bd26d56d-8379-426f-b922-7b0bf073a2a7 None None] Ext name="Uplink status propagation updatable extension" alias="uplink-status-propagation-updatable" description="Provides ability to update the port uplink status." updated="2024-09-03T18:00:00-00:00" {{(pid=90587) _check_extension /opt/stack/neutron/neutron/api/extensions.py:415}}
Jul 21 15:12:47.526954 np0000005570 devstack@neutron-api.service[90587]: INFO neutron.api.extensions [None req-bd26d56d-8379-426f-b922-7b0bf073a2a7 None None] Extension uplink-status-propagation-updatable not supported by any of loaded plugins
Jul 21 15:12:47.527060 np0000005570 devstack@neutron-api.service[90587]: DEBUG neutron.api.extensions [None req-bd26d56d-8379-426f-b922-7b0bf073a2a7 None None] Loading extension file: vlantransparent.py {{(pid=90587) _load_all_extensions_from_path /opt/stack/neutron/neutron/api/extensions.py:449}}
Jul 21 15:12:47.527387 np0000005570 devstack@neutron-api.service[90587]: DEBUG neutron.api.extensions [None req-bd26d56d-8379-426f-b922-7b0bf073a2a7 None None] Ext name="Vlantransparent" alias="vlan-transparent" description="Provides Vlan Transparent Networks" updated="2015-03-23T09:00:00-00:00" {{(pid=90587) _check_extension /opt/stack/neutron/neutron/api/extensions.py:415}}
Jul 21 15:12:47.527387 np0000005570 devstack@neutron-api.service[90587]: INFO neutron.api.extensions [None req-bd26d56d-8379-426f-b922-7b0bf073a2a7 None None] Loaded extension: vlan-transparent
Jul 21 15:12:47.529184 np0000005570 devstack@neutron-api.service[90587]: INFO neutron.quota.resource_registry [None req-bd26d56d-8379-426f-b922-7b0bf073a2a7 None None] Creating instance of TrackedResource for resource:network
Jul 21 15:12:47.529384 np0000005570 devstack@neutron-api.service[90587]: INFO neutron.quota.resource_registry [None req-bd26d56d-8379-426f-b922-7b0bf073a2a7 None None] Creating instance of TrackedResource for resource:subnet
Jul 21 15:12:47.529527 np0000005570 devstack@neutron-api.service[90587]: INFO neutron.quota.resource_registry [None req-bd26d56d-8379-426f-b922-7b0bf073a2a7 None None] Creating instance of TrackedResource for resource:subnetpool
Jul 21 15:12:47.529647 np0000005570 devstack@neutron-api.service[90587]: INFO neutron.quota.resource_registry [None req-bd26d56d-8379-426f-b922-7b0bf073a2a7 None None] Creating instance of TrackedResource for resource:port
Jul 21 15:12:47.531407 np0000005570 devstack@neutron-api.service[90587]: INFO neutron.quota.resource_registry [None req-bd26d56d-8379-426f-b922-7b0bf073a2a7 None None] Creating instance of CountableResource for resource:router_route
Jul 21 15:12:47.531558 np0000005570 devstack@neutron-api.service[90587]: DEBUG neutron.api.v2.resource_helper [None req-bd26d56d-8379-426f-b922-7b0bf073a2a7 None None] Service L3_ROUTER_NAT assigned prefix: {{(pid=90587) build_resource_info /opt/stack/neutron/neutron/api/v2/resource_helper.py:77}}
Jul 21 15:12:47.532007 np0000005570 devstack@neutron-api.service[90587]: DEBUG neutron.api.v2.resource_helper [None req-bd26d56d-8379-426f-b922-7b0bf073a2a7 None None] Service FLAVORS assigned prefix: {{(pid=90587) build_resource_info /opt/stack/neutron/neutron/api/v2/resource_helper.py:77}}
Jul 21 15:12:47.532905 np0000005570 devstack@neutron-api.service[90587]: DEBUG neutron.api.v2.resource_helper [None req-bd26d56d-8379-426f-b922-7b0bf073a2a7 None None] Service L3_ROUTER_NAT assigned prefix: {{(pid=90587) build_resource_info /opt/stack/neutron/neutron/api/v2/resource_helper.py:77}}
Jul 21 15:12:47.533251 np0000005570 devstack@neutron-api.service[90584]: DEBUG oslo_concurrency.processutils [None req-d0389178-fc27-40b2-bde1-51d0c342eb38 None None] CMD "ovsdb-client transact ssl:10.4.3.6:6641 --timeout 180 -p /opt/stack/data/CA/int-ca/private/devstack-cert.key -c /opt/stack/data/CA/int-ca/devstack-cert.crt -C /opt/stack/data/CA/int-ca/ca-chain.pem ["OVN_Northbound", {"op": "wait", "timeout": 0, "table": "Port_Group", "where": [["name", "==", "neutron_pg_drop"]], "until": "==", "rows": []}, {"op": "insert", "table": "ACL", "row": {"action": "drop", "direction": "to-lport", "match": "outport == @neutron_pg_drop && ip", "priority": 1001}, "uuid-name": "droptoport"}, {"op": "insert", "table": "ACL", "row": {"action": "drop", "direction": "from-lport", "match": "inport == @neutron_pg_drop && ip", "priority": 1001}, "uuid-name": "dropfromport"}, {"op": "insert", "table": "Port_Group", "row": {"name": "neutron_pg_drop", "acls": ["set", [["named-uuid", "droptoport"], ["named-uuid", "dropfromport"]]]}}]" returned: 0 in 0.043s {{(pid=90584) execute /opt/stack/data/venv/lib/python3.12/site-packages/oslo_concurrency/processutils.py:468}}
Jul 21 15:12:47.533419 np0000005570 devstack@neutron-api.service[90587]: DEBUG neutron.api.v2.resource_helper [None req-bd26d56d-8379-426f-b922-7b0bf073a2a7 None None] Service L3_ROUTER_NAT assigned prefix: {{(pid=90587) build_resource_info /opt/stack/neutron/neutron/api/v2/resource_helper.py:77}}
Jul 21 15:12:47.533419 np0000005570 devstack@neutron-api.service[90587]: INFO neutron.quota.resource_registry [None req-bd26d56d-8379-426f-b922-7b0bf073a2a7 None None] Creating instance of TrackedResource for resource:router
Jul 21 15:12:47.533793 np0000005570 devstack@neutron-api.service[90584]: DEBUG neutron_lib.callbacks.manager [None req-d0389178-fc27-40b2-bde1-51d0c342eb38 None None] Publish callbacks ['neutron.plugins.ml2.drivers.ovn.mech_driver.mech_driver.OVNMechanismDriver.post_fork_initialize-482545', 'neutron.services.pvlan.drivers.ovn.driver._initialize_pvlan_pg_drop-8696028628042', 'neutron.services.ovn_l3.plugin.OVNL3RouterPlugin._post_fork_initialize-18184'] for process (None), after_init {{(pid=90584) _notify_loop /opt/stack/data/venv/lib/python3.12/site-packages/neutron_lib/callbacks/manager.py:184}}
Jul 21 15:12:47.533921 np0000005570 devstack@neutron-api.service[90587]: INFO neutron.quota.resource_registry [None req-bd26d56d-8379-426f-b922-7b0bf073a2a7 None None] Creating instance of TrackedResource for resource:floatingip
Jul 21 15:12:47.534196 np0000005570 devstack@neutron-api.service[90584]: DEBUG oslo_concurrency.lockutils [None req-d0389178-fc27-40b2-bde1-51d0c342eb38 None None] Acquiring lock "singleton_lock" {{(pid=90584) lock /opt/stack/data/venv/lib/python3.12/site-packages/oslo_concurrency/lockutils.py:396}}
Jul 21 15:12:47.534295 np0000005570 devstack@neutron-api.service[90584]: DEBUG oslo_concurrency.lockutils [None req-d0389178-fc27-40b2-bde1-51d0c342eb38 None None] Acquired lock "singleton_lock" {{(pid=90584) lock /opt/stack/data/venv/lib/python3.12/site-packages/oslo_concurrency/lockutils.py:399}}
Jul 21 15:12:47.534495 np0000005570 devstack@neutron-api.service[90584]: DEBUG oslo_concurrency.lockutils [None req-d0389178-fc27-40b2-bde1-51d0c342eb38 None None] Releasing lock "singleton_lock" {{(pid=90584) lock /opt/stack/data/venv/lib/python3.12/site-packages/oslo_concurrency/lockutils.py:419}}
Jul 21 15:12:47.535153 np0000005570 devstack@neutron-api.service[90587]: INFO neutron.quota.resource_registry [None req-bd26d56d-8379-426f-b922-7b0bf073a2a7 None None] Creating instance of CountableResource for resource:rbac_policy
Jul 21 15:12:47.535828 np0000005570 devstack@neutron-api.service[90587]: INFO neutron.quota.resource_registry [None req-bd26d56d-8379-426f-b922-7b0bf073a2a7 None None] Creating instance of TrackedResource for resource:security_group
Jul 21 15:12:47.536289 np0000005570 devstack@neutron-api.service[90587]: INFO neutron.quota.resource_registry [None req-bd26d56d-8379-426f-b922-7b0bf073a2a7 None None] Creating instance of TrackedResource for resource:security_group_rule
Jul 21 15:12:47.536607 np0000005570 devstack@neutron-api.service[90584]: DEBUG neutron.plugins.ml2.drivers.ovn.mech_driver.mech_driver [None req-d0389178-fc27-40b2-bde1-51d0c342eb38 None None] Hash Ring setup using WSGI start time 2026-07-21 15:12:41+00:00 {{(pid=90584) _init_hash_ring /opt/stack/neutron/neutron/plugins/ml2/drivers/ovn/mech_driver/mech_driver.py:404}}
Jul 21 15:12:47.536860 np0000005570 devstack@neutron-api.service[90587]: DEBUG neutron.api.v2.resource_helper [None req-bd26d56d-8379-426f-b922-7b0bf073a2a7 None None] Service CORE assigned prefix: {{(pid=90587) build_resource_info /opt/stack/neutron/neutron/api/v2/resource_helper.py:77}}
Jul 21 15:12:47.536990 np0000005570 devstack@neutron-api.service[90587]: INFO neutron.quota.resource_registry [None req-bd26d56d-8379-426f-b922-7b0bf073a2a7 None None] Creating instance of TrackedResource for resource:subnetpool
Jul 21 15:12:47.537159 np0000005570 devstack@neutron-api.service[90587]: WARNING neutron.quota.resource_registry [None req-bd26d56d-8379-426f-b922-7b0bf073a2a7 None None] subnetpool is already registered
Jul 21 15:12:47.537602 np0000005570 devstack@neutron-api.service[90587]: DEBUG neutron.api.v2.resource_helper [None req-bd26d56d-8379-426f-b922-7b0bf073a2a7 None None] Service CORE assigned prefix: {{(pid=90587) build_resource_info /opt/stack/neutron/neutron/api/v2/resource_helper.py:77}}
Jul 21 15:12:47.537738 np0000005570 devstack@neutron-api.service[90587]: INFO neutron.quota.resource_registry [None req-bd26d56d-8379-426f-b922-7b0bf073a2a7 None None] Creating instance of TrackedResource for resource:subnetpool
Jul 21 15:12:47.537911 np0000005570 devstack@neutron-api.service[90587]: WARNING neutron.quota.resource_registry [None req-bd26d56d-8379-426f-b922-7b0bf073a2a7 None None] subnetpool is already registered
Jul 21 15:12:47.541152 np0000005570 devstack@neutron-api.service[90585]: DEBUG oslo_concurrency.processutils [None req-c22af0d4-dfb2-44fd-9d24-6825450be161 None None] CMD "ovsdb-client transact ssl:10.4.3.6:6641 --timeout 180 -p /opt/stack/data/CA/int-ca/private/devstack-cert.key -c /opt/stack/data/CA/int-ca/devstack-cert.crt -C /opt/stack/data/CA/int-ca/ca-chain.pem ["OVN_Northbound", {"op": "wait", "timeout": 0, "table": "Port_Group", "where": [["name", "==", "neutron_pg_drop"]], "until": "==", "rows": []}, {"op": "insert", "table": "ACL", "row": {"action": "drop", "direction": "to-lport", "match": "outport == @neutron_pg_drop && ip", "priority": 1001}, "uuid-name": "droptoport"}, {"op": "insert", "table": "ACL", "row": {"action": "drop", "direction": "from-lport", "match": "inport == @neutron_pg_drop && ip", "priority": 1001}, "uuid-name": "dropfromport"}, {"op": "insert", "table": "Port_Group", "row": {"name": "neutron_pg_drop", "acls": ["set", [["named-uuid", "droptoport"], ["named-uuid", "dropfromport"]]]}}]" returned: 0 in 0.037s {{(pid=90585) execute /opt/stack/data/venv/lib/python3.12/site-packages/oslo_concurrency/processutils.py:468}}
Jul 21 15:12:47.541293 np0000005570 devstack@neutron-api.service[90587]: INFO neutron.quota.resource_registry [None req-bd26d56d-8379-426f-b922-7b0bf073a2a7 None None] Creating instance of CountableResource for resource:router_route
Jul 21 15:12:47.541484 np0000005570 devstack@neutron-api.service[90587]: WARNING neutron.quota.resource_registry [None req-bd26d56d-8379-426f-b922-7b0bf073a2a7 None None] router_route is already registered
Jul 21 15:12:47.541644 np0000005570 devstack@neutron-api.service[90587]: DEBUG neutron.api.v2.resource_helper [None req-bd26d56d-8379-426f-b922-7b0bf073a2a7 None None] Service L3_ROUTER_NAT assigned prefix: {{(pid=90587) build_resource_info /opt/stack/neutron/neutron/api/v2/resource_helper.py:77}}
Jul 21 15:12:47.542235 np0000005570 devstack@neutron-api.service[90587]: DEBUG neutron.api.v2.resource_helper [None req-bd26d56d-8379-426f-b922-7b0bf073a2a7 None None] Service FLAVORS assigned prefix: {{(pid=90587) build_resource_info /opt/stack/neutron/neutron/api/v2/resource_helper.py:77}}
Jul 21 15:12:47.542672 np0000005570 devstack@neutron-api.service[90585]: DEBUG neutron_lib.callbacks.manager [None req-c22af0d4-dfb2-44fd-9d24-6825450be161 None None] Publish callbacks ['neutron.plugins.ml2.drivers.ovn.mech_driver.mech_driver.OVNMechanismDriver.post_fork_initialize-386048', 'neutron.services.pvlan.drivers.ovn.driver._initialize_pvlan_pg_drop-8696028633792', 'neutron.services.ovn_l3.plugin.OVNL3RouterPlugin._post_fork_initialize-1025709'] for process (None), after_init {{(pid=90585) _notify_loop /opt/stack/data/venv/lib/python3.12/site-packages/neutron_lib/callbacks/manager.py:184}}
Jul 21 15:12:47.543064 np0000005570 devstack@neutron-api.service[90585]: DEBUG oslo_concurrency.lockutils [None req-c22af0d4-dfb2-44fd-9d24-6825450be161 None None] Acquiring lock "singleton_lock" {{(pid=90585) lock /opt/stack/data/venv/lib/python3.12/site-packages/oslo_concurrency/lockutils.py:396}}
Jul 21 15:12:47.543156 np0000005570 devstack@neutron-api.service[90585]: DEBUG oslo_concurrency.lockutils [None req-c22af0d4-dfb2-44fd-9d24-6825450be161 None None] Acquired lock "singleton_lock" {{(pid=90585) lock /opt/stack/data/venv/lib/python3.12/site-packages/oslo_concurrency/lockutils.py:399}}
Jul 21 15:12:47.543669 np0000005570 devstack@neutron-api.service[90587]: DEBUG neutron.api.v2.resource_helper [None req-bd26d56d-8379-426f-b922-7b0bf073a2a7 None None] Service L3_ROUTER_NAT assigned prefix: {{(pid=90587) build_resource_info /opt/stack/neutron/neutron/api/v2/resource_helper.py:77}}
Jul 21 15:12:47.544205 np0000005570 devstack@neutron-api.service[90587]: DEBUG neutron.api.v2.resource_helper [None req-bd26d56d-8379-426f-b922-7b0bf073a2a7 None None] Service L3_ROUTER_NAT assigned prefix: {{(pid=90587) build_resource_info /opt/stack/neutron/neutron/api/v2/resource_helper.py:77}}
Jul 21 15:12:47.544410 np0000005570 devstack@neutron-api.service[90587]: INFO neutron.quota.resource_registry [None req-bd26d56d-8379-426f-b922-7b0bf073a2a7 None None] Creating instance of TrackedResource for resource:router
Jul 21 15:12:47.544641 np0000005570 devstack@neutron-api.service[90587]: WARNING neutron.quota.resource_registry [None req-bd26d56d-8379-426f-b922-7b0bf073a2a7 None None] router is already registered
Jul 21 15:12:47.545357 np0000005570 devstack@neutron-api.service[90587]: INFO neutron.quota.resource_registry [None req-bd26d56d-8379-426f-b922-7b0bf073a2a7 None None] Creating instance of TrackedResource for resource:floatingip
Jul 21 15:12:47.545410 np0000005570 devstack@neutron-api.service[90585]: DEBUG oslo_concurrency.lockutils [None req-c22af0d4-dfb2-44fd-9d24-6825450be161 None None] Releasing lock "singleton_lock" {{(pid=90585) lock /opt/stack/data/venv/lib/python3.12/site-packages/oslo_concurrency/lockutils.py:419}}
Jul 21 15:12:47.545602 np0000005570 devstack@neutron-api.service[90587]: WARNING neutron.quota.resource_registry [None req-bd26d56d-8379-426f-b922-7b0bf073a2a7 None None] floatingip is already registered
Jul 21 15:12:47.547076 np0000005570 devstack@neutron-api.service[90587]: INFO neutron.quota.resource_registry [None req-bd26d56d-8379-426f-b922-7b0bf073a2a7 None None] Creating instance of CountableResource for resource:rbac_policy
Jul 21 15:12:47.547206 np0000005570 devstack@neutron-api.service[90587]: WARNING neutron.quota.resource_registry [None req-bd26d56d-8379-426f-b922-7b0bf073a2a7 None None] rbac_policy is already registered
Jul 21 15:12:47.548238 np0000005570 devstack@neutron-api.service[90587]: INFO neutron.quota.resource_registry [None req-bd26d56d-8379-426f-b922-7b0bf073a2a7 None None] Creating instance of TrackedResource for resource:security_group
Jul 21 15:12:47.548578 np0000005570 devstack@neutron-api.service[90587]: WARNING neutron.quota.resource_registry [None req-bd26d56d-8379-426f-b922-7b0bf073a2a7 None None] security_group is already registered
Jul 21 15:12:47.548964 np0000005570 devstack@neutron-api.service[90587]: INFO neutron.quota.resource_registry [None req-bd26d56d-8379-426f-b922-7b0bf073a2a7 None None] Creating instance of TrackedResource for resource:security_group_rule
Jul 21 15:12:47.549160 np0000005570 devstack@neutron-api.service[90587]: WARNING neutron.quota.resource_registry [None req-bd26d56d-8379-426f-b922-7b0bf073a2a7 None None] security_group_rule is already registered
Jul 21 15:12:47.549762 np0000005570 devstack@neutron-api.service[90587]: DEBUG neutron.api.v2.resource_helper [None req-bd26d56d-8379-426f-b922-7b0bf073a2a7 None None] Service CORE assigned prefix: {{(pid=90587) build_resource_info /opt/stack/neutron/neutron/api/v2/resource_helper.py:77}}
Jul 21 15:12:47.549871 np0000005570 devstack@neutron-api.service[90587]: INFO neutron.quota.resource_registry [None req-bd26d56d-8379-426f-b922-7b0bf073a2a7 None None] Creating instance of TrackedResource for resource:subnetpool
Jul 21 15:12:47.550009 np0000005570 devstack@neutron-api.service[90587]: WARNING neutron.quota.resource_registry [None req-bd26d56d-8379-426f-b922-7b0bf073a2a7 None None] subnetpool is already registered
Jul 21 15:12:47.550378 np0000005570 devstack@neutron-api.service[90587]: DEBUG neutron.api.v2.resource_helper [None req-bd26d56d-8379-426f-b922-7b0bf073a2a7 None None] Service CORE assigned prefix: {{(pid=90587) build_resource_info /opt/stack/neutron/neutron/api/v2/resource_helper.py:77}}
Jul 21 15:12:47.550515 np0000005570 devstack@neutron-api.service[90587]: INFO neutron.quota.resource_registry [None req-bd26d56d-8379-426f-b922-7b0bf073a2a7 None None] Creating instance of TrackedResource for resource:subnetpool
Jul 21 15:12:47.550595 np0000005570 devstack@neutron-api.service[90587]: WARNING neutron.quota.resource_registry [None req-bd26d56d-8379-426f-b922-7b0bf073a2a7 None None] subnetpool is already registered
Jul 21 15:12:47.550986 np0000005570 devstack@neutron-api.service[90584]: INFO neutron.db.ovn_hash_ring_db [None req-d0389178-fc27-40b2-bde1-51d0c342eb38 None None] Nodes from host "np0000005570" and group "mechanism_driver" removed from the Hash Ring created at 2026-07-21 15:12:41+00:00
Jul 21 15:12:47.551231 np0000005570 devstack@neutron-api.service[90587]: DEBUG neutron.api.extensions [None req-bd26d56d-8379-426f-b922-7b0bf073a2a7 None None] Extended resource: extensions {{(pid=90587) __init__ /opt/stack/neutron/neutron/api/extensions.py:156}}
Jul 21 15:12:47.551434 np0000005570 devstack@neutron-api.service[90585]: DEBUG neutron.plugins.ml2.drivers.ovn.mech_driver.mech_driver [None req-c22af0d4-dfb2-44fd-9d24-6825450be161 None None] Hash Ring setup using WSGI start time 2026-07-21 15:12:41+00:00 {{(pid=90585) _init_hash_ring /opt/stack/neutron/neutron/plugins/ml2/drivers/ovn/mech_driver/mech_driver.py:404}}
Jul 21 15:12:47.551832 np0000005570 devstack@neutron-api.service[90587]: DEBUG neutron.api.extensions [None req-bd26d56d-8379-426f-b922-7b0bf073a2a7 None None] Extended resource: address-groups {{(pid=90587) __init__ /opt/stack/neutron/neutron/api/extensions.py:156}}
Jul 21 15:12:47.552750 np0000005570 devstack@neutron-api.service[90587]: DEBUG neutron.api.extensions [None req-bd26d56d-8379-426f-b922-7b0bf073a2a7 None None] Extended resource: address-scopes {{(pid=90587) __init__ /opt/stack/neutron/neutron/api/extensions.py:156}}
Jul 21 15:12:47.553545 np0000005570 devstack@neutron-api.service[90587]: DEBUG neutron.api.extensions [None req-bd26d56d-8379-426f-b922-7b0bf073a2a7 None None] Extended resource: agents {{(pid=90587) __init__ /opt/stack/neutron/neutron/api/extensions.py:156}}
Jul 21 15:12:47.554162 np0000005570 devstack@neutron-api.service[90587]: DEBUG neutron.api.extensions [None req-bd26d56d-8379-426f-b922-7b0bf073a2a7 None None] Extended resource: auto-allocated-topology {{(pid=90587) __init__ /opt/stack/neutron/neutron/api/extensions.py:156}}
Jul 21 15:12:47.554841 np0000005570 devstack@neutron-api.service[90587]: DEBUG neutron.api.extensions [None req-bd26d56d-8379-426f-b922-7b0bf073a2a7 None None] Extended resource: availability_zones {{(pid=90587) __init__ /opt/stack/neutron/neutron/api/extensions.py:156}}
Jul 21 15:12:47.555914 np0000005570 devstack@neutron-api.service[90587]: DEBUG neutron.api.extensions [None req-bd26d56d-8379-426f-b922-7b0bf073a2a7 None None] Extended resource: dhcp-networks {{(pid=90587) __init__ /opt/stack/neutron/neutron/api/extensions.py:156}}
Jul 21 15:12:47.556653 np0000005570 devstack@neutron-api.service[90587]: DEBUG neutron.api.extensions [None req-bd26d56d-8379-426f-b922-7b0bf073a2a7 None None] Extended resource: dhcp-agents {{(pid=90587) __init__ /opt/stack/neutron/neutron/api/extensions.py:156}}
Jul 21 15:12:47.556885 np0000005570 devstack@neutron-api.service[90584]: INFO neutron.db.ovn_hash_ring_db [None req-d0389178-fc27-40b2-bde1-51d0c342eb38 None None] Node 909a9bd786f95bebb1639b219a421e53 from host "np0000005570" and group "mechanism_driver" added to the Hash Ring
Jul 21 15:12:47.557225 np0000005570 devstack@neutron-api.service[90587]: DEBUG neutron.api.extensions [None req-bd26d56d-8379-426f-b922-7b0bf073a2a7 None None] Extended resource: routers {{(pid=90587) __init__ /opt/stack/neutron/neutron/api/extensions.py:156}}
Jul 21 15:12:47.558416 np0000005570 devstack@neutron-api.service[90587]: DEBUG neutron.api.extensions [None req-bd26d56d-8379-426f-b922-7b0bf073a2a7 None None] Extended resource: flavors {{(pid=90587) __init__ /opt/stack/neutron/neutron/api/extensions.py:156}}
Jul 21 15:12:47.559085 np0000005570 devstack@neutron-api.service[90587]: DEBUG neutron.api.extensions [None req-bd26d56d-8379-426f-b922-7b0bf073a2a7 None None] Extended resource: service_profiles {{(pid=90587) __init__ /opt/stack/neutron/neutron/api/extensions.py:156}}
Jul 21 15:12:47.559870 np0000005570 devstack@neutron-api.service[90587]: DEBUG neutron.api.extensions [None req-bd26d56d-8379-426f-b922-7b0bf073a2a7 None None] Extended resource: next_providers {{(pid=90587) __init__ /opt/stack/neutron/neutron/api/extensions.py:156}}
Jul 21 15:12:47.560312 np0000005570 devstack@neutron-api.service[90584]: DEBUG neutron.plugins.ml2.drivers.ovn.mech_driver.mech_driver [None req-d0389178-fc27-40b2-bde1-51d0c342eb38 None None] Hash Ring setup, this worker has detected 2 OVN hash ring registers in the database {{(pid=90584) _init_hash_ring /opt/stack/neutron/neutron/plugins/ml2/drivers/ovn/mech_driver/mech_driver.py:414}}
Jul 21 15:12:47.560646 np0000005570 devstack@neutron-api.service[90587]: DEBUG neutron.api.extensions [None req-bd26d56d-8379-426f-b922-7b0bf073a2a7 None None] Extended resource: service_profiles {{(pid=90587) __init__ /opt/stack/neutron/neutron/api/extensions.py:156}}
Jul 21 15:12:47.561509 np0000005570 devstack@neutron-api.service[90587]: DEBUG neutron.api.extensions [None req-bd26d56d-8379-426f-b922-7b0bf073a2a7 None None] Extended resource: floatingip-pools {{(pid=90587) __init__ /opt/stack/neutron/neutron/api/extensions.py:156}}
Jul 21 15:12:47.562183 np0000005570 devstack@neutron-api.service[90587]: DEBUG neutron.api.extensions [None req-bd26d56d-8379-426f-b922-7b0bf073a2a7 None None] Extended resource: routers {{(pid=90587) __init__ /opt/stack/neutron/neutron/api/extensions.py:156}}
Jul 21 15:12:47.563228 np0000005570 devstack@neutron-api.service[90587]: DEBUG neutron.api.extensions [None req-bd26d56d-8379-426f-b922-7b0bf073a2a7 None None] Extended resource: floatingips {{(pid=90587) __init__ /opt/stack/neutron/neutron/api/extensions.py:156}}
Jul 21 15:12:47.565337 np0000005570 devstack@neutron-api.service[90587]: DEBUG neutron.api.extensions [None req-bd26d56d-8379-426f-b922-7b0bf073a2a7 None None] Extended resource: l3-routers {{(pid=90587) __init__ /opt/stack/neutron/neutron/api/extensions.py:156}}
Jul 21 15:12:47.566167 np0000005570 devstack@neutron-api.service[90587]: DEBUG neutron.api.extensions [None req-bd26d56d-8379-426f-b922-7b0bf073a2a7 None None] Extended resource: l3-agents {{(pid=90587) __init__ /opt/stack/neutron/neutron/api/extensions.py:156}}
Jul 21 15:12:47.566332 np0000005570 devstack@neutron-api.service[90585]: INFO neutron.db.ovn_hash_ring_db [None req-c22af0d4-dfb2-44fd-9d24-6825450be161 None None] Nodes from host "np0000005570" and group "mechanism_driver" removed from the Hash Ring created at 2026-07-21 15:12:41+00:00
Jul 21 15:12:47.567200 np0000005570 devstack@neutron-api.service[90587]: DEBUG neutron.api.extensions [None req-bd26d56d-8379-426f-b922-7b0bf073a2a7 None None] Extended resource: network-ip-availabilities {{(pid=90587) __init__ /opt/stack/neutron/neutron/api/extensions.py:156}}
Jul 21 15:12:47.567922 np0000005570 devstack@neutron-api.service[90584]: DEBUG neutron.plugins.ml2.drivers.ovn.mech_driver.ovsdb.maintenance [None req-d0389178-fc27-40b2-bde1-51d0c342eb38 None None] Periodic task found: HashRingHealthCheckPeriodics.touch_hash_ring_node {{(pid=90584) add_periodics /opt/stack/neutron/neutron/plugins/ml2/drivers/ovn/mech_driver/ovsdb/maintenance.py:146}}
Jul 21 15:12:47.568046 np0000005570 devstack@neutron-api.service[90587]: DEBUG neutron.api.extensions [None req-bd26d56d-8379-426f-b922-7b0bf073a2a7 None None] Extended resource: network-ip-availabilities {{(pid=90587) __init__ /opt/stack/neutron/neutron/api/extensions.py:156}}
Jul 21 15:12:47.568564 np0000005570 devstack@neutron-api.service[90587]: DEBUG neutron.api.extensions [None req-bd26d56d-8379-426f-b922-7b0bf073a2a7 None None] Extended resource: bindings {{(pid=90587) __init__ /opt/stack/neutron/neutron/api/extensions.py:156}}
Jul 21 15:12:47.568821 np0000005570 devstack@neutron-api.service[90584]: INFO neutron.plugins.ml2.drivers.ovn.mech_driver.mech_driver [None req-d0389178-fc27-40b2-bde1-51d0c342eb38 None None] Hash Ring probing thread for node 909a9bd786f95bebb1639b219a421e53 has started
Jul 21 15:12:47.569179 np0000005570 devstack@neutron-api.service[90587]: DEBUG neutron.api.extensions [None req-bd26d56d-8379-426f-b922-7b0bf073a2a7 None None] Extended resource: quotas {{(pid=90587) __init__ /opt/stack/neutron/neutron/api/extensions.py:156}}
Jul 21 15:12:47.569454 np0000005570 devstack@neutron-api.service[90584]: INFO neutron.plugins.ml2.drivers.ovn.mech_driver.ovsdb.impl_idl_ovn [None req-d0389178-fc27-40b2-bde1-51d0c342eb38 None None] Getting OvsdbNbOvnIdl for WorkerService with retry
Jul 21 15:12:47.569839 np0000005570 devstack@neutron-api.service[90587]: DEBUG neutron.api.extensions [None req-bd26d56d-8379-426f-b922-7b0bf073a2a7 None None] Extended resource: quotas {{(pid=90587) __init__ /opt/stack/neutron/neutron/api/extensions.py:156}}
Jul 21 15:12:47.570377 np0000005570 devstack@neutron-api.service[90587]: DEBUG neutron.api.extensions [None req-bd26d56d-8379-426f-b922-7b0bf073a2a7 None None] Extended resource: rbac-policies {{(pid=90587) __init__ /opt/stack/neutron/neutron/api/extensions.py:156}}
Jul 21 15:12:47.571079 np0000005570 devstack@neutron-api.service[90587]: DEBUG neutron.api.extensions [None req-bd26d56d-8379-426f-b922-7b0bf073a2a7 None None] Extended resource: default-security-group-rules {{(pid=90587) __init__ /opt/stack/neutron/neutron/api/extensions.py:156}}
Jul 21 15:12:47.571559 np0000005570 devstack@neutron-api.service[90585]: INFO neutron.db.ovn_hash_ring_db [None req-c22af0d4-dfb2-44fd-9d24-6825450be161 None None] Node c5383f6a69c45695ae49bbeaa8ffc1ff from host "np0000005570" and group "mechanism_driver" added to the Hash Ring
Jul 21 15:12:47.571602 np0000005570 devstack@neutron-api.service[90587]: DEBUG neutron.api.extensions [None req-bd26d56d-8379-426f-b922-7b0bf073a2a7 None None] Extended resource: security-groups-default-statefulness {{(pid=90587) __init__ /opt/stack/neutron/neutron/api/extensions.py:156}}
Jul 21 15:12:47.572050 np0000005570 devstack@neutron-api.service[90587]: DEBUG neutron.api.extensions [None req-bd26d56d-8379-426f-b922-7b0bf073a2a7 None None] Extended resource: security-groups {{(pid=90587) __init__ /opt/stack/neutron/neutron/api/extensions.py:156}}
Jul 21 15:12:47.572510 np0000005570 devstack@neutron-api.service[90587]: DEBUG neutron.api.extensions [None req-bd26d56d-8379-426f-b922-7b0bf073a2a7 None None] Extended resource: security-group-rules {{(pid=90587) __init__ /opt/stack/neutron/neutron/api/extensions.py:156}}
Jul 21 15:12:47.572907 np0000005570 devstack@neutron-api.service[90587]: DEBUG neutron.api.extensions [None req-bd26d56d-8379-426f-b922-7b0bf073a2a7 None None] Extended resource: service-providers {{(pid=90587) __init__ /opt/stack/neutron/neutron/api/extensions.py:156}}
Jul 21 15:12:47.573375 np0000005570 devstack@neutron-api.service[90587]: DEBUG neutron.api.extensions [None req-bd26d56d-8379-426f-b922-7b0bf073a2a7 None None] Extended resource: subnetpools {{(pid=90587) __init__ /opt/stack/neutron/neutron/api/extensions.py:156}}
Jul 21 15:12:47.574366 np0000005570 devstack@neutron-api.service[90587]: DEBUG neutron.api.extensions [None req-bd26d56d-8379-426f-b922-7b0bf073a2a7 None None] Extended resource: subnetpools {{(pid=90587) __init__ /opt/stack/neutron/neutron/api/extensions.py:156}}
Jul 21 15:12:47.574824 np0000005570 devstack@neutron-api.service[90587]: DEBUG neutron.api.extensions [None req-bd26d56d-8379-426f-b922-7b0bf073a2a7 None None] Extended resource: tags {{(pid=90587) __init__ /opt/stack/neutron/neutron/api/extensions.py:156}}
Jul 21 15:12:47.575859 np0000005570 devstack@neutron-api.service[90587]: DEBUG neutron.api.extensions [None req-bd26d56d-8379-426f-b922-7b0bf073a2a7 None None] Extended resource: tags {{(pid=90587) __init__ /opt/stack/neutron/neutron/api/extensions.py:156}}
Jul 21 15:12:47.575911 np0000005570 devstack@neutron-api.service[90585]: DEBUG neutron.plugins.ml2.drivers.ovn.mech_driver.mech_driver [None req-c22af0d4-dfb2-44fd-9d24-6825450be161 None None] Hash Ring setup, this worker has detected 3 OVN hash ring registers in the database {{(pid=90585) _init_hash_ring /opt/stack/neutron/neutron/plugins/ml2/drivers/ovn/mech_driver/mech_driver.py:414}}
Jul 21 15:12:47.576847 np0000005570 devstack@neutron-api.service[90587]: DEBUG neutron.api.extensions [None req-bd26d56d-8379-426f-b922-7b0bf073a2a7 None None] Extended resource: tags {{(pid=90587) __init__ /opt/stack/neutron/neutron/api/extensions.py:156}}
Jul 21 15:12:47.577901 np0000005570 devstack@neutron-api.service[90587]: DEBUG neutron.api.extensions [None req-bd26d56d-8379-426f-b922-7b0bf073a2a7 None None] Extended resource: tags {{(pid=90587) __init__ /opt/stack/neutron/neutron/api/extensions.py:156}}
Jul 21 15:12:47.578829 np0000005570 devstack@neutron-api.service[90587]: DEBUG neutron.api.extensions [None req-bd26d56d-8379-426f-b922-7b0bf073a2a7 None None] Extended resource: tags {{(pid=90587) __init__ /opt/stack/neutron/neutron/api/extensions.py:156}}
Jul 21 15:12:47.580012 np0000005570 devstack@neutron-api.service[90587]: DEBUG neutron.api.extensions [None req-bd26d56d-8379-426f-b922-7b0bf073a2a7 None None] Extended resource: tags {{(pid=90587) __init__ /opt/stack/neutron/neutron/api/extensions.py:156}}
Jul 21 15:12:47.581135 np0000005570 devstack@neutron-api.service[90587]: DEBUG neutron.api.extensions [None req-bd26d56d-8379-426f-b922-7b0bf073a2a7 None None] Extended resource: tags {{(pid=90587) __init__ /opt/stack/neutron/neutron/api/extensions.py:156}}
Jul 21 15:12:47.582566 np0000005570 devstack@neutron-api.service[90587]: DEBUG neutron.api.extensions [None req-bd26d56d-8379-426f-b922-7b0bf073a2a7 None None] Extended resource: tags {{(pid=90587) __init__ /opt/stack/neutron/neutron/api/extensions.py:156}}
Jul 21 15:12:47.582677 np0000005570 devstack@neutron-api.service[90585]: DEBUG neutron.plugins.ml2.drivers.ovn.mech_driver.ovsdb.maintenance [None req-c22af0d4-dfb2-44fd-9d24-6825450be161 None None] Periodic task found: HashRingHealthCheckPeriodics.touch_hash_ring_node {{(pid=90585) add_periodics /opt/stack/neutron/neutron/plugins/ml2/drivers/ovn/mech_driver/ovsdb/maintenance.py:146}}
Jul 21 15:12:47.583073 np0000005570 devstack@neutron-api.service[90587]: DEBUG neutron.api.extensions [None req-bd26d56d-8379-426f-b922-7b0bf073a2a7 None None] Extended resource: tags {{(pid=90587) __init__ /opt/stack/neutron/neutron/api/extensions.py:156}}
Jul 21 15:12:47.583557 np0000005570 devstack@neutron-api.service[90585]: INFO neutron.plugins.ml2.drivers.ovn.mech_driver.mech_driver [None req-c22af0d4-dfb2-44fd-9d24-6825450be161 None None] Hash Ring probing thread for node c5383f6a69c45695ae49bbeaa8ffc1ff has started
Jul 21 15:12:47.583646 np0000005570 devstack@neutron-api.service[90587]: DEBUG neutron.api.extensions [None req-bd26d56d-8379-426f-b922-7b0bf073a2a7 None None] Extended resource: tags {{(pid=90587) __init__ /opt/stack/neutron/neutron/api/extensions.py:156}}
Jul 21 15:12:47.584360 np0000005570 devstack@neutron-api.service[90585]: INFO neutron.plugins.ml2.drivers.ovn.mech_driver.ovsdb.impl_idl_ovn [None req-c22af0d4-dfb2-44fd-9d24-6825450be161 None None] Getting OvsdbNbOvnIdl for WorkerService with retry
Jul 21 15:12:47.592445 np0000005570 devstack@neutron-api.service[90587]: DEBUG neutron_lib.callbacks.manager [None req-bd26d56d-8379-426f-b922-7b0bf073a2a7 None None] Publish callbacks ['neutron.plugins.ml2.drivers.ovn.mech_driver.mech_driver.OVNMechanismDriver.pre_fork_initialize-378605'] for process (None), before_spawn {{(pid=90587) _notify_loop /opt/stack/data/venv/lib/python3.12/site-packages/neutron_lib/callbacks/manager.py:184}}
Jul 21 15:12:47.592833 np0000005570 devstack@neutron-api.service[90587]: DEBUG oslo_concurrency.processutils [None req-bd26d56d-8379-426f-b922-7b0bf073a2a7 None None] Running cmd (subprocess): ovsdb-client transact ssl:10.4.3.6:6641 --timeout 180 -p /opt/stack/data/CA/int-ca/private/devstack-cert.key -c /opt/stack/data/CA/int-ca/devstack-cert.crt -C /opt/stack/data/CA/int-ca/ca-chain.pem ["OVN_Northbound", {"op": "wait", "timeout": 0, "table": "Port_Group", "where": [["name", "==", "neutron_pg_drop"]], "until": "==", "rows": []}, {"op": "insert", "table": "ACL", "row": {"action": "drop", "direction": "to-lport", "match": "outport == @neutron_pg_drop && ip", "priority": 1001}, "uuid-name": "droptoport"}, {"op": "insert", "table": "ACL", "row": {"action": "drop", "direction": "from-lport", "match": "inport == @neutron_pg_drop && ip", "priority": 1001}, "uuid-name": "dropfromport"}, {"op": "insert", "table": "Port_Group", "row": {"name": "neutron_pg_drop", "acls": ["set", [["named-uuid", "droptoport"], ["named-uuid", "dropfromport"]]]}}] {{(pid=90587) execute /opt/stack/data/venv/lib/python3.12/site-packages/oslo_concurrency/processutils.py:440}}
