Jun 25 20:48:53.387755 np0000003647 nova-scheduler[96537]: DEBUG cotyledon.oslo_config_glue [-] profiler.es_doc_type = notification {{(pid=96537) log_opt_values /opt/stack/data/venv/lib/python3.12/site-packages/oslo_config/cfg.py:3253}}
Jun 25 20:48:53.387755 np0000003647 nova-scheduler[96537]: DEBUG cotyledon.oslo_config_glue [-] profiler.es_scroll_size = 10000 {{(pid=96537) log_opt_values /opt/stack/data/venv/lib/python3.12/site-packages/oslo_config/cfg.py:3253}}
Jun 25 20:48:53.387755 np0000003647 nova-scheduler[96537]: DEBUG cotyledon.oslo_config_glue [-] profiler.es_scroll_time = 2m {{(pid=96537) log_opt_values /opt/stack/data/venv/lib/python3.12/site-packages/oslo_config/cfg.py:3253}}
Jun 25 20:48:53.387755 np0000003647 nova-scheduler[96537]: DEBUG cotyledon.oslo_config_glue [-] profiler.filter_error_trace = False {{(pid=96537) log_opt_values /opt/stack/data/venv/lib/python3.12/site-packages/oslo_config/cfg.py:3253}}
Jun 25 20:48:53.387755 np0000003647 nova-scheduler[96537]: DEBUG cotyledon.oslo_config_glue [-] profiler.hmac_keys = **** {{(pid=96537) log_opt_values /opt/stack/data/venv/lib/python3.12/site-packages/oslo_config/cfg.py:3253}}
Jun 25 20:48:53.387755 np0000003647 nova-scheduler[96537]: DEBUG cotyledon.oslo_config_glue [-] profiler.sentinel_service_name = mymaster {{(pid=96537) log_opt_values /opt/stack/data/venv/lib/python3.12/site-packages/oslo_config/cfg.py:3253}}
Jun 25 20:48:53.387755 np0000003647 nova-scheduler[96537]: DEBUG cotyledon.oslo_config_glue [-] profiler.socket_timeout = 0.1 {{(pid=96537) log_opt_values /opt/stack/data/venv/lib/python3.12/site-packages/oslo_config/cfg.py:3253}}
Jun 25 20:48:53.388077 np0000003647 nova-scheduler[96537]: DEBUG cotyledon.oslo_config_glue [-] profiler.trace_requests = False {{(pid=96537) log_opt_values /opt/stack/data/venv/lib/python3.12/site-packages/oslo_config/cfg.py:3253}}
Jun 25 20:48:53.388077 np0000003647 nova-scheduler[96537]: DEBUG cotyledon.oslo_config_glue [-] profiler.trace_sqlalchemy = False {{(pid=96537) log_opt_values /opt/stack/data/venv/lib/python3.12/site-packages/oslo_config/cfg.py:3253}}
Jun 25 20:48:53.388077 np0000003647 nova-scheduler[96537]: DEBUG cotyledon.oslo_config_glue [-] profiler_jaeger.process_tags = {} {{(pid=96537) log_opt_values /opt/stack/data/venv/lib/python3.12/site-packages/oslo_config/cfg.py:3253}}
Jun 25 20:48:53.388077 np0000003647 nova-scheduler[96537]: DEBUG cotyledon.oslo_config_glue [-] profiler_jaeger.service_name_prefix = None {{(pid=96537) log_opt_values /opt/stack/data/venv/lib/python3.12/site-packages/oslo_config/cfg.py:3253}}
Jun 25 20:48:53.388077 np0000003647 nova-scheduler[96537]: DEBUG cotyledon.oslo_config_glue [-] profiler_otlp.service_name_prefix = None {{(pid=96537) log_opt_values /opt/stack/data/venv/lib/python3.12/site-packages/oslo_config/cfg.py:3253}}
Jun 25 20:48:53.388077 np0000003647 nova-scheduler[96537]: DEBUG cotyledon.oslo_config_glue [-] oslo_messaging_rabbit.amqp_auto_delete = False {{(pid=96537) log_opt_values /opt/stack/data/venv/lib/python3.12/site-packages/oslo_config/cfg.py:3253}}
Jun 25 20:48:53.388077 np0000003647 nova-scheduler[96537]: DEBUG cotyledon.oslo_config_glue [-] oslo_messaging_rabbit.amqp_durable_queues = False {{(pid=96537) log_opt_values /opt/stack/data/venv/lib/python3.12/site-packages/oslo_config/cfg.py:3253}}
Jun 25 20:48:53.388077 np0000003647 nova-scheduler[96537]: DEBUG cotyledon.oslo_config_glue [-] oslo_messaging_rabbit.conn_pool_min_size = 2 {{(pid=96537) log_opt_values /opt/stack/data/venv/lib/python3.12/site-packages/oslo_config/cfg.py:3253}}
Jun 25 20:48:53.388077 np0000003647 nova-scheduler[96537]: DEBUG cotyledon.oslo_config_glue [-] oslo_messaging_rabbit.conn_pool_ttl = 1200 {{(pid=96537) log_opt_values /opt/stack/data/venv/lib/python3.12/site-packages/oslo_config/cfg.py:3253}}
Jun 25 20:48:53.388645 np0000003647 nova-scheduler[96537]: DEBUG cotyledon.oslo_config_glue [-] oslo_messaging_rabbit.direct_mandatory_flag = True {{(pid=96537) log_opt_values /opt/stack/data/venv/lib/python3.12/site-packages/oslo_config/cfg.py:3253}}
Jun 25 20:48:53.388645 np0000003647 nova-scheduler[96537]: DEBUG cotyledon.oslo_config_glue [-] oslo_messaging_rabbit.enable_cancel_on_failover = False {{(pid=96537) log_opt_values /opt/stack/data/venv/lib/python3.12/site-packages/oslo_config/cfg.py:3253}}
Jun 25 20:48:53.388645 np0000003647 nova-scheduler[96537]: DEBUG cotyledon.oslo_config_glue [-] oslo_messaging_rabbit.heartbeat_rate = 3 {{(pid=96537) log_opt_values /opt/stack/data/venv/lib/python3.12/site-packages/oslo_config/cfg.py:3253}}
Jun 25 20:48:53.388645 np0000003647 nova-scheduler[96537]: DEBUG cotyledon.oslo_config_glue [-] oslo_messaging_rabbit.heartbeat_timeout_threshold = 60 {{(pid=96537) log_opt_values /opt/stack/data/venv/lib/python3.12/site-packages/oslo_config/cfg.py:3253}}
Jun 25 20:48:53.388645 np0000003647 nova-scheduler[96537]: DEBUG cotyledon.oslo_config_glue [-] oslo_messaging_rabbit.hostname = np0000003647 {{(pid=96537) log_opt_values /opt/stack/data/venv/lib/python3.12/site-packages/oslo_config/cfg.py:3253}}
Jun 25 20:48:53.388645 np0000003647 nova-scheduler[96537]: DEBUG cotyledon.oslo_config_glue [-] oslo_messaging_rabbit.kombu_compression = None {{(pid=96537) log_opt_values /opt/stack/data/venv/lib/python3.12/site-packages/oslo_config/cfg.py:3253}}
Jun 25 20:48:53.388645 np0000003647 nova-scheduler[96537]: DEBUG cotyledon.oslo_config_glue [-] oslo_messaging_rabbit.kombu_failover_strategy = round-robin {{(pid=96537) log_opt_values /opt/stack/data/venv/lib/python3.12/site-packages/oslo_config/cfg.py:3253}}
Jun 25 20:48:53.388645 np0000003647 nova-scheduler[96537]: DEBUG cotyledon.oslo_config_glue [-] oslo_messaging_rabbit.kombu_missing_consumer_retry_timeout = 60 {{(pid=96537) log_opt_values /opt/stack/data/venv/lib/python3.12/site-packages/oslo_config/cfg.py:3253}}
Jun 25 20:48:53.388645 np0000003647 nova-scheduler[96537]: DEBUG cotyledon.oslo_config_glue [-] oslo_messaging_rabbit.kombu_reconnect_delay = 1.0 {{(pid=96537) log_opt_values /opt/stack/data/venv/lib/python3.12/site-packages/oslo_config/cfg.py:3253}}
Jun 25 20:48:53.388943 np0000003647 nova-scheduler[96537]: DEBUG cotyledon.oslo_config_glue [-] oslo_messaging_rabbit.kombu_reconnect_splay = 0.0 {{(pid=96537) log_opt_values /opt/stack/data/venv/lib/python3.12/site-packages/oslo_config/cfg.py:3253}}
Jun 25 20:48:53.388943 np0000003647 nova-scheduler[96537]: DEBUG cotyledon.oslo_config_glue [-] oslo_messaging_rabbit.processname = nova-scheduler {{(pid=96537) log_opt_values /opt/stack/data/venv/lib/python3.12/site-packages/oslo_config/cfg.py:3253}}
Jun 25 20:48:53.388943 np0000003647 nova-scheduler[96537]: DEBUG cotyledon.oslo_config_glue [-] oslo_messaging_rabbit.rabbit_ha_queues = False {{(pid=96537) log_opt_values /opt/stack/data/venv/lib/python3.12/site-packages/oslo_config/cfg.py:3253}}
Jun 25 20:48:53.388943 np0000003647 nova-scheduler[96537]: DEBUG cotyledon.oslo_config_glue [-] oslo_messaging_rabbit.rabbit_interval_max = 30 {{(pid=96537) log_opt_values /opt/stack/data/venv/lib/python3.12/site-packages/oslo_config/cfg.py:3253}}
Jun 25 20:48:53.389103 np0000003647 nova-scheduler[96529]: DEBUG oslo_db.sqlalchemy.engines [None req-9a37e782-be98-415f-81d7-a5b4a2a8d482 None None] MySQL server mode set to STRICT_TRANS_TABLES,STRICT_ALL_TABLES,NO_ZERO_IN_DATE,NO_ZERO_DATE,ERROR_FOR_DIVISION_BY_ZERO,TRADITIONAL,NO_ENGINE_SUBSTITUTION {{(pid=96529) _check_effective_sql_mode /opt/stack/data/venv/lib/python3.12/site-packages/oslo_db/sqlalchemy/engines.py:325}}
Jun 25 20:48:53.389148 np0000003647 nova-scheduler[96537]: DEBUG cotyledon.oslo_config_glue [-] oslo_messaging_rabbit.rabbit_login_method = AMQPLAIN {{(pid=96537) log_opt_values /opt/stack/data/venv/lib/python3.12/site-packages/oslo_config/cfg.py:3253}}
Jun 25 20:48:53.389148 np0000003647 nova-scheduler[96537]: DEBUG cotyledon.oslo_config_glue [-] oslo_messaging_rabbit.rabbit_qos_prefetch_count = 0 {{(pid=96537) log_opt_values /opt/stack/data/venv/lib/python3.12/site-packages/oslo_config/cfg.py:3253}}
Jun 25 20:48:53.389148 np0000003647 nova-scheduler[96537]: DEBUG cotyledon.oslo_config_glue [-] oslo_messaging_rabbit.rabbit_quorum_delivery_limit = 0 {{(pid=96537) log_opt_values /opt/stack/data/venv/lib/python3.12/site-packages/oslo_config/cfg.py:3253}}
Jun 25 20:48:53.389148 np0000003647 nova-scheduler[96537]: DEBUG cotyledon.oslo_config_glue [-] oslo_messaging_rabbit.rabbit_quorum_max_memory_bytes = 0 {{(pid=96537) log_opt_values /opt/stack/data/venv/lib/python3.12/site-packages/oslo_config/cfg.py:3253}}
Jun 25 20:48:53.389148 np0000003647 nova-scheduler[96537]: DEBUG cotyledon.oslo_config_glue [-] oslo_messaging_rabbit.rabbit_quorum_max_memory_length = 0 {{(pid=96537) log_opt_values /opt/stack/data/venv/lib/python3.12/site-packages/oslo_config/cfg.py:3253}}
Jun 25 20:48:53.389148 np0000003647 nova-scheduler[96537]: DEBUG cotyledon.oslo_config_glue [-] oslo_messaging_rabbit.rabbit_quorum_queue = False {{(pid=96537) log_opt_values /opt/stack/data/venv/lib/python3.12/site-packages/oslo_config/cfg.py:3253}}
Jun 25 20:48:53.389148 np0000003647 nova-scheduler[96537]: DEBUG cotyledon.oslo_config_glue [-] oslo_messaging_rabbit.rabbit_retry_backoff = 2 {{(pid=96537) log_opt_values /opt/stack/data/venv/lib/python3.12/site-packages/oslo_config/cfg.py:3253}}
Jun 25 20:48:53.389148 np0000003647 nova-scheduler[96537]: DEBUG cotyledon.oslo_config_glue [-] oslo_messaging_rabbit.rabbit_retry_interval = 1 {{(pid=96537) log_opt_values /opt/stack/data/venv/lib/python3.12/site-packages/oslo_config/cfg.py:3253}}
Jun 25 20:48:53.389148 np0000003647 nova-scheduler[96537]: DEBUG cotyledon.oslo_config_glue [-] oslo_messaging_rabbit.rabbit_stream_fanout = False {{(pid=96537) log_opt_values /opt/stack/data/venv/lib/python3.12/site-packages/oslo_config/cfg.py:3253}}
Jun 25 20:48:53.389450 np0000003647 nova-scheduler[96537]: DEBUG cotyledon.oslo_config_glue [-] oslo_messaging_rabbit.rabbit_transient_queues_ttl = 1800 {{(pid=96537) log_opt_values /opt/stack/data/venv/lib/python3.12/site-packages/oslo_config/cfg.py:3253}}
Jun 25 20:48:53.389450 np0000003647 nova-scheduler[96537]: DEBUG cotyledon.oslo_config_glue [-] oslo_messaging_rabbit.rabbit_transient_quorum_queue = False {{(pid=96537) log_opt_values /opt/stack/data/venv/lib/python3.12/site-packages/oslo_config/cfg.py:3253}}
Jun 25 20:48:53.389450 np0000003647 nova-scheduler[96537]: DEBUG cotyledon.oslo_config_glue [-] oslo_messaging_rabbit.rpc_conn_pool_size = 30 {{(pid=96537) log_opt_values /opt/stack/data/venv/lib/python3.12/site-packages/oslo_config/cfg.py:3253}}
Jun 25 20:48:53.389450 np0000003647 nova-scheduler[96537]: DEBUG cotyledon.oslo_config_glue [-] oslo_messaging_rabbit.ssl = False {{(pid=96537) log_opt_values /opt/stack/data/venv/lib/python3.12/site-packages/oslo_config/cfg.py:3253}}
Jun 25 20:48:53.389450 np0000003647 nova-scheduler[96537]: DEBUG cotyledon.oslo_config_glue [-] oslo_messaging_rabbit.ssl_ca_file = {{(pid=96537) log_opt_values /opt/stack/data/venv/lib/python3.12/site-packages/oslo_config/cfg.py:3253}}
Jun 25 20:48:53.389450 np0000003647 nova-scheduler[96537]: DEBUG cotyledon.oslo_config_glue [-] oslo_messaging_rabbit.ssl_cert_file = {{(pid=96537) log_opt_values /opt/stack/data/venv/lib/python3.12/site-packages/oslo_config/cfg.py:3253}}
Jun 25 20:48:53.389450 np0000003647 nova-scheduler[96537]: DEBUG cotyledon.oslo_config_glue [-] oslo_messaging_rabbit.ssl_enforce_fips_mode = False {{(pid=96537) log_opt_values /opt/stack/data/venv/lib/python3.12/site-packages/oslo_config/cfg.py:3253}}
Jun 25 20:48:53.389450 np0000003647 nova-scheduler[96537]: DEBUG cotyledon.oslo_config_glue [-] oslo_messaging_rabbit.ssl_enforce_hostname_verification = True {{(pid=96537) log_opt_values /opt/stack/data/venv/lib/python3.12/site-packages/oslo_config/cfg.py:3253}}
Jun 25 20:48:53.389450 np0000003647 nova-scheduler[96537]: DEBUG cotyledon.oslo_config_glue [-] oslo_messaging_rabbit.ssl_key_file = {{(pid=96537) log_opt_values /opt/stack/data/venv/lib/python3.12/site-packages/oslo_config/cfg.py:3253}}
Jun 25 20:48:53.389729 np0000003647 nova-scheduler[96537]: DEBUG cotyledon.oslo_config_glue [-] oslo_messaging_rabbit.ssl_version = {{(pid=96537) log_opt_values /opt/stack/data/venv/lib/python3.12/site-packages/oslo_config/cfg.py:3253}}
Jun 25 20:48:53.389729 np0000003647 nova-scheduler[96537]: DEBUG cotyledon.oslo_config_glue [-] oslo_messaging_rabbit.use_queue_manager = False {{(pid=96537) log_opt_values /opt/stack/data/venv/lib/python3.12/site-packages/oslo_config/cfg.py:3253}}
Jun 25 20:48:53.389729 np0000003647 nova-scheduler[96537]: DEBUG cotyledon.oslo_config_glue [-] oslo_messaging_notifications.driver = ['messagingv2'] {{(pid=96537) log_opt_values /opt/stack/data/venv/lib/python3.12/site-packages/oslo_config/cfg.py:3253}}
Jun 25 20:48:53.389729 np0000003647 nova-scheduler[96537]: DEBUG cotyledon.oslo_config_glue [-] oslo_messaging_notifications.retry = -1 {{(pid=96537) log_opt_values /opt/stack/data/venv/lib/python3.12/site-packages/oslo_config/cfg.py:3253}}
Jun 25 20:48:53.389729 np0000003647 nova-scheduler[96537]: DEBUG cotyledon.oslo_config_glue [-] oslo_messaging_notifications.topics = ['notifications'] {{(pid=96537) log_opt_values /opt/stack/data/venv/lib/python3.12/site-packages/oslo_config/cfg.py:3253}}
Jun 25 20:48:53.389729 np0000003647 nova-scheduler[96537]: DEBUG cotyledon.oslo_config_glue [-] oslo_messaging_notifications.transport_url = **** {{(pid=96537) log_opt_values /opt/stack/data/venv/lib/python3.12/site-packages/oslo_config/cfg.py:3253}}
Jun 25 20:48:53.389729 np0000003647 nova-scheduler[96537]: DEBUG cotyledon.oslo_config_glue [-] oslo_limit.auth_section = None {{(pid=96537) log_opt_values /opt/stack/data/venv/lib/python3.12/site-packages/oslo_config/cfg.py:3253}}
Jun 25 20:48:53.389729 np0000003647 nova-scheduler[96537]: DEBUG cotyledon.oslo_config_glue [-] oslo_limit.auth_type = None {{(pid=96537) log_opt_values /opt/stack/data/venv/lib/python3.12/site-packages/oslo_config/cfg.py:3253}}
Jun 25 20:48:53.389729 np0000003647 nova-scheduler[96537]: DEBUG cotyledon.oslo_config_glue [-] oslo_limit.cafile = None {{(pid=96537) log_opt_values /opt/stack/data/venv/lib/python3.12/site-packages/oslo_config/cfg.py:3253}}
Jun 25 20:48:53.390026 np0000003647 nova-scheduler[96537]: DEBUG cotyledon.oslo_config_glue [-] oslo_limit.certfile = None {{(pid=96537) log_opt_values /opt/stack/data/venv/lib/python3.12/site-packages/oslo_config/cfg.py:3253}}
Jun 25 20:48:53.390026 np0000003647 nova-scheduler[96537]: DEBUG cotyledon.oslo_config_glue [-] oslo_limit.collect_timing = False {{(pid=96537) log_opt_values /opt/stack/data/venv/lib/python3.12/site-packages/oslo_config/cfg.py:3253}}
Jun 25 20:48:53.390026 np0000003647 nova-scheduler[96537]: DEBUG cotyledon.oslo_config_glue [-] oslo_limit.connect_retries = None {{(pid=96537) log_opt_values /opt/stack/data/venv/lib/python3.12/site-packages/oslo_config/cfg.py:3253}}
Jun 25 20:48:53.390026 np0000003647 nova-scheduler[96537]: DEBUG cotyledon.oslo_config_glue [-] oslo_limit.connect_retry_delay = None {{(pid=96537) log_opt_values /opt/stack/data/venv/lib/python3.12/site-packages/oslo_config/cfg.py:3253}}
Jun 25 20:48:53.390026 np0000003647 nova-scheduler[96537]: DEBUG cotyledon.oslo_config_glue [-] oslo_limit.endpoint_id = None {{(pid=96537) log_opt_values /opt/stack/data/venv/lib/python3.12/site-packages/oslo_config/cfg.py:3253}}
Jun 25 20:48:53.390026 np0000003647 nova-scheduler[96537]: DEBUG cotyledon.oslo_config_glue [-] oslo_limit.endpoint_interface = public {{(pid=96537) log_opt_values /opt/stack/data/venv/lib/python3.12/site-packages/oslo_config/cfg.py:3253}}
Jun 25 20:48:53.390026 np0000003647 nova-scheduler[96537]: DEBUG cotyledon.oslo_config_glue [-] oslo_limit.endpoint_override = None {{(pid=96537) log_opt_values /opt/stack/data/venv/lib/python3.12/site-packages/oslo_config/cfg.py:3253}}
Jun 25 20:48:53.390026 np0000003647 nova-scheduler[96537]: DEBUG cotyledon.oslo_config_glue [-] oslo_limit.endpoint_region_name = None {{(pid=96537) log_opt_values /opt/stack/data/venv/lib/python3.12/site-packages/oslo_config/cfg.py:3253}}
Jun 25 20:48:53.390026 np0000003647 nova-scheduler[96537]: DEBUG cotyledon.oslo_config_glue [-] oslo_limit.endpoint_service_name = None {{(pid=96537) log_opt_values /opt/stack/data/venv/lib/python3.12/site-packages/oslo_config/cfg.py:3253}}
Jun 25 20:48:53.390386 np0000003647 nova-scheduler[96537]: DEBUG cotyledon.oslo_config_glue [-] oslo_limit.endpoint_service_type = None {{(pid=96537) log_opt_values /opt/stack/data/venv/lib/python3.12/site-packages/oslo_config/cfg.py:3253}}
Jun 25 20:48:53.390386 np0000003647 nova-scheduler[96537]: DEBUG cotyledon.oslo_config_glue [-] oslo_limit.insecure = False {{(pid=96537) log_opt_values /opt/stack/data/venv/lib/python3.12/site-packages/oslo_config/cfg.py:3253}}
Jun 25 20:48:53.390386 np0000003647 nova-scheduler[96537]: DEBUG cotyledon.oslo_config_glue [-] oslo_limit.keyfile = None {{(pid=96537) log_opt_values /opt/stack/data/venv/lib/python3.12/site-packages/oslo_config/cfg.py:3253}}
Jun 25 20:48:53.390386 np0000003647 nova-scheduler[96537]: DEBUG cotyledon.oslo_config_glue [-] oslo_limit.max_version = None {{(pid=96537) log_opt_values /opt/stack/data/venv/lib/python3.12/site-packages/oslo_config/cfg.py:3253}}
Jun 25 20:48:53.390386 np0000003647 nova-scheduler[96537]: DEBUG cotyledon.oslo_config_glue [-] oslo_limit.min_version = None {{(pid=96537) log_opt_values /opt/stack/data/venv/lib/python3.12/site-packages/oslo_config/cfg.py:3253}}
Jun 25 20:48:53.390386 np0000003647 nova-scheduler[96537]: DEBUG cotyledon.oslo_config_glue [-] oslo_limit.region_name = None {{(pid=96537) log_opt_values /opt/stack/data/venv/lib/python3.12/site-packages/oslo_config/cfg.py:3253}}
Jun 25 20:48:53.390386 np0000003647 nova-scheduler[96537]: DEBUG cotyledon.oslo_config_glue [-] oslo_limit.retriable_status_codes = None {{(pid=96537) log_opt_values /opt/stack/data/venv/lib/python3.12/site-packages/oslo_config/cfg.py:3253}}
Jun 25 20:48:53.390386 np0000003647 nova-scheduler[96537]: DEBUG cotyledon.oslo_config_glue [-] oslo_limit.service_name = None {{(pid=96537) log_opt_values /opt/stack/data/venv/lib/python3.12/site-packages/oslo_config/cfg.py:3253}}
Jun 25 20:48:53.390386 np0000003647 nova-scheduler[96537]: DEBUG cotyledon.oslo_config_glue [-] oslo_limit.service_type = None {{(pid=96537) log_opt_values /opt/stack/data/venv/lib/python3.12/site-packages/oslo_config/cfg.py:3253}}
Jun 25 20:48:53.390810 np0000003647 nova-scheduler[96537]: DEBUG cotyledon.oslo_config_glue [-] oslo_limit.split_loggers = False {{(pid=96537) log_opt_values /opt/stack/data/venv/lib/python3.12/site-packages/oslo_config/cfg.py:3253}}
Jun 25 20:48:53.390810 np0000003647 nova-scheduler[96537]: DEBUG cotyledon.oslo_config_glue [-] oslo_limit.status_code_retries = None {{(pid=96537) log_opt_values /opt/stack/data/venv/lib/python3.12/site-packages/oslo_config/cfg.py:3253}}
Jun 25 20:48:53.390810 np0000003647 nova-scheduler[96537]: DEBUG cotyledon.oslo_config_glue [-] oslo_limit.status_code_retry_delay = None {{(pid=96537) log_opt_values /opt/stack/data/venv/lib/python3.12/site-packages/oslo_config/cfg.py:3253}}
Jun 25 20:48:53.390810 np0000003647 nova-scheduler[96537]: DEBUG cotyledon.oslo_config_glue [-] oslo_limit.timeout = None {{(pid=96537) log_opt_values /opt/stack/data/venv/lib/python3.12/site-packages/oslo_config/cfg.py:3253}}
Jun 25 20:48:53.390810 np0000003647 nova-scheduler[96537]: DEBUG cotyledon.oslo_config_glue [-] oslo_limit.valid_interfaces = None {{(pid=96537) log_opt_values /opt/stack/data/venv/lib/python3.12/site-packages/oslo_config/cfg.py:3253}}
Jun 25 20:48:53.390810 np0000003647 nova-scheduler[96537]: DEBUG cotyledon.oslo_config_glue [-] oslo_limit.version = None {{(pid=96537) log_opt_values /opt/stack/data/venv/lib/python3.12/site-packages/oslo_config/cfg.py:3253}}
Jun 25 20:48:53.390810 np0000003647 nova-scheduler[96537]: DEBUG cotyledon.oslo_config_glue [-] oslo_reports.file_event_handler = None {{(pid=96537) log_opt_values /opt/stack/data/venv/lib/python3.12/site-packages/oslo_config/cfg.py:3253}}
Jun 25 20:48:53.390810 np0000003647 nova-scheduler[96537]: DEBUG cotyledon.oslo_config_glue [-] oslo_reports.file_event_handler_interval = 1 {{(pid=96537) log_opt_values /opt/stack/data/venv/lib/python3.12/site-packages/oslo_config/cfg.py:3253}}
Jun 25 20:48:53.390810 np0000003647 nova-scheduler[96537]: DEBUG cotyledon.oslo_config_glue [-] oslo_reports.log_dir = None {{(pid=96537) log_opt_values /opt/stack/data/venv/lib/python3.12/site-packages/oslo_config/cfg.py:3253}}
Jun 25 20:48:53.391129 np0000003647 nova-scheduler[96537]: DEBUG cotyledon.oslo_config_glue [-] ******************************************************************************** {{(pid=96537) log_opt_values /opt/stack/data/venv/lib/python3.12/site-packages/oslo_config/cfg.py:3260}}
Jun 25 20:48:53.391129 np0000003647 nova-scheduler[96537]: DEBUG cotyledon._service_worker [-] Run service ServiceWrapper(3) [96537] {{(pid=96537) wait_forever /opt/stack/data/venv/lib/python3.12/site-packages/cotyledon/_service_worker.py:218}}
Jun 25 20:48:53.391287 np0000003647 nova-scheduler[96527]: DEBUG dbcounter [-] [96527] Writer thread running {{(pid=96527) stat_writer /opt/stack/data/venv/lib/python3.12/site-packages/dbcounter.py:102}}
Jun 25 20:48:53.391334 np0000003647 nova-scheduler[96537]: INFO nova.service [-] Starting scheduler node (version 33.1.0)
Jun 25 20:48:53.391372 np0000003647 nova-scheduler[96531]: DEBUG oslo_db.sqlalchemy.engines [None req-44571cc7-4c0e-4b3a-9aab-39b3ff2c74a1 None None] MySQL server mode set to STRICT_TRANS_TABLES,STRICT_ALL_TABLES,NO_ZERO_IN_DATE,NO_ZERO_DATE,ERROR_FOR_DIVISION_BY_ZERO,TRADITIONAL,NO_ENGINE_SUBSTITUTION {{(pid=96531) _check_effective_sql_mode /opt/stack/data/venv/lib/python3.12/site-packages/oslo_db/sqlalchemy/engines.py:325}}
Jun 25 20:48:53.391412 np0000003647 nova-scheduler[96537]: INFO dbcounter [None req-448cdbff-678a-42da-872f-659987661a4c None None] Registered counter for database nova_cell0
Jun 25 20:48:53.391488 np0000003647 nova-scheduler[96529]: DEBUG dbcounter [-] [96529] Writer thread running {{(pid=96529) stat_writer /opt/stack/data/venv/lib/python3.12/site-packages/dbcounter.py:102}}
Jun 25 20:48:53.391532 np0000003647 nova-scheduler[96531]: DEBUG dbcounter [-] [96531] Writer thread running {{(pid=96531) stat_writer /opt/stack/data/venv/lib/python3.12/site-packages/dbcounter.py:102}}
Jun 25 20:48:53.391568 np0000003647 nova-scheduler[96527]: DEBUG nova.service [None req-a0f91334-3dd7-4ccd-8a93-19ee0487101a None None] Creating RPC server for service: nova-scheduler on topic: scheduler {{(pid=96527) start /opt/stack/nova/nova/service.py:196}}
Jun 25 20:48:53.394764 np0000003647 nova-scheduler[96529]: DEBUG nova.service [None req-9a37e782-be98-415f-81d7-a5b4a2a8d482 None None] Creating RPC server for service: nova-scheduler on topic: scheduler {{(pid=96529) start /opt/stack/nova/nova/service.py:196}}
Jun 25 20:48:53.403401 np0000003647 nova-scheduler[96531]: DEBUG nova.service [None req-44571cc7-4c0e-4b3a-9aab-39b3ff2c74a1 None None] Creating RPC server for service: nova-scheduler on topic: scheduler {{(pid=96531) start /opt/stack/nova/nova/service.py:196}}
Jun 25 20:48:53.420964 np0000003647 nova-scheduler[96527]: DEBUG nova.service [None req-a0f91334-3dd7-4ccd-8a93-19ee0487101a None None] Join ServiceGroup membership for this service scheduler {{(pid=96527) start /opt/stack/nova/nova/service.py:222}}
Jun 25 20:48:53.421375 np0000003647 nova-scheduler[96527]: DEBUG nova.servicegroup.drivers.db [None req-a0f91334-3dd7-4ccd-8a93-19ee0487101a None None] DB_Driver: join new ServiceGroup member np0000003647 to the scheduler group, service = {{(pid=96527) join /opt/stack/nova/nova/servicegroup/drivers/db.py:44}}
Jun 25 20:48:53.421870 np0000003647 nova-scheduler[96529]: DEBUG nova.service [None req-9a37e782-be98-415f-81d7-a5b4a2a8d482 None None] Join ServiceGroup membership for this service scheduler {{(pid=96529) start /opt/stack/nova/nova/service.py:222}}
Jun 25 20:48:53.422304 np0000003647 nova-scheduler[96529]: DEBUG nova.servicegroup.drivers.db [None req-9a37e782-be98-415f-81d7-a5b4a2a8d482 None None] DB_Driver: join new ServiceGroup member np0000003647 to the scheduler group, service = {{(pid=96529) join /opt/stack/nova/nova/servicegroup/drivers/db.py:44}}
Jun 25 20:48:53.424456 np0000003647 nova-scheduler[96537]: DEBUG oslo_db.sqlalchemy.engines [None req-448cdbff-678a-42da-872f-659987661a4c None None] MySQL server mode set to STRICT_TRANS_TABLES,STRICT_ALL_TABLES,NO_ZERO_IN_DATE,NO_ZERO_DATE,ERROR_FOR_DIVISION_BY_ZERO,TRADITIONAL,NO_ENGINE_SUBSTITUTION {{(pid=96537) _check_effective_sql_mode /opt/stack/data/venv/lib/python3.12/site-packages/oslo_db/sqlalchemy/engines.py:325}}
Jun 25 20:48:53.424906 np0000003647 nova-scheduler[96531]: DEBUG nova.service [None req-44571cc7-4c0e-4b3a-9aab-39b3ff2c74a1 None None] Join ServiceGroup membership for this service scheduler {{(pid=96531) start /opt/stack/nova/nova/service.py:222}}
Jun 25 20:48:53.425154 np0000003647 nova-scheduler[96531]: DEBUG nova.servicegroup.drivers.db [None req-44571cc7-4c0e-4b3a-9aab-39b3ff2c74a1 None None] DB_Driver: join new ServiceGroup member np0000003647 to the scheduler group, service = {{(pid=96531) join /opt/stack/nova/nova/servicegroup/drivers/db.py:44}}
Jun 25 20:48:53.433842 np0000003647 nova-scheduler[96537]: DEBUG dbcounter [-] [96537] Writer thread running {{(pid=96537) stat_writer /opt/stack/data/venv/lib/python3.12/site-packages/dbcounter.py:102}}
Jun 25 20:48:53.436371 np0000003647 nova-scheduler[96537]: DEBUG nova.service [None req-448cdbff-678a-42da-872f-659987661a4c None None] Creating RPC server for service: nova-scheduler on topic: scheduler {{(pid=96537) start /opt/stack/nova/nova/service.py:196}}
Jun 25 20:48:53.452435 np0000003647 nova-scheduler[96537]: DEBUG nova.service [None req-448cdbff-678a-42da-872f-659987661a4c None None] Join ServiceGroup membership for this service scheduler {{(pid=96537) start /opt/stack/nova/nova/service.py:222}}
Jun 25 20:48:53.452600 np0000003647 nova-scheduler[96537]: DEBUG nova.servicegroup.drivers.db [None req-448cdbff-678a-42da-872f-659987661a4c None None] DB_Driver: join new ServiceGroup member np0000003647 to the scheduler group, service = {{(pid=96537) join /opt/stack/nova/nova/servicegroup/drivers/db.py:44}}
Jun 25 20:48:58.436302 np0000003647 nova-scheduler[96529]: DEBUG oslo.service.backend._threading.loopingcall [-] Fixed interval looping call 'nova.servicegroup.drivers.db.DbDriver._report_state' sleeping for 119.99 seconds {{(pid=96529) _run_loop /opt/stack/data/venv/lib/python3.12/site-packages/oslo_service/backend/_threading/loopingcall.py:125}}
Jun 25 20:48:58.437225 np0000003647 nova-scheduler[96531]: DEBUG oslo.service.backend._threading.loopingcall [-] Fixed interval looping call 'nova.servicegroup.drivers.db.DbDriver._report_state' sleeping for 119.99 seconds {{(pid=96531) _run_loop /opt/stack/data/venv/lib/python3.12/site-packages/oslo_service/backend/_threading/loopingcall.py:125}}
Jun 25 20:48:58.438072 np0000003647 nova-scheduler[96527]: DEBUG oslo.service.backend._threading.loopingcall [-] Fixed interval looping call 'nova.servicegroup.drivers.db.DbDriver._report_state' sleeping for 119.98 seconds {{(pid=96527) _run_loop /opt/stack/data/venv/lib/python3.12/site-packages/oslo_service/backend/_threading/loopingcall.py:125}}
Jun 25 20:48:58.462838 np0000003647 nova-scheduler[96537]: DEBUG oslo.service.backend._threading.loopingcall [-] Fixed interval looping call 'nova.servicegroup.drivers.db.DbDriver._report_state' sleeping for 119.99 seconds {{(pid=96537) _run_loop /opt/stack/data/venv/lib/python3.12/site-packages/oslo_service/backend/_threading/loopingcall.py:125}}
Jun 25 20:49:01.975671 np0000003647 nova-scheduler[95325]: DEBUG dbcounter [-] [95325] Writing DB stats nova_api:SELECT=3 {{(pid=95325) stat_writer /opt/stack/data/venv/lib/python3.12/site-packages/dbcounter.py:115}}
Jun 25 20:49:02.111136 np0000003647 nova-scheduler[95325]: DEBUG dbcounter [-] [95325] Writing DB stats nova_cell0:SELECT=1 {{(pid=95325) stat_writer /opt/stack/data/venv/lib/python3.12/site-packages/dbcounter.py:115}}
Jun 25 20:49:02.113222 np0000003647 nova-scheduler[95325]: DEBUG dbcounter [-] [95325] Writing DB stats nova_cell1:SELECT=1 {{(pid=95325) stat_writer /opt/stack/data/venv/lib/python3.12/site-packages/dbcounter.py:115}}
Jun 25 20:49:07.424720 np0000003647 nova-scheduler[96529]: DEBUG oslo.service.backend._threading.loopingcall [None req-437a9e45-bdac-44d2-9002-0923a970c589 None None] Dynamic interval looping call 'nova.service.Service.periodic_tasks' sleeping for 60.00 seconds {{(pid=96529) _run_loop /opt/stack/data/venv/lib/python3.12/site-packages/oslo_service/backend/_threading/loopingcall.py:125}}
Jun 25 20:49:08.427983 np0000003647 nova-scheduler[96531]: DEBUG oslo.service.backend._threading.loopingcall [None req-beb41711-5e00-4d9a-8523-ff6a2f90f0e7 None None] Dynamic interval looping call 'nova.service.Service.periodic_tasks' sleeping for 60.00 seconds {{(pid=96531) _run_loop /opt/stack/data/venv/lib/python3.12/site-packages/oslo_service/backend/_threading/loopingcall.py:125}}
Jun 25 20:49:08.432116 np0000003647 nova-scheduler[96529]: DEBUG dbcounter [-] [96529] Writing DB stats nova_cell0:SELECT=5,nova_cell0:INSERT=1,nova_cell0:UPDATE=1 {{(pid=96529) stat_writer /opt/stack/data/venv/lib/python3.12/site-packages/dbcounter.py:115}}
Jun 25 20:49:08.432574 np0000003647 nova-scheduler[96531]: DEBUG dbcounter [-] [96531] Writing DB stats nova_cell0:SELECT=4,nova_cell0:INSERT=1,nova_cell0:UPDATE=1 {{(pid=96531) stat_writer /opt/stack/data/venv/lib/python3.12/site-packages/dbcounter.py:115}}
Jun 25 20:49:08.435613 np0000003647 nova-scheduler[96527]: DEBUG dbcounter [-] [96527] Writing DB stats nova_cell0:SELECT=4,nova_cell0:INSERT=1,nova_cell0:UPDATE=1 {{(pid=96527) stat_writer /opt/stack/data/venv/lib/python3.12/site-packages/dbcounter.py:115}}
Jun 25 20:49:08.459866 np0000003647 nova-scheduler[96537]: DEBUG dbcounter [-] [96537] Writing DB stats nova_cell0:SELECT=3 {{(pid=96537) stat_writer /opt/stack/data/venv/lib/python3.12/site-packages/dbcounter.py:115}}
Jun 25 20:49:32.454137 np0000003647 nova-scheduler[96537]: DEBUG oslo.service.backend._threading.loopingcall [None req-89798e1d-3d0d-4447-bae0-531dc5cd9b91 None None] Dynamic interval looping call 'nova.service.Service.periodic_tasks' sleeping for 60.00 seconds {{(pid=96537) _run_loop /opt/stack/data/venv/lib/python3.12/site-packages/oslo_service/backend/_threading/loopingcall.py:125}}
Jun 25 20:49:33.423638 np0000003647 nova-scheduler[96527]: DEBUG oslo.service.backend._threading.loopingcall [None req-d4e6ec9a-e685-4494-908f-236a527f86c9 None None] Dynamic interval looping call 'nova.service.Service.periodic_tasks' sleeping for 60.00 seconds {{(pid=96527) _run_loop /opt/stack/data/venv/lib/python3.12/site-packages/oslo_service/backend/_threading/loopingcall.py:125}}
Jun 25 20:50:07.425263 np0000003647 nova-scheduler[96529]: DEBUG oslo.service.backend._threading.loopingcall [None req-437a9e45-bdac-44d2-9002-0923a970c589 None None] Dynamic interval looping call 'nova.service.Service.periodic_tasks' sleeping for 60.00 seconds {{(pid=96529) _run_loop /opt/stack/data/venv/lib/python3.12/site-packages/oslo_service/backend/_threading/loopingcall.py:125}}
Jun 25 20:50:08.428738 np0000003647 nova-scheduler[96531]: DEBUG oslo.service.backend._threading.loopingcall [None req-beb41711-5e00-4d9a-8523-ff6a2f90f0e7 None None] Dynamic interval looping call 'nova.service.Service.periodic_tasks' sleeping for 60.00 seconds {{(pid=96531) _run_loop /opt/stack/data/venv/lib/python3.12/site-packages/oslo_service/backend/_threading/loopingcall.py:125}}
Jun 25 20:50:32.454630 np0000003647 nova-scheduler[96537]: DEBUG oslo.service.backend._threading.loopingcall [None req-89798e1d-3d0d-4447-bae0-531dc5cd9b91 None None] Dynamic interval looping call 'nova.service.Service.periodic_tasks' sleeping for 60.00 seconds {{(pid=96537) _run_loop /opt/stack/data/venv/lib/python3.12/site-packages/oslo_service/backend/_threading/loopingcall.py:125}}
Jun 25 20:50:33.424128 np0000003647 nova-scheduler[96527]: DEBUG oslo.service.backend._threading.loopingcall [None req-d4e6ec9a-e685-4494-908f-236a527f86c9 None None] Dynamic interval looping call 'nova.service.Service.periodic_tasks' sleeping for 60.00 seconds {{(pid=96527) _run_loop /opt/stack/data/venv/lib/python3.12/site-packages/oslo_service/backend/_threading/loopingcall.py:125}}
Jun 25 20:50:58.433913 np0000003647 nova-scheduler[96527]: DEBUG oslo.service.backend._threading.loopingcall [-] Fixed interval looping call 'nova.servicegroup.drivers.db.DbDriver._report_state' sleeping for 119.98 seconds {{(pid=96527) _run_loop /opt/stack/data/venv/lib/python3.12/site-packages/oslo_service/backend/_threading/loopingcall.py:125}}
Jun 25 20:50:58.434463 np0000003647 nova-scheduler[96529]: DEBUG oslo.service.backend._threading.loopingcall [-] Fixed interval looping call 'nova.servicegroup.drivers.db.DbDriver._report_state' sleeping for 119.99 seconds {{(pid=96529) _run_loop /opt/stack/data/venv/lib/python3.12/site-packages/oslo_service/backend/_threading/loopingcall.py:125}}
Jun 25 20:50:58.435296 np0000003647 nova-scheduler[96531]: DEBUG oslo.service.backend._threading.loopingcall [-] Fixed interval looping call 'nova.servicegroup.drivers.db.DbDriver._report_state' sleeping for 119.99 seconds {{(pid=96531) _run_loop /opt/stack/data/venv/lib/python3.12/site-packages/oslo_service/backend/_threading/loopingcall.py:125}}
Jun 25 20:50:58.456708 np0000003647 nova-scheduler[96537]: DEBUG oslo.service.backend._threading.loopingcall [-] Fixed interval looping call 'nova.servicegroup.drivers.db.DbDriver._report_state' sleeping for 120.00 seconds {{(pid=96537) _run_loop /opt/stack/data/venv/lib/python3.12/site-packages/oslo_service/backend/_threading/loopingcall.py:125}}
Jun 25 20:51:07.425752 np0000003647 nova-scheduler[96529]: DEBUG oslo.service.backend._threading.loopingcall [None req-437a9e45-bdac-44d2-9002-0923a970c589 None None] Dynamic interval looping call 'nova.service.Service.periodic_tasks' sleeping for 60.00 seconds {{(pid=96529) _run_loop /opt/stack/data/venv/lib/python3.12/site-packages/oslo_service/backend/_threading/loopingcall.py:125}}
Jun 25 20:51:08.421397 np0000003647 nova-scheduler[96527]: DEBUG dbcounter [-] [96527] Writing DB stats nova_cell0:SELECT=1,nova_cell0:UPDATE=1 {{(pid=96527) stat_writer /opt/stack/data/venv/lib/python3.12/site-packages/dbcounter.py:115}}
Jun 25 20:51:08.429178 np0000003647 nova-scheduler[96531]: DEBUG oslo.service.backend._threading.loopingcall [None req-beb41711-5e00-4d9a-8523-ff6a2f90f0e7 None None] Dynamic interval looping call 'nova.service.Service.periodic_tasks' sleeping for 60.00 seconds {{(pid=96531) _run_loop /opt/stack/data/venv/lib/python3.12/site-packages/oslo_service/backend/_threading/loopingcall.py:125}}
Jun 25 20:51:08.430632 np0000003647 nova-scheduler[96529]: DEBUG dbcounter [-] [96529] Writing DB stats nova_cell0:SELECT=1,nova_cell0:UPDATE=1 {{(pid=96529) stat_writer /opt/stack/data/venv/lib/python3.12/site-packages/dbcounter.py:115}}
Jun 25 20:51:08.430851 np0000003647 nova-scheduler[96531]: DEBUG dbcounter [-] [96531] Writing DB stats nova_cell0:SELECT=1,nova_cell0:UPDATE=1 {{(pid=96531) stat_writer /opt/stack/data/venv/lib/python3.12/site-packages/dbcounter.py:115}}
Jun 25 20:51:08.454816 np0000003647 nova-scheduler[96537]: DEBUG dbcounter [-] [96537] Writing DB stats nova_cell0:SELECT=1 {{(pid=96537) stat_writer /opt/stack/data/venv/lib/python3.12/site-packages/dbcounter.py:115}}
Jun 25 20:51:32.455126 np0000003647 nova-scheduler[96537]: DEBUG oslo.service.backend._threading.loopingcall [None req-89798e1d-3d0d-4447-bae0-531dc5cd9b91 None None] Dynamic interval looping call 'nova.service.Service.periodic_tasks' sleeping for 60.00 seconds {{(pid=96537) _run_loop /opt/stack/data/venv/lib/python3.12/site-packages/oslo_service/backend/_threading/loopingcall.py:125}}
Jun 25 20:51:33.325948 np0000003647 nova-scheduler[96527]: DEBUG nova.scheduler.manager [None req-69d22462-8dd1-408b-b3f3-1c0279c3daaa tempest-ServerActionsTestOtherA-2128524475 tempest-ServerActionsTestOtherA-2128524475-project-member] Starting to schedule for instances: ['259cfecf-48d1-4ecb-bcb2-2c10601a9d29'] {{(pid=96527) select_destinations /opt/stack/nova/nova/scheduler/manager.py:210}}
Jun 25 20:51:33.326888 np0000003647 nova-scheduler[96527]: DEBUG nova.scheduler.request_filter [None req-69d22462-8dd1-408b-b3f3-1c0279c3daaa tempest-ServerActionsTestOtherA-2128524475 tempest-ServerActionsTestOtherA-2128524475-project-member] compute_status_filter request filter added forbidden trait COMPUTE_STATUS_DISABLED {{(pid=96527) compute_status_filter /opt/stack/nova/nova/scheduler/request_filter.py:253}}
Jun 25 20:51:33.327077 np0000003647 nova-scheduler[96527]: DEBUG nova.scheduler.request_filter [None req-69d22462-8dd1-408b-b3f3-1c0279c3daaa tempest-ServerActionsTestOtherA-2128524475 tempest-ServerActionsTestOtherA-2128524475-project-member] Request filter 'compute_status_filter' took 0.0 seconds {{(pid=96527) wrapper /opt/stack/nova/nova/scheduler/request_filter.py:46}}
Jun 25 20:51:33.327365 np0000003647 nova-scheduler[96527]: DEBUG nova.scheduler.request_filter [None req-69d22462-8dd1-408b-b3f3-1c0279c3daaa tempest-ServerActionsTestOtherA-2128524475 tempest-ServerActionsTestOtherA-2128524475-project-member] Request filter 'accelerators_filter' took 0.0 seconds {{(pid=96527) wrapper /opt/stack/nova/nova/scheduler/request_filter.py:46}}
Jun 25 20:51:33.327684 np0000003647 nova-scheduler[96527]: DEBUG nova.scheduler.request_filter [None req-69d22462-8dd1-408b-b3f3-1c0279c3daaa tempest-ServerActionsTestOtherA-2128524475 tempest-ServerActionsTestOtherA-2128524475-project-member] Request filter 'packed_virtqueue_filter' took 0.0 seconds {{(pid=96527) wrapper /opt/stack/nova/nova/scheduler/request_filter.py:46}}
Jun 25 20:51:33.328073 np0000003647 nova-scheduler[96527]: DEBUG nova.scheduler.request_filter [None req-69d22462-8dd1-408b-b3f3-1c0279c3daaa tempest-ServerActionsTestOtherA-2128524475 tempest-ServerActionsTestOtherA-2128524475-project-member] Request filter 'remote_managed_ports_filter' took 0.0 seconds {{(pid=96527) wrapper /opt/stack/nova/nova/scheduler/request_filter.py:46}}
Jun 25 20:51:33.328299 np0000003647 nova-scheduler[96527]: DEBUG nova.scheduler.request_filter [None req-69d22462-8dd1-408b-b3f3-1c0279c3daaa tempest-ServerActionsTestOtherA-2128524475 tempest-ServerActionsTestOtherA-2128524475-project-member] ephemeral_encryption_filter skipped {{(pid=96527) ephemeral_encryption_filter /opt/stack/nova/nova/scheduler/request_filter.py:426}}
Jun 25 20:51:33.329340 np0000003647 nova-scheduler[96527]: DEBUG nova.scheduler.request_filter [None req-69d22462-8dd1-408b-b3f3-1c0279c3daaa tempest-ServerActionsTestOtherA-2128524475 tempest-ServerActionsTestOtherA-2128524475-project-member] virtio_sound_filter skipped {{(pid=96527) virtio_sound_filter /opt/stack/nova/nova/scheduler/request_filter.py:460}}
Jun 25 20:51:33.329592 np0000003647 nova-scheduler[96527]: DEBUG nova.scheduler.request_filter [None req-69d22462-8dd1-408b-b3f3-1c0279c3daaa tempest-ServerActionsTestOtherA-2128524475 tempest-ServerActionsTestOtherA-2128524475-project-member] tpm_secret_security_filter skipped {{(pid=96527) tpm_secret_security_filter /opt/stack/nova/nova/scheduler/request_filter.py:477}}
Jun 25 20:51:33.425558 np0000003647 nova-scheduler[96527]: DEBUG oslo.service.backend._threading.loopingcall [None req-d4e6ec9a-e685-4494-908f-236a527f86c9 None None] Dynamic interval looping call 'nova.service.Service.periodic_tasks' sleeping for 60.00 seconds {{(pid=96527) _run_loop /opt/stack/data/venv/lib/python3.12/site-packages/oslo_service/backend/_threading/loopingcall.py:125}}
Jun 25 20:51:33.925680 np0000003647 nova-scheduler[96527]: INFO nova.utils [None req-69d22462-8dd1-408b-b3f3-1c0279c3daaa tempest-ServerActionsTestOtherA-2128524475 tempest-ServerActionsTestOtherA-2128524475-project-member] The cell worker thread pool ForkProcess-1.cell_worker is initialized
Jun 25 20:51:33.926079 np0000003647 nova-scheduler[96527]: DEBUG oslo_concurrency.lockutils [None req-69d22462-8dd1-408b-b3f3-1c0279c3daaa tempest-ServerActionsTestOtherA-2128524475 tempest-ServerActionsTestOtherA-2128524475-project-member] Acquiring lock "54260487-f931-45ea-9f55-bd4ad3438887" by "nova.context.set_target_cell..get_or_set_cached_cell_and_set_connections" {{(pid=96527) inner /opt/stack/data/venv/lib/python3.12/site-packages/oslo_concurrency/lockutils.py:511}}
Jun 25 20:51:33.926147 np0000003647 nova-scheduler[96527]: DEBUG oslo_concurrency.lockutils [None req-69d22462-8dd1-408b-b3f3-1c0279c3daaa tempest-ServerActionsTestOtherA-2128524475 tempest-ServerActionsTestOtherA-2128524475-project-member] Lock "54260487-f931-45ea-9f55-bd4ad3438887" acquired by "nova.context.set_target_cell..get_or_set_cached_cell_and_set_connections" :: waited 0.000s {{(pid=96527) inner /opt/stack/data/venv/lib/python3.12/site-packages/oslo_concurrency/lockutils.py:524}}
Jun 25 20:51:33.927606 np0000003647 nova-scheduler[96527]: DEBUG oslo_concurrency.lockutils [None req-69d22462-8dd1-408b-b3f3-1c0279c3daaa tempest-ServerActionsTestOtherA-2128524475 tempest-ServerActionsTestOtherA-2128524475-project-member] Lock "54260487-f931-45ea-9f55-bd4ad3438887" "released" by "nova.context.set_target_cell..get_or_set_cached_cell_and_set_connections" :: held 0.001s {{(pid=96527) inner /opt/stack/data/venv/lib/python3.12/site-packages/oslo_concurrency/lockutils.py:543}}
Jun 25 20:51:33.929620 np0000003647 nova-scheduler[96527]: INFO dbcounter [None req-69d22462-8dd1-408b-b3f3-1c0279c3daaa tempest-ServerActionsTestOtherA-2128524475 tempest-ServerActionsTestOtherA-2128524475-project-member] Registered counter for database nova_cell1
Jun 25 20:51:33.979626 np0000003647 nova-scheduler[96527]: DEBUG oslo_db.sqlalchemy.engines [None req-69d22462-8dd1-408b-b3f3-1c0279c3daaa tempest-ServerActionsTestOtherA-2128524475 tempest-ServerActionsTestOtherA-2128524475-project-member] MySQL server mode set to STRICT_TRANS_TABLES,STRICT_ALL_TABLES,NO_ZERO_IN_DATE,NO_ZERO_DATE,ERROR_FOR_DIVISION_BY_ZERO,TRADITIONAL,NO_ENGINE_SUBSTITUTION {{(pid=96527) _check_effective_sql_mode /opt/stack/data/venv/lib/python3.12/site-packages/oslo_db/sqlalchemy/engines.py:325}}
Jun 25 20:51:33.985813 np0000003647 nova-scheduler[96527]: DEBUG dbcounter [-] [96527] Writer thread running {{(pid=96527) stat_writer /opt/stack/data/venv/lib/python3.12/site-packages/dbcounter.py:102}}
Jun 25 20:51:34.006093 np0000003647 nova-scheduler[96527]: DEBUG oslo_db.sqlalchemy.engines [None req-69d22462-8dd1-408b-b3f3-1c0279c3daaa tempest-ServerActionsTestOtherA-2128524475 tempest-ServerActionsTestOtherA-2128524475-project-member] Parent process 95325 forked (96527) with an open database connection, which is being discarded and recreated. {{(pid=96527) checkout /opt/stack/data/venv/lib/python3.12/site-packages/oslo_db/sqlalchemy/engines.py:402}}
Jun 25 20:51:34.056896 np0000003647 nova-scheduler[96527]: DEBUG dbcounter [-] [96527] Writer thread running {{(pid=96527) stat_writer /opt/stack/data/venv/lib/python3.12/site-packages/dbcounter.py:102}}
Jun 25 20:51:34.060068 np0000003647 nova-scheduler[96527]: DEBUG oslo_concurrency.lockutils [None req-69d22462-8dd1-408b-b3f3-1c0279c3daaa tempest-ServerActionsTestOtherA-2128524475 tempest-ServerActionsTestOtherA-2128524475-project-member] Acquiring lock "54260487-f931-45ea-9f55-bd4ad3438887" by "nova.context.set_target_cell..get_or_set_cached_cell_and_set_connections" {{(pid=96527) inner /opt/stack/data/venv/lib/python3.12/site-packages/oslo_concurrency/lockutils.py:511}}
Jun 25 20:51:34.060068 np0000003647 nova-scheduler[96527]: DEBUG oslo_concurrency.lockutils [None req-69d22462-8dd1-408b-b3f3-1c0279c3daaa tempest-ServerActionsTestOtherA-2128524475 tempest-ServerActionsTestOtherA-2128524475-project-member] Lock "54260487-f931-45ea-9f55-bd4ad3438887" acquired by "nova.context.set_target_cell..get_or_set_cached_cell_and_set_connections" :: waited 0.000s {{(pid=96527) inner /opt/stack/data/venv/lib/python3.12/site-packages/oslo_concurrency/lockutils.py:524}}
Jun 25 20:51:34.060068 np0000003647 nova-scheduler[96527]: DEBUG oslo_concurrency.lockutils [None req-69d22462-8dd1-408b-b3f3-1c0279c3daaa tempest-ServerActionsTestOtherA-2128524475 tempest-ServerActionsTestOtherA-2128524475-project-member] Lock "54260487-f931-45ea-9f55-bd4ad3438887" "released" by "nova.context.set_target_cell..get_or_set_cached_cell_and_set_connections" :: held 0.000s {{(pid=96527) inner /opt/stack/data/venv/lib/python3.12/site-packages/oslo_concurrency/lockutils.py:543}}
Jun 25 20:51:34.062457 np0000003647 nova-scheduler[96527]: DEBUG oslo_concurrency.lockutils [None req-69d22462-8dd1-408b-b3f3-1c0279c3daaa tempest-ServerActionsTestOtherA-2128524475 tempest-ServerActionsTestOtherA-2128524475-project-member] Acquiring lock "('np0000003647', 'np0000003647')" by "nova.scheduler.host_manager.HostState.update.._locked_update" {{(pid=96527) inner /opt/stack/data/venv/lib/python3.12/site-packages/oslo_concurrency/lockutils.py:511}}
Jun 25 20:51:34.062619 np0000003647 nova-scheduler[96527]: DEBUG oslo_concurrency.lockutils [None req-69d22462-8dd1-408b-b3f3-1c0279c3daaa tempest-ServerActionsTestOtherA-2128524475 tempest-ServerActionsTestOtherA-2128524475-project-member] Lock "('np0000003647', 'np0000003647')" acquired by "nova.scheduler.host_manager.HostState.update.._locked_update" :: waited 0.000s {{(pid=96527) inner /opt/stack/data/venv/lib/python3.12/site-packages/oslo_concurrency/lockutils.py:524}}
Jun 25 20:51:34.063837 np0000003647 nova-scheduler[96527]: DEBUG nova.scheduler.host_manager [None req-69d22462-8dd1-408b-b3f3-1c0279c3daaa tempest-ServerActionsTestOtherA-2128524475 tempest-ServerActionsTestOtherA-2128524475-project-member] Update host state from compute node: ComputeNode(cpu_allocation_ratio=4.0,cpu_info='{"arch": "x86_64", "model": "EPYC-Milan", "vendor": "AMD", "topology": {"cells": 1, "sockets": 16, "cores": 1, "threads": 1}, "maxphysaddr": {"mode": "emulate", "bits": 40}, "features": ["vpclmulqdq", "ssbd", "flushbyasid", "invpcid", "nrip-save", "pni", "x2apic", "aes", "bmi1", "mmx", "null-sel-clr-base", "de", "spec-ctrl", "stibp", "arat", "vmcb-clean", "tsc", "apic", "ibrs", "sep", "tsc_adjust", "sse4a", "abm", "cx8", "misalignsse", "perfctr_core", "vgif", "rdseed", "f16c", "rdtscp", "skip-l1dfl-vmentry", "xsavec", "clzero", "bmi2", "erms", "rdpid", "xsaveerptr", "fpu", "nx", "3dnowprefetch", "rdrand", "osvw", "sha-ni", "wbnoinvd", "avx2", "npt", "movbe", "msr", "cmp_legacy", "sse2", "amd-ssbd", "smep", "amd-psfd", "ibpb", "adx", "amd-stibp", "svme-addr-chk", "clflush", "mce", "vme", "syscall", "gds-no", "lm", "clwb", "pse36", "pse", "pclmuldq", "mmxext", "mtrr", "ssse3", "svm", "pschange-mc-no", "cr8legacy", "cx16", "pdpe1gb", "pcid", "sse", "mds-no", "popcnt", "xsaves", "arch-capabilities", "pause-filter", "sse4.2", "topoext", "umip", "xgetbv1", "pku", "avx", "cmov", "fsrm", "lfence-always-serializing", "pfthreshold", "xsaveopt", "mca", "lbrv", "sse4.1", "no-nested-data-bp", "vaes", "smap", "hypervisor", "xsave", "fxsr_opt", "fsgsbase", "stibp-always-on", "rdctl-no", "tsc-deadline", "tsc-scale", "virt-ssbd", "fma", "pat", "v-vmsave-vmload", "pge", "lahf_lm", "pae", "clflushopt", "fxsr"]}',created_at=2026-06-25T20:49:18Z,current_workload=0,deleted=False,deleted_at=None,disk_allocation_ratio=1.0,disk_available_least=74,free_disk_gb=95,free_ram_mb=63789,host='np0000003647',host_ip=10.4.3.242,hypervisor_hostname='np0000003647',hypervisor_type='QEMU',hypervisor_version=8002002,id=1,local_gb=95,local_gb_used=0,mapped=1,memory_mb=64301,memory_mb_used=512,metrics='[]',numa_topology='{"nova_object.name": "NUMATopology", "nova_object.namespace": "nova", "nova_object.version": "1.2", "nova_object.data": {"cells": [{"nova_object.name": "NUMACell", "nova_object.namespace": "nova", "nova_object.version": "1.5", "nova_object.data": {"id": 0, "cpuset": [0, 1, 2, 3, 4, 5, 6, 7, 8, 9, 10, 11, 12, 13, 14, 15], "pcpuset": [0, 1, 2, 3, 4, 5, 6, 7, 8, 9, 10, 11, 12, 13, 14, 15], "memory": 64301, "cpu_usage": 0, "memory_usage": 0, "pinned_cpus": [], "siblings": [[6], [12], [2], [15], [5], [11], [8], [14], [4], [1], [7], [10], [0], [13], [3], [9]], "mempages": [{"nova_object.name": "NUMAPagesTopology", "nova_object.namespace": "nova", "nova_object.version": "1.1", "nova_object.data": {"size_kb": 4, "total": 16461069, "used": 0, "reserved": 0}, "nova_object.changes": ["size_kb", "total", "used", "reserved"]}, {"nova_object.name": "NUMAPagesTopology", "nova_object.namespace": "nova", "nova_object.version": "1.1", "nova_object.data": {"size_kb": 2048, "total": 0, "used": 0, "reserved": 0}, "nova_object.changes": ["size_kb", "total", "used", "reserved"]}, {"nova_object.name": "NUMAPagesTopology", "nova_object.namespace": "nova", "nova_object.version": "1.1", "nova_object.data": {"size_kb": 1048576, "total": 0, "used": 0, "reserved": 0}, "nova_object.changes": ["size_kb", "total", "used", "reserved"]}], "network_metadata": {"nova_object.name": "NetworkMetadata", "nova_object.namespace": "nova", "nova_object.version": "1.0", "nova_object.data": {"physnets": [], "tunneled": false}, "nova_object.changes": ["tunneled", "physnets"]}, "socket": null}, "nova_object.changes": ["cpuset", "memory", "pcpuset", "socket", "network_metadata", "id", "siblings", "pinned_cpus", "cpu_usage", "memory_usage", "mempages"]}]}, "nova_object.changes": ["cells"]}',pci_device_pools=PciDevicePoolList,ram_allocation_ratio=1.0,running_vms=0,service_id=3,stats={failed_builds='0',uptime=' 20:51:04 up 26 min, 2 users, load average: 1.58, 1.78, 1.01
