Jun 25 20:48:58.588475 np0000003647 nova-conductor[98961]: DEBUG cotyledon.oslo_config_glue [-] profiler.filter_error_trace = False {{(pid=98961) log_opt_values /opt/stack/data/venv/lib/python3.12/site-packages/oslo_config/cfg.py:3253}}
Jun 25 20:48:58.588475 np0000003647 nova-conductor[98961]: DEBUG cotyledon.oslo_config_glue [-] profiler.hmac_keys = **** {{(pid=98961) log_opt_values /opt/stack/data/venv/lib/python3.12/site-packages/oslo_config/cfg.py:3253}}
Jun 25 20:48:58.588475 np0000003647 nova-conductor[98961]: DEBUG cotyledon.oslo_config_glue [-] profiler.sentinel_service_name = mymaster {{(pid=98961) log_opt_values /opt/stack/data/venv/lib/python3.12/site-packages/oslo_config/cfg.py:3253}}
Jun 25 20:48:58.588475 np0000003647 nova-conductor[98961]: DEBUG cotyledon.oslo_config_glue [-] profiler.socket_timeout = 0.1 {{(pid=98961) log_opt_values /opt/stack/data/venv/lib/python3.12/site-packages/oslo_config/cfg.py:3253}}
Jun 25 20:48:58.588943 np0000003647 nova-conductor[98961]: DEBUG cotyledon.oslo_config_glue [-] profiler.trace_requests = False {{(pid=98961) log_opt_values /opt/stack/data/venv/lib/python3.12/site-packages/oslo_config/cfg.py:3253}}
Jun 25 20:48:58.588943 np0000003647 nova-conductor[98961]: DEBUG cotyledon.oslo_config_glue [-] profiler.trace_sqlalchemy = False {{(pid=98961) log_opt_values /opt/stack/data/venv/lib/python3.12/site-packages/oslo_config/cfg.py:3253}}
Jun 25 20:48:58.588943 np0000003647 nova-conductor[98961]: DEBUG cotyledon.oslo_config_glue [-] profiler_jaeger.process_tags = {} {{(pid=98961) log_opt_values /opt/stack/data/venv/lib/python3.12/site-packages/oslo_config/cfg.py:3253}}
Jun 25 20:48:58.588943 np0000003647 nova-conductor[98961]: DEBUG cotyledon.oslo_config_glue [-] profiler_jaeger.service_name_prefix = None {{(pid=98961) log_opt_values /opt/stack/data/venv/lib/python3.12/site-packages/oslo_config/cfg.py:3253}}
Jun 25 20:48:58.588943 np0000003647 nova-conductor[98961]: DEBUG cotyledon.oslo_config_glue [-] profiler_otlp.service_name_prefix = None {{(pid=98961) log_opt_values /opt/stack/data/venv/lib/python3.12/site-packages/oslo_config/cfg.py:3253}}
Jun 25 20:48:58.588943 np0000003647 nova-conductor[98961]: DEBUG cotyledon.oslo_config_glue [-] oslo_messaging_rabbit.amqp_auto_delete = False {{(pid=98961) log_opt_values /opt/stack/data/venv/lib/python3.12/site-packages/oslo_config/cfg.py:3253}}
Jun 25 20:48:58.588943 np0000003647 nova-conductor[98961]: DEBUG cotyledon.oslo_config_glue [-] oslo_messaging_rabbit.amqp_durable_queues = False {{(pid=98961) log_opt_values /opt/stack/data/venv/lib/python3.12/site-packages/oslo_config/cfg.py:3253}}
Jun 25 20:48:58.588943 np0000003647 nova-conductor[98961]: DEBUG cotyledon.oslo_config_glue [-] oslo_messaging_rabbit.conn_pool_min_size = 2 {{(pid=98961) log_opt_values /opt/stack/data/venv/lib/python3.12/site-packages/oslo_config/cfg.py:3253}}
Jun 25 20:48:58.588943 np0000003647 nova-conductor[98961]: DEBUG cotyledon.oslo_config_glue [-] oslo_messaging_rabbit.conn_pool_ttl = 1200 {{(pid=98961) log_opt_values /opt/stack/data/venv/lib/python3.12/site-packages/oslo_config/cfg.py:3253}}
Jun 25 20:48:58.589127 np0000003647 nova-conductor[98961]: DEBUG cotyledon.oslo_config_glue [-] oslo_messaging_rabbit.direct_mandatory_flag = True {{(pid=98961) log_opt_values /opt/stack/data/venv/lib/python3.12/site-packages/oslo_config/cfg.py:3253}}
Jun 25 20:48:58.589127 np0000003647 nova-conductor[98961]: DEBUG cotyledon.oslo_config_glue [-] oslo_messaging_rabbit.enable_cancel_on_failover = False {{(pid=98961) log_opt_values /opt/stack/data/venv/lib/python3.12/site-packages/oslo_config/cfg.py:3253}}
Jun 25 20:48:58.589127 np0000003647 nova-conductor[98961]: DEBUG cotyledon.oslo_config_glue [-] oslo_messaging_rabbit.heartbeat_rate = 3 {{(pid=98961) log_opt_values /opt/stack/data/venv/lib/python3.12/site-packages/oslo_config/cfg.py:3253}}
Jun 25 20:48:58.589127 np0000003647 nova-conductor[98961]: DEBUG cotyledon.oslo_config_glue [-] oslo_messaging_rabbit.heartbeat_timeout_threshold = 60 {{(pid=98961) log_opt_values /opt/stack/data/venv/lib/python3.12/site-packages/oslo_config/cfg.py:3253}}
Jun 25 20:48:58.589127 np0000003647 nova-conductor[98961]: DEBUG cotyledon.oslo_config_glue [-] oslo_messaging_rabbit.hostname = np0000003647 {{(pid=98961) log_opt_values /opt/stack/data/venv/lib/python3.12/site-packages/oslo_config/cfg.py:3253}}
Jun 25 20:48:58.589127 np0000003647 nova-conductor[98961]: DEBUG cotyledon.oslo_config_glue [-] oslo_messaging_rabbit.kombu_compression = None {{(pid=98961) log_opt_values /opt/stack/data/venv/lib/python3.12/site-packages/oslo_config/cfg.py:3253}}
Jun 25 20:48:58.589127 np0000003647 nova-conductor[98961]: DEBUG cotyledon.oslo_config_glue [-] oslo_messaging_rabbit.kombu_failover_strategy = round-robin {{(pid=98961) log_opt_values /opt/stack/data/venv/lib/python3.12/site-packages/oslo_config/cfg.py:3253}}
Jun 25 20:48:58.589127 np0000003647 nova-conductor[98961]: DEBUG cotyledon.oslo_config_glue [-] oslo_messaging_rabbit.kombu_missing_consumer_retry_timeout = 60 {{(pid=98961) log_opt_values /opt/stack/data/venv/lib/python3.12/site-packages/oslo_config/cfg.py:3253}}
Jun 25 20:48:58.589127 np0000003647 nova-conductor[98961]: DEBUG cotyledon.oslo_config_glue [-] oslo_messaging_rabbit.kombu_reconnect_delay = 1.0 {{(pid=98961) log_opt_values /opt/stack/data/venv/lib/python3.12/site-packages/oslo_config/cfg.py:3253}}
Jun 25 20:48:58.589309 np0000003647 nova-conductor[98961]: DEBUG cotyledon.oslo_config_glue [-] oslo_messaging_rabbit.kombu_reconnect_splay = 0.0 {{(pid=98961) log_opt_values /opt/stack/data/venv/lib/python3.12/site-packages/oslo_config/cfg.py:3253}}
Jun 25 20:48:58.589309 np0000003647 nova-conductor[98961]: DEBUG cotyledon.oslo_config_glue [-] oslo_messaging_rabbit.processname = nova-conductor {{(pid=98961) log_opt_values /opt/stack/data/venv/lib/python3.12/site-packages/oslo_config/cfg.py:3253}}
Jun 25 20:48:58.589309 np0000003647 nova-conductor[98961]: DEBUG cotyledon.oslo_config_glue [-] oslo_messaging_rabbit.rabbit_ha_queues = False {{(pid=98961) log_opt_values /opt/stack/data/venv/lib/python3.12/site-packages/oslo_config/cfg.py:3253}}
Jun 25 20:48:58.589309 np0000003647 nova-conductor[98961]: DEBUG cotyledon.oslo_config_glue [-] oslo_messaging_rabbit.rabbit_interval_max = 30 {{(pid=98961) log_opt_values /opt/stack/data/venv/lib/python3.12/site-packages/oslo_config/cfg.py:3253}}
Jun 25 20:48:58.589309 np0000003647 nova-conductor[98961]: DEBUG cotyledon.oslo_config_glue [-] oslo_messaging_rabbit.rabbit_login_method = AMQPLAIN {{(pid=98961) log_opt_values /opt/stack/data/venv/lib/python3.12/site-packages/oslo_config/cfg.py:3253}}
Jun 25 20:48:58.589309 np0000003647 nova-conductor[98961]: DEBUG cotyledon.oslo_config_glue [-] oslo_messaging_rabbit.rabbit_qos_prefetch_count = 0 {{(pid=98961) log_opt_values /opt/stack/data/venv/lib/python3.12/site-packages/oslo_config/cfg.py:3253}}
Jun 25 20:48:58.589309 np0000003647 nova-conductor[98961]: DEBUG cotyledon.oslo_config_glue [-] oslo_messaging_rabbit.rabbit_quorum_delivery_limit = 0 {{(pid=98961) log_opt_values /opt/stack/data/venv/lib/python3.12/site-packages/oslo_config/cfg.py:3253}}
Jun 25 20:48:58.589309 np0000003647 nova-conductor[98961]: DEBUG cotyledon.oslo_config_glue [-] oslo_messaging_rabbit.rabbit_quorum_max_memory_bytes = 0 {{(pid=98961) log_opt_values /opt/stack/data/venv/lib/python3.12/site-packages/oslo_config/cfg.py:3253}}
Jun 25 20:48:58.589309 np0000003647 nova-conductor[98961]: DEBUG cotyledon.oslo_config_glue [-] oslo_messaging_rabbit.rabbit_quorum_max_memory_length = 0 {{(pid=98961) log_opt_values /opt/stack/data/venv/lib/python3.12/site-packages/oslo_config/cfg.py:3253}}
Jun 25 20:48:58.589504 np0000003647 nova-conductor[98961]: DEBUG cotyledon.oslo_config_glue [-] oslo_messaging_rabbit.rabbit_quorum_queue = False {{(pid=98961) log_opt_values /opt/stack/data/venv/lib/python3.12/site-packages/oslo_config/cfg.py:3253}}
Jun 25 20:48:58.589504 np0000003647 nova-conductor[98961]: DEBUG cotyledon.oslo_config_glue [-] oslo_messaging_rabbit.rabbit_retry_backoff = 2 {{(pid=98961) log_opt_values /opt/stack/data/venv/lib/python3.12/site-packages/oslo_config/cfg.py:3253}}
Jun 25 20:48:58.589504 np0000003647 nova-conductor[98961]: DEBUG cotyledon.oslo_config_glue [-] oslo_messaging_rabbit.rabbit_retry_interval = 1 {{(pid=98961) log_opt_values /opt/stack/data/venv/lib/python3.12/site-packages/oslo_config/cfg.py:3253}}
Jun 25 20:48:58.589504 np0000003647 nova-conductor[98961]: DEBUG cotyledon.oslo_config_glue [-] oslo_messaging_rabbit.rabbit_stream_fanout = False {{(pid=98961) log_opt_values /opt/stack/data/venv/lib/python3.12/site-packages/oslo_config/cfg.py:3253}}
Jun 25 20:48:58.589504 np0000003647 nova-conductor[98961]: DEBUG cotyledon.oslo_config_glue [-] oslo_messaging_rabbit.rabbit_transient_queues_ttl = 1800 {{(pid=98961) log_opt_values /opt/stack/data/venv/lib/python3.12/site-packages/oslo_config/cfg.py:3253}}
Jun 25 20:48:58.589504 np0000003647 nova-conductor[98961]: DEBUG cotyledon.oslo_config_glue [-] oslo_messaging_rabbit.rabbit_transient_quorum_queue = False {{(pid=98961) log_opt_values /opt/stack/data/venv/lib/python3.12/site-packages/oslo_config/cfg.py:3253}}
Jun 25 20:48:58.589504 np0000003647 nova-conductor[98961]: DEBUG cotyledon.oslo_config_glue [-] oslo_messaging_rabbit.rpc_conn_pool_size = 30 {{(pid=98961) log_opt_values /opt/stack/data/venv/lib/python3.12/site-packages/oslo_config/cfg.py:3253}}
Jun 25 20:48:58.589504 np0000003647 nova-conductor[98961]: DEBUG cotyledon.oslo_config_glue [-] oslo_messaging_rabbit.ssl = False {{(pid=98961) log_opt_values /opt/stack/data/venv/lib/python3.12/site-packages/oslo_config/cfg.py:3253}}
Jun 25 20:48:58.589504 np0000003647 nova-conductor[98961]: DEBUG cotyledon.oslo_config_glue [-] oslo_messaging_rabbit.ssl_ca_file = {{(pid=98961) log_opt_values /opt/stack/data/venv/lib/python3.12/site-packages/oslo_config/cfg.py:3253}}
Jun 25 20:48:58.589701 np0000003647 nova-conductor[98961]: DEBUG cotyledon.oslo_config_glue [-] oslo_messaging_rabbit.ssl_cert_file = {{(pid=98961) log_opt_values /opt/stack/data/venv/lib/python3.12/site-packages/oslo_config/cfg.py:3253}}
Jun 25 20:48:58.589701 np0000003647 nova-conductor[98961]: DEBUG cotyledon.oslo_config_glue [-] oslo_messaging_rabbit.ssl_enforce_fips_mode = False {{(pid=98961) log_opt_values /opt/stack/data/venv/lib/python3.12/site-packages/oslo_config/cfg.py:3253}}
Jun 25 20:48:58.589701 np0000003647 nova-conductor[98961]: DEBUG cotyledon.oslo_config_glue [-] oslo_messaging_rabbit.ssl_enforce_hostname_verification = True {{(pid=98961) log_opt_values /opt/stack/data/venv/lib/python3.12/site-packages/oslo_config/cfg.py:3253}}
Jun 25 20:48:58.589701 np0000003647 nova-conductor[98961]: DEBUG cotyledon.oslo_config_glue [-] oslo_messaging_rabbit.ssl_key_file = {{(pid=98961) log_opt_values /opt/stack/data/venv/lib/python3.12/site-packages/oslo_config/cfg.py:3253}}
Jun 25 20:48:58.589701 np0000003647 nova-conductor[98961]: DEBUG cotyledon.oslo_config_glue [-] oslo_messaging_rabbit.ssl_version = {{(pid=98961) log_opt_values /opt/stack/data/venv/lib/python3.12/site-packages/oslo_config/cfg.py:3253}}
Jun 25 20:48:58.589701 np0000003647 nova-conductor[98961]: DEBUG cotyledon.oslo_config_glue [-] oslo_messaging_rabbit.use_queue_manager = False {{(pid=98961) log_opt_values /opt/stack/data/venv/lib/python3.12/site-packages/oslo_config/cfg.py:3253}}
Jun 25 20:48:58.589701 np0000003647 nova-conductor[98961]: DEBUG cotyledon.oslo_config_glue [-] oslo_messaging_notifications.driver = ['messagingv2'] {{(pid=98961) log_opt_values /opt/stack/data/venv/lib/python3.12/site-packages/oslo_config/cfg.py:3253}}
Jun 25 20:48:58.589701 np0000003647 nova-conductor[98961]: DEBUG cotyledon.oslo_config_glue [-] oslo_messaging_notifications.retry = -1 {{(pid=98961) log_opt_values /opt/stack/data/venv/lib/python3.12/site-packages/oslo_config/cfg.py:3253}}
Jun 25 20:48:58.589701 np0000003647 nova-conductor[98961]: DEBUG cotyledon.oslo_config_glue [-] oslo_messaging_notifications.topics = ['notifications'] {{(pid=98961) log_opt_values /opt/stack/data/venv/lib/python3.12/site-packages/oslo_config/cfg.py:3253}}
Jun 25 20:48:58.589862 np0000003647 nova-conductor[98961]: DEBUG cotyledon.oslo_config_glue [-] oslo_messaging_notifications.transport_url = **** {{(pid=98961) log_opt_values /opt/stack/data/venv/lib/python3.12/site-packages/oslo_config/cfg.py:3253}}
Jun 25 20:48:58.589862 np0000003647 nova-conductor[98961]: DEBUG cotyledon.oslo_config_glue [-] oslo_limit.auth_section = None {{(pid=98961) log_opt_values /opt/stack/data/venv/lib/python3.12/site-packages/oslo_config/cfg.py:3253}}
Jun 25 20:48:58.589862 np0000003647 nova-conductor[98961]: DEBUG cotyledon.oslo_config_glue [-] oslo_limit.auth_type = None {{(pid=98961) log_opt_values /opt/stack/data/venv/lib/python3.12/site-packages/oslo_config/cfg.py:3253}}
Jun 25 20:48:58.589862 np0000003647 nova-conductor[98961]: DEBUG cotyledon.oslo_config_glue [-] oslo_limit.cafile = None {{(pid=98961) log_opt_values /opt/stack/data/venv/lib/python3.12/site-packages/oslo_config/cfg.py:3253}}
Jun 25 20:48:58.589862 np0000003647 nova-conductor[98961]: DEBUG cotyledon.oslo_config_glue [-] oslo_limit.certfile = None {{(pid=98961) log_opt_values /opt/stack/data/venv/lib/python3.12/site-packages/oslo_config/cfg.py:3253}}
Jun 25 20:48:58.589862 np0000003647 nova-conductor[98961]: DEBUG cotyledon.oslo_config_glue [-] oslo_limit.collect_timing = False {{(pid=98961) log_opt_values /opt/stack/data/venv/lib/python3.12/site-packages/oslo_config/cfg.py:3253}}
Jun 25 20:48:58.589862 np0000003647 nova-conductor[98961]: DEBUG cotyledon.oslo_config_glue [-] oslo_limit.connect_retries = None {{(pid=98961) log_opt_values /opt/stack/data/venv/lib/python3.12/site-packages/oslo_config/cfg.py:3253}}
Jun 25 20:48:58.589862 np0000003647 nova-conductor[98961]: DEBUG cotyledon.oslo_config_glue [-] oslo_limit.connect_retry_delay = None {{(pid=98961) log_opt_values /opt/stack/data/venv/lib/python3.12/site-packages/oslo_config/cfg.py:3253}}
Jun 25 20:48:58.589862 np0000003647 nova-conductor[98961]: DEBUG cotyledon.oslo_config_glue [-] oslo_limit.endpoint_id = None {{(pid=98961) log_opt_values /opt/stack/data/venv/lib/python3.12/site-packages/oslo_config/cfg.py:3253}}
Jun 25 20:48:58.590023 np0000003647 nova-conductor[98961]: DEBUG cotyledon.oslo_config_glue [-] oslo_limit.endpoint_interface = public {{(pid=98961) log_opt_values /opt/stack/data/venv/lib/python3.12/site-packages/oslo_config/cfg.py:3253}}
Jun 25 20:48:58.590023 np0000003647 nova-conductor[98961]: DEBUG cotyledon.oslo_config_glue [-] oslo_limit.endpoint_override = None {{(pid=98961) log_opt_values /opt/stack/data/venv/lib/python3.12/site-packages/oslo_config/cfg.py:3253}}
Jun 25 20:48:58.590023 np0000003647 nova-conductor[98961]: DEBUG cotyledon.oslo_config_glue [-] oslo_limit.endpoint_region_name = None {{(pid=98961) log_opt_values /opt/stack/data/venv/lib/python3.12/site-packages/oslo_config/cfg.py:3253}}
Jun 25 20:48:58.590023 np0000003647 nova-conductor[98961]: DEBUG cotyledon.oslo_config_glue [-] oslo_limit.endpoint_service_name = None {{(pid=98961) log_opt_values /opt/stack/data/venv/lib/python3.12/site-packages/oslo_config/cfg.py:3253}}
Jun 25 20:48:58.590023 np0000003647 nova-conductor[98961]: DEBUG cotyledon.oslo_config_glue [-] oslo_limit.endpoint_service_type = None {{(pid=98961) log_opt_values /opt/stack/data/venv/lib/python3.12/site-packages/oslo_config/cfg.py:3253}}
Jun 25 20:48:58.590023 np0000003647 nova-conductor[98961]: DEBUG cotyledon.oslo_config_glue [-] oslo_limit.insecure = False {{(pid=98961) log_opt_values /opt/stack/data/venv/lib/python3.12/site-packages/oslo_config/cfg.py:3253}}
Jun 25 20:48:58.590023 np0000003647 nova-conductor[98961]: DEBUG cotyledon.oslo_config_glue [-] oslo_limit.keyfile = None {{(pid=98961) log_opt_values /opt/stack/data/venv/lib/python3.12/site-packages/oslo_config/cfg.py:3253}}
Jun 25 20:48:58.590023 np0000003647 nova-conductor[98961]: DEBUG cotyledon.oslo_config_glue [-] oslo_limit.max_version = None {{(pid=98961) log_opt_values /opt/stack/data/venv/lib/python3.12/site-packages/oslo_config/cfg.py:3253}}
Jun 25 20:48:58.590023 np0000003647 nova-conductor[98961]: DEBUG cotyledon.oslo_config_glue [-] oslo_limit.min_version = None {{(pid=98961) log_opt_values /opt/stack/data/venv/lib/python3.12/site-packages/oslo_config/cfg.py:3253}}
Jun 25 20:48:58.590192 np0000003647 nova-conductor[98961]: DEBUG cotyledon.oslo_config_glue [-] oslo_limit.region_name = None {{(pid=98961) log_opt_values /opt/stack/data/venv/lib/python3.12/site-packages/oslo_config/cfg.py:3253}}
Jun 25 20:48:58.590192 np0000003647 nova-conductor[98961]: DEBUG cotyledon.oslo_config_glue [-] oslo_limit.retriable_status_codes = None {{(pid=98961) log_opt_values /opt/stack/data/venv/lib/python3.12/site-packages/oslo_config/cfg.py:3253}}
Jun 25 20:48:58.590192 np0000003647 nova-conductor[98961]: DEBUG cotyledon.oslo_config_glue [-] oslo_limit.service_name = None {{(pid=98961) log_opt_values /opt/stack/data/venv/lib/python3.12/site-packages/oslo_config/cfg.py:3253}}
Jun 25 20:48:58.590192 np0000003647 nova-conductor[98961]: DEBUG cotyledon.oslo_config_glue [-] oslo_limit.service_type = None {{(pid=98961) log_opt_values /opt/stack/data/venv/lib/python3.12/site-packages/oslo_config/cfg.py:3253}}
Jun 25 20:48:58.590192 np0000003647 nova-conductor[98961]: DEBUG cotyledon.oslo_config_glue [-] oslo_limit.split_loggers = False {{(pid=98961) log_opt_values /opt/stack/data/venv/lib/python3.12/site-packages/oslo_config/cfg.py:3253}}
Jun 25 20:48:58.590192 np0000003647 nova-conductor[98961]: DEBUG cotyledon.oslo_config_glue [-] oslo_limit.status_code_retries = None {{(pid=98961) log_opt_values /opt/stack/data/venv/lib/python3.12/site-packages/oslo_config/cfg.py:3253}}
Jun 25 20:48:58.590192 np0000003647 nova-conductor[98961]: DEBUG cotyledon.oslo_config_glue [-] oslo_limit.status_code_retry_delay = None {{(pid=98961) log_opt_values /opt/stack/data/venv/lib/python3.12/site-packages/oslo_config/cfg.py:3253}}
Jun 25 20:48:58.590192 np0000003647 nova-conductor[98961]: DEBUG cotyledon.oslo_config_glue [-] oslo_limit.timeout = None {{(pid=98961) log_opt_values /opt/stack/data/venv/lib/python3.12/site-packages/oslo_config/cfg.py:3253}}
Jun 25 20:48:58.590192 np0000003647 nova-conductor[98961]: DEBUG cotyledon.oslo_config_glue [-] oslo_limit.valid_interfaces = None {{(pid=98961) log_opt_values /opt/stack/data/venv/lib/python3.12/site-packages/oslo_config/cfg.py:3253}}
Jun 25 20:48:58.590357 np0000003647 nova-conductor[98961]: DEBUG cotyledon.oslo_config_glue [-] oslo_limit.version = None {{(pid=98961) log_opt_values /opt/stack/data/venv/lib/python3.12/site-packages/oslo_config/cfg.py:3253}}
Jun 25 20:48:58.590357 np0000003647 nova-conductor[98961]: DEBUG cotyledon.oslo_config_glue [-] oslo_reports.file_event_handler = None {{(pid=98961) log_opt_values /opt/stack/data/venv/lib/python3.12/site-packages/oslo_config/cfg.py:3253}}
Jun 25 20:48:58.590357 np0000003647 nova-conductor[98961]: DEBUG cotyledon.oslo_config_glue [-] oslo_reports.file_event_handler_interval = 1 {{(pid=98961) log_opt_values /opt/stack/data/venv/lib/python3.12/site-packages/oslo_config/cfg.py:3253}}
Jun 25 20:48:58.590357 np0000003647 nova-conductor[98961]: DEBUG cotyledon.oslo_config_glue [-] oslo_reports.log_dir = None {{(pid=98961) log_opt_values /opt/stack/data/venv/lib/python3.12/site-packages/oslo_config/cfg.py:3253}}
Jun 25 20:48:58.590357 np0000003647 nova-conductor[98961]: DEBUG cotyledon.oslo_config_glue [-] ******************************************************************************** {{(pid=98961) log_opt_values /opt/stack/data/venv/lib/python3.12/site-packages/oslo_config/cfg.py:3260}}
Jun 25 20:48:58.590357 np0000003647 nova-conductor[98961]: DEBUG cotyledon._service_worker [-] Run service ServiceWrapper(3) [98961] {{(pid=98961) wait_forever /opt/stack/data/venv/lib/python3.12/site-packages/cotyledon/_service_worker.py:218}}
Jun 25 20:48:58.590357 np0000003647 nova-conductor[98961]: INFO nova.service [-] Starting conductor node (version 33.1.0)
Jun 25 20:48:58.590557 np0000003647 nova-conductor[98930]: DEBUG oslo_db.sqlalchemy.engines [None req-27222e2c-b527-4510-b954-8f98c0eb82ce None None] MySQL server mode set to STRICT_TRANS_TABLES,STRICT_ALL_TABLES,NO_ZERO_IN_DATE,NO_ZERO_DATE,ERROR_FOR_DIVISION_BY_ZERO,TRADITIONAL,NO_ENGINE_SUBSTITUTION {{(pid=98930) _check_effective_sql_mode /opt/stack/data/venv/lib/python3.12/site-packages/oslo_db/sqlalchemy/engines.py:325}}
Jun 25 20:48:58.590616 np0000003647 nova-conductor[98961]: INFO dbcounter [None req-0b8d8c7b-2926-43ad-8a80-4dd8465acaa3 None None] Registered counter for database nova_cell0
Jun 25 20:48:58.590657 np0000003647 nova-conductor[98938]: DEBUG oslo_db.sqlalchemy.engines [None req-eed30e57-d6f9-4a99-a28d-858dd64665db None None] MySQL server mode set to STRICT_TRANS_TABLES,STRICT_ALL_TABLES,NO_ZERO_IN_DATE,NO_ZERO_DATE,ERROR_FOR_DIVISION_BY_ZERO,TRADITIONAL,NO_ENGINE_SUBSTITUTION {{(pid=98938) _check_effective_sql_mode /opt/stack/data/venv/lib/python3.12/site-packages/oslo_db/sqlalchemy/engines.py:325}}
Jun 25 20:48:58.593005 np0000003647 nova-conductor[98930]: DEBUG dbcounter [-] [98930] Writer thread running {{(pid=98930) stat_writer /opt/stack/data/venv/lib/python3.12/site-packages/dbcounter.py:102}}
Jun 25 20:48:58.600798 np0000003647 nova-conductor[98951]: DEBUG oslo_db.sqlalchemy.engines [None req-22ab46a9-71db-407f-879a-53c5ea2e48a5 None None] MySQL server mode set to STRICT_TRANS_TABLES,STRICT_ALL_TABLES,NO_ZERO_IN_DATE,NO_ZERO_DATE,ERROR_FOR_DIVISION_BY_ZERO,TRADITIONAL,NO_ENGINE_SUBSTITUTION {{(pid=98951) _check_effective_sql_mode /opt/stack/data/venv/lib/python3.12/site-packages/oslo_db/sqlalchemy/engines.py:325}}
Jun 25 20:48:58.601289 np0000003647 nova-conductor[98938]: DEBUG dbcounter [-] [98938] Writer thread running {{(pid=98938) stat_writer /opt/stack/data/venv/lib/python3.12/site-packages/dbcounter.py:102}}
Jun 25 20:48:58.605690 np0000003647 nova-conductor[98930]: DEBUG nova.service [None req-27222e2c-b527-4510-b954-8f98c0eb82ce None None] Creating RPC server for service: nova-conductor on topic: conductor {{(pid=98930) start /opt/stack/nova/nova/service.py:196}}
Jun 25 20:48:58.610451 np0000003647 nova-conductor[98951]: DEBUG dbcounter [-] [98951] Writer thread running {{(pid=98951) stat_writer /opt/stack/data/venv/lib/python3.12/site-packages/dbcounter.py:102}}
Jun 25 20:48:58.613260 np0000003647 nova-conductor[98951]: DEBUG nova.service [None req-22ab46a9-71db-407f-879a-53c5ea2e48a5 None None] Creating RPC server for service: nova-conductor on topic: conductor {{(pid=98951) start /opt/stack/nova/nova/service.py:196}}
Jun 25 20:48:58.619596 np0000003647 nova-conductor[98938]: DEBUG nova.service [None req-eed30e57-d6f9-4a99-a28d-858dd64665db None None] Creating RPC server for service: nova-conductor on topic: conductor {{(pid=98938) start /opt/stack/nova/nova/service.py:196}}
Jun 25 20:48:58.630823 np0000003647 nova-conductor[98930]: DEBUG nova.service [None req-27222e2c-b527-4510-b954-8f98c0eb82ce None None] Join ServiceGroup membership for this service conductor {{(pid=98930) start /opt/stack/nova/nova/service.py:222}}
Jun 25 20:48:58.631083 np0000003647 nova-conductor[98930]: DEBUG nova.servicegroup.drivers.db [None req-27222e2c-b527-4510-b954-8f98c0eb82ce None None] DB_Driver: join new ServiceGroup member np0000003647 to the conductor group, service = {{(pid=98930) join /opt/stack/nova/nova/servicegroup/drivers/db.py:44}}
Jun 25 20:48:58.633336 np0000003647 nova-conductor[98951]: DEBUG nova.service [None req-22ab46a9-71db-407f-879a-53c5ea2e48a5 None None] Join ServiceGroup membership for this service conductor {{(pid=98951) start /opt/stack/nova/nova/service.py:222}}
Jun 25 20:48:58.633566 np0000003647 nova-conductor[98951]: DEBUG nova.servicegroup.drivers.db [None req-22ab46a9-71db-407f-879a-53c5ea2e48a5 None None] DB_Driver: join new ServiceGroup member np0000003647 to the conductor group, service = {{(pid=98951) join /opt/stack/nova/nova/servicegroup/drivers/db.py:44}}
Jun 25 20:48:58.638826 np0000003647 nova-conductor[98938]: DEBUG nova.service [None req-eed30e57-d6f9-4a99-a28d-858dd64665db None None] Join ServiceGroup membership for this service conductor {{(pid=98938) start /opt/stack/nova/nova/service.py:222}}
Jun 25 20:48:58.639032 np0000003647 nova-conductor[98938]: DEBUG nova.servicegroup.drivers.db [None req-eed30e57-d6f9-4a99-a28d-858dd64665db None None] DB_Driver: join new ServiceGroup member np0000003647 to the conductor group, service = {{(pid=98938) join /opt/stack/nova/nova/servicegroup/drivers/db.py:44}}
Jun 25 20:48:58.646329 np0000003647 nova-conductor[98961]: DEBUG oslo_db.sqlalchemy.engines [None req-0b8d8c7b-2926-43ad-8a80-4dd8465acaa3 None None] MySQL server mode set to STRICT_TRANS_TABLES,STRICT_ALL_TABLES,NO_ZERO_IN_DATE,NO_ZERO_DATE,ERROR_FOR_DIVISION_BY_ZERO,TRADITIONAL,NO_ENGINE_SUBSTITUTION {{(pid=98961) _check_effective_sql_mode /opt/stack/data/venv/lib/python3.12/site-packages/oslo_db/sqlalchemy/engines.py:325}}
Jun 25 20:48:58.656321 np0000003647 nova-conductor[98961]: DEBUG dbcounter [-] [98961] Writer thread running {{(pid=98961) stat_writer /opt/stack/data/venv/lib/python3.12/site-packages/dbcounter.py:102}}
Jun 25 20:48:58.659160 np0000003647 nova-conductor[98961]: DEBUG nova.service [None req-0b8d8c7b-2926-43ad-8a80-4dd8465acaa3 None None] Creating RPC server for service: nova-conductor on topic: conductor {{(pid=98961) start /opt/stack/nova/nova/service.py:196}}
Jun 25 20:48:58.683167 np0000003647 nova-conductor[98961]: DEBUG nova.service [None req-0b8d8c7b-2926-43ad-8a80-4dd8465acaa3 None None] Join ServiceGroup membership for this service conductor {{(pid=98961) start /opt/stack/nova/nova/service.py:222}}
Jun 25 20:48:58.683417 np0000003647 nova-conductor[98961]: DEBUG nova.servicegroup.drivers.db [None req-0b8d8c7b-2926-43ad-8a80-4dd8465acaa3 None None] DB_Driver: join new ServiceGroup member np0000003647 to the conductor group, service = {{(pid=98961) join /opt/stack/nova/nova/servicegroup/drivers/db.py:44}}
Jun 25 20:48:59.632994 np0000003647 nova-conductor[98930]: DEBUG oslo.service.backend._threading.loopingcall [None req-6b6e6e6c-918d-4d1a-9693-489d1e73273a None None] Dynamic interval looping call 'nova.service.Service.periodic_tasks' sleeping for 60.00 seconds {{(pid=98930) _run_loop /opt/stack/data/venv/lib/python3.12/site-packages/oslo_service/backend/_threading/loopingcall.py:125}}
Jun 25 20:49:03.645706 np0000003647 nova-conductor[98930]: DEBUG oslo.service.backend._threading.loopingcall [-] Fixed interval looping call 'nova.servicegroup.drivers.db.DbDriver._report_state' sleeping for 119.99 seconds {{(pid=98930) _run_loop /opt/stack/data/venv/lib/python3.12/site-packages/oslo_service/backend/_threading/loopingcall.py:125}}
Jun 25 20:49:03.646658 np0000003647 nova-conductor[98951]: DEBUG oslo.service.backend._threading.loopingcall [-] Fixed interval looping call 'nova.servicegroup.drivers.db.DbDriver._report_state' sleeping for 119.99 seconds {{(pid=98951) _run_loop /opt/stack/data/venv/lib/python3.12/site-packages/oslo_service/backend/_threading/loopingcall.py:125}}
Jun 25 20:49:03.647525 np0000003647 nova-conductor[98938]: DEBUG oslo.service.backend._threading.loopingcall [-] Fixed interval looping call 'nova.servicegroup.drivers.db.DbDriver._report_state' sleeping for 119.99 seconds {{(pid=98938) _run_loop /opt/stack/data/venv/lib/python3.12/site-packages/oslo_service/backend/_threading/loopingcall.py:125}}
Jun 25 20:49:03.694248 np0000003647 nova-conductor[98961]: DEBUG oslo.service.backend._threading.loopingcall [-] Fixed interval looping call 'nova.servicegroup.drivers.db.DbDriver._report_state' sleeping for 119.99 seconds {{(pid=98961) _run_loop /opt/stack/data/venv/lib/python3.12/site-packages/oslo_service/backend/_threading/loopingcall.py:125}}
Jun 25 20:49:07.183876 np0000003647 nova-conductor[97476]: DEBUG dbcounter [-] [97476] Writing DB stats nova_api:SELECT=1 {{(pid=97476) stat_writer /opt/stack/data/venv/lib/python3.12/site-packages/dbcounter.py:115}}
Jun 25 20:49:07.344326 np0000003647 nova-conductor[97476]: DEBUG dbcounter [-] [97476] Writing DB stats nova_cell0:SELECT=1 {{(pid=97476) stat_writer /opt/stack/data/venv/lib/python3.12/site-packages/dbcounter.py:115}}
Jun 25 20:49:07.348616 np0000003647 nova-conductor[97476]: DEBUG dbcounter [-] [97476] Writing DB stats nova_cell1:SELECT=1 {{(pid=97476) stat_writer /opt/stack/data/venv/lib/python3.12/site-packages/dbcounter.py:115}}
Jun 25 20:49:07.685360 np0000003647 nova-conductor[98961]: DEBUG oslo.service.backend._threading.loopingcall [None req-91569b3e-73c2-470a-8ce9-ae5ed5e422ec None None] Dynamic interval looping call 'nova.service.Service.periodic_tasks' sleeping for 60.00 seconds {{(pid=98961) _run_loop /opt/stack/data/venv/lib/python3.12/site-packages/oslo_service/backend/_threading/loopingcall.py:125}}
Jun 25 20:49:13.641454 np0000003647 nova-conductor[98930]: DEBUG dbcounter [-] [98930] Writing DB stats nova_cell0:SELECT=4,nova_cell0:INSERT=1,nova_cell0:UPDATE=1 {{(pid=98930) stat_writer /opt/stack/data/venv/lib/python3.12/site-packages/dbcounter.py:115}}
Jun 25 20:49:13.645300 np0000003647 nova-conductor[98951]: DEBUG dbcounter [-] [98951] Writing DB stats nova_cell0:SELECT=3,nova_cell0:UPDATE=1 {{(pid=98951) stat_writer /opt/stack/data/venv/lib/python3.12/site-packages/dbcounter.py:115}}
Jun 25 20:49:13.646145 np0000003647 nova-conductor[98938]: DEBUG dbcounter [-] [98938] Writing DB stats nova_cell0:SELECT=4,nova_cell0:INSERT=1,nova_cell0:UPDATE=1 {{(pid=98938) stat_writer /opt/stack/data/venv/lib/python3.12/site-packages/dbcounter.py:115}}
Jun 25 20:49:13.690803 np0000003647 nova-conductor[98961]: DEBUG dbcounter [-] [98961] Writing DB stats nova_cell0:SELECT=3 {{(pid=98961) stat_writer /opt/stack/data/venv/lib/python3.12/site-packages/dbcounter.py:115}}
Jun 25 20:49:47.640874 np0000003647 nova-conductor[98938]: DEBUG oslo.service.backend._threading.loopingcall [None req-29eec448-cfc7-467a-9744-e809f40a43ec None None] Dynamic interval looping call 'nova.service.Service.periodic_tasks' sleeping for 60.00 seconds {{(pid=98938) _run_loop /opt/stack/data/venv/lib/python3.12/site-packages/oslo_service/backend/_threading/loopingcall.py:125}}
Jun 25 20:49:51.635822 np0000003647 nova-conductor[98951]: DEBUG oslo.service.backend._threading.loopingcall [None req-e5f0281c-4692-4231-a4ba-2e808200e43d None None] Dynamic interval looping call 'nova.service.Service.periodic_tasks' sleeping for 60.00 seconds {{(pid=98951) _run_loop /opt/stack/data/venv/lib/python3.12/site-packages/oslo_service/backend/_threading/loopingcall.py:125}}
Jun 25 20:49:59.633465 np0000003647 nova-conductor[98930]: DEBUG oslo.service.backend._threading.loopingcall [None req-6b6e6e6c-918d-4d1a-9693-489d1e73273a None None] Dynamic interval looping call 'nova.service.Service.periodic_tasks' sleeping for 60.00 seconds {{(pid=98930) _run_loop /opt/stack/data/venv/lib/python3.12/site-packages/oslo_service/backend/_threading/loopingcall.py:125}}
Jun 25 20:50:07.685988 np0000003647 nova-conductor[98961]: DEBUG oslo.service.backend._threading.loopingcall [None req-91569b3e-73c2-470a-8ce9-ae5ed5e422ec None None] Dynamic interval looping call 'nova.service.Service.periodic_tasks' sleeping for 60.00 seconds {{(pid=98961) _run_loop /opt/stack/data/venv/lib/python3.12/site-packages/oslo_service/backend/_threading/loopingcall.py:125}}
Jun 25 20:50:47.641360 np0000003647 nova-conductor[98938]: DEBUG oslo.service.backend._threading.loopingcall [None req-29eec448-cfc7-467a-9744-e809f40a43ec None None] Dynamic interval looping call 'nova.service.Service.periodic_tasks' sleeping for 60.00 seconds {{(pid=98938) _run_loop /opt/stack/data/venv/lib/python3.12/site-packages/oslo_service/backend/_threading/loopingcall.py:125}}
Jun 25 20:50:51.636273 np0000003647 nova-conductor[98951]: DEBUG oslo.service.backend._threading.loopingcall [None req-e5f0281c-4692-4231-a4ba-2e808200e43d None None] Dynamic interval looping call 'nova.service.Service.periodic_tasks' sleeping for 60.00 seconds {{(pid=98951) _run_loop /opt/stack/data/venv/lib/python3.12/site-packages/oslo_service/backend/_threading/loopingcall.py:125}}
Jun 25 20:50:59.633956 np0000003647 nova-conductor[98930]: DEBUG oslo.service.backend._threading.loopingcall [None req-6b6e6e6c-918d-4d1a-9693-489d1e73273a None None] Dynamic interval looping call 'nova.service.Service.periodic_tasks' sleeping for 60.00 seconds {{(pid=98930) _run_loop /opt/stack/data/venv/lib/python3.12/site-packages/oslo_service/backend/_threading/loopingcall.py:125}}
Jun 25 20:51:03.642450 np0000003647 nova-conductor[98930]: DEBUG oslo.service.backend._threading.loopingcall [-] Fixed interval looping call 'nova.servicegroup.drivers.db.DbDriver._report_state' sleeping for 119.99 seconds {{(pid=98930) _run_loop /opt/stack/data/venv/lib/python3.12/site-packages/oslo_service/backend/_threading/loopingcall.py:125}}
Jun 25 20:51:03.643665 np0000003647 nova-conductor[98951]: DEBUG oslo.service.backend._threading.loopingcall [-] Fixed interval looping call 'nova.servicegroup.drivers.db.DbDriver._report_state' sleeping for 119.99 seconds {{(pid=98951) _run_loop /opt/stack/data/venv/lib/python3.12/site-packages/oslo_service/backend/_threading/loopingcall.py:125}}
Jun 25 20:51:03.643905 np0000003647 nova-conductor[98938]: DEBUG oslo.service.backend._threading.loopingcall [-] Fixed interval looping call 'nova.servicegroup.drivers.db.DbDriver._report_state' sleeping for 119.99 seconds {{(pid=98938) _run_loop /opt/stack/data/venv/lib/python3.12/site-packages/oslo_service/backend/_threading/loopingcall.py:125}}
Jun 25 20:51:03.688291 np0000003647 nova-conductor[98961]: DEBUG oslo.service.backend._threading.loopingcall [-] Fixed interval looping call 'nova.servicegroup.drivers.db.DbDriver._report_state' sleeping for 120.00 seconds {{(pid=98961) _run_loop /opt/stack/data/venv/lib/python3.12/site-packages/oslo_service/backend/_threading/loopingcall.py:125}}
Jun 25 20:51:07.686392 np0000003647 nova-conductor[98961]: DEBUG oslo.service.backend._threading.loopingcall [None req-91569b3e-73c2-470a-8ce9-ae5ed5e422ec None None] Dynamic interval looping call 'nova.service.Service.periodic_tasks' sleeping for 60.00 seconds {{(pid=98961) _run_loop /opt/stack/data/venv/lib/python3.12/site-packages/oslo_service/backend/_threading/loopingcall.py:125}}
Jun 25 20:51:13.639008 np0000003647 nova-conductor[98930]: DEBUG dbcounter [-] [98930] Writing DB stats nova_cell0:SELECT=1,nova_cell0:UPDATE=1 {{(pid=98930) stat_writer /opt/stack/data/venv/lib/python3.12/site-packages/dbcounter.py:115}}
Jun 25 20:51:13.639908 np0000003647 nova-conductor[98951]: DEBUG dbcounter [-] [98951] Writing DB stats nova_cell0:SELECT=1,nova_cell0:UPDATE=1 {{(pid=98951) stat_writer /opt/stack/data/venv/lib/python3.12/site-packages/dbcounter.py:115}}
Jun 25 20:51:13.640694 np0000003647 nova-conductor[98938]: DEBUG dbcounter [-] [98938] Writing DB stats nova_cell0:SELECT=1,nova_cell0:UPDATE=1 {{(pid=98938) stat_writer /opt/stack/data/venv/lib/python3.12/site-packages/dbcounter.py:115}}
Jun 25 20:51:13.686172 np0000003647 nova-conductor[98961]: DEBUG dbcounter [-] [98961] Writing DB stats nova_cell0:SELECT=1 {{(pid=98961) stat_writer /opt/stack/data/venv/lib/python3.12/site-packages/dbcounter.py:115}}
Jun 25 20:51:33.237702 np0000003647 nova-conductor[98930]: DEBUG oslo_db.sqlalchemy.engines [None req-69d22462-8dd1-408b-b3f3-1c0279c3daaa tempest-ServerActionsTestOtherA-2128524475 tempest-ServerActionsTestOtherA-2128524475-project-member] Parent process 97476 forked (98930) with an open database connection, which is being discarded and recreated. {{(pid=98930) checkout /opt/stack/data/venv/lib/python3.12/site-packages/oslo_db/sqlalchemy/engines.py:402}}
Jun 25 20:51:33.284195 np0000003647 nova-conductor[98930]: DEBUG dbcounter [-] [98930] Writer thread running {{(pid=98930) stat_writer /opt/stack/data/venv/lib/python3.12/site-packages/dbcounter.py:102}}
Jun 25 20:51:34.319892 np0000003647 nova-conductor[98930]: DEBUG nova.conductor.manager [None req-69d22462-8dd1-408b-b3f3-1c0279c3daaa tempest-ServerActionsTestOtherA-2128524475 tempest-ServerActionsTestOtherA-2128524475-project-member] Took 1.03 seconds to select destinations for 1 instance(s). {{(pid=98930) _schedule_instances /opt/stack/nova/nova/conductor/manager.py:968}}
Jun 25 20:51:34.354083 np0000003647 nova-conductor[98930]: DEBUG oslo_concurrency.lockutils [None req-69d22462-8dd1-408b-b3f3-1c0279c3daaa tempest-ServerActionsTestOtherA-2128524475 tempest-ServerActionsTestOtherA-2128524475-project-member] Acquiring lock "54260487-f931-45ea-9f55-bd4ad3438887" by "nova.context.set_target_cell..get_or_set_cached_cell_and_set_connections" {{(pid=98930) inner /opt/stack/data/venv/lib/python3.12/site-packages/oslo_concurrency/lockutils.py:511}}
Jun 25 20:51:34.354768 np0000003647 nova-conductor[98930]: DEBUG oslo_concurrency.lockutils [None req-69d22462-8dd1-408b-b3f3-1c0279c3daaa tempest-ServerActionsTestOtherA-2128524475 tempest-ServerActionsTestOtherA-2128524475-project-member] Lock "54260487-f931-45ea-9f55-bd4ad3438887" acquired by "nova.context.set_target_cell..get_or_set_cached_cell_and_set_connections" :: waited 0.001s {{(pid=98930) inner /opt/stack/data/venv/lib/python3.12/site-packages/oslo_concurrency/lockutils.py:524}}
Jun 25 20:51:34.355968 np0000003647 nova-conductor[98930]: DEBUG oslo_concurrency.lockutils [None req-69d22462-8dd1-408b-b3f3-1c0279c3daaa tempest-ServerActionsTestOtherA-2128524475 tempest-ServerActionsTestOtherA-2128524475-project-member] Lock "54260487-f931-45ea-9f55-bd4ad3438887" "released" by "nova.context.set_target_cell..get_or_set_cached_cell_and_set_connections" :: held 0.001s {{(pid=98930) inner /opt/stack/data/venv/lib/python3.12/site-packages/oslo_concurrency/lockutils.py:543}}
Jun 25 20:51:34.357751 np0000003647 nova-conductor[98930]: INFO dbcounter [None req-69d22462-8dd1-408b-b3f3-1c0279c3daaa tempest-ServerActionsTestOtherA-2128524475 tempest-ServerActionsTestOtherA-2128524475-project-member] Registered counter for database nova_cell1
Jun 25 20:51:34.398381 np0000003647 nova-conductor[98930]: DEBUG oslo_db.sqlalchemy.engines [None req-69d22462-8dd1-408b-b3f3-1c0279c3daaa tempest-ServerActionsTestOtherA-2128524475 tempest-ServerActionsTestOtherA-2128524475-project-member] MySQL server mode set to STRICT_TRANS_TABLES,STRICT_ALL_TABLES,NO_ZERO_IN_DATE,NO_ZERO_DATE,ERROR_FOR_DIVISION_BY_ZERO,TRADITIONAL,NO_ENGINE_SUBSTITUTION {{(pid=98930) _check_effective_sql_mode /opt/stack/data/venv/lib/python3.12/site-packages/oslo_db/sqlalchemy/engines.py:325}}
Jun 25 20:51:34.405209 np0000003647 nova-conductor[98930]: DEBUG dbcounter [-] [98930] Writer thread running {{(pid=98930) stat_writer /opt/stack/data/venv/lib/python3.12/site-packages/dbcounter.py:102}}
Jun 25 20:51:34.460723 np0000003647 nova-conductor[98930]: INFO nova.utils [None req-69d22462-8dd1-408b-b3f3-1c0279c3daaa tempest-ServerActionsTestOtherA-2128524475 tempest-ServerActionsTestOtherA-2128524475-project-member] The cell worker thread pool ForkProcess-1.cell_worker is initialized
Jun 25 20:51:34.461026 np0000003647 nova-conductor[98930]: DEBUG oslo_concurrency.lockutils [None req-69d22462-8dd1-408b-b3f3-1c0279c3daaa tempest-ServerActionsTestOtherA-2128524475 tempest-ServerActionsTestOtherA-2128524475-project-member] Acquiring lock "00000000-0000-0000-0000-000000000000" by "nova.context.set_target_cell..get_or_set_cached_cell_and_set_connections" {{(pid=98930) inner /opt/stack/data/venv/lib/python3.12/site-packages/oslo_concurrency/lockutils.py:511}}
Jun 25 20:51:34.461205 np0000003647 nova-conductor[98930]: DEBUG oslo_concurrency.lockutils [None req-69d22462-8dd1-408b-b3f3-1c0279c3daaa tempest-ServerActionsTestOtherA-2128524475 tempest-ServerActionsTestOtherA-2128524475-project-member] Lock "00000000-0000-0000-0000-000000000000" acquired by "nova.context.set_target_cell..get_or_set_cached_cell_and_set_connections" :: waited 0.000s {{(pid=98930) inner /opt/stack/data/venv/lib/python3.12/site-packages/oslo_concurrency/lockutils.py:524}}
Jun 25 20:51:34.461648 np0000003647 nova-conductor[98930]: DEBUG oslo_concurrency.lockutils [None req-69d22462-8dd1-408b-b3f3-1c0279c3daaa tempest-ServerActionsTestOtherA-2128524475 tempest-ServerActionsTestOtherA-2128524475-project-member] Lock "00000000-0000-0000-0000-000000000000" "released" by "nova.context.set_target_cell..get_or_set_cached_cell_and_set_connections" :: held 0.000s {{(pid=98930) inner /opt/stack/data/venv/lib/python3.12/site-packages/oslo_concurrency/lockutils.py:543}}
Jun 25 20:51:34.462370 np0000003647 nova-conductor[98930]: DEBUG oslo_concurrency.lockutils [None req-69d22462-8dd1-408b-b3f3-1c0279c3daaa tempest-ServerActionsTestOtherA-2128524475 tempest-ServerActionsTestOtherA-2128524475-project-member] Acquiring lock "54260487-f931-45ea-9f55-bd4ad3438887" by "nova.context.set_target_cell..get_or_set_cached_cell_and_set_connections" {{(pid=98930) inner /opt/stack/data/venv/lib/python3.12/site-packages/oslo_concurrency/lockutils.py:511}}
Jun 25 20:51:34.462507 np0000003647 nova-conductor[98930]: DEBUG oslo_concurrency.lockutils [None req-69d22462-8dd1-408b-b3f3-1c0279c3daaa tempest-ServerActionsTestOtherA-2128524475 tempest-ServerActionsTestOtherA-2128524475-project-member] Lock "54260487-f931-45ea-9f55-bd4ad3438887" acquired by "nova.context.set_target_cell..get_or_set_cached_cell_and_set_connections" :: waited 0.000s {{(pid=98930) inner /opt/stack/data/venv/lib/python3.12/site-packages/oslo_concurrency/lockutils.py:524}}
Jun 25 20:51:34.462619 np0000003647 nova-conductor[98930]: DEBUG oslo_concurrency.lockutils [None req-69d22462-8dd1-408b-b3f3-1c0279c3daaa tempest-ServerActionsTestOtherA-2128524475 tempest-ServerActionsTestOtherA-2128524475-project-member] Lock "54260487-f931-45ea-9f55-bd4ad3438887" "released" by "nova.context.set_target_cell..get_or_set_cached_cell_and_set_connections" :: held 0.000s {{(pid=98930) inner /opt/stack/data/venv/lib/python3.12/site-packages/oslo_concurrency/lockutils.py:543}}
Jun 25 20:51:34.464220 np0000003647 nova-conductor[98930]: INFO dbcounter [None req-69d22462-8dd1-408b-b3f3-1c0279c3daaa tempest-ServerActionsTestOtherA-2128524475 tempest-ServerActionsTestOtherA-2128524475-project-member] Registered counter for database nova_cell0
Jun 25 20:51:34.508073 np0000003647 nova-conductor[98930]: DEBUG oslo_db.sqlalchemy.engines [None req-69d22462-8dd1-408b-b3f3-1c0279c3daaa tempest-ServerActionsTestOtherA-2128524475 tempest-ServerActionsTestOtherA-2128524475-project-member] MySQL server mode set to STRICT_TRANS_TABLES,STRICT_ALL_TABLES,NO_ZERO_IN_DATE,NO_ZERO_DATE,ERROR_FOR_DIVISION_BY_ZERO,TRADITIONAL,NO_ENGINE_SUBSTITUTION {{(pid=98930) _check_effective_sql_mode /opt/stack/data/venv/lib/python3.12/site-packages/oslo_db/sqlalchemy/engines.py:325}}
Jun 25 20:51:34.514900 np0000003647 nova-conductor[98930]: DEBUG dbcounter [-] [98930] Writer thread running {{(pid=98930) stat_writer /opt/stack/data/venv/lib/python3.12/site-packages/dbcounter.py:102}}
Jun 25 20:51:34.525876 np0000003647 nova-conductor[98930]: DEBUG nova.quota [None req-69d22462-8dd1-408b-b3f3-1c0279c3daaa tempest-ServerActionsTestOtherA-2128524475 tempest-ServerActionsTestOtherA-2128524475-project-member] Getting quotas for project 1ddce96b5f2442b28c0a7fdc8cee7d7d. Resources: {'ram', 'cores', 'instances'} {{(pid=98930) _get_quotas /opt/stack/nova/nova/quota.py:392}}
Jun 25 20:51:34.529795 np0000003647 nova-conductor[98930]: DEBUG nova.quota [None req-69d22462-8dd1-408b-b3f3-1c0279c3daaa tempest-ServerActionsTestOtherA-2128524475 tempest-ServerActionsTestOtherA-2128524475-project-member] Getting quotas for user af95397be91344ccb55508d012268fa8 and project 1ddce96b5f2442b28c0a7fdc8cee7d7d. Resources: {'ram', 'cores', 'instances'} {{(pid=98930) _get_quotas /opt/stack/nova/nova/quota.py:382}}
Jun 25 20:51:34.539487 np0000003647 nova-conductor[98930]: DEBUG nova.conductor.manager [None req-69d22462-8dd1-408b-b3f3-1c0279c3daaa tempest-ServerActionsTestOtherA-2128524475 tempest-ServerActionsTestOtherA-2128524475-project-member] [instance: 259cfecf-48d1-4ecb-bcb2-2c10601a9d29] Selected host: np0000003647; Selected node: np0000003647; Alternates: [] {{(pid=98930) schedule_and_build_instances /opt/stack/nova/nova/conductor/manager.py:1784}}
Jun 25 20:51:34.539905 np0000003647 nova-conductor[98930]: DEBUG oslo_concurrency.lockutils [None req-69d22462-8dd1-408b-b3f3-1c0279c3daaa tempest-ServerActionsTestOtherA-2128524475 tempest-ServerActionsTestOtherA-2128524475-project-member] Acquiring lock "54260487-f931-45ea-9f55-bd4ad3438887" by "nova.context.set_target_cell..get_or_set_cached_cell_and_set_connections" {{(pid=98930) inner /opt/stack/data/venv/lib/python3.12/site-packages/oslo_concurrency/lockutils.py:511}}
Jun 25 20:51:34.540092 np0000003647 nova-conductor[98930]: DEBUG oslo_concurrency.lockutils [None req-69d22462-8dd1-408b-b3f3-1c0279c3daaa tempest-ServerActionsTestOtherA-2128524475 tempest-ServerActionsTestOtherA-2128524475-project-member] Lock "54260487-f931-45ea-9f55-bd4ad3438887" acquired by "nova.context.set_target_cell..get_or_set_cached_cell_and_set_connections" :: waited 0.000s {{(pid=98930) inner /opt/stack/data/venv/lib/python3.12/site-packages/oslo_concurrency/lockutils.py:524}}
Jun 25 20:51:34.540201 np0000003647 nova-conductor[98930]: DEBUG oslo_concurrency.lockutils [None req-69d22462-8dd1-408b-b3f3-1c0279c3daaa tempest-ServerActionsTestOtherA-2128524475 tempest-ServerActionsTestOtherA-2128524475-project-member] Lock "54260487-f931-45ea-9f55-bd4ad3438887" "released" by "nova.context.set_target_cell..get_or_set_cached_cell_and_set_connections" :: held 0.000s {{(pid=98930) inner /opt/stack/data/venv/lib/python3.12/site-packages/oslo_concurrency/lockutils.py:543}}
Jun 25 20:51:34.557630 np0000003647 nova-conductor[98930]: DEBUG nova.conductor.manager [None req-69d22462-8dd1-408b-b3f3-1c0279c3daaa tempest-ServerActionsTestOtherA-2128524475 tempest-ServerActionsTestOtherA-2128524475-project-member] [instance: 259cfecf-48d1-4ecb-bcb2-2c10601a9d29] block_device_mapping [BlockDeviceMapping(attachment_id=,boot_index=0,connection_info=None,created_at=,delete_on_termination=True,deleted=,deleted_at=,destination_type='local',device_name=None,device_type='disk',disk_bus=None,encrypted=False,encryption_format=None,encryption_options=None,encryption_secret_uuid=None,guest_format=None,id=,image_id='c462c890-db2d-42f4-a5a7-307c00114a0b',instance=,instance_uuid=,no_device=False,snapshot_id=None,source_type='image',tag=None,updated_at=,uuid=,volume_id=None,volume_size=None,volume_type=None)] {{(pid=98930) _create_block_device_mapping /opt/stack/nova/nova/conductor/manager.py:1529}}
Jun 25 20:51:34.559686 np0000003647 nova-conductor[98930]: DEBUG oslo_concurrency.lockutils [None req-69d22462-8dd1-408b-b3f3-1c0279c3daaa tempest-ServerActionsTestOtherA-2128524475 tempest-ServerActionsTestOtherA-2128524475-project-member] Acquiring lock "54260487-f931-45ea-9f55-bd4ad3438887" by "nova.context.set_target_cell..get_or_set_cached_cell_and_set_connections" {{(pid=98930) inner /opt/stack/data/venv/lib/python3.12/site-packages/oslo_concurrency/lockutils.py:511}}
Jun 25 20:51:34.559899 np0000003647 nova-conductor[98930]: DEBUG oslo_concurrency.lockutils [None req-69d22462-8dd1-408b-b3f3-1c0279c3daaa tempest-ServerActionsTestOtherA-2128524475 tempest-ServerActionsTestOtherA-2128524475-project-member] Lock "54260487-f931-45ea-9f55-bd4ad3438887" acquired by "nova.context.set_target_cell..get_or_set_cached_cell_and_set_connections" :: waited 0.000s {{(pid=98930) inner /opt/stack/data/venv/lib/python3.12/site-packages/oslo_concurrency/lockutils.py:524}}
Jun 25 20:51:34.560030 np0000003647 nova-conductor[98930]: DEBUG oslo_concurrency.lockutils [None req-69d22462-8dd1-408b-b3f3-1c0279c3daaa tempest-ServerActionsTestOtherA-2128524475 tempest-ServerActionsTestOtherA-2128524475-project-member] Lock "54260487-f931-45ea-9f55-bd4ad3438887" "released" by "nova.context.set_target_cell..get_or_set_cached_cell_and_set_connections" :: held 0.000s {{(pid=98930) inner /opt/stack/data/venv/lib/python3.12/site-packages/oslo_concurrency/lockutils.py:543}}
Jun 25 20:51:34.611330 np0000003647 nova-conductor[98930]: DEBUG oslo_concurrency.lockutils [None req-69d22462-8dd1-408b-b3f3-1c0279c3daaa tempest-ServerActionsTestOtherA-2128524475 tempest-ServerActionsTestOtherA-2128524475-project-member] Acquiring lock "54260487-f931-45ea-9f55-bd4ad3438887" by "nova.context.set_target_cell..get_or_set_cached_cell_and_set_connections" {{(pid=98930) inner /opt/stack/data/venv/lib/python3.12/site-packages/oslo_concurrency/lockutils.py:511}}
Jun 25 20:51:34.611709 np0000003647 nova-conductor[98930]: DEBUG oslo_concurrency.lockutils [None req-69d22462-8dd1-408b-b3f3-1c0279c3daaa tempest-ServerActionsTestOtherA-2128524475 tempest-ServerActionsTestOtherA-2128524475-project-member] Lock "54260487-f931-45ea-9f55-bd4ad3438887" acquired by "nova.context.set_target_cell..get_or_set_cached_cell_and_set_connections" :: waited 0.000s {{(pid=98930) inner /opt/stack/data/venv/lib/python3.12/site-packages/oslo_concurrency/lockutils.py:524}}
Jun 25 20:51:34.611840 np0000003647 nova-conductor[98930]: DEBUG oslo_concurrency.lockutils [None req-69d22462-8dd1-408b-b3f3-1c0279c3daaa tempest-ServerActionsTestOtherA-2128524475 tempest-ServerActionsTestOtherA-2128524475-project-member] Lock "54260487-f931-45ea-9f55-bd4ad3438887" "released" by "nova.context.set_target_cell..get_or_set_cached_cell_and_set_connections" :: held 0.000s {{(pid=98930) inner /opt/stack/data/venv/lib/python3.12/site-packages/oslo_concurrency/lockutils.py:543}}
