Jun 09 07:30:25.740732 np0000002420 nova-scheduler[95618]: DEBUG cotyledon.oslo_config_glue [-] oslo_limit.certfile = None {{(pid=95618) log_opt_values /opt/stack/data/venv/lib/python3.12/site-packages/oslo_config/cfg.py:3256}}
Jun 09 07:30:25.740766 np0000002420 nova-scheduler[95618]: DEBUG cotyledon.oslo_config_glue [-] oslo_limit.collect_timing = False {{(pid=95618) log_opt_values /opt/stack/data/venv/lib/python3.12/site-packages/oslo_config/cfg.py:3256}}
Jun 09 07:30:25.740795 np0000002420 nova-scheduler[95618]: DEBUG cotyledon.oslo_config_glue [-] oslo_limit.connect_retries = None {{(pid=95618) log_opt_values /opt/stack/data/venv/lib/python3.12/site-packages/oslo_config/cfg.py:3256}}
Jun 09 07:30:25.740835 np0000002420 nova-scheduler[95618]: DEBUG cotyledon.oslo_config_glue [-] oslo_limit.connect_retry_delay = None {{(pid=95618) log_opt_values /opt/stack/data/venv/lib/python3.12/site-packages/oslo_config/cfg.py:3256}}
Jun 09 07:30:25.740870 np0000002420 nova-scheduler[95618]: DEBUG cotyledon.oslo_config_glue [-] oslo_limit.endpoint_id = None {{(pid=95618) log_opt_values /opt/stack/data/venv/lib/python3.12/site-packages/oslo_config/cfg.py:3256}}
Jun 09 07:30:25.740911 np0000002420 nova-scheduler[95618]: DEBUG cotyledon.oslo_config_glue [-] oslo_limit.endpoint_interface = public {{(pid=95618) log_opt_values /opt/stack/data/venv/lib/python3.12/site-packages/oslo_config/cfg.py:3256}}
Jun 09 07:30:25.740953 np0000002420 nova-scheduler[95618]: DEBUG cotyledon.oslo_config_glue [-] oslo_limit.endpoint_override = None {{(pid=95618) log_opt_values /opt/stack/data/venv/lib/python3.12/site-packages/oslo_config/cfg.py:3256}}
Jun 09 07:30:25.740994 np0000002420 nova-scheduler[95618]: DEBUG cotyledon.oslo_config_glue [-] oslo_limit.endpoint_region_name = None {{(pid=95618) log_opt_values /opt/stack/data/venv/lib/python3.12/site-packages/oslo_config/cfg.py:3256}}
Jun 09 07:30:25.741021 np0000002420 nova-scheduler[95618]: DEBUG cotyledon.oslo_config_glue [-] oslo_limit.endpoint_service_name = None {{(pid=95618) log_opt_values /opt/stack/data/venv/lib/python3.12/site-packages/oslo_config/cfg.py:3256}}
Jun 09 07:30:25.741058 np0000002420 nova-scheduler[95618]: DEBUG cotyledon.oslo_config_glue [-] oslo_limit.endpoint_service_type = None {{(pid=95618) log_opt_values /opt/stack/data/venv/lib/python3.12/site-packages/oslo_config/cfg.py:3256}}
Jun 09 07:30:25.741095 np0000002420 nova-scheduler[95618]: DEBUG cotyledon.oslo_config_glue [-] oslo_limit.insecure = False {{(pid=95618) log_opt_values /opt/stack/data/venv/lib/python3.12/site-packages/oslo_config/cfg.py:3256}}
Jun 09 07:30:25.741120 np0000002420 nova-scheduler[95618]: DEBUG cotyledon.oslo_config_glue [-] oslo_limit.keyfile = None {{(pid=95618) log_opt_values /opt/stack/data/venv/lib/python3.12/site-packages/oslo_config/cfg.py:3256}}
Jun 09 07:30:25.741162 np0000002420 nova-scheduler[95618]: DEBUG cotyledon.oslo_config_glue [-] oslo_limit.max_version = None {{(pid=95618) log_opt_values /opt/stack/data/venv/lib/python3.12/site-packages/oslo_config/cfg.py:3256}}
Jun 09 07:30:25.741194 np0000002420 nova-scheduler[95618]: DEBUG cotyledon.oslo_config_glue [-] oslo_limit.min_version = None {{(pid=95618) log_opt_values /opt/stack/data/venv/lib/python3.12/site-packages/oslo_config/cfg.py:3256}}
Jun 09 07:30:25.741230 np0000002420 nova-scheduler[95618]: DEBUG cotyledon.oslo_config_glue [-] oslo_limit.region_name = None {{(pid=95618) log_opt_values /opt/stack/data/venv/lib/python3.12/site-packages/oslo_config/cfg.py:3256}}
Jun 09 07:30:25.741262 np0000002420 nova-scheduler[95618]: DEBUG cotyledon.oslo_config_glue [-] oslo_limit.retriable_status_codes = None {{(pid=95618) log_opt_values /opt/stack/data/venv/lib/python3.12/site-packages/oslo_config/cfg.py:3256}}
Jun 09 07:30:25.741310 np0000002420 nova-scheduler[95618]: DEBUG cotyledon.oslo_config_glue [-] oslo_limit.service_name = None {{(pid=95618) log_opt_values /opt/stack/data/venv/lib/python3.12/site-packages/oslo_config/cfg.py:3256}}
Jun 09 07:30:25.741364 np0000002420 nova-scheduler[95618]: DEBUG cotyledon.oslo_config_glue [-] oslo_limit.service_type = None {{(pid=95618) log_opt_values /opt/stack/data/venv/lib/python3.12/site-packages/oslo_config/cfg.py:3256}}
Jun 09 07:30:25.741399 np0000002420 nova-scheduler[95618]: DEBUG cotyledon.oslo_config_glue [-] oslo_limit.split_loggers = False {{(pid=95618) log_opt_values /opt/stack/data/venv/lib/python3.12/site-packages/oslo_config/cfg.py:3256}}
Jun 09 07:30:25.741426 np0000002420 nova-scheduler[95618]: DEBUG cotyledon.oslo_config_glue [-] oslo_limit.status_code_retries = None {{(pid=95618) log_opt_values /opt/stack/data/venv/lib/python3.12/site-packages/oslo_config/cfg.py:3256}}
Jun 09 07:30:25.741467 np0000002420 nova-scheduler[95618]: DEBUG cotyledon.oslo_config_glue [-] oslo_limit.status_code_retry_delay = None {{(pid=95618) log_opt_values /opt/stack/data/venv/lib/python3.12/site-packages/oslo_config/cfg.py:3256}}
Jun 09 07:30:25.741514 np0000002420 nova-scheduler[95618]: DEBUG cotyledon.oslo_config_glue [-] oslo_limit.timeout = None {{(pid=95618) log_opt_values /opt/stack/data/venv/lib/python3.12/site-packages/oslo_config/cfg.py:3256}}
Jun 09 07:30:25.741562 np0000002420 nova-scheduler[95618]: DEBUG cotyledon.oslo_config_glue [-] oslo_limit.valid_interfaces = None {{(pid=95618) log_opt_values /opt/stack/data/venv/lib/python3.12/site-packages/oslo_config/cfg.py:3256}}
Jun 09 07:30:25.741590 np0000002420 nova-scheduler[95618]: DEBUG cotyledon.oslo_config_glue [-] oslo_limit.version = None {{(pid=95618) log_opt_values /opt/stack/data/venv/lib/python3.12/site-packages/oslo_config/cfg.py:3256}}
Jun 09 07:30:25.741646 np0000002420 nova-scheduler[95618]: DEBUG cotyledon.oslo_config_glue [-] oslo_reports.file_event_handler = None {{(pid=95618) log_opt_values /opt/stack/data/venv/lib/python3.12/site-packages/oslo_config/cfg.py:3256}}
Jun 09 07:30:25.741685 np0000002420 nova-scheduler[95618]: DEBUG cotyledon.oslo_config_glue [-] oslo_reports.file_event_handler_interval = 1 {{(pid=95618) log_opt_values /opt/stack/data/venv/lib/python3.12/site-packages/oslo_config/cfg.py:3256}}
Jun 09 07:30:25.741729 np0000002420 nova-scheduler[95618]: DEBUG cotyledon.oslo_config_glue [-] oslo_reports.log_dir = None {{(pid=95618) log_opt_values /opt/stack/data/venv/lib/python3.12/site-packages/oslo_config/cfg.py:3256}}
Jun 09 07:30:25.741770 np0000002420 nova-scheduler[95618]: DEBUG cotyledon.oslo_config_glue [-] ******************************************************************************** {{(pid=95618) log_opt_values /opt/stack/data/venv/lib/python3.12/site-packages/oslo_config/cfg.py:3263}}
Jun 09 07:30:25.741873 np0000002420 nova-scheduler[95618]: DEBUG cotyledon._service_worker [-] Run service ServiceWrapper(2) [95618] {{(pid=95618) wait_forever /opt/stack/data/venv/lib/python3.12/site-packages/cotyledon/_service_worker.py:218}}
Jun 09 07:30:25.743124 np0000002420 nova-scheduler[95618]: INFO nova.service [-] Starting scheduler node (version 33.1.0)
Jun 09 07:30:25.745460 np0000002420 nova-scheduler[95614]: DEBUG dbcounter [-] [95614] Writer thread running {{(pid=95614) stat_writer /opt/stack/data/venv/lib/python3.12/site-packages/dbcounter.py:102}}
Jun 09 07:30:25.747209 np0000002420 nova-scheduler[95618]: INFO dbcounter [None req-95d13682-e610-41a2-a944-37c7b5a0d96b None None] Registered counter for database nova_cell0
Jun 09 07:30:25.758713 np0000002420 nova-scheduler[95616]: DEBUG oslo_db.sqlalchemy.engines [None req-6b979e1c-367d-4138-bc1f-3df2e317f579 None None] MySQL server mode set to STRICT_TRANS_TABLES,STRICT_ALL_TABLES,NO_ZERO_IN_DATE,NO_ZERO_DATE,ERROR_FOR_DIVISION_BY_ZERO,TRADITIONAL,NO_ENGINE_SUBSTITUTION {{(pid=95616) _check_effective_sql_mode /opt/stack/data/venv/lib/python3.12/site-packages/oslo_db/sqlalchemy/engines.py:325}}
Jun 09 07:30:25.759274 np0000002420 nova-scheduler[95614]: DEBUG nova.service [None req-90c1f16b-96ec-4785-bf38-e34920144c9d None None] Creating RPC server for service: nova-scheduler on topic: scheduler {{(pid=95614) start /opt/stack/nova/nova/service.py:195}}
Jun 09 07:30:25.767937 np0000002420 nova-scheduler[95616]: DEBUG dbcounter [-] [95616] Writer thread running {{(pid=95616) stat_writer /opt/stack/data/venv/lib/python3.12/site-packages/dbcounter.py:102}}
Jun 09 07:30:25.771270 np0000002420 nova-scheduler[95616]: DEBUG nova.service [None req-6b979e1c-367d-4138-bc1f-3df2e317f579 None None] Creating RPC server for service: nova-scheduler on topic: scheduler {{(pid=95616) start /opt/stack/nova/nova/service.py:195}}
Jun 09 07:30:25.785103 np0000002420 nova-scheduler[95618]: DEBUG oslo_db.sqlalchemy.engines [None req-95d13682-e610-41a2-a944-37c7b5a0d96b None None] MySQL server mode set to STRICT_TRANS_TABLES,STRICT_ALL_TABLES,NO_ZERO_IN_DATE,NO_ZERO_DATE,ERROR_FOR_DIVISION_BY_ZERO,TRADITIONAL,NO_ENGINE_SUBSTITUTION {{(pid=95618) _check_effective_sql_mode /opt/stack/data/venv/lib/python3.12/site-packages/oslo_db/sqlalchemy/engines.py:325}}
Jun 09 07:30:25.790804 np0000002420 nova-scheduler[95614]: DEBUG nova.service [None req-90c1f16b-96ec-4785-bf38-e34920144c9d None None] Join ServiceGroup membership for this service scheduler {{(pid=95614) start /opt/stack/nova/nova/service.py:221}}
Jun 09 07:30:25.791020 np0000002420 nova-scheduler[95614]: DEBUG nova.servicegroup.drivers.db [None req-90c1f16b-96ec-4785-bf38-e34920144c9d None None] DB_Driver: join new ServiceGroup member np0000002420 to the scheduler group, service = {{(pid=95614) join /opt/stack/nova/nova/servicegroup/drivers/db.py:44}}
Jun 09 07:30:25.793772 np0000002420 nova-scheduler[95616]: DEBUG nova.service [None req-6b979e1c-367d-4138-bc1f-3df2e317f579 None None] Join ServiceGroup membership for this service scheduler {{(pid=95616) start /opt/stack/nova/nova/service.py:221}}
Jun 09 07:30:25.793970 np0000002420 nova-scheduler[95616]: DEBUG nova.servicegroup.drivers.db [None req-6b979e1c-367d-4138-bc1f-3df2e317f579 None None] DB_Driver: join new ServiceGroup member np0000002420 to the scheduler group, service = {{(pid=95616) join /opt/stack/nova/nova/servicegroup/drivers/db.py:44}}
Jun 09 07:30:25.795660 np0000002420 nova-scheduler[95618]: DEBUG dbcounter [-] [95618] Writer thread running {{(pid=95618) stat_writer /opt/stack/data/venv/lib/python3.12/site-packages/dbcounter.py:102}}
Jun 09 07:30:25.798161 np0000002420 nova-scheduler[95618]: DEBUG nova.service [None req-95d13682-e610-41a2-a944-37c7b5a0d96b None None] Creating RPC server for service: nova-scheduler on topic: scheduler {{(pid=95618) start /opt/stack/nova/nova/service.py:195}}
Jun 09 07:30:25.818349 np0000002420 nova-scheduler[95618]: DEBUG nova.service [None req-95d13682-e610-41a2-a944-37c7b5a0d96b None None] Join ServiceGroup membership for this service scheduler {{(pid=95618) start /opt/stack/nova/nova/service.py:221}}
Jun 09 07:30:25.818349 np0000002420 nova-scheduler[95618]: DEBUG nova.servicegroup.drivers.db [None req-95d13682-e610-41a2-a944-37c7b5a0d96b None None] DB_Driver: join new ServiceGroup member np0000002420 to the scheduler group, service = {{(pid=95618) join /opt/stack/nova/nova/servicegroup/drivers/db.py:44}}
Jun 09 07:30:30.812529 np0000002420 nova-scheduler[95614]: DEBUG oslo.service.backend._threading.loopingcall [-] Fixed interval looping call 'nova.servicegroup.drivers.db.DbDriver._report_state' sleeping for 119.98 seconds {{(pid=95614) _run_loop /opt/stack/data/venv/lib/python3.12/site-packages/oslo_service/backend/_threading/loopingcall.py:125}}
Jun 09 07:30:30.816303 np0000002420 nova-scheduler[95616]: DEBUG oslo.service.backend._threading.loopingcall [-] Fixed interval looping call 'nova.servicegroup.drivers.db.DbDriver._report_state' sleeping for 119.98 seconds {{(pid=95616) _run_loop /opt/stack/data/venv/lib/python3.12/site-packages/oslo_service/backend/_threading/loopingcall.py:125}}
Jun 09 07:30:30.834507 np0000002420 nova-scheduler[95618]: DEBUG oslo.service.backend._threading.loopingcall [-] Fixed interval looping call 'nova.servicegroup.drivers.db.DbDriver._report_state' sleeping for 119.99 seconds {{(pid=95618) _run_loop /opt/stack/data/venv/lib/python3.12/site-packages/oslo_service/backend/_threading/loopingcall.py:125}}
Jun 09 07:30:34.346056 np0000002420 nova-scheduler[94339]: DEBUG dbcounter [-] [94339] Writing DB stats nova_api:SELECT=3 {{(pid=94339) stat_writer /opt/stack/data/venv/lib/python3.12/site-packages/dbcounter.py:115}}
Jun 09 07:30:34.482250 np0000002420 nova-scheduler[94339]: DEBUG dbcounter [-] [94339] Writing DB stats nova_cell0:SELECT=1 {{(pid=94339) stat_writer /opt/stack/data/venv/lib/python3.12/site-packages/dbcounter.py:115}}
Jun 09 07:30:34.490676 np0000002420 nova-scheduler[94339]: DEBUG dbcounter [-] [94339] Writing DB stats nova_cell1:SELECT=1 {{(pid=94339) stat_writer /opt/stack/data/venv/lib/python3.12/site-packages/dbcounter.py:115}}
Jun 09 07:30:40.805582 np0000002420 nova-scheduler[95614]: DEBUG dbcounter [-] [95614] Writing DB stats nova_cell0:SELECT=4,nova_cell0:INSERT=1,nova_cell0:UPDATE=1 {{(pid=95614) stat_writer /opt/stack/data/venv/lib/python3.12/site-packages/dbcounter.py:115}}
Jun 09 07:30:40.813632 np0000002420 nova-scheduler[95616]: DEBUG dbcounter [-] [95616] Writing DB stats nova_cell0:SELECT=3,nova_cell0:UPDATE=1 {{(pid=95616) stat_writer /opt/stack/data/venv/lib/python3.12/site-packages/dbcounter.py:115}}
Jun 09 07:30:40.827895 np0000002420 nova-scheduler[95618]: DEBUG dbcounter [-] [95618] Writing DB stats nova_cell0:SELECT=3 {{(pid=95618) stat_writer /opt/stack/data/venv/lib/python3.12/site-packages/dbcounter.py:115}}
Jun 09 07:31:01.798476 np0000002420 nova-scheduler[95616]: DEBUG oslo.service.backend._threading.loopingcall [None req-aaf6a5e0-e197-448a-98c4-00734f161a16 None None] Dynamic interval looping call 'nova.service.Service.periodic_tasks' sleeping for 60.00 seconds {{(pid=95616) _run_loop /opt/stack/data/venv/lib/python3.12/site-packages/oslo_service/backend/_threading/loopingcall.py:125}}
Jun 09 07:31:14.819680 np0000002420 nova-scheduler[95618]: DEBUG oslo.service.backend._threading.loopingcall [None req-b7b34fe1-c4e1-4a5e-83f4-7ca15acc4b9b None None] Dynamic interval looping call 'nova.service.Service.periodic_tasks' sleeping for 60.00 seconds {{(pid=95618) _run_loop /opt/stack/data/venv/lib/python3.12/site-packages/oslo_service/backend/_threading/loopingcall.py:125}}
Jun 09 07:31:22.793115 np0000002420 nova-scheduler[95614]: DEBUG oslo.service.backend._threading.loopingcall [None req-ba98a5a2-7bf2-47c5-b800-14a4c135809b None None] Dynamic interval looping call 'nova.service.Service.periodic_tasks' sleeping for 60.00 seconds {{(pid=95614) _run_loop /opt/stack/data/venv/lib/python3.12/site-packages/oslo_service/backend/_threading/loopingcall.py:125}}
Jun 09 07:32:01.798934 np0000002420 nova-scheduler[95616]: DEBUG oslo.service.backend._threading.loopingcall [None req-aaf6a5e0-e197-448a-98c4-00734f161a16 None None] Dynamic interval looping call 'nova.service.Service.periodic_tasks' sleeping for 60.00 seconds {{(pid=95616) _run_loop /opt/stack/data/venv/lib/python3.12/site-packages/oslo_service/backend/_threading/loopingcall.py:125}}
Jun 09 07:32:14.820187 np0000002420 nova-scheduler[95618]: DEBUG oslo.service.backend._threading.loopingcall [None req-b7b34fe1-c4e1-4a5e-83f4-7ca15acc4b9b None None] Dynamic interval looping call 'nova.service.Service.periodic_tasks' sleeping for 60.00 seconds {{(pid=95618) _run_loop /opt/stack/data/venv/lib/python3.12/site-packages/oslo_service/backend/_threading/loopingcall.py:125}}
Jun 09 07:32:22.793666 np0000002420 nova-scheduler[95614]: DEBUG oslo.service.backend._threading.loopingcall [None req-ba98a5a2-7bf2-47c5-b800-14a4c135809b None None] Dynamic interval looping call 'nova.service.Service.periodic_tasks' sleeping for 60.00 seconds {{(pid=95614) _run_loop /opt/stack/data/venv/lib/python3.12/site-packages/oslo_service/backend/_threading/loopingcall.py:125}}
Jun 09 07:32:30.799127 np0000002420 nova-scheduler[95614]: DEBUG oslo.service.backend._threading.loopingcall [-] Fixed interval looping call 'nova.servicegroup.drivers.db.DbDriver._report_state' sleeping for 119.99 seconds {{(pid=95614) _run_loop /opt/stack/data/venv/lib/python3.12/site-packages/oslo_service/backend/_threading/loopingcall.py:125}}
Jun 09 07:32:30.801193 np0000002420 nova-scheduler[95616]: DEBUG oslo.service.backend._threading.loopingcall [-] Fixed interval looping call 'nova.servicegroup.drivers.db.DbDriver._report_state' sleeping for 120.00 seconds {{(pid=95616) _run_loop /opt/stack/data/venv/lib/python3.12/site-packages/oslo_service/backend/_threading/loopingcall.py:125}}
Jun 09 07:32:30.826924 np0000002420 nova-scheduler[95618]: DEBUG oslo.service.backend._threading.loopingcall [-] Fixed interval looping call 'nova.servicegroup.drivers.db.DbDriver._report_state' sleeping for 120.00 seconds {{(pid=95618) _run_loop /opt/stack/data/venv/lib/python3.12/site-packages/oslo_service/backend/_threading/loopingcall.py:125}}
Jun 09 07:32:40.796230 np0000002420 nova-scheduler[95614]: DEBUG dbcounter [-] [95614] Writing DB stats nova_cell0:SELECT=1,nova_cell0:UPDATE=1 {{(pid=95614) stat_writer /opt/stack/data/venv/lib/python3.12/site-packages/dbcounter.py:115}}
Jun 09 07:32:40.798427 np0000002420 nova-scheduler[95616]: DEBUG dbcounter [-] [95616] Writing DB stats nova_cell0:SELECT=1 {{(pid=95616) stat_writer /opt/stack/data/venv/lib/python3.12/site-packages/dbcounter.py:115}}
Jun 09 07:32:40.825290 np0000002420 nova-scheduler[95618]: DEBUG dbcounter [-] [95618] Writing DB stats nova_cell0:SELECT=1 {{(pid=95618) stat_writer /opt/stack/data/venv/lib/python3.12/site-packages/dbcounter.py:115}}
Jun 09 07:33:01.799753 np0000002420 nova-scheduler[95616]: DEBUG oslo.service.backend._threading.loopingcall [None req-aaf6a5e0-e197-448a-98c4-00734f161a16 None None] Dynamic interval looping call 'nova.service.Service.periodic_tasks' sleeping for 60.00 seconds {{(pid=95616) _run_loop /opt/stack/data/venv/lib/python3.12/site-packages/oslo_service/backend/_threading/loopingcall.py:125}}
Jun 09 07:33:06.392691 np0000002420 nova-scheduler[95614]: DEBUG nova.scheduler.manager [None req-20085d68-d3f4-4f90-9c98-4b51d77adbd9 tempest-DeleteServersTestJSON-32799075 tempest-DeleteServersTestJSON-32799075-project-member] Starting to schedule for instances: ['952194e0-fecd-4f35-b0e2-497f031aa6cd'] {{(pid=95614) select_destinations /opt/stack/nova/nova/scheduler/manager.py:210}}
Jun 09 07:33:06.393153 np0000002420 nova-scheduler[95614]: DEBUG nova.scheduler.request_filter [None req-20085d68-d3f4-4f90-9c98-4b51d77adbd9 tempest-DeleteServersTestJSON-32799075 tempest-DeleteServersTestJSON-32799075-project-member] compute_status_filter request filter added forbidden trait COMPUTE_STATUS_DISABLED {{(pid=95614) compute_status_filter /opt/stack/nova/nova/scheduler/request_filter.py:253}}
Jun 09 07:33:06.393279 np0000002420 nova-scheduler[95614]: DEBUG nova.scheduler.request_filter [None req-20085d68-d3f4-4f90-9c98-4b51d77adbd9 tempest-DeleteServersTestJSON-32799075 tempest-DeleteServersTestJSON-32799075-project-member] Request filter 'compute_status_filter' took 0.0 seconds {{(pid=95614) wrapper /opt/stack/nova/nova/scheduler/request_filter.py:46}}
Jun 09 07:33:06.393616 np0000002420 nova-scheduler[95614]: DEBUG nova.scheduler.request_filter [None req-20085d68-d3f4-4f90-9c98-4b51d77adbd9 tempest-DeleteServersTestJSON-32799075 tempest-DeleteServersTestJSON-32799075-project-member] Request filter 'accelerators_filter' took 0.0 seconds {{(pid=95614) wrapper /opt/stack/nova/nova/scheduler/request_filter.py:46}}
Jun 09 07:33:06.394284 np0000002420 nova-scheduler[95614]: DEBUG nova.scheduler.request_filter [None req-20085d68-d3f4-4f90-9c98-4b51d77adbd9 tempest-DeleteServersTestJSON-32799075 tempest-DeleteServersTestJSON-32799075-project-member] Request filter 'packed_virtqueue_filter' took 0.0 seconds {{(pid=95614) wrapper /opt/stack/nova/nova/scheduler/request_filter.py:46}}
Jun 09 07:33:06.394547 np0000002420 nova-scheduler[95614]: DEBUG nova.scheduler.request_filter [None req-20085d68-d3f4-4f90-9c98-4b51d77adbd9 tempest-DeleteServersTestJSON-32799075 tempest-DeleteServersTestJSON-32799075-project-member] Request filter 'remote_managed_ports_filter' took 0.0 seconds {{(pid=95614) wrapper /opt/stack/nova/nova/scheduler/request_filter.py:46}}
Jun 09 07:33:06.394706 np0000002420 nova-scheduler[95614]: DEBUG nova.scheduler.request_filter [None req-20085d68-d3f4-4f90-9c98-4b51d77adbd9 tempest-DeleteServersTestJSON-32799075 tempest-DeleteServersTestJSON-32799075-project-member] ephemeral_encryption_filter skipped {{(pid=95614) ephemeral_encryption_filter /opt/stack/nova/nova/scheduler/request_filter.py:426}}
Jun 09 07:33:06.395312 np0000002420 nova-scheduler[95614]: DEBUG nova.scheduler.request_filter [None req-20085d68-d3f4-4f90-9c98-4b51d77adbd9 tempest-DeleteServersTestJSON-32799075 tempest-DeleteServersTestJSON-32799075-project-member] virtio_sound_filter skipped {{(pid=95614) virtio_sound_filter /opt/stack/nova/nova/scheduler/request_filter.py:460}}
Jun 09 07:33:06.395312 np0000002420 nova-scheduler[95614]: DEBUG nova.scheduler.request_filter [None req-20085d68-d3f4-4f90-9c98-4b51d77adbd9 tempest-DeleteServersTestJSON-32799075 tempest-DeleteServersTestJSON-32799075-project-member] tpm_secret_security_filter skipped {{(pid=95614) tpm_secret_security_filter /opt/stack/nova/nova/scheduler/request_filter.py:477}}
Jun 09 07:33:07.044751 np0000002420 nova-scheduler[95614]: INFO nova.utils [None req-20085d68-d3f4-4f90-9c98-4b51d77adbd9 tempest-DeleteServersTestJSON-32799075 tempest-DeleteServersTestJSON-32799075-project-member] The cell worker thread pool ForkProcess-1.cell_worker is initialized
Jun 09 07:33:07.045195 np0000002420 nova-scheduler[95614]: DEBUG oslo_concurrency.lockutils [None req-20085d68-d3f4-4f90-9c98-4b51d77adbd9 tempest-DeleteServersTestJSON-32799075 tempest-DeleteServersTestJSON-32799075-project-member] Acquiring lock "9993d2a8-3652-4625-874c-7f77e76eade3" by "nova.context.set_target_cell..get_or_set_cached_cell_and_set_connections" {{(pid=95614) inner /opt/stack/data/venv/lib/python3.12/site-packages/oslo_concurrency/lockutils.py:511}}
Jun 09 07:33:07.045478 np0000002420 nova-scheduler[95614]: DEBUG oslo_concurrency.lockutils [None req-20085d68-d3f4-4f90-9c98-4b51d77adbd9 tempest-DeleteServersTestJSON-32799075 tempest-DeleteServersTestJSON-32799075-project-member] Lock "9993d2a8-3652-4625-874c-7f77e76eade3" acquired by "nova.context.set_target_cell..get_or_set_cached_cell_and_set_connections" :: waited 0.000s {{(pid=95614) inner /opt/stack/data/venv/lib/python3.12/site-packages/oslo_concurrency/lockutils.py:524}}
Jun 09 07:33:07.047679 np0000002420 nova-scheduler[95614]: DEBUG oslo_concurrency.lockutils [None req-20085d68-d3f4-4f90-9c98-4b51d77adbd9 tempest-DeleteServersTestJSON-32799075 tempest-DeleteServersTestJSON-32799075-project-member] Lock "9993d2a8-3652-4625-874c-7f77e76eade3" "released" by "nova.context.set_target_cell..get_or_set_cached_cell_and_set_connections" :: held 0.002s {{(pid=95614) inner /opt/stack/data/venv/lib/python3.12/site-packages/oslo_concurrency/lockutils.py:543}}
Jun 09 07:33:07.049580 np0000002420 nova-scheduler[95614]: INFO dbcounter [None req-20085d68-d3f4-4f90-9c98-4b51d77adbd9 tempest-DeleteServersTestJSON-32799075 tempest-DeleteServersTestJSON-32799075-project-member] Registered counter for database nova_cell1
Jun 09 07:33:07.093867 np0000002420 nova-scheduler[95614]: DEBUG oslo_db.sqlalchemy.engines [None req-20085d68-d3f4-4f90-9c98-4b51d77adbd9 tempest-DeleteServersTestJSON-32799075 tempest-DeleteServersTestJSON-32799075-project-member] MySQL server mode set to STRICT_TRANS_TABLES,STRICT_ALL_TABLES,NO_ZERO_IN_DATE,NO_ZERO_DATE,ERROR_FOR_DIVISION_BY_ZERO,TRADITIONAL,NO_ENGINE_SUBSTITUTION {{(pid=95614) _check_effective_sql_mode /opt/stack/data/venv/lib/python3.12/site-packages/oslo_db/sqlalchemy/engines.py:325}}
Jun 09 07:33:07.102939 np0000002420 nova-scheduler[95614]: DEBUG dbcounter [-] [95614] Writer thread running {{(pid=95614) stat_writer /opt/stack/data/venv/lib/python3.12/site-packages/dbcounter.py:102}}
Jun 09 07:33:07.115793 np0000002420 nova-scheduler[95614]: DEBUG oslo_db.sqlalchemy.engines [None req-20085d68-d3f4-4f90-9c98-4b51d77adbd9 tempest-DeleteServersTestJSON-32799075 tempest-DeleteServersTestJSON-32799075-project-member] Parent process 94339 forked (95614) with an open database connection, which is being discarded and recreated. {{(pid=95614) checkout /opt/stack/data/venv/lib/python3.12/site-packages/oslo_db/sqlalchemy/engines.py:402}}
Jun 09 07:33:07.165648 np0000002420 nova-scheduler[95614]: DEBUG dbcounter [-] [95614] Writer thread running {{(pid=95614) stat_writer /opt/stack/data/venv/lib/python3.12/site-packages/dbcounter.py:102}}
Jun 09 07:33:07.169423 np0000002420 nova-scheduler[95614]: DEBUG oslo_concurrency.lockutils [None req-20085d68-d3f4-4f90-9c98-4b51d77adbd9 tempest-DeleteServersTestJSON-32799075 tempest-DeleteServersTestJSON-32799075-project-member] Acquiring lock "9993d2a8-3652-4625-874c-7f77e76eade3" by "nova.context.set_target_cell..get_or_set_cached_cell_and_set_connections" {{(pid=95614) inner /opt/stack/data/venv/lib/python3.12/site-packages/oslo_concurrency/lockutils.py:511}}
Jun 09 07:33:07.169630 np0000002420 nova-scheduler[95614]: DEBUG oslo_concurrency.lockutils [None req-20085d68-d3f4-4f90-9c98-4b51d77adbd9 tempest-DeleteServersTestJSON-32799075 tempest-DeleteServersTestJSON-32799075-project-member] Lock "9993d2a8-3652-4625-874c-7f77e76eade3" acquired by "nova.context.set_target_cell..get_or_set_cached_cell_and_set_connections" :: waited 0.000s {{(pid=95614) inner /opt/stack/data/venv/lib/python3.12/site-packages/oslo_concurrency/lockutils.py:524}}
Jun 09 07:33:07.169744 np0000002420 nova-scheduler[95614]: DEBUG oslo_concurrency.lockutils [None req-20085d68-d3f4-4f90-9c98-4b51d77adbd9 tempest-DeleteServersTestJSON-32799075 tempest-DeleteServersTestJSON-32799075-project-member] Lock "9993d2a8-3652-4625-874c-7f77e76eade3" "released" by "nova.context.set_target_cell..get_or_set_cached_cell_and_set_connections" :: held 0.000s {{(pid=95614) inner /opt/stack/data/venv/lib/python3.12/site-packages/oslo_concurrency/lockutils.py:543}}
Jun 09 07:33:07.173598 np0000002420 nova-scheduler[95614]: DEBUG oslo_concurrency.lockutils [None req-20085d68-d3f4-4f90-9c98-4b51d77adbd9 tempest-DeleteServersTestJSON-32799075 tempest-DeleteServersTestJSON-32799075-project-member] Acquiring lock "('np0000002420', 'np0000002420')" by "nova.scheduler.host_manager.HostState.update.._locked_update" {{(pid=95614) inner /opt/stack/data/venv/lib/python3.12/site-packages/oslo_concurrency/lockutils.py:511}}
Jun 09 07:33:07.174061 np0000002420 nova-scheduler[95614]: DEBUG oslo_concurrency.lockutils [None req-20085d68-d3f4-4f90-9c98-4b51d77adbd9 tempest-DeleteServersTestJSON-32799075 tempest-DeleteServersTestJSON-32799075-project-member] Lock "('np0000002420', 'np0000002420')" acquired by "nova.scheduler.host_manager.HostState.update.._locked_update" :: waited 0.000s {{(pid=95614) inner /opt/stack/data/venv/lib/python3.12/site-packages/oslo_concurrency/lockutils.py:524}}
Jun 09 07:33:07.175531 np0000002420 nova-scheduler[95614]: DEBUG nova.scheduler.host_manager [None req-20085d68-d3f4-4f90-9c98-4b51d77adbd9 tempest-DeleteServersTestJSON-32799075 tempest-DeleteServersTestJSON-32799075-project-member] Update host state from compute node: ComputeNode(cpu_allocation_ratio=4.0,cpu_info='{"arch": "x86_64", "model": "EPYC-Milan", "vendor": "AMD", "topology": {"cells": 1, "sockets": 12, "cores": 1, "threads": 1}, "maxphysaddr": {"mode": "emulate", "bits": 40}, "features": ["npt", "bmi1", "cr8legacy", "fsgsbase", "rdpid", "xsaveopt", "cmp_legacy", "fma", "gds-no", "pku", "vpclmulqdq", "pae", "null-sel-clr-base", "virt-ssbd", "flushbyasid", "clflush", "ssbd", "sse4.2", "nrip-save", "mds-no", "smap", "sse4.1", "smep", "svm", "stibp-always-on", "nx", "adx", "pge", "rdseed", "vgif", "rdrand", "fsrm", "mtrr", "tsc-scale", "umip", "xsaveerptr", "de", "amd-stibp", "mce", "pat", "ssse3", "clzero", "tsc-deadline", "pfthreshold", "mmx", "pse36", "perfctr_core", "ibpb", "pcid", "clflushopt", "lahf_lm", "xsaves", "pni", "misalignsse", "arat", "rdctl-no", "amd-psfd", "pse", "invpcid", "mmxext", "sha-ni", "pclmuldq", "3dnowprefetch", "ibrs", "pause-filter", "clwb", "fxsr", "vaes", "cx8", "tsc", "no-nested-data-bp", "wbnoinvd", "osvw", "popcnt", "sep", "xsave", "vmcb-clean", "skip-l1dfl-vmentry", "pdpe1gb", "arch-capabilities", "fpu", "pschange-mc-no", "avx", "tsc_adjust", "lfence-always-serializing", "vme", "topoext", "movbe", "mca", "cx16", "abm", "spec-ctrl", "rdtscp", "hypervisor", "lm", "lbrv", "sse4a", "fxsr_opt", "xsavec", "xgetbv1", "bmi2", "stibp", "apic", "msr", "erms", "avx2", "x2apic", "aes", "syscall", "v-vmsave-vmload", "svme-addr-chk", "amd-ssbd", "sse", "cmov", "sse2", "f16c"]}',created_at=2026-06-09T07:30:50Z,current_workload=0,deleted=False,deleted_at=None,disk_allocation_ratio=1.0,disk_available_least=74,free_disk_gb=95,free_ram_mb=23518,host='np0000002420',host_ip=10.4.3.174,hypervisor_hostname='np0000002420',hypervisor_type='QEMU',hypervisor_version=8002002,id=1,local_gb=95,local_gb_used=0,mapped=1,memory_mb=24030,memory_mb_used=512,metrics='[]',numa_topology='{"nova_object.name": "NUMATopology", "nova_object.namespace": "nova", "nova_object.version": "1.2", "nova_object.data": {"cells": [{"nova_object.name": "NUMACell", "nova_object.namespace": "nova", "nova_object.version": "1.5", "nova_object.data": {"id": 0, "cpuset": [0, 1, 2, 3, 4, 5, 6, 7, 8, 9, 10, 11], "pcpuset": [0, 1, 2, 3, 4, 5, 6, 7, 8, 9, 10, 11], "memory": 24030, "cpu_usage": 0, "memory_usage": 0, "pinned_cpus": [], "siblings": [[6], [2], [5], [11], [8], [4], [1], [7], [10], [0], [3], [9]], "mempages": [{"nova_object.name": "NUMAPagesTopology", "nova_object.namespace": "nova", "nova_object.version": "1.1", "nova_object.data": {"size_kb": 4, "total": 6151798, "used": 0, "reserved": 0}, "nova_object.changes": ["size_kb", "used", "reserved", "total"]}, {"nova_object.name": "NUMAPagesTopology", "nova_object.namespace": "nova", "nova_object.version": "1.1", "nova_object.data": {"size_kb": 2048, "total": 0, "used": 0, "reserved": 0}, "nova_object.changes": ["size_kb", "used", "reserved", "total"]}, {"nova_object.name": "NUMAPagesTopology", "nova_object.namespace": "nova", "nova_object.version": "1.1", "nova_object.data": {"size_kb": 1048576, "total": 0, "used": 0, "reserved": 0}, "nova_object.changes": ["size_kb", "used", "reserved", "total"]}], "network_metadata": {"nova_object.name": "NetworkMetadata", "nova_object.namespace": "nova", "nova_object.version": "1.0", "nova_object.data": {"physnets": [], "tunneled": false}, "nova_object.changes": ["physnets", "tunneled"]}, "socket": null}, "nova_object.changes": ["siblings", "network_metadata", "pinned_cpus", "cpuset", "id", "cpu_usage", "mempages", "socket", "memory", "memory_usage", "pcpuset"]}]}, "nova_object.changes": ["cells"]}',pci_device_pools=PciDevicePoolList,ram_allocation_ratio=1.0,running_vms=0,service_id=2,stats={failed_builds='0',uptime=' 07:32:35 up 28 min, 2 users, load average: 1.17, 1.37, 0.81
Jun 09 07:33:07.175531 np0000002420 nova-scheduler[95614]: '},supported_hv_specs=[HVSpec,HVSpec,HVSpec,HVSpec,HVSpec,HVSpec,HVSpec,HVSpec,HVSpec,HVSpec,HVSpec,HVSpec,HVSpec,HVSpec,HVSpec,HVSpec,HVSpec,HVSpec,HVSpec,HVSpec,HVSpec,HVSpec,HVSpec,HVSpec,HVSpec],updated_at=2026-06-09T07:32:38Z,uuid=c4c0a3b1-560e-4dd2-bd49-4b941f4b7490,vcpus=12,vcpus_used=0) {{(pid=95614) _locked_update /opt/stack/nova/nova/scheduler/host_manager.py:168}}
Jun 09 07:33:07.179041 np0000002420 nova-scheduler[95614]: DEBUG nova.scheduler.host_manager [None req-20085d68-d3f4-4f90-9c98-4b51d77adbd9 tempest-DeleteServersTestJSON-32799075 tempest-DeleteServersTestJSON-32799075-project-member] Update host state with aggregates: [] {{(pid=95614) _locked_update /opt/stack/nova/nova/scheduler/host_manager.py:171}}
Jun 09 07:33:07.179041 np0000002420 nova-scheduler[95614]: DEBUG nova.scheduler.host_manager [None req-20085d68-d3f4-4f90-9c98-4b51d77adbd9 tempest-DeleteServersTestJSON-32799075 tempest-DeleteServersTestJSON-32799075-project-member] Update host state with service dict: {'id': 2, 'uuid': '317cd944-25b2-47a0-98a6-6a380d36bbb8', 'host': 'np0000002420', 'binary': 'nova-compute', 'topic': 'compute', 'report_count': 2, 'disabled': False, 'disabled_reason': None, 'last_seen_up': datetime.datetime(2026, 6, 9, 7, 32, 59, tzinfo=datetime.timezone.utc), 'forced_down': False, 'version': 72, 'created_at': datetime.datetime(2026, 6, 9, 7, 30, 48, tzinfo=datetime.timezone.utc), 'updated_at': datetime.datetime(2026, 6, 9, 7, 32, 59, tzinfo=datetime.timezone.utc), 'deleted_at': None, 'deleted': False} {{(pid=95614) _locked_update /opt/stack/nova/nova/scheduler/host_manager.py:174}}
Jun 09 07:33:07.179041 np0000002420 nova-scheduler[95614]: DEBUG nova.scheduler.host_manager [None req-20085d68-d3f4-4f90-9c98-4b51d77adbd9 tempest-DeleteServersTestJSON-32799075 tempest-DeleteServersTestJSON-32799075-project-member] Update host state with instances: [] {{(pid=95614) _locked_update /opt/stack/nova/nova/scheduler/host_manager.py:177}}
Jun 09 07:33:07.179041 np0000002420 nova-scheduler[95614]: DEBUG oslo_concurrency.lockutils [None req-20085d68-d3f4-4f90-9c98-4b51d77adbd9 tempest-DeleteServersTestJSON-32799075 tempest-DeleteServersTestJSON-32799075-project-member] Lock "('np0000002420', 'np0000002420')" "released" by "nova.scheduler.host_manager.HostState.update.._locked_update" :: held 0.004s {{(pid=95614) inner /opt/stack/data/venv/lib/python3.12/site-packages/oslo_concurrency/lockutils.py:543}}
Jun 09 07:33:07.179041 np0000002420 nova-scheduler[95614]: DEBUG nova.filters [None req-20085d68-d3f4-4f90-9c98-4b51d77adbd9 tempest-DeleteServersTestJSON-32799075 tempest-DeleteServersTestJSON-32799075-project-member] Starting with 1 host(s) {{(pid=95614) get_filtered_objects /opt/stack/nova/nova/filters.py:70}}
Jun 09 07:33:07.179041 np0000002420 nova-scheduler[95614]: DEBUG nova.filters [None req-20085d68-d3f4-4f90-9c98-4b51d77adbd9 tempest-DeleteServersTestJSON-32799075 tempest-DeleteServersTestJSON-32799075-project-member] Filter ComputeFilter returned 1 host(s) {{(pid=95614) get_filtered_objects /opt/stack/nova/nova/filters.py:102}}
Jun 09 07:33:07.179282 np0000002420 nova-scheduler[95614]: DEBUG nova.filters [None req-20085d68-d3f4-4f90-9c98-4b51d77adbd9 tempest-DeleteServersTestJSON-32799075 tempest-DeleteServersTestJSON-32799075-project-member] Filter ComputeCapabilitiesFilter returned 1 host(s) {{(pid=95614) get_filtered_objects /opt/stack/nova/nova/filters.py:102}}
Jun 09 07:33:07.179463 np0000002420 nova-scheduler[95614]: DEBUG nova.filters [None req-20085d68-d3f4-4f90-9c98-4b51d77adbd9 tempest-DeleteServersTestJSON-32799075 tempest-DeleteServersTestJSON-32799075-project-member] Filter ImagePropertiesFilter returned 1 host(s) {{(pid=95614) get_filtered_objects /opt/stack/nova/nova/filters.py:102}}
Jun 09 07:33:07.179616 np0000002420 nova-scheduler[95614]: DEBUG nova.filters [None req-20085d68-d3f4-4f90-9c98-4b51d77adbd9 tempest-DeleteServersTestJSON-32799075 tempest-DeleteServersTestJSON-32799075-project-member] Filter ServerGroupAntiAffinityFilter returned 1 host(s) {{(pid=95614) get_filtered_objects /opt/stack/nova/nova/filters.py:102}}
Jun 09 07:33:07.179792 np0000002420 nova-scheduler[95614]: DEBUG nova.filters [None req-20085d68-d3f4-4f90-9c98-4b51d77adbd9 tempest-DeleteServersTestJSON-32799075 tempest-DeleteServersTestJSON-32799075-project-member] Filter ServerGroupAffinityFilter returned 1 host(s) {{(pid=95614) get_filtered_objects /opt/stack/nova/nova/filters.py:102}}
Jun 09 07:33:07.179999 np0000002420 nova-scheduler[95614]: DEBUG nova.filters [None req-20085d68-d3f4-4f90-9c98-4b51d77adbd9 tempest-DeleteServersTestJSON-32799075 tempest-DeleteServersTestJSON-32799075-project-member] Filter SameHostFilter returned 1 host(s) {{(pid=95614) get_filtered_objects /opt/stack/nova/nova/filters.py:102}}
Jun 09 07:33:07.180968 np0000002420 nova-scheduler[95614]: DEBUG nova.filters [None req-20085d68-d3f4-4f90-9c98-4b51d77adbd9 tempest-DeleteServersTestJSON-32799075 tempest-DeleteServersTestJSON-32799075-project-member] Filter DifferentHostFilter returned 1 host(s) {{(pid=95614) get_filtered_objects /opt/stack/nova/nova/filters.py:102}}
Jun 09 07:33:07.180968 np0000002420 nova-scheduler[95614]: DEBUG nova.scheduler.manager [None req-20085d68-d3f4-4f90-9c98-4b51d77adbd9 tempest-DeleteServersTestJSON-32799075 tempest-DeleteServersTestJSON-32799075-project-member] Filtered [(np0000002420, np0000002420) ram: 23518MB disk: 75776MB io_ops: 0 instances: 0, allocation_candidates: 1] {{(pid=95614) _get_sorted_hosts /opt/stack/nova/nova/scheduler/manager.py:743}}
Jun 09 07:33:07.180968 np0000002420 nova-scheduler[95614]: DEBUG nova.scheduler.manager [None req-20085d68-d3f4-4f90-9c98-4b51d77adbd9 tempest-DeleteServersTestJSON-32799075 tempest-DeleteServersTestJSON-32799075-project-member] Weighed [WeighedHost [host: (np0000002420, np0000002420) ram: 23518MB disk: 75776MB io_ops: 0 instances: 0, allocation_candidates: 1, weight: 0.0]] {{(pid=95614) _get_sorted_hosts /opt/stack/nova/nova/scheduler/manager.py:765}}
Jun 09 07:33:07.181143 np0000002420 nova-scheduler[95614]: DEBUG nova.scheduler.utils [None req-20085d68-d3f4-4f90-9c98-4b51d77adbd9 tempest-DeleteServersTestJSON-32799075 tempest-DeleteServersTestJSON-32799075-project-member] Attempting to claim resources in the placement API for instance 952194e0-fecd-4f35-b0e2-497f031aa6cd {{(pid=95614) claim_resources /opt/stack/nova/nova/scheduler/utils.py:1345}}
Jun 09 07:33:07.328379 np0000002420 nova-scheduler[95614]: DEBUG nova.scheduler.manager [None req-20085d68-d3f4-4f90-9c98-4b51d77adbd9 tempest-DeleteServersTestJSON-32799075 tempest-DeleteServersTestJSON-32799075-project-member] [instance: 952194e0-fecd-4f35-b0e2-497f031aa6cd] Selected host: (np0000002420, np0000002420) ram: 23518MB disk: 75776MB io_ops: 0 instances: 0, allocation_candidates: 1 {{(pid=95614) _consume_selected_host /opt/stack/nova/nova/scheduler/manager.py:625}}
Jun 09 07:33:07.328621 np0000002420 nova-scheduler[95614]: DEBUG oslo_concurrency.lockutils [None req-20085d68-d3f4-4f90-9c98-4b51d77adbd9 tempest-DeleteServersTestJSON-32799075 tempest-DeleteServersTestJSON-32799075-project-member] Acquiring lock "('np0000002420', 'np0000002420')" by "nova.scheduler.host_manager.HostState.consume_from_request.._locked" {{(pid=95614) inner /opt/stack/data/venv/lib/python3.12/site-packages/oslo_concurrency/lockutils.py:511}}
Jun 09 07:33:07.328811 np0000002420 nova-scheduler[95614]: DEBUG oslo_concurrency.lockutils [None req-20085d68-d3f4-4f90-9c98-4b51d77adbd9 tempest-DeleteServersTestJSON-32799075 tempest-DeleteServersTestJSON-32799075-project-member] Lock "('np0000002420', 'np0000002420')" acquired by "nova.scheduler.host_manager.HostState.consume_from_request.._locked" :: waited 0.000s {{(pid=95614) inner /opt/stack/data/venv/lib/python3.12/site-packages/oslo_concurrency/lockutils.py:524}}
Jun 09 07:33:07.328937 np0000002420 nova-scheduler[95614]: DEBUG oslo_concurrency.lockutils [None req-20085d68-d3f4-4f90-9c98-4b51d77adbd9 tempest-DeleteServersTestJSON-32799075 tempest-DeleteServersTestJSON-32799075-project-member] Lock "('np0000002420', 'np0000002420')" "released" by "nova.scheduler.host_manager.HostState.consume_from_request.._locked" :: held 0.000s {{(pid=95614) inner /opt/stack/data/venv/lib/python3.12/site-packages/oslo_concurrency/lockutils.py:543}}
Jun 09 07:33:14.820770 np0000002420 nova-scheduler[95618]: DEBUG oslo.service.backend._threading.loopingcall [None req-b7b34fe1-c4e1-4a5e-83f4-7ca15acc4b9b None None] Dynamic interval looping call 'nova.service.Service.periodic_tasks' sleeping for 60.00 seconds {{(pid=95618) _run_loop /opt/stack/data/venv/lib/python3.12/site-packages/oslo_service/backend/_threading/loopingcall.py:125}}
Jun 09 07:33:17.165089 np0000002420 nova-scheduler[95614]: DEBUG dbcounter [-] [95614] Writing DB stats nova_api:SELECT=1 {{(pid=95614) stat_writer /opt/stack/data/venv/lib/python3.12/site-packages/dbcounter.py:115}}
Jun 09 07:33:17.172720 np0000002420 nova-scheduler[95614]: DEBUG dbcounter [-] [95614] Writing DB stats nova_cell1:SELECT=3 {{(pid=95614) stat_writer /opt/stack/data/venv/lib/python3.12/site-packages/dbcounter.py:115}}
Jun 09 07:33:17.826743 np0000002420 nova-scheduler[95616]: DEBUG nova.scheduler.manager [None req-e389c316-c15c-413e-9075-e204d125d174 tempest-AttachSCSIVolumeTestJSON-334486884 tempest-AttachSCSIVolumeTestJSON-334486884-project-member] Starting to schedule for instances: ['71be3c6b-2b24-492a-a267-3e6bbf5bec2b'] {{(pid=95616) select_destinations /opt/stack/nova/nova/scheduler/manager.py:210}}
Jun 09 07:33:17.827235 np0000002420 nova-scheduler[95616]: DEBUG nova.scheduler.request_filter [None req-e389c316-c15c-413e-9075-e204d125d174 tempest-AttachSCSIVolumeTestJSON-334486884 tempest-AttachSCSIVolumeTestJSON-334486884-project-member] compute_status_filter request filter added forbidden trait COMPUTE_STATUS_DISABLED {{(pid=95616) compute_status_filter /opt/stack/nova/nova/scheduler/request_filter.py:253}}
Jun 09 07:33:17.827493 np0000002420 nova-scheduler[95616]: DEBUG nova.scheduler.request_filter [None req-e389c316-c15c-413e-9075-e204d125d174 tempest-AttachSCSIVolumeTestJSON-334486884 tempest-AttachSCSIVolumeTestJSON-334486884-project-member] Request filter 'compute_status_filter' took 0.0 seconds {{(pid=95616) wrapper /opt/stack/nova/nova/scheduler/request_filter.py:46}}
Jun 09 07:33:17.827730 np0000002420 nova-scheduler[95616]: DEBUG nova.scheduler.request_filter [None req-e389c316-c15c-413e-9075-e204d125d174 tempest-AttachSCSIVolumeTestJSON-334486884 tempest-AttachSCSIVolumeTestJSON-334486884-project-member] Request filter 'accelerators_filter' took 0.0 seconds {{(pid=95616) wrapper /opt/stack/nova/nova/scheduler/request_filter.py:46}}
Jun 09 07:33:17.827786 np0000002420 nova-scheduler[95616]: DEBUG nova.scheduler.request_filter [None req-e389c316-c15c-413e-9075-e204d125d174 tempest-AttachSCSIVolumeTestJSON-334486884 tempest-AttachSCSIVolumeTestJSON-334486884-project-member] Request filter 'packed_virtqueue_filter' took 0.0 seconds {{(pid=95616) wrapper /opt/stack/nova/nova/scheduler/request_filter.py:46}}
Jun 09 07:33:17.828005 np0000002420 nova-scheduler[95616]: DEBUG nova.scheduler.request_filter [None req-e389c316-c15c-413e-9075-e204d125d174 tempest-AttachSCSIVolumeTestJSON-334486884 tempest-AttachSCSIVolumeTestJSON-334486884-project-member] Request filter 'remote_managed_ports_filter' took 0.0 seconds {{(pid=95616) wrapper /opt/stack/nova/nova/scheduler/request_filter.py:46}}
Jun 09 07:33:17.828128 np0000002420 nova-scheduler[95616]: DEBUG nova.scheduler.request_filter [None req-e389c316-c15c-413e-9075-e204d125d174 tempest-AttachSCSIVolumeTestJSON-334486884 tempest-AttachSCSIVolumeTestJSON-334486884-project-member] ephemeral_encryption_filter skipped {{(pid=95616) ephemeral_encryption_filter /opt/stack/nova/nova/scheduler/request_filter.py:426}}
Jun 09 07:33:17.828288 np0000002420 nova-scheduler[95616]: DEBUG nova.scheduler.request_filter [None req-e389c316-c15c-413e-9075-e204d125d174 tempest-AttachSCSIVolumeTestJSON-334486884 tempest-AttachSCSIVolumeTestJSON-334486884-project-member] virtio_sound_filter skipped {{(pid=95616) virtio_sound_filter /opt/stack/nova/nova/scheduler/request_filter.py:460}}
Jun 09 07:33:17.828422 np0000002420 nova-scheduler[95616]: DEBUG nova.scheduler.request_filter [None req-e389c316-c15c-413e-9075-e204d125d174 tempest-AttachSCSIVolumeTestJSON-334486884 tempest-AttachSCSIVolumeTestJSON-334486884-project-member] tpm_secret_security_filter skipped {{(pid=95616) tpm_secret_security_filter /opt/stack/nova/nova/scheduler/request_filter.py:477}}
Jun 09 07:33:17.937535 np0000002420 nova-scheduler[95616]: INFO nova.utils [None req-e389c316-c15c-413e-9075-e204d125d174 tempest-AttachSCSIVolumeTestJSON-334486884 tempest-AttachSCSIVolumeTestJSON-334486884-project-member] The cell worker thread pool ForkProcess-2.cell_worker is initialized
Jun 09 07:33:17.937977 np0000002420 nova-scheduler[95616]: DEBUG oslo_concurrency.lockutils [None req-e389c316-c15c-413e-9075-e204d125d174 tempest-AttachSCSIVolumeTestJSON-334486884 tempest-AttachSCSIVolumeTestJSON-334486884-project-member] Acquiring lock "9993d2a8-3652-4625-874c-7f77e76eade3" by "nova.context.set_target_cell..get_or_set_cached_cell_and_set_connections" {{(pid=95616) inner /opt/stack/data/venv/lib/python3.12/site-packages/oslo_concurrency/lockutils.py:511}}
Jun 09 07:33:17.938242 np0000002420 nova-scheduler[95616]: DEBUG oslo_concurrency.lockutils [None req-e389c316-c15c-413e-9075-e204d125d174 tempest-AttachSCSIVolumeTestJSON-334486884 tempest-AttachSCSIVolumeTestJSON-334486884-project-member] Lock "9993d2a8-3652-4625-874c-7f77e76eade3" acquired by "nova.context.set_target_cell..get_or_set_cached_cell_and_set_connections" :: waited 0.000s {{(pid=95616) inner /opt/stack/data/venv/lib/python3.12/site-packages/oslo_concurrency/lockutils.py:524}}
Jun 09 07:33:17.939629 np0000002420 nova-scheduler[95616]: DEBUG oslo_concurrency.lockutils [None req-e389c316-c15c-413e-9075-e204d125d174 tempest-AttachSCSIVolumeTestJSON-334486884 tempest-AttachSCSIVolumeTestJSON-334486884-project-member] Lock "9993d2a8-3652-4625-874c-7f77e76eade3" "released" by "nova.context.set_target_cell..get_or_set_cached_cell_and_set_connections" :: held 0.001s {{(pid=95616) inner /opt/stack/data/venv/lib/python3.12/site-packages/oslo_concurrency/lockutils.py:543}}
Jun 09 07:33:17.943289 np0000002420 nova-scheduler[95616]: INFO dbcounter [None req-e389c316-c15c-413e-9075-e204d125d174 tempest-AttachSCSIVolumeTestJSON-334486884 tempest-AttachSCSIVolumeTestJSON-334486884-project-member] Registered counter for database nova_cell1
Jun 09 07:33:17.981132 np0000002420 nova-scheduler[95616]: DEBUG oslo_db.sqlalchemy.engines [None req-e389c316-c15c-413e-9075-e204d125d174 tempest-AttachSCSIVolumeTestJSON-334486884 tempest-AttachSCSIVolumeTestJSON-334486884-project-member] MySQL server mode set to STRICT_TRANS_TABLES,STRICT_ALL_TABLES,NO_ZERO_IN_DATE,NO_ZERO_DATE,ERROR_FOR_DIVISION_BY_ZERO,TRADITIONAL,NO_ENGINE_SUBSTITUTION {{(pid=95616) _check_effective_sql_mode /opt/stack/data/venv/lib/python3.12/site-packages/oslo_db/sqlalchemy/engines.py:325}}
Jun 09 07:33:17.993442 np0000002420 nova-scheduler[95616]: DEBUG dbcounter [-] [95616] Writer thread running {{(pid=95616) stat_writer /opt/stack/data/venv/lib/python3.12/site-packages/dbcounter.py:102}}
Jun 09 07:33:18.066964 np0000002420 nova-scheduler[95616]: DEBUG dbcounter [-] [95616] Writer thread running {{(pid=95616) stat_writer /opt/stack/data/venv/lib/python3.12/site-packages/dbcounter.py:102}}
Jun 09 07:33:18.073904 np0000002420 nova-scheduler[95616]: DEBUG oslo_concurrency.lockutils [None req-e389c316-c15c-413e-9075-e204d125d174 tempest-AttachSCSIVolumeTestJSON-334486884 tempest-AttachSCSIVolumeTestJSON-334486884-project-member] Acquiring lock "9993d2a8-3652-4625-874c-7f77e76eade3" by "nova.context.set_target_cell..get_or_set_cached_cell_and_set_connections" {{(pid=95616) inner /opt/stack/data/venv/lib/python3.12/site-packages/oslo_concurrency/lockutils.py:511}}
Jun 09 07:33:18.073904 np0000002420 nova-scheduler[95616]: DEBUG oslo_concurrency.lockutils [None req-e389c316-c15c-413e-9075-e204d125d174 tempest-AttachSCSIVolumeTestJSON-334486884 tempest-AttachSCSIVolumeTestJSON-334486884-project-member] Lock "9993d2a8-3652-4625-874c-7f77e76eade3" acquired by "nova.context.set_target_cell..get_or_set_cached_cell_and_set_connections" :: waited 0.002s {{(pid=95616) inner /opt/stack/data/venv/lib/python3.12/site-packages/oslo_concurrency/lockutils.py:524}}
Jun 09 07:33:18.073904 np0000002420 nova-scheduler[95616]: DEBUG oslo_concurrency.lockutils [None req-e389c316-c15c-413e-9075-e204d125d174 tempest-AttachSCSIVolumeTestJSON-334486884 tempest-AttachSCSIVolumeTestJSON-334486884-project-member] Lock "9993d2a8-3652-4625-874c-7f77e76eade3" "released" by "nova.context.set_target_cell..get_or_set_cached_cell_and_set_connections" :: held 0.000s {{(pid=95616) inner /opt/stack/data/venv/lib/python3.12/site-packages/oslo_concurrency/lockutils.py:543}}
Jun 09 07:33:18.075797 np0000002420 nova-scheduler[95616]: DEBUG oslo_concurrency.lockutils [None req-e389c316-c15c-413e-9075-e204d125d174 tempest-AttachSCSIVolumeTestJSON-334486884 tempest-AttachSCSIVolumeTestJSON-334486884-project-member] Acquiring lock "('np0000002420', 'np0000002420')" by "nova.scheduler.host_manager.HostState.update.._locked_update" {{(pid=95616) inner /opt/stack/data/venv/lib/python3.12/site-packages/oslo_concurrency/lockutils.py:511}}
Jun 09 07:33:18.076029 np0000002420 nova-scheduler[95616]: DEBUG oslo_concurrency.lockutils [None req-e389c316-c15c-413e-9075-e204d125d174 tempest-AttachSCSIVolumeTestJSON-334486884 tempest-AttachSCSIVolumeTestJSON-334486884-project-member] Lock "('np0000002420', 'np0000002420')" acquired by "nova.scheduler.host_manager.HostState.update.._locked_update" :: waited 0.000s {{(pid=95616) inner /opt/stack/data/venv/lib/python3.12/site-packages/oslo_concurrency/lockutils.py:524}}
