May 12 16:37:18.079661 np0000000615 nova-scheduler[95396]: DEBUG cotyledon.oslo_config_glue [-] oslo_messaging_rabbit.ssl_key_file = {{(pid=95396) log_opt_values /opt/stack/data/venv/lib/python3.12/site-packages/oslo_config/cfg.py:3006}}
May 12 16:37:18.079739 np0000000615 nova-scheduler[95396]: DEBUG cotyledon.oslo_config_glue [-] oslo_messaging_rabbit.ssl_version = {{(pid=95396) log_opt_values /opt/stack/data/venv/lib/python3.12/site-packages/oslo_config/cfg.py:3006}}
May 12 16:37:18.079807 np0000000615 nova-scheduler[95396]: DEBUG cotyledon.oslo_config_glue [-] oslo_messaging_rabbit.use_queue_manager = False {{(pid=95396) log_opt_values /opt/stack/data/venv/lib/python3.12/site-packages/oslo_config/cfg.py:3006}}
May 12 16:37:18.079934 np0000000615 nova-scheduler[95396]: DEBUG cotyledon.oslo_config_glue [-] oslo_messaging_notifications.driver = ['messagingv2'] {{(pid=95396) log_opt_values /opt/stack/data/venv/lib/python3.12/site-packages/oslo_config/cfg.py:3006}}
May 12 16:37:18.080010 np0000000615 nova-scheduler[95396]: DEBUG cotyledon.oslo_config_glue [-] oslo_messaging_notifications.retry = -1 {{(pid=95396) log_opt_values /opt/stack/data/venv/lib/python3.12/site-packages/oslo_config/cfg.py:3006}}
May 12 16:37:18.080098 np0000000615 nova-scheduler[95396]: DEBUG cotyledon.oslo_config_glue [-] oslo_messaging_notifications.topics = ['notifications'] {{(pid=95396) log_opt_values /opt/stack/data/venv/lib/python3.12/site-packages/oslo_config/cfg.py:3006}}
May 12 16:37:18.080237 np0000000615 nova-scheduler[95396]: DEBUG cotyledon.oslo_config_glue [-] oslo_messaging_notifications.transport_url = **** {{(pid=95396) log_opt_values /opt/stack/data/venv/lib/python3.12/site-packages/oslo_config/cfg.py:3006}}
May 12 16:37:18.080495 np0000000615 nova-scheduler[95396]: DEBUG cotyledon.oslo_config_glue [-] oslo_limit.auth_section = None {{(pid=95396) log_opt_values /opt/stack/data/venv/lib/python3.12/site-packages/oslo_config/cfg.py:3006}}
May 12 16:37:18.080586 np0000000615 nova-scheduler[95396]: DEBUG cotyledon.oslo_config_glue [-] oslo_limit.auth_type = None {{(pid=95396) log_opt_values /opt/stack/data/venv/lib/python3.12/site-packages/oslo_config/cfg.py:3006}}
May 12 16:37:18.080711 np0000000615 nova-scheduler[95396]: DEBUG cotyledon.oslo_config_glue [-] oslo_limit.cafile = None {{(pid=95396) log_opt_values /opt/stack/data/venv/lib/python3.12/site-packages/oslo_config/cfg.py:3006}}
May 12 16:37:18.080888 np0000000615 nova-scheduler[95396]: DEBUG cotyledon.oslo_config_glue [-] oslo_limit.certfile = None {{(pid=95396) log_opt_values /opt/stack/data/venv/lib/python3.12/site-packages/oslo_config/cfg.py:3006}}
May 12 16:37:18.080888 np0000000615 nova-scheduler[95396]: DEBUG cotyledon.oslo_config_glue [-] oslo_limit.collect_timing = False {{(pid=95396) log_opt_values /opt/stack/data/venv/lib/python3.12/site-packages/oslo_config/cfg.py:3006}}
May 12 16:37:18.080960 np0000000615 nova-scheduler[95396]: DEBUG cotyledon.oslo_config_glue [-] oslo_limit.connect_retries = None {{(pid=95396) log_opt_values /opt/stack/data/venv/lib/python3.12/site-packages/oslo_config/cfg.py:3006}}
May 12 16:37:18.080984 np0000000615 nova-scheduler[95396]: DEBUG cotyledon.oslo_config_glue [-] oslo_limit.connect_retry_delay = None {{(pid=95396) log_opt_values /opt/stack/data/venv/lib/python3.12/site-packages/oslo_config/cfg.py:3006}}
May 12 16:37:18.081072 np0000000615 nova-scheduler[95396]: DEBUG cotyledon.oslo_config_glue [-] oslo_limit.endpoint_id = None {{(pid=95396) log_opt_values /opt/stack/data/venv/lib/python3.12/site-packages/oslo_config/cfg.py:3006}}
May 12 16:37:18.081156 np0000000615 nova-scheduler[95396]: DEBUG cotyledon.oslo_config_glue [-] oslo_limit.endpoint_interface = public {{(pid=95396) log_opt_values /opt/stack/data/venv/lib/python3.12/site-packages/oslo_config/cfg.py:3006}}
May 12 16:37:18.081232 np0000000615 nova-scheduler[95396]: DEBUG cotyledon.oslo_config_glue [-] oslo_limit.endpoint_override = None {{(pid=95396) log_opt_values /opt/stack/data/venv/lib/python3.12/site-packages/oslo_config/cfg.py:3006}}
May 12 16:37:18.081311 np0000000615 nova-scheduler[95396]: DEBUG cotyledon.oslo_config_glue [-] oslo_limit.endpoint_region_name = None {{(pid=95396) log_opt_values /opt/stack/data/venv/lib/python3.12/site-packages/oslo_config/cfg.py:3006}}
May 12 16:37:18.081390 np0000000615 nova-scheduler[95396]: DEBUG cotyledon.oslo_config_glue [-] oslo_limit.endpoint_service_name = None {{(pid=95396) log_opt_values /opt/stack/data/venv/lib/python3.12/site-packages/oslo_config/cfg.py:3006}}
May 12 16:37:18.081504 np0000000615 nova-scheduler[95396]: DEBUG cotyledon.oslo_config_glue [-] oslo_limit.endpoint_service_type = None {{(pid=95396) log_opt_values /opt/stack/data/venv/lib/python3.12/site-packages/oslo_config/cfg.py:3006}}
May 12 16:37:18.081593 np0000000615 nova-scheduler[95396]: DEBUG cotyledon.oslo_config_glue [-] oslo_limit.insecure = False {{(pid=95396) log_opt_values /opt/stack/data/venv/lib/python3.12/site-packages/oslo_config/cfg.py:3006}}
May 12 16:37:18.081665 np0000000615 nova-scheduler[95396]: DEBUG cotyledon.oslo_config_glue [-] oslo_limit.keyfile = None {{(pid=95396) log_opt_values /opt/stack/data/venv/lib/python3.12/site-packages/oslo_config/cfg.py:3006}}
May 12 16:37:18.081741 np0000000615 nova-scheduler[95396]: DEBUG cotyledon.oslo_config_glue [-] oslo_limit.max_version = None {{(pid=95396) log_opt_values /opt/stack/data/venv/lib/python3.12/site-packages/oslo_config/cfg.py:3006}}
May 12 16:37:18.081862 np0000000615 nova-scheduler[95396]: DEBUG cotyledon.oslo_config_glue [-] oslo_limit.min_version = None {{(pid=95396) log_opt_values /opt/stack/data/venv/lib/python3.12/site-packages/oslo_config/cfg.py:3006}}
May 12 16:37:18.081909 np0000000615 nova-scheduler[95396]: DEBUG cotyledon.oslo_config_glue [-] oslo_limit.region_name = None {{(pid=95396) log_opt_values /opt/stack/data/venv/lib/python3.12/site-packages/oslo_config/cfg.py:3006}}
May 12 16:37:18.082018 np0000000615 nova-scheduler[95396]: DEBUG cotyledon.oslo_config_glue [-] oslo_limit.retriable_status_codes = None {{(pid=95396) log_opt_values /opt/stack/data/venv/lib/python3.12/site-packages/oslo_config/cfg.py:3006}}
May 12 16:37:18.082096 np0000000615 nova-scheduler[95396]: DEBUG cotyledon.oslo_config_glue [-] oslo_limit.service_name = None {{(pid=95396) log_opt_values /opt/stack/data/venv/lib/python3.12/site-packages/oslo_config/cfg.py:3006}}
May 12 16:37:18.084226 np0000000615 nova-scheduler[95396]: DEBUG cotyledon.oslo_config_glue [-] oslo_limit.service_type = None {{(pid=95396) log_opt_values /opt/stack/data/venv/lib/python3.12/site-packages/oslo_config/cfg.py:3006}}
May 12 16:37:18.084226 np0000000615 nova-scheduler[95396]: DEBUG cotyledon.oslo_config_glue [-] oslo_limit.split_loggers = False {{(pid=95396) log_opt_values /opt/stack/data/venv/lib/python3.12/site-packages/oslo_config/cfg.py:3006}}
May 12 16:37:18.084226 np0000000615 nova-scheduler[95396]: DEBUG cotyledon.oslo_config_glue [-] oslo_limit.status_code_retries = None {{(pid=95396) log_opt_values /opt/stack/data/venv/lib/python3.12/site-packages/oslo_config/cfg.py:3006}}
May 12 16:37:18.084226 np0000000615 nova-scheduler[95396]: DEBUG cotyledon.oslo_config_glue [-] oslo_limit.status_code_retry_delay = None {{(pid=95396) log_opt_values /opt/stack/data/venv/lib/python3.12/site-packages/oslo_config/cfg.py:3006}}
May 12 16:37:18.084226 np0000000615 nova-scheduler[95396]: DEBUG cotyledon.oslo_config_glue [-] oslo_limit.timeout = None {{(pid=95396) log_opt_values /opt/stack/data/venv/lib/python3.12/site-packages/oslo_config/cfg.py:3006}}
May 12 16:37:18.084226 np0000000615 nova-scheduler[95396]: DEBUG cotyledon.oslo_config_glue [-] oslo_limit.valid_interfaces = None {{(pid=95396) log_opt_values /opt/stack/data/venv/lib/python3.12/site-packages/oslo_config/cfg.py:3006}}
May 12 16:37:18.084226 np0000000615 nova-scheduler[95396]: DEBUG cotyledon.oslo_config_glue [-] oslo_limit.version = None {{(pid=95396) log_opt_values /opt/stack/data/venv/lib/python3.12/site-packages/oslo_config/cfg.py:3006}}
May 12 16:37:18.084226 np0000000615 nova-scheduler[95396]: DEBUG cotyledon.oslo_config_glue [-] oslo_reports.file_event_handler = None {{(pid=95396) log_opt_values /opt/stack/data/venv/lib/python3.12/site-packages/oslo_config/cfg.py:3006}}
May 12 16:37:18.084226 np0000000615 nova-scheduler[95396]: DEBUG cotyledon.oslo_config_glue [-] oslo_reports.file_event_handler_interval = 1 {{(pid=95396) log_opt_values /opt/stack/data/venv/lib/python3.12/site-packages/oslo_config/cfg.py:3006}}
May 12 16:37:18.084546 np0000000615 nova-scheduler[95396]: DEBUG cotyledon.oslo_config_glue [-] oslo_reports.log_dir = None {{(pid=95396) log_opt_values /opt/stack/data/venv/lib/python3.12/site-packages/oslo_config/cfg.py:3006}}
May 12 16:37:18.084546 np0000000615 nova-scheduler[95396]: DEBUG cotyledon.oslo_config_glue [-] ******************************************************************************** {{(pid=95396) log_opt_values /opt/stack/data/venv/lib/python3.12/site-packages/oslo_config/cfg.py:3013}}
May 12 16:37:18.084546 np0000000615 nova-scheduler[95396]: DEBUG cotyledon._service_worker [-] Run service ServiceWrapper(2) [95396] {{(pid=95396) wait_forever /opt/stack/data/venv/lib/python3.12/site-packages/cotyledon/_service_worker.py:218}}
May 12 16:37:18.084546 np0000000615 nova-scheduler[95396]: INFO nova.service [-] Starting scheduler node (version 33.1.0)
May 12 16:37:18.087347 np0000000615 nova-scheduler[95392]: DEBUG nova.service [None req-f5bd269b-7b7c-4417-a2ae-2d5e44d512c4 None None] Creating RPC server for service: nova-scheduler on topic: scheduler {{(pid=95392) start /opt/stack/nova/nova/service.py:195}}
May 12 16:37:18.088448 np0000000615 nova-scheduler[95396]: INFO dbcounter [None req-83fd9c6b-4e94-441e-ad3c-12b580a5c73f None None] Registered counter for database nova_cell0
May 12 16:37:18.092053 np0000000615 nova-scheduler[95394]: DEBUG nova.service [None req-ce8e2b73-63af-4aad-9b10-6c8530ed9c50 None None] Creating RPC server for service: nova-scheduler on topic: scheduler {{(pid=95394) start /opt/stack/nova/nova/service.py:195}}
May 12 16:37:18.100538 np0000000615 nova-scheduler[95396]: DEBUG oslo_db.sqlalchemy.engines [None req-83fd9c6b-4e94-441e-ad3c-12b580a5c73f None None] MySQL server mode set to STRICT_TRANS_TABLES,STRICT_ALL_TABLES,NO_ZERO_IN_DATE,NO_ZERO_DATE,ERROR_FOR_DIVISION_BY_ZERO,TRADITIONAL,NO_ENGINE_SUBSTITUTION {{(pid=95396) _check_effective_sql_mode /opt/stack/data/venv/lib/python3.12/site-packages/oslo_db/sqlalchemy/engines.py:325}}
May 12 16:37:18.109003 np0000000615 nova-scheduler[95396]: DEBUG dbcounter [-] [95396] Writer thread running {{(pid=95396) stat_writer /opt/stack/data/venv/lib/python3.12/site-packages/dbcounter.py:102}}
May 12 16:37:18.111921 np0000000615 nova-scheduler[95396]: DEBUG nova.service [None req-83fd9c6b-4e94-441e-ad3c-12b580a5c73f None None] Creating RPC server for service: nova-scheduler on topic: scheduler {{(pid=95396) start /opt/stack/nova/nova/service.py:195}}
May 12 16:37:18.119054 np0000000615 nova-scheduler[95394]: DEBUG nova.service [None req-ce8e2b73-63af-4aad-9b10-6c8530ed9c50 None None] Join ServiceGroup membership for this service scheduler {{(pid=95394) start /opt/stack/nova/nova/service.py:221}}
May 12 16:37:18.119302 np0000000615 nova-scheduler[95394]: DEBUG nova.servicegroup.drivers.db [None req-ce8e2b73-63af-4aad-9b10-6c8530ed9c50 None None] DB_Driver: join new ServiceGroup member np0000000615 to the scheduler group, service = {{(pid=95394) join /opt/stack/nova/nova/servicegroup/drivers/db.py:44}}
May 12 16:37:18.124810 np0000000615 nova-scheduler[95392]: DEBUG nova.service [None req-f5bd269b-7b7c-4417-a2ae-2d5e44d512c4 None None] Join ServiceGroup membership for this service scheduler {{(pid=95392) start /opt/stack/nova/nova/service.py:221}}
May 12 16:37:18.125361 np0000000615 nova-scheduler[95392]: DEBUG nova.servicegroup.drivers.db [None req-f5bd269b-7b7c-4417-a2ae-2d5e44d512c4 None None] DB_Driver: join new ServiceGroup member np0000000615 to the scheduler group, service = {{(pid=95392) join /opt/stack/nova/nova/servicegroup/drivers/db.py:44}}
May 12 16:37:18.130591 np0000000615 nova-scheduler[95396]: DEBUG nova.service [None req-83fd9c6b-4e94-441e-ad3c-12b580a5c73f None None] Join ServiceGroup membership for this service scheduler {{(pid=95396) start /opt/stack/nova/nova/service.py:221}}
May 12 16:37:18.130856 np0000000615 nova-scheduler[95396]: DEBUG nova.servicegroup.drivers.db [None req-83fd9c6b-4e94-441e-ad3c-12b580a5c73f None None] DB_Driver: join new ServiceGroup member np0000000615 to the scheduler group, service = {{(pid=95396) join /opt/stack/nova/nova/servicegroup/drivers/db.py:44}}
May 12 16:37:23.142377 np0000000615 nova-scheduler[95394]: DEBUG oslo.service.backend._threading.loopingcall [-] Fixed interval looping call 'nova.servicegroup.drivers.db.DbDriver._report_state' sleeping for 119.98 seconds {{(pid=95394) _run_loop /opt/stack/data/venv/lib/python3.12/site-packages/oslo_service/backend/_threading/loopingcall.py:125}}
May 12 16:37:23.144458 np0000000615 nova-scheduler[95396]: DEBUG oslo.service.backend._threading.loopingcall [-] Fixed interval looping call 'nova.servicegroup.drivers.db.DbDriver._report_state' sleeping for 119.99 seconds {{(pid=95396) _run_loop /opt/stack/data/venv/lib/python3.12/site-packages/oslo_service/backend/_threading/loopingcall.py:125}}
May 12 16:37:23.145014 np0000000615 nova-scheduler[95392]: DEBUG oslo.service.backend._threading.loopingcall [-] Fixed interval looping call 'nova.servicegroup.drivers.db.DbDriver._report_state' sleeping for 119.98 seconds {{(pid=95392) _run_loop /opt/stack/data/venv/lib/python3.12/site-packages/oslo_service/backend/_threading/loopingcall.py:125}}
May 12 16:37:26.699294 np0000000615 nova-scheduler[94198]: DEBUG dbcounter [-] [94198] Writing DB stats nova_api:SELECT=3 {{(pid=94198) stat_writer /opt/stack/data/venv/lib/python3.12/site-packages/dbcounter.py:115}}
May 12 16:37:26.805131 np0000000615 nova-scheduler[94198]: DEBUG dbcounter [-] [94198] Writing DB stats nova_cell0:SELECT=1 {{(pid=94198) stat_writer /opt/stack/data/venv/lib/python3.12/site-packages/dbcounter.py:115}}
May 12 16:37:26.808701 np0000000615 nova-scheduler[94198]: DEBUG dbcounter [-] [94198] Writing DB stats nova_cell1:SELECT=1 {{(pid=94198) stat_writer /opt/stack/data/venv/lib/python3.12/site-packages/dbcounter.py:115}}
May 12 16:37:33.133742 np0000000615 nova-scheduler[95394]: DEBUG dbcounter [-] [95394] Writing DB stats nova_cell0:SELECT=5,nova_cell0:INSERT=1,nova_cell0:UPDATE=1 {{(pid=95394) stat_writer /opt/stack/data/venv/lib/python3.12/site-packages/dbcounter.py:115}}
May 12 16:37:33.142974 np0000000615 nova-scheduler[95392]: DEBUG dbcounter [-] [95392] Writing DB stats nova_cell0:SELECT=4,nova_cell0:INSERT=1,nova_cell0:UPDATE=1 {{(pid=95392) stat_writer /opt/stack/data/venv/lib/python3.12/site-packages/dbcounter.py:115}}
May 12 16:37:33.143334 np0000000615 nova-scheduler[95396]: DEBUG dbcounter [-] [95396] Writing DB stats nova_cell0:SELECT=3,nova_cell0:UPDATE=1 {{(pid=95396) stat_writer /opt/stack/data/venv/lib/python3.12/site-packages/dbcounter.py:115}}
May 12 16:37:40.122466 np0000000615 nova-scheduler[95394]: DEBUG oslo.service.backend._threading.loopingcall [None req-c0c6cf21-00d1-4345-8778-e26762d37f40 None None] Dynamic interval looping call 'nova.service.Service.periodic_tasks' sleeping for 60.00 seconds {{(pid=95394) _run_loop /opt/stack/data/venv/lib/python3.12/site-packages/oslo_service/backend/_threading/loopingcall.py:125}}
May 12 16:37:43.132908 np0000000615 nova-scheduler[95396]: DEBUG oslo.service.backend._threading.loopingcall [None req-a2bb4965-1c02-4e76-be66-ea79c268c025 None None] Dynamic interval looping call 'nova.service.Service.periodic_tasks' sleeping for 60.00 seconds {{(pid=95396) _run_loop /opt/stack/data/venv/lib/python3.12/site-packages/oslo_service/backend/_threading/loopingcall.py:125}}
May 12 16:37:44.127709 np0000000615 nova-scheduler[95392]: DEBUG oslo.service.backend._threading.loopingcall [None req-909e1078-0edc-4f9d-a09c-19c30b0db43a None None] Dynamic interval looping call 'nova.service.Service.periodic_tasks' sleeping for 60.00 seconds {{(pid=95392) _run_loop /opt/stack/data/venv/lib/python3.12/site-packages/oslo_service/backend/_threading/loopingcall.py:125}}
May 12 16:38:40.123001 np0000000615 nova-scheduler[95394]: DEBUG oslo.service.backend._threading.loopingcall [None req-c0c6cf21-00d1-4345-8778-e26762d37f40 None None] Dynamic interval looping call 'nova.service.Service.periodic_tasks' sleeping for 60.00 seconds {{(pid=95394) _run_loop /opt/stack/data/venv/lib/python3.12/site-packages/oslo_service/backend/_threading/loopingcall.py:125}}
May 12 16:38:43.133389 np0000000615 nova-scheduler[95396]: DEBUG oslo.service.backend._threading.loopingcall [None req-a2bb4965-1c02-4e76-be66-ea79c268c025 None None] Dynamic interval looping call 'nova.service.Service.periodic_tasks' sleeping for 60.00 seconds {{(pid=95396) _run_loop /opt/stack/data/venv/lib/python3.12/site-packages/oslo_service/backend/_threading/loopingcall.py:125}}
May 12 16:38:44.128285 np0000000615 nova-scheduler[95392]: DEBUG oslo.service.backend._threading.loopingcall [None req-909e1078-0edc-4f9d-a09c-19c30b0db43a None None] Dynamic interval looping call 'nova.service.Service.periodic_tasks' sleeping for 60.00 seconds {{(pid=95392) _run_loop /opt/stack/data/venv/lib/python3.12/site-packages/oslo_service/backend/_threading/loopingcall.py:125}}
May 12 16:39:23.132157 np0000000615 nova-scheduler[95394]: DEBUG oslo.service.backend._threading.loopingcall [-] Fixed interval looping call 'nova.servicegroup.drivers.db.DbDriver._report_state' sleeping for 119.99 seconds {{(pid=95394) _run_loop /opt/stack/data/venv/lib/python3.12/site-packages/oslo_service/backend/_threading/loopingcall.py:125}}
May 12 16:39:23.132677 np0000000615 nova-scheduler[95392]: DEBUG oslo.service.backend._threading.loopingcall [-] Fixed interval looping call 'nova.servicegroup.drivers.db.DbDriver._report_state' sleeping for 119.99 seconds {{(pid=95392) _run_loop /opt/stack/data/venv/lib/python3.12/site-packages/oslo_service/backend/_threading/loopingcall.py:125}}
May 12 16:39:23.138071 np0000000615 nova-scheduler[95396]: DEBUG oslo.service.backend._threading.loopingcall [-] Fixed interval looping call 'nova.servicegroup.drivers.db.DbDriver._report_state' sleeping for 120.00 seconds {{(pid=95396) _run_loop /opt/stack/data/venv/lib/python3.12/site-packages/oslo_service/backend/_threading/loopingcall.py:125}}
May 12 16:39:33.126565 np0000000615 nova-scheduler[95394]: DEBUG dbcounter [-] [95394] Writing DB stats nova_cell0:SELECT=1,nova_cell0:UPDATE=1 {{(pid=95394) stat_writer /opt/stack/data/venv/lib/python3.12/site-packages/dbcounter.py:115}}
May 12 16:39:33.129168 np0000000615 nova-scheduler[95392]: DEBUG dbcounter [-] [95392] Writing DB stats nova_cell0:SELECT=1,nova_cell0:UPDATE=1 {{(pid=95392) stat_writer /opt/stack/data/venv/lib/python3.12/site-packages/dbcounter.py:115}}
May 12 16:39:33.136547 np0000000615 nova-scheduler[95396]: DEBUG dbcounter [-] [95396] Writing DB stats nova_cell0:SELECT=1 {{(pid=95396) stat_writer /opt/stack/data/venv/lib/python3.12/site-packages/dbcounter.py:115}}
May 12 16:39:40.123497 np0000000615 nova-scheduler[95394]: DEBUG oslo.service.backend._threading.loopingcall [None req-c0c6cf21-00d1-4345-8778-e26762d37f40 None None] Dynamic interval looping call 'nova.service.Service.periodic_tasks' sleeping for 60.00 seconds {{(pid=95394) _run_loop /opt/stack/data/venv/lib/python3.12/site-packages/oslo_service/backend/_threading/loopingcall.py:125}}
May 12 16:39:43.133937 np0000000615 nova-scheduler[95396]: DEBUG oslo.service.backend._threading.loopingcall [None req-a2bb4965-1c02-4e76-be66-ea79c268c025 None None] Dynamic interval looping call 'nova.service.Service.periodic_tasks' sleeping for 60.00 seconds {{(pid=95396) _run_loop /opt/stack/data/venv/lib/python3.12/site-packages/oslo_service/backend/_threading/loopingcall.py:125}}
May 12 16:39:44.128706 np0000000615 nova-scheduler[95392]: DEBUG oslo.service.backend._threading.loopingcall [None req-909e1078-0edc-4f9d-a09c-19c30b0db43a None None] Dynamic interval looping call 'nova.service.Service.periodic_tasks' sleeping for 60.00 seconds {{(pid=95392) _run_loop /opt/stack/data/venv/lib/python3.12/site-packages/oslo_service/backend/_threading/loopingcall.py:125}}
May 12 16:40:13.146977 np0000000615 nova-scheduler[95394]: DEBUG nova.scheduler.manager [None req-0d8d0bc3-4c6b-4156-a22b-a298c1cae7f4 tempest-ServersNegativeTestJSON-1784144817 tempest-ServersNegativeTestJSON-1784144817-project-member] Starting to schedule for instances: ['d7e22e5e-29a7-4164-a4d6-65ed5cb8dbcf'] {{(pid=95394) select_destinations /opt/stack/nova/nova/scheduler/manager.py:210}}
May 12 16:40:13.146977 np0000000615 nova-scheduler[95394]: DEBUG nova.scheduler.request_filter [None req-0d8d0bc3-4c6b-4156-a22b-a298c1cae7f4 tempest-ServersNegativeTestJSON-1784144817 tempest-ServersNegativeTestJSON-1784144817-project-member] compute_status_filter request filter added forbidden trait COMPUTE_STATUS_DISABLED {{(pid=95394) compute_status_filter /opt/stack/nova/nova/scheduler/request_filter.py:253}}
May 12 16:40:13.146977 np0000000615 nova-scheduler[95394]: DEBUG nova.scheduler.request_filter [None req-0d8d0bc3-4c6b-4156-a22b-a298c1cae7f4 tempest-ServersNegativeTestJSON-1784144817 tempest-ServersNegativeTestJSON-1784144817-project-member] Request filter 'compute_status_filter' took 0.0 seconds {{(pid=95394) wrapper /opt/stack/nova/nova/scheduler/request_filter.py:46}}
May 12 16:40:13.147453 np0000000615 nova-scheduler[95394]: DEBUG nova.scheduler.request_filter [None req-0d8d0bc3-4c6b-4156-a22b-a298c1cae7f4 tempest-ServersNegativeTestJSON-1784144817 tempest-ServersNegativeTestJSON-1784144817-project-member] Request filter 'accelerators_filter' took 0.0 seconds {{(pid=95394) wrapper /opt/stack/nova/nova/scheduler/request_filter.py:46}}
May 12 16:40:13.147732 np0000000615 nova-scheduler[95394]: DEBUG nova.scheduler.request_filter [None req-0d8d0bc3-4c6b-4156-a22b-a298c1cae7f4 tempest-ServersNegativeTestJSON-1784144817 tempest-ServersNegativeTestJSON-1784144817-project-member] Request filter 'packed_virtqueue_filter' took 0.0 seconds {{(pid=95394) wrapper /opt/stack/nova/nova/scheduler/request_filter.py:46}}
May 12 16:40:13.148112 np0000000615 nova-scheduler[95394]: DEBUG nova.scheduler.request_filter [None req-0d8d0bc3-4c6b-4156-a22b-a298c1cae7f4 tempest-ServersNegativeTestJSON-1784144817 tempest-ServersNegativeTestJSON-1784144817-project-member] Request filter 'remote_managed_ports_filter' took 0.0 seconds {{(pid=95394) wrapper /opt/stack/nova/nova/scheduler/request_filter.py:46}}
May 12 16:40:13.148658 np0000000615 nova-scheduler[95394]: DEBUG nova.scheduler.request_filter [None req-0d8d0bc3-4c6b-4156-a22b-a298c1cae7f4 tempest-ServersNegativeTestJSON-1784144817 tempest-ServersNegativeTestJSON-1784144817-project-member] ephemeral_encryption_filter skipped {{(pid=95394) ephemeral_encryption_filter /opt/stack/nova/nova/scheduler/request_filter.py:426}}
May 12 16:40:13.148962 np0000000615 nova-scheduler[95394]: DEBUG nova.scheduler.request_filter [None req-0d8d0bc3-4c6b-4156-a22b-a298c1cae7f4 tempest-ServersNegativeTestJSON-1784144817 tempest-ServersNegativeTestJSON-1784144817-project-member] virtio_sound_filter skipped {{(pid=95394) virtio_sound_filter /opt/stack/nova/nova/scheduler/request_filter.py:460}}
May 12 16:40:13.149256 np0000000615 nova-scheduler[95394]: DEBUG nova.scheduler.request_filter [None req-0d8d0bc3-4c6b-4156-a22b-a298c1cae7f4 tempest-ServersNegativeTestJSON-1784144817 tempest-ServersNegativeTestJSON-1784144817-project-member] tpm_secret_security_filter skipped {{(pid=95394) tpm_secret_security_filter /opt/stack/nova/nova/scheduler/request_filter.py:477}}
May 12 16:40:13.797637 np0000000615 nova-scheduler[95394]: INFO nova.utils [None req-0d8d0bc3-4c6b-4156-a22b-a298c1cae7f4 tempest-ServersNegativeTestJSON-1784144817 tempest-ServersNegativeTestJSON-1784144817-project-member] The cell worker thread pool ForkProcess-2.cell_worker is initialized
May 12 16:40:13.798028 np0000000615 nova-scheduler[95394]: DEBUG oslo_concurrency.lockutils [None req-0d8d0bc3-4c6b-4156-a22b-a298c1cae7f4 tempest-ServersNegativeTestJSON-1784144817 tempest-ServersNegativeTestJSON-1784144817-project-member] Acquiring lock "807059c4-8f6a-4b0f-975b-1aa376b03227" by "nova.context.set_target_cell..get_or_set_cached_cell_and_set_connections" {{(pid=95394) inner /opt/stack/data/venv/lib/python3.12/site-packages/oslo_concurrency/lockutils.py:506}}
May 12 16:40:13.798290 np0000000615 nova-scheduler[95394]: DEBUG oslo_concurrency.lockutils [None req-0d8d0bc3-4c6b-4156-a22b-a298c1cae7f4 tempest-ServersNegativeTestJSON-1784144817 tempest-ServersNegativeTestJSON-1784144817-project-member] Lock "807059c4-8f6a-4b0f-975b-1aa376b03227" acquired by "nova.context.set_target_cell..get_or_set_cached_cell_and_set_connections" :: waited 0.000s {{(pid=95394) inner /opt/stack/data/venv/lib/python3.12/site-packages/oslo_concurrency/lockutils.py:519}}
May 12 16:40:13.800309 np0000000615 nova-scheduler[95394]: DEBUG oslo_concurrency.lockutils [None req-0d8d0bc3-4c6b-4156-a22b-a298c1cae7f4 tempest-ServersNegativeTestJSON-1784144817 tempest-ServersNegativeTestJSON-1784144817-project-member] Lock "807059c4-8f6a-4b0f-975b-1aa376b03227" "released" by "nova.context.set_target_cell..get_or_set_cached_cell_and_set_connections" :: held 0.002s {{(pid=95394) inner /opt/stack/data/venv/lib/python3.12/site-packages/oslo_concurrency/lockutils.py:538}}
May 12 16:40:13.802500 np0000000615 nova-scheduler[95394]: INFO dbcounter [None req-0d8d0bc3-4c6b-4156-a22b-a298c1cae7f4 tempest-ServersNegativeTestJSON-1784144817 tempest-ServersNegativeTestJSON-1784144817-project-member] Registered counter for database nova_cell1
May 12 16:40:13.809631 np0000000615 nova-scheduler[95394]: DEBUG oslo_db.sqlalchemy.engines [None req-0d8d0bc3-4c6b-4156-a22b-a298c1cae7f4 tempest-ServersNegativeTestJSON-1784144817 tempest-ServersNegativeTestJSON-1784144817-project-member] MySQL server mode set to STRICT_TRANS_TABLES,STRICT_ALL_TABLES,NO_ZERO_IN_DATE,NO_ZERO_DATE,ERROR_FOR_DIVISION_BY_ZERO,TRADITIONAL,NO_ENGINE_SUBSTITUTION {{(pid=95394) _check_effective_sql_mode /opt/stack/data/venv/lib/python3.12/site-packages/oslo_db/sqlalchemy/engines.py:325}}
May 12 16:40:13.815705 np0000000615 nova-scheduler[95394]: DEBUG dbcounter [-] [95394] Writer thread running {{(pid=95394) stat_writer /opt/stack/data/venv/lib/python3.12/site-packages/dbcounter.py:102}}
May 12 16:40:13.830578 np0000000615 nova-scheduler[95394]: DEBUG oslo_db.sqlalchemy.engines [None req-0d8d0bc3-4c6b-4156-a22b-a298c1cae7f4 tempest-ServersNegativeTestJSON-1784144817 tempest-ServersNegativeTestJSON-1784144817-project-member] Parent process 94198 forked (95394) with an open database connection, which is being discarded and recreated. {{(pid=95394) checkout /opt/stack/data/venv/lib/python3.12/site-packages/oslo_db/sqlalchemy/engines.py:402}}
May 12 16:40:13.842267 np0000000615 nova-scheduler[95394]: DEBUG dbcounter [-] [95394] Writer thread running {{(pid=95394) stat_writer /opt/stack/data/venv/lib/python3.12/site-packages/dbcounter.py:102}}
May 12 16:40:13.845462 np0000000615 nova-scheduler[95394]: DEBUG oslo_concurrency.lockutils [None req-0d8d0bc3-4c6b-4156-a22b-a298c1cae7f4 tempest-ServersNegativeTestJSON-1784144817 tempest-ServersNegativeTestJSON-1784144817-project-member] Acquiring lock "807059c4-8f6a-4b0f-975b-1aa376b03227" by "nova.context.set_target_cell..get_or_set_cached_cell_and_set_connections" {{(pid=95394) inner /opt/stack/data/venv/lib/python3.12/site-packages/oslo_concurrency/lockutils.py:506}}
May 12 16:40:13.845715 np0000000615 nova-scheduler[95394]: DEBUG oslo_concurrency.lockutils [None req-0d8d0bc3-4c6b-4156-a22b-a298c1cae7f4 tempest-ServersNegativeTestJSON-1784144817 tempest-ServersNegativeTestJSON-1784144817-project-member] Lock "807059c4-8f6a-4b0f-975b-1aa376b03227" acquired by "nova.context.set_target_cell..get_or_set_cached_cell_and_set_connections" :: waited 0.000s {{(pid=95394) inner /opt/stack/data/venv/lib/python3.12/site-packages/oslo_concurrency/lockutils.py:519}}
May 12 16:40:13.845909 np0000000615 nova-scheduler[95394]: DEBUG oslo_concurrency.lockutils [None req-0d8d0bc3-4c6b-4156-a22b-a298c1cae7f4 tempest-ServersNegativeTestJSON-1784144817 tempest-ServersNegativeTestJSON-1784144817-project-member] Lock "807059c4-8f6a-4b0f-975b-1aa376b03227" "released" by "nova.context.set_target_cell..get_or_set_cached_cell_and_set_connections" :: held 0.000s {{(pid=95394) inner /opt/stack/data/venv/lib/python3.12/site-packages/oslo_concurrency/lockutils.py:538}}
May 12 16:40:13.849871 np0000000615 nova-scheduler[95394]: DEBUG oslo_concurrency.lockutils [None req-0d8d0bc3-4c6b-4156-a22b-a298c1cae7f4 tempest-ServersNegativeTestJSON-1784144817 tempest-ServersNegativeTestJSON-1784144817-project-member] Acquiring lock "('np0000000615', 'np0000000615')" by "nova.scheduler.host_manager.HostState.update.._locked_update" {{(pid=95394) inner /opt/stack/data/venv/lib/python3.12/site-packages/oslo_concurrency/lockutils.py:506}}
May 12 16:40:13.850044 np0000000615 nova-scheduler[95394]: DEBUG oslo_concurrency.lockutils [None req-0d8d0bc3-4c6b-4156-a22b-a298c1cae7f4 tempest-ServersNegativeTestJSON-1784144817 tempest-ServersNegativeTestJSON-1784144817-project-member] Lock "('np0000000615', 'np0000000615')" acquired by "nova.scheduler.host_manager.HostState.update.._locked_update" :: waited 0.000s {{(pid=95394) inner /opt/stack/data/venv/lib/python3.12/site-packages/oslo_concurrency/lockutils.py:519}}
May 12 16:40:13.854867 np0000000615 nova-scheduler[95394]: DEBUG nova.scheduler.host_manager [None req-0d8d0bc3-4c6b-4156-a22b-a298c1cae7f4 tempest-ServersNegativeTestJSON-1784144817 tempest-ServersNegativeTestJSON-1784144817-project-member] Update host state from compute node: ComputeNode(cpu_allocation_ratio=4.0,cpu_info='{"arch": "x86_64", "model": "EPYC-Milan", "vendor": "AMD", "topology": {"cells": 1, "sockets": 12, "cores": 1, "threads": 1}, "maxphysaddr": {"mode": "emulate", "bits": 40}, "features": ["pause-filter", "amd-ssbd", "pni", "perfctr_core", "xgetbv1", "clflush", "umip", "topoext", "osvw", "avx", "tsc-deadline", "de", "msr", "pge", "npt", "xsave", "pschange-mc-no", "pcid", "mds-no", "arch-capabilities", "sse2", "lfence-always-serializing", "erms", "sha-ni", "cmov", "xsaveerptr", "spec-ctrl", "x2apic", "mca", "cmp_legacy", "mce", "flushbyasid", "sse4.1", "pdpe1gb", "amd-stibp", "clwb", "fsgsbase", "pat", "bmi2", "popcnt", "pse36", "smap", "stibp", "pfthreshold", "lahf_lm", "svm", "tsc_adjust", "tsc-scale", "arat", "skip-l1dfl-vmentry", "lbrv", "syscall", "clflushopt", "hypervisor", "gds-no", "rdpid", "sep", "rdtscp", "null-sel-clr-base", "nrip-save", "pae", "ssbd", "vaes", "abm", "ibrs", "vgif", "clzero", "amd-psfd", "xsaves", "pclmuldq", "aes", "movbe", "bmi1", "smep", "pku", "tsc", "no-nested-data-bp", "ibpb", "sse4a", "stibp-always-on", "fsrm", "cx8", "mtrr", "virt-ssbd", "rdctl-no", "mmx", "ssse3", "sse", "wbnoinvd", "xsavec", "xsaveopt", "lm", "vpclmulqdq", "cr8legacy", "cx16", "sse4.2", "fxsr", "mmxext", "avx2", "misalignsse", "fxsr_opt", "apic", "svme-addr-chk", "pse", "invpcid", "rdrand", "fma", "fpu", "nx", "v-vmsave-vmload", "vmcb-clean", "rdseed", "3dnowprefetch", "adx", "vme", "f16c"]}',created_at=2026-05-12T16:37:45Z,current_workload=0,deleted=False,deleted_at=None,disk_allocation_ratio=1.0,disk_available_least=74,free_disk_gb=95,free_ram_mb=23518,host='np0000000615',host_ip=10.4.3.57,hypervisor_hostname='np0000000615',hypervisor_type='QEMU',hypervisor_version=8002002,id=1,local_gb=95,local_gb_used=0,mapped=1,memory_mb=24030,memory_mb_used=512,metrics='[]',numa_topology='{"nova_object.name": "NUMATopology", "nova_object.namespace": "nova", "nova_object.version": "1.2", "nova_object.data": {"cells": [{"nova_object.name": "NUMACell", "nova_object.namespace": "nova", "nova_object.version": "1.5", "nova_object.data": {"id": 0, "cpuset": [0, 1, 2, 3, 4, 5, 6, 7, 8, 9, 10, 11], "pcpuset": [0, 1, 2, 3, 4, 5, 6, 7, 8, 9, 10, 11], "memory": 24030, "cpu_usage": 0, "memory_usage": 0, "pinned_cpus": [], "siblings": [[6], [2], [5], [11], [8], [4], [1], [7], [10], [0], [3], [9]], "mempages": [{"nova_object.name": "NUMAPagesTopology", "nova_object.namespace": "nova", "nova_object.version": "1.1", "nova_object.data": {"size_kb": 4, "total": 6151798, "used": 0, "reserved": 0}, "nova_object.changes": ["reserved", "total", "size_kb", "used"]}, {"nova_object.name": "NUMAPagesTopology", "nova_object.namespace": "nova", "nova_object.version": "1.1", "nova_object.data": {"size_kb": 2048, "total": 0, "used": 0, "reserved": 0}, "nova_object.changes": ["reserved", "total", "size_kb", "used"]}, {"nova_object.name": "NUMAPagesTopology", "nova_object.namespace": "nova", "nova_object.version": "1.1", "nova_object.data": {"size_kb": 1048576, "total": 0, "used": 0, "reserved": 0}, "nova_object.changes": ["reserved", "total", "size_kb", "used"]}], "network_metadata": {"nova_object.name": "NetworkMetadata", "nova_object.namespace": "nova", "nova_object.version": "1.0", "nova_object.data": {"physnets": [], "tunneled": false}, "nova_object.changes": ["physnets", "tunneled"]}, "socket": null}, "nova_object.changes": ["memory_usage", "pcpuset", "cpu_usage", "network_metadata", "memory", "pinned_cpus", "socket", "mempages", "cpuset", "siblings", "id"]}]}, "nova_object.changes": ["cells"]}',pci_device_pools=PciDevicePoolList,ram_allocation_ratio=1.0,running_vms=0,service_id=3,stats={failed_builds='0',uptime=' 16:39:30 up 24 min, 2 users, load average: 1.18, 1.37, 0.82
May 12 16:40:13.854867 np0000000615 nova-scheduler[95394]: '},supported_hv_specs=[HVSpec,HVSpec,HVSpec,HVSpec,HVSpec,HVSpec,HVSpec,HVSpec,HVSpec,HVSpec,HVSpec,HVSpec,HVSpec,HVSpec,HVSpec,HVSpec,HVSpec,HVSpec,HVSpec,HVSpec,HVSpec,HVSpec,HVSpec,HVSpec,HVSpec],updated_at=2026-05-12T16:39:32Z,uuid=68f09818-6637-4541-a26f-9a3e0a8d87b7,vcpus=12,vcpus_used=0) {{(pid=95394) _locked_update /opt/stack/nova/nova/scheduler/host_manager.py:168}}
May 12 16:40:13.854867 np0000000615 nova-scheduler[95394]: DEBUG nova.scheduler.host_manager [None req-0d8d0bc3-4c6b-4156-a22b-a298c1cae7f4 tempest-ServersNegativeTestJSON-1784144817 tempest-ServersNegativeTestJSON-1784144817-project-member] Update host state with aggregates: [] {{(pid=95394) _locked_update /opt/stack/nova/nova/scheduler/host_manager.py:171}}
May 12 16:40:13.854867 np0000000615 nova-scheduler[95394]: DEBUG nova.scheduler.host_manager [None req-0d8d0bc3-4c6b-4156-a22b-a298c1cae7f4 tempest-ServersNegativeTestJSON-1784144817 tempest-ServersNegativeTestJSON-1784144817-project-member] Update host state with service dict: {'id': 3, 'uuid': 'e4bf8470-9d22-4c32-8367-cb866790e806', 'host': 'np0000000615', 'binary': 'nova-compute', 'topic': 'compute', 'report_count': 2, 'disabled': False, 'disabled_reason': None, 'last_seen_up': datetime.datetime(2026, 5, 12, 16, 39, 53, tzinfo=datetime.timezone.utc), 'forced_down': False, 'version': 72, 'created_at': datetime.datetime(2026, 5, 12, 16, 37, 43, tzinfo=datetime.timezone.utc), 'updated_at': datetime.datetime(2026, 5, 12, 16, 39, 53, tzinfo=datetime.timezone.utc), 'deleted_at': None, 'deleted': False} {{(pid=95394) _locked_update /opt/stack/nova/nova/scheduler/host_manager.py:174}}
May 12 16:40:13.854867 np0000000615 nova-scheduler[95394]: DEBUG nova.scheduler.host_manager [None req-0d8d0bc3-4c6b-4156-a22b-a298c1cae7f4 tempest-ServersNegativeTestJSON-1784144817 tempest-ServersNegativeTestJSON-1784144817-project-member] Update host state with instances: [] {{(pid=95394) _locked_update /opt/stack/nova/nova/scheduler/host_manager.py:177}}
May 12 16:40:13.855257 np0000000615 nova-scheduler[95394]: DEBUG oslo_concurrency.lockutils [None req-0d8d0bc3-4c6b-4156-a22b-a298c1cae7f4 tempest-ServersNegativeTestJSON-1784144817 tempest-ServersNegativeTestJSON-1784144817-project-member] Lock "('np0000000615', 'np0000000615')" "released" by "nova.scheduler.host_manager.HostState.update.._locked_update" :: held 0.003s {{(pid=95394) inner /opt/stack/data/venv/lib/python3.12/site-packages/oslo_concurrency/lockutils.py:538}}
May 12 16:40:13.855257 np0000000615 nova-scheduler[95394]: DEBUG nova.filters [None req-0d8d0bc3-4c6b-4156-a22b-a298c1cae7f4 tempest-ServersNegativeTestJSON-1784144817 tempest-ServersNegativeTestJSON-1784144817-project-member] Starting with 1 host(s) {{(pid=95394) get_filtered_objects /opt/stack/nova/nova/filters.py:70}}
May 12 16:40:13.855257 np0000000615 nova-scheduler[95394]: DEBUG nova.filters [None req-0d8d0bc3-4c6b-4156-a22b-a298c1cae7f4 tempest-ServersNegativeTestJSON-1784144817 tempest-ServersNegativeTestJSON-1784144817-project-member] Filter ComputeFilter returned 1 host(s) {{(pid=95394) get_filtered_objects /opt/stack/nova/nova/filters.py:102}}
May 12 16:40:13.855257 np0000000615 nova-scheduler[95394]: DEBUG nova.filters [None req-0d8d0bc3-4c6b-4156-a22b-a298c1cae7f4 tempest-ServersNegativeTestJSON-1784144817 tempest-ServersNegativeTestJSON-1784144817-project-member] Filter ComputeCapabilitiesFilter returned 1 host(s) {{(pid=95394) get_filtered_objects /opt/stack/nova/nova/filters.py:102}}
May 12 16:40:13.855257 np0000000615 nova-scheduler[95394]: DEBUG nova.filters [None req-0d8d0bc3-4c6b-4156-a22b-a298c1cae7f4 tempest-ServersNegativeTestJSON-1784144817 tempest-ServersNegativeTestJSON-1784144817-project-member] Filter ImagePropertiesFilter returned 1 host(s) {{(pid=95394) get_filtered_objects /opt/stack/nova/nova/filters.py:102}}
May 12 16:40:13.855257 np0000000615 nova-scheduler[95394]: DEBUG nova.filters [None req-0d8d0bc3-4c6b-4156-a22b-a298c1cae7f4 tempest-ServersNegativeTestJSON-1784144817 tempest-ServersNegativeTestJSON-1784144817-project-member] Filter ServerGroupAntiAffinityFilter returned 1 host(s) {{(pid=95394) get_filtered_objects /opt/stack/nova/nova/filters.py:102}}
May 12 16:40:13.855257 np0000000615 nova-scheduler[95394]: DEBUG nova.filters [None req-0d8d0bc3-4c6b-4156-a22b-a298c1cae7f4 tempest-ServersNegativeTestJSON-1784144817 tempest-ServersNegativeTestJSON-1784144817-project-member] Filter ServerGroupAffinityFilter returned 1 host(s) {{(pid=95394) get_filtered_objects /opt/stack/nova/nova/filters.py:102}}
May 12 16:40:13.855574 np0000000615 nova-scheduler[95394]: DEBUG nova.filters [None req-0d8d0bc3-4c6b-4156-a22b-a298c1cae7f4 tempest-ServersNegativeTestJSON-1784144817 tempest-ServersNegativeTestJSON-1784144817-project-member] Filter SameHostFilter returned 1 host(s) {{(pid=95394) get_filtered_objects /opt/stack/nova/nova/filters.py:102}}
May 12 16:40:13.855665 np0000000615 nova-scheduler[95394]: DEBUG nova.filters [None req-0d8d0bc3-4c6b-4156-a22b-a298c1cae7f4 tempest-ServersNegativeTestJSON-1784144817 tempest-ServersNegativeTestJSON-1784144817-project-member] Filter DifferentHostFilter returned 1 host(s) {{(pid=95394) get_filtered_objects /opt/stack/nova/nova/filters.py:102}}
May 12 16:40:13.855896 np0000000615 nova-scheduler[95394]: DEBUG nova.scheduler.manager [None req-0d8d0bc3-4c6b-4156-a22b-a298c1cae7f4 tempest-ServersNegativeTestJSON-1784144817 tempest-ServersNegativeTestJSON-1784144817-project-member] Filtered [(np0000000615, np0000000615) ram: 23518MB disk: 75776MB io_ops: 0 instances: 0, allocation_candidates: 1] {{(pid=95394) _get_sorted_hosts /opt/stack/nova/nova/scheduler/manager.py:743}}
May 12 16:40:13.856186 np0000000615 nova-scheduler[95394]: DEBUG nova.scheduler.manager [None req-0d8d0bc3-4c6b-4156-a22b-a298c1cae7f4 tempest-ServersNegativeTestJSON-1784144817 tempest-ServersNegativeTestJSON-1784144817-project-member] Weighed [WeighedHost [host: (np0000000615, np0000000615) ram: 23518MB disk: 75776MB io_ops: 0 instances: 0, allocation_candidates: 1, weight: 0.0]] {{(pid=95394) _get_sorted_hosts /opt/stack/nova/nova/scheduler/manager.py:765}}
May 12 16:40:13.856477 np0000000615 nova-scheduler[95394]: DEBUG nova.scheduler.utils [None req-0d8d0bc3-4c6b-4156-a22b-a298c1cae7f4 tempest-ServersNegativeTestJSON-1784144817 tempest-ServersNegativeTestJSON-1784144817-project-member] Attempting to claim resources in the placement API for instance d7e22e5e-29a7-4164-a4d6-65ed5cb8dbcf {{(pid=95394) claim_resources /opt/stack/nova/nova/scheduler/utils.py:1304}}
May 12 16:40:14.054613 np0000000615 nova-scheduler[95394]: DEBUG nova.scheduler.manager [None req-0d8d0bc3-4c6b-4156-a22b-a298c1cae7f4 tempest-ServersNegativeTestJSON-1784144817 tempest-ServersNegativeTestJSON-1784144817-project-member] [instance: d7e22e5e-29a7-4164-a4d6-65ed5cb8dbcf] Selected host: (np0000000615, np0000000615) ram: 23518MB disk: 75776MB io_ops: 0 instances: 0, allocation_candidates: 1 {{(pid=95394) _consume_selected_host /opt/stack/nova/nova/scheduler/manager.py:625}}
May 12 16:40:14.054993 np0000000615 nova-scheduler[95394]: DEBUG oslo_concurrency.lockutils [None req-0d8d0bc3-4c6b-4156-a22b-a298c1cae7f4 tempest-ServersNegativeTestJSON-1784144817 tempest-ServersNegativeTestJSON-1784144817-project-member] Acquiring lock "('np0000000615', 'np0000000615')" by "nova.scheduler.host_manager.HostState.consume_from_request.._locked" {{(pid=95394) inner /opt/stack/data/venv/lib/python3.12/site-packages/oslo_concurrency/lockutils.py:506}}
May 12 16:40:14.055222 np0000000615 nova-scheduler[95394]: DEBUG oslo_concurrency.lockutils [None req-0d8d0bc3-4c6b-4156-a22b-a298c1cae7f4 tempest-ServersNegativeTestJSON-1784144817 tempest-ServersNegativeTestJSON-1784144817-project-member] Lock "('np0000000615', 'np0000000615')" acquired by "nova.scheduler.host_manager.HostState.consume_from_request.._locked" :: waited 0.000s {{(pid=95394) inner /opt/stack/data/venv/lib/python3.12/site-packages/oslo_concurrency/lockutils.py:519}}
May 12 16:40:14.055504 np0000000615 nova-scheduler[95394]: DEBUG oslo_concurrency.lockutils [None req-0d8d0bc3-4c6b-4156-a22b-a298c1cae7f4 tempest-ServersNegativeTestJSON-1784144817 tempest-ServersNegativeTestJSON-1784144817-project-member] Lock "('np0000000615', 'np0000000615')" "released" by "nova.scheduler.host_manager.HostState.consume_from_request.._locked" :: held 0.000s {{(pid=95394) inner /opt/stack/data/venv/lib/python3.12/site-packages/oslo_concurrency/lockutils.py:538}}
May 12 16:40:15.645851 np0000000615 nova-scheduler[95392]: DEBUG nova.scheduler.manager [None req-caf91d18-bf5b-4520-801e-b09587118cb8 tempest-DeleteServersTestJSON-1258944551 tempest-DeleteServersTestJSON-1258944551-project-member] Starting to schedule for instances: ['c9c26e65-42eb-4c75-988b-1f3461e53235'] {{(pid=95392) select_destinations /opt/stack/nova/nova/scheduler/manager.py:210}}
May 12 16:40:15.646251 np0000000615 nova-scheduler[95392]: DEBUG nova.scheduler.request_filter [None req-caf91d18-bf5b-4520-801e-b09587118cb8 tempest-DeleteServersTestJSON-1258944551 tempest-DeleteServersTestJSON-1258944551-project-member] compute_status_filter request filter added forbidden trait COMPUTE_STATUS_DISABLED {{(pid=95392) compute_status_filter /opt/stack/nova/nova/scheduler/request_filter.py:253}}
May 12 16:40:15.646319 np0000000615 nova-scheduler[95392]: DEBUG nova.scheduler.request_filter [None req-caf91d18-bf5b-4520-801e-b09587118cb8 tempest-DeleteServersTestJSON-1258944551 tempest-DeleteServersTestJSON-1258944551-project-member] Request filter 'compute_status_filter' took 0.0 seconds {{(pid=95392) wrapper /opt/stack/nova/nova/scheduler/request_filter.py:46}}
May 12 16:40:15.646552 np0000000615 nova-scheduler[95392]: DEBUG nova.scheduler.request_filter [None req-caf91d18-bf5b-4520-801e-b09587118cb8 tempest-DeleteServersTestJSON-1258944551 tempest-DeleteServersTestJSON-1258944551-project-member] Request filter 'accelerators_filter' took 0.0 seconds {{(pid=95392) wrapper /opt/stack/nova/nova/scheduler/request_filter.py:46}}
May 12 16:40:15.646840 np0000000615 nova-scheduler[95392]: DEBUG nova.scheduler.request_filter [None req-caf91d18-bf5b-4520-801e-b09587118cb8 tempest-DeleteServersTestJSON-1258944551 tempest-DeleteServersTestJSON-1258944551-project-member] Request filter 'packed_virtqueue_filter' took 0.0 seconds {{(pid=95392) wrapper /opt/stack/nova/nova/scheduler/request_filter.py:46}}
May 12 16:40:15.647115 np0000000615 nova-scheduler[95392]: DEBUG nova.scheduler.request_filter [None req-caf91d18-bf5b-4520-801e-b09587118cb8 tempest-DeleteServersTestJSON-1258944551 tempest-DeleteServersTestJSON-1258944551-project-member] Request filter 'remote_managed_ports_filter' took 0.0 seconds {{(pid=95392) wrapper /opt/stack/nova/nova/scheduler/request_filter.py:46}}
May 12 16:40:15.647247 np0000000615 nova-scheduler[95392]: DEBUG nova.scheduler.request_filter [None req-caf91d18-bf5b-4520-801e-b09587118cb8 tempest-DeleteServersTestJSON-1258944551 tempest-DeleteServersTestJSON-1258944551-project-member] ephemeral_encryption_filter skipped {{(pid=95392) ephemeral_encryption_filter /opt/stack/nova/nova/scheduler/request_filter.py:426}}
May 12 16:40:15.647400 np0000000615 nova-scheduler[95392]: DEBUG nova.scheduler.request_filter [None req-caf91d18-bf5b-4520-801e-b09587118cb8 tempest-DeleteServersTestJSON-1258944551 tempest-DeleteServersTestJSON-1258944551-project-member] virtio_sound_filter skipped {{(pid=95392) virtio_sound_filter /opt/stack/nova/nova/scheduler/request_filter.py:460}}
May 12 16:40:15.647546 np0000000615 nova-scheduler[95392]: DEBUG nova.scheduler.request_filter [None req-caf91d18-bf5b-4520-801e-b09587118cb8 tempest-DeleteServersTestJSON-1258944551 tempest-DeleteServersTestJSON-1258944551-project-member] tpm_secret_security_filter skipped {{(pid=95392) tpm_secret_security_filter /opt/stack/nova/nova/scheduler/request_filter.py:477}}
May 12 16:40:15.770975 np0000000615 nova-scheduler[95392]: INFO nova.utils [None req-caf91d18-bf5b-4520-801e-b09587118cb8 tempest-DeleteServersTestJSON-1258944551 tempest-DeleteServersTestJSON-1258944551-project-member] The cell worker thread pool ForkProcess-1.cell_worker is initialized
May 12 16:40:15.771760 np0000000615 nova-scheduler[95392]: DEBUG oslo_concurrency.lockutils [None req-caf91d18-bf5b-4520-801e-b09587118cb8 tempest-DeleteServersTestJSON-1258944551 tempest-DeleteServersTestJSON-1258944551-project-member] Acquiring lock "807059c4-8f6a-4b0f-975b-1aa376b03227" by "nova.context.set_target_cell..get_or_set_cached_cell_and_set_connections" {{(pid=95392) inner /opt/stack/data/venv/lib/python3.12/site-packages/oslo_concurrency/lockutils.py:506}}
May 12 16:40:15.772055 np0000000615 nova-scheduler[95392]: DEBUG oslo_concurrency.lockutils [None req-caf91d18-bf5b-4520-801e-b09587118cb8 tempest-DeleteServersTestJSON-1258944551 tempest-DeleteServersTestJSON-1258944551-project-member] Lock "807059c4-8f6a-4b0f-975b-1aa376b03227" acquired by "nova.context.set_target_cell..get_or_set_cached_cell_and_set_connections" :: waited 0.001s {{(pid=95392) inner /opt/stack/data/venv/lib/python3.12/site-packages/oslo_concurrency/lockutils.py:519}}
May 12 16:40:15.774170 np0000000615 nova-scheduler[95392]: DEBUG oslo_concurrency.lockutils [None req-caf91d18-bf5b-4520-801e-b09587118cb8 tempest-DeleteServersTestJSON-1258944551 tempest-DeleteServersTestJSON-1258944551-project-member] Lock "807059c4-8f6a-4b0f-975b-1aa376b03227" "released" by "nova.context.set_target_cell..get_or_set_cached_cell_and_set_connections" :: held 0.001s {{(pid=95392) inner /opt/stack/data/venv/lib/python3.12/site-packages/oslo_concurrency/lockutils.py:538}}
May 12 16:40:15.776250 np0000000615 nova-scheduler[95392]: INFO dbcounter [None req-caf91d18-bf5b-4520-801e-b09587118cb8 tempest-DeleteServersTestJSON-1258944551 tempest-DeleteServersTestJSON-1258944551-project-member] Registered counter for database nova_cell1
May 12 16:40:15.783589 np0000000615 nova-scheduler[95392]: DEBUG oslo_db.sqlalchemy.engines [None req-caf91d18-bf5b-4520-801e-b09587118cb8 tempest-DeleteServersTestJSON-1258944551 tempest-DeleteServersTestJSON-1258944551-project-member] MySQL server mode set to STRICT_TRANS_TABLES,STRICT_ALL_TABLES,NO_ZERO_IN_DATE,NO_ZERO_DATE,ERROR_FOR_DIVISION_BY_ZERO,TRADITIONAL,NO_ENGINE_SUBSTITUTION {{(pid=95392) _check_effective_sql_mode /opt/stack/data/venv/lib/python3.12/site-packages/oslo_db/sqlalchemy/engines.py:325}}
May 12 16:40:15.789104 np0000000615 nova-scheduler[95392]: DEBUG dbcounter [-] [95392] Writer thread running {{(pid=95392) stat_writer /opt/stack/data/venv/lib/python3.12/site-packages/dbcounter.py:102}}
May 12 16:40:15.806840 np0000000615 nova-scheduler[95392]: DEBUG dbcounter [-] [95392] Writer thread running {{(pid=95392) stat_writer /opt/stack/data/venv/lib/python3.12/site-packages/dbcounter.py:102}}
May 12 16:40:15.810851 np0000000615 nova-scheduler[95392]: DEBUG oslo_concurrency.lockutils [None req-caf91d18-bf5b-4520-801e-b09587118cb8 tempest-DeleteServersTestJSON-1258944551 tempest-DeleteServersTestJSON-1258944551-project-member] Acquiring lock "807059c4-8f6a-4b0f-975b-1aa376b03227" by "nova.context.set_target_cell..get_or_set_cached_cell_and_set_connections" {{(pid=95392) inner /opt/stack/data/venv/lib/python3.12/site-packages/oslo_concurrency/lockutils.py:506}}
May 12 16:40:15.810851 np0000000615 nova-scheduler[95392]: DEBUG oslo_concurrency.lockutils [None req-caf91d18-bf5b-4520-801e-b09587118cb8 tempest-DeleteServersTestJSON-1258944551 tempest-DeleteServersTestJSON-1258944551-project-member] Lock "807059c4-8f6a-4b0f-975b-1aa376b03227" acquired by "nova.context.set_target_cell..get_or_set_cached_cell_and_set_connections" :: waited 0.000s {{(pid=95392) inner /opt/stack/data/venv/lib/python3.12/site-packages/oslo_concurrency/lockutils.py:519}}
