May 12 16:36:50.255028 np0000000615 devstack@neutron-api.service[89656]: DEBUG neutron_lib.callbacks.manager [None req-f5c434f5-58bd-475e-848b-835a2a56c205 None None] Subscribe: > security_group_rule after_update 55550000, False {{(pid=89656) subscribe /opt/stack/data/venv/lib/python3.12/site-packages/neutron_lib/callbacks/manager.py:52}}
May 12 16:36:50.255190 np0000000615 devstack@neutron-api.service[89656]: DEBUG neutron_lib.callbacks.manager [None req-f5c434f5-58bd-475e-848b-835a2a56c205 None None] Subscribe: > security_group_rule after_delete 55550000, False {{(pid=89656) subscribe /opt/stack/data/venv/lib/python3.12/site-packages/neutron_lib/callbacks/manager.py:52}}
May 12 16:36:50.255354 np0000000615 devstack@neutron-api.service[89656]: DEBUG neutron_lib.callbacks.manager [None req-f5c434f5-58bd-475e-848b-835a2a56c205 None None] Subscribe: > address_group after_create 55550000, False {{(pid=89656) subscribe /opt/stack/data/venv/lib/python3.12/site-packages/neutron_lib/callbacks/manager.py:52}}
May 12 16:36:50.255543 np0000000615 devstack@neutron-api.service[89656]: DEBUG neutron_lib.callbacks.manager [None req-f5c434f5-58bd-475e-848b-835a2a56c205 None None] Subscribe: > address_group after_update 55550000, False {{(pid=89656) subscribe /opt/stack/data/venv/lib/python3.12/site-packages/neutron_lib/callbacks/manager.py:52}}
May 12 16:36:50.255711 np0000000615 devstack@neutron-api.service[89656]: DEBUG neutron_lib.callbacks.manager [None req-f5c434f5-58bd-475e-848b-835a2a56c205 None None] Subscribe: > address_group after_delete 55550000, False {{(pid=89656) subscribe /opt/stack/data/venv/lib/python3.12/site-packages/neutron_lib/callbacks/manager.py:52}}
May 12 16:36:50.255872 np0000000615 devstack@neutron-api.service[89656]: DEBUG neutron.plugins.ml2.ovo_rpc [None req-f5c434f5-58bd-475e-848b-835a2a56c205 None None] ML2 OVO RPC backend initialized. {{(pid=89656) __init__ /opt/stack/neutron/neutron/plugins/ml2/ovo_rpc.py:117}}
May 12 16:36:50.257081 np0000000615 devstack@neutron-api.service[89656]: INFO neutron.quota [None req-f5c434f5-58bd-475e-848b-835a2a56c205 None None] Loaded quota_driver: .
May 12 16:36:50.257261 np0000000615 devstack@neutron-api.service[89656]: INFO neutron.plugins.ml2.plugin [None req-f5c434f5-58bd-475e-848b-835a2a56c205 None None] Modular L2 Plugin initialization complete
May 12 16:36:50.257472 np0000000615 devstack@neutron-api.service[89656]: DEBUG neutron.manager [None req-f5c434f5-58bd-475e-848b-835a2a56c205 None None] Loading services supported by the core plugin {{(pid=89656) _load_services_from_core_plugin /opt/stack/neutron/neutron/manager.py:170}}
May 12 16:36:50.257674 np0000000615 devstack@neutron-api.service[89656]: INFO neutron.plugins.ml2.managers [None req-f5c434f5-58bd-475e-848b-835a2a56c205 None None] Got port-security extension from driver 'port_security'
May 12 16:36:50.258063 np0000000615 devstack@neutron-api.service[89656]: DEBUG neutron.manager [None req-f5c434f5-58bd-475e-848b-835a2a56c205 None None] Loading service plugins: ['ovn-router', 'auto_allocate', 'tag', 'timestamp', 'network_ip_availability', 'flavors', 'revisions'] {{(pid=89656) _load_service_plugins /opt/stack/neutron/neutron/manager.py:195}}
May 12 16:36:50.258246 np0000000615 devstack@neutron-api.service[89656]: INFO neutron.manager [None req-f5c434f5-58bd-475e-848b-835a2a56c205 None None] Loading Plugin: ovn-router
May 12 16:36:50.271052 np0000000615 devstack@neutron-api.service[89656]: DEBUG neutron_lib.callbacks.manager [None req-f5c434f5-58bd-475e-848b-835a2a56c205 None None] Subscribe: > router before_delete 55550000, False {{(pid=89656) subscribe /opt/stack/data/venv/lib/python3.12/site-packages/neutron_lib/callbacks/manager.py:52}}
May 12 16:36:50.271194 np0000000615 devstack@neutron-api.service[89656]: DEBUG neutron_lib.callbacks.manager [None req-f5c434f5-58bd-475e-848b-835a2a56c205 None None] Subscribe: port after_update 55550000, False {{(pid=89656) subscribe /opt/stack/data/venv/lib/python3.12/site-packages/neutron_lib/callbacks/manager.py:52}}
May 12 16:36:50.271322 np0000000615 devstack@neutron-api.service[89656]: DEBUG neutron_lib.callbacks.manager [None req-f5c434f5-58bd-475e-848b-835a2a56c205 None None] Subscribe: port after_delete 55550000, False {{(pid=89656) subscribe /opt/stack/data/venv/lib/python3.12/site-packages/neutron_lib/callbacks/manager.py:52}}
May 12 16:36:50.271386 np0000000615 devstack@neutron-api.service[89656]: DEBUG neutron_lib.callbacks.manager [None req-f5c434f5-58bd-475e-848b-835a2a56c205 None None] Subscribe: subnet after_update 55550000, False {{(pid=89656) subscribe /opt/stack/data/venv/lib/python3.12/site-packages/neutron_lib/callbacks/manager.py:52}}
May 12 16:36:50.271566 np0000000615 devstack@neutron-api.service[89656]: DEBUG neutron_lib.callbacks.manager [None req-f5c434f5-58bd-475e-848b-835a2a56c205 None None] Subscribe: subnetpool_address_scope after_update 55550000, False {{(pid=89656) subscribe /opt/stack/data/venv/lib/python3.12/site-packages/neutron_lib/callbacks/manager.py:52}}
May 12 16:36:50.271566 np0000000615 devstack@neutron-api.service[89656]: DEBUG neutron_lib.callbacks.manager [None req-f5c434f5-58bd-475e-848b-835a2a56c205 None None] Subscribe: port before_update 55550000, False {{(pid=89656) subscribe /opt/stack/data/venv/lib/python3.12/site-packages/neutron_lib/callbacks/manager.py:52}}
May 12 16:36:50.271943 np0000000615 devstack@neutron-api.service[89656]: DEBUG neutron_lib.callbacks.manager [None req-f5c434f5-58bd-475e-848b-835a2a56c205 None None] Subscribe: port after_update 55550000, False {{(pid=89656) subscribe /opt/stack/data/venv/lib/python3.12/site-packages/neutron_lib/callbacks/manager.py:52}}
May 12 16:36:50.271943 np0000000615 devstack@neutron-api.service[89656]: DEBUG neutron_lib.callbacks.manager [None req-f5c434f5-58bd-475e-848b-835a2a56c205 None None] Subscribe: > port precommit_delete 55550000, False {{(pid=89656) subscribe /opt/stack/data/venv/lib/python3.12/site-packages/neutron_lib/callbacks/manager.py:52}}
May 12 16:36:50.271943 np0000000615 devstack@neutron-api.service[89656]: DEBUG neutron_lib.callbacks.manager [None req-f5c434f5-58bd-475e-848b-835a2a56c205 None None] Subscribe: port before_update 55550000, False {{(pid=89656) subscribe /opt/stack/data/venv/lib/python3.12/site-packages/neutron_lib/callbacks/manager.py:52}}
May 12 16:36:50.272205 np0000000615 devstack@neutron-api.service[89656]: DEBUG neutron_lib.callbacks.manager [None req-f5c434f5-58bd-475e-848b-835a2a56c205 None None] Subscribe: port before_delete 55550000, False {{(pid=89656) subscribe /opt/stack/data/venv/lib/python3.12/site-packages/neutron_lib/callbacks/manager.py:52}}
May 12 16:36:50.272205 np0000000615 devstack@neutron-api.service[89656]: DEBUG neutron_lib.callbacks.manager [None req-f5c434f5-58bd-475e-848b-835a2a56c205 None None] Subscribe: > router precommit_create 55550000, False {{(pid=89656) subscribe /opt/stack/data/venv/lib/python3.12/site-packages/neutron_lib/callbacks/manager.py:52}}
May 12 16:36:50.272205 np0000000615 devstack@neutron-api.service[89656]: DEBUG neutron_lib.callbacks.manager [None req-f5c434f5-58bd-475e-848b-835a2a56c205 None None] Subscribe: > router precommit_create 55550000, False {{(pid=89656) subscribe /opt/stack/data/venv/lib/python3.12/site-packages/neutron_lib/callbacks/manager.py:52}}
May 12 16:36:50.272849 np0000000615 devstack@neutron-api.service[89656]: DEBUG neutron_lib.callbacks.manager [None req-f5c434f5-58bd-475e-848b-835a2a56c205 None None] Subscribe: > router precommit_update 55550000, False {{(pid=89656) subscribe /opt/stack/data/venv/lib/python3.12/site-packages/neutron_lib/callbacks/manager.py:52}}
May 12 16:36:50.272849 np0000000615 devstack@neutron-api.service[89656]: DEBUG neutron_lib.callbacks.manager [None req-f5c434f5-58bd-475e-848b-835a2a56c205 None None] Subscribe: subnet after_update 55550000, False {{(pid=89656) subscribe /opt/stack/data/venv/lib/python3.12/site-packages/neutron_lib/callbacks/manager.py:52}}
May 12 16:36:50.273503 np0000000615 devstack@neutron-api.service[89656]: DEBUG neutron.quota.resource_registry [None req-f5c434f5-58bd-475e-848b-835a2a56c205 None None] Tracking information for resource: router configured {{(pid=89656) set_tracked_resource /opt/stack/neutron/neutron/quota/resource_registry.py:203}}
May 12 16:36:50.273756 np0000000615 devstack@neutron-api.service[89656]: DEBUG neutron.quota.resource_registry [None req-f5c434f5-58bd-475e-848b-835a2a56c205 None None] Tracking information for resource: floatingip configured {{(pid=89656) set_tracked_resource /opt/stack/neutron/neutron/quota/resource_registry.py:203}}
May 12 16:36:50.273841 np0000000615 devstack@neutron-api.service[89656]: INFO neutron.services.ovn_l3.plugin [None req-f5c434f5-58bd-475e-848b-835a2a56c205 None None] Starting OVNL3RouterPlugin
May 12 16:36:50.274301 np0000000615 devstack@neutron-api.service[89656]: DEBUG neutron_lib.callbacks.manager [None req-f5c434f5-58bd-475e-848b-835a2a56c205 None None] Subscribe: > port_forwarding_plugin after_init 55550000, False {{(pid=89656) subscribe /opt/stack/data/venv/lib/python3.12/site-packages/neutron_lib/callbacks/manager.py:52}}
May 12 16:36:50.274571 np0000000615 devstack@neutron-api.service[89656]: DEBUG neutron_lib.callbacks.manager [None req-f5c434f5-58bd-475e-848b-835a2a56c205 None None] Subscribe: > router before_create 55550100, False {{(pid=89656) subscribe /opt/stack/data/venv/lib/python3.12/site-packages/neutron_lib/callbacks/manager.py:52}}
May 12 16:36:50.274760 np0000000615 devstack@neutron-api.service[89656]: DEBUG neutron_lib.callbacks.manager [None req-f5c434f5-58bd-475e-848b-835a2a56c205 None None] Subscribe: > router precommit_delete 55550100, False {{(pid=89656) subscribe /opt/stack/data/venv/lib/python3.12/site-packages/neutron_lib/callbacks/manager.py:52}}
May 12 16:36:50.274760 np0000000615 devstack@neutron-api.service[89656]: DEBUG neutron_lib.callbacks.manager [None req-f5c434f5-58bd-475e-848b-835a2a56c205 None None] Subscribe: > router precommit_create 55550100, False {{(pid=89656) subscribe /opt/stack/data/venv/lib/python3.12/site-packages/neutron_lib/callbacks/manager.py:52}}
May 12 16:36:50.275224 np0000000615 devstack@neutron-api.service[89656]: DEBUG neutron_lib.callbacks.manager [None req-f5c434f5-58bd-475e-848b-835a2a56c205 None None] Subscribe: > router precommit_update 55550100, False {{(pid=89656) subscribe /opt/stack/data/venv/lib/python3.12/site-packages/neutron_lib/callbacks/manager.py:52}}
May 12 16:36:50.279930 np0000000615 devstack@neutron-api.service[89656]: DEBUG neutron.services.provider_configuration [None req-f5c434f5-58bd-475e-848b-835a2a56c205 None None] Service providers = [] {{(pid=89656) parse_service_provider_opt /opt/stack/neutron/neutron/services/provider_configuration.py:170}}
May 12 16:36:50.280076 np0000000615 devstack@neutron-api.service[89656]: DEBUG neutron.db.servicetype_db [None req-f5c434f5-58bd-475e-848b-835a2a56c205 None None] Adding provider configuration for service L3_ROUTER_NAT {{(pid=89656) add_provider_configuration /opt/stack/neutron/neutron/db/servicetype_db.py:45}}
May 12 16:36:50.282843 np0000000615 devstack@neutron-api.service[89656]: DEBUG neutron_lib.callbacks.manager [None req-f5c434f5-58bd-475e-848b-835a2a56c205 None None] Subscribe: > router precommit_create 55549900, False {{(pid=89656) subscribe /opt/stack/data/venv/lib/python3.12/site-packages/neutron_lib/callbacks/manager.py:52}}
May 12 16:36:50.283042 np0000000615 devstack@neutron-api.service[89656]: DEBUG neutron_lib.callbacks.manager [None req-f5c434f5-58bd-475e-848b-835a2a56c205 None None] Subscribe: > router_interface after_create 55550000, False {{(pid=89656) subscribe /opt/stack/data/venv/lib/python3.12/site-packages/neutron_lib/callbacks/manager.py:52}}
May 12 16:36:50.283280 np0000000615 devstack@neutron-api.service[89656]: DEBUG neutron_lib.callbacks.manager [None req-f5c434f5-58bd-475e-848b-835a2a56c205 None None] Subscribe: > floatingip after_create 55550000, False {{(pid=89656) subscribe /opt/stack/data/venv/lib/python3.12/site-packages/neutron_lib/callbacks/manager.py:52}}
May 12 16:36:50.283353 np0000000615 devstack@neutron-api.service[89656]: DEBUG neutron_lib.callbacks.manager [None req-f5c434f5-58bd-475e-848b-835a2a56c205 None None] Subscribe: > floatingip precommit_create 55550000, False {{(pid=89656) subscribe /opt/stack/data/venv/lib/python3.12/site-packages/neutron_lib/callbacks/manager.py:52}}
May 12 16:36:50.283556 np0000000615 devstack@neutron-api.service[89656]: DEBUG neutron_lib.callbacks.manager [None req-f5c434f5-58bd-475e-848b-835a2a56c205 None None] Subscribe: > floatingip precommit_update 55550000, False {{(pid=89656) subscribe /opt/stack/data/venv/lib/python3.12/site-packages/neutron_lib/callbacks/manager.py:52}}
May 12 16:36:50.283660 np0000000615 devstack@neutron-api.service[89656]: DEBUG neutron_lib.callbacks.manager [None req-f5c434f5-58bd-475e-848b-835a2a56c205 None None] Subscribe: > floatingip after_delete 55550000, False {{(pid=89656) subscribe /opt/stack/data/venv/lib/python3.12/site-packages/neutron_lib/callbacks/manager.py:52}}
May 12 16:36:50.283929 np0000000615 devstack@neutron-api.service[89656]: DEBUG neutron_lib.callbacks.manager [None req-f5c434f5-58bd-475e-848b-835a2a56c205 None None] Subscribe: > floatingip after_status_update 55550000, False {{(pid=89656) subscribe /opt/stack/data/venv/lib/python3.12/site-packages/neutron_lib/callbacks/manager.py:52}}
May 12 16:36:50.284108 np0000000615 devstack@neutron-api.service[89656]: DEBUG neutron_lib.callbacks.manager [None req-f5c434f5-58bd-475e-848b-835a2a56c205 None None] Subscribe: > floatingip after_update 55550000, False {{(pid=89656) subscribe /opt/stack/data/venv/lib/python3.12/site-packages/neutron_lib/callbacks/manager.py:52}}
May 12 16:36:50.284151 np0000000615 devstack@neutron-api.service[89656]: DEBUG neutron_lib.callbacks.manager [None req-f5c434f5-58bd-475e-848b-835a2a56c205 None None] Subscribe: > port_forwarding after_create 55550000, False {{(pid=89656) subscribe /opt/stack/data/venv/lib/python3.12/site-packages/neutron_lib/callbacks/manager.py:52}}
May 12 16:36:50.284382 np0000000615 devstack@neutron-api.service[89656]: DEBUG neutron_lib.callbacks.manager [None req-f5c434f5-58bd-475e-848b-835a2a56c205 None None] Subscribe: > router_interface after_delete 55550000, False {{(pid=89656) subscribe /opt/stack/data/venv/lib/python3.12/site-packages/neutron_lib/callbacks/manager.py:52}}
May 12 16:36:50.284518 np0000000615 devstack@neutron-api.service[89656]: DEBUG neutron_lib.callbacks.manager [None req-f5c434f5-58bd-475e-848b-835a2a56c205 None None] Subscribe: > router after_create 55550000, False {{(pid=89656) subscribe /opt/stack/data/venv/lib/python3.12/site-packages/neutron_lib/callbacks/manager.py:52}}
May 12 16:36:50.284618 np0000000615 devstack@neutron-api.service[89656]: DEBUG neutron_lib.callbacks.manager [None req-f5c434f5-58bd-475e-848b-835a2a56c205 None None] Subscribe: > router precommit_create 55550000, False {{(pid=89656) subscribe /opt/stack/data/venv/lib/python3.12/site-packages/neutron_lib/callbacks/manager.py:52}}
May 12 16:36:50.284852 np0000000615 devstack@neutron-api.service[89656]: DEBUG neutron_lib.callbacks.manager [None req-f5c434f5-58bd-475e-848b-835a2a56c205 None None] Subscribe: > router after_delete 55550000, False {{(pid=89656) subscribe /opt/stack/data/venv/lib/python3.12/site-packages/neutron_lib/callbacks/manager.py:52}}
May 12 16:36:50.285011 np0000000615 devstack@neutron-api.service[89656]: DEBUG neutron_lib.callbacks.manager [None req-f5c434f5-58bd-475e-848b-835a2a56c205 None None] Subscribe: > router after_update 55550000, False {{(pid=89656) subscribe /opt/stack/data/venv/lib/python3.12/site-packages/neutron_lib/callbacks/manager.py:52}}
May 12 16:36:50.285150 np0000000615 devstack@neutron-api.service[89656]: DEBUG neutron.services.service_base [None req-f5c434f5-58bd-475e-848b-835a2a56c205 None None] Loaded 'neutron.services.ovn_l3.service_providers.ovn.OvnDriver' provider for service L3_ROUTER_NAT {{(pid=89656) load_drivers /opt/stack/neutron/neutron/services/service_base.py:49}}
May 12 16:36:50.285412 np0000000615 devstack@neutron-api.service[89656]: DEBUG neutron_lib.callbacks.manager [None req-f5c434f5-58bd-475e-848b-835a2a56c205 None None] Subscribe: > process after_init 55550001, True {{(pid=89656) subscribe /opt/stack/data/venv/lib/python3.12/site-packages/neutron_lib/callbacks/manager.py:52}}
May 12 16:36:50.285581 np0000000615 devstack@neutron-api.service[89656]: DEBUG neutron.manager [None req-f5c434f5-58bd-475e-848b-835a2a56c205 None None] Successfully loaded L3_ROUTER_NAT plugin. Description: L3 Router Service Plugin for basic L3 forwarding using OVN {{(pid=89656) _create_and_add_service_plugin /opt/stack/neutron/neutron/manager.py:239}}
May 12 16:36:50.285758 np0000000615 devstack@neutron-api.service[89656]: INFO neutron.manager [None req-f5c434f5-58bd-475e-848b-835a2a56c205 None None] Loading Plugin: auto_allocate
May 12 16:36:50.287119 np0000000615 devstack@neutron-api.service[89656]: DEBUG neutron_lib.callbacks.manager [None req-f5c434f5-58bd-475e-848b-835a2a56c205 None None] Subscribe: network precommit_update 55550000, False {{(pid=89656) subscribe /opt/stack/data/venv/lib/python3.12/site-packages/neutron_lib/callbacks/manager.py:52}}
May 12 16:36:50.287269 np0000000615 devstack@neutron-api.service[89656]: DEBUG neutron_lib.callbacks.manager [None req-f5c434f5-58bd-475e-848b-835a2a56c205 None None] Subscribe: network precommit_create 55550000, False {{(pid=89656) subscribe /opt/stack/data/venv/lib/python3.12/site-packages/neutron_lib/callbacks/manager.py:52}}
May 12 16:36:50.287592 np0000000615 devstack@neutron-api.service[89656]: DEBUG neutron.manager [None req-f5c434f5-58bd-475e-848b-835a2a56c205 None None] Successfully loaded auto-allocated-topology plugin. Description: Auto Allocated Topology - aka get me a network. {{(pid=89656) _create_and_add_service_plugin /opt/stack/neutron/neutron/manager.py:239}}
May 12 16:36:50.287723 np0000000615 devstack@neutron-api.service[89656]: INFO neutron.manager [None req-f5c434f5-58bd-475e-848b-835a2a56c205 None None] Loading Plugin: tag
May 12 16:36:50.291960 np0000000615 devstack@neutron-api.service[89656]: DEBUG neutron.manager [None req-f5c434f5-58bd-475e-848b-835a2a56c205 None None] Successfully loaded TAG plugin. Description: Tag support {{(pid=89656) _create_and_add_service_plugin /opt/stack/neutron/neutron/manager.py:239}}
May 12 16:36:50.292114 np0000000615 devstack@neutron-api.service[89656]: INFO neutron.manager [None req-f5c434f5-58bd-475e-848b-835a2a56c205 None None] Loading Plugin: timestamp
May 12 16:36:50.293880 np0000000615 devstack@neutron-api.service[89656]: DEBUG neutron.manager [None req-f5c434f5-58bd-475e-848b-835a2a56c205 None None] Successfully loaded timestamp plugin. Description: Adds timestamps to Neutron resources with standard attributes {{(pid=89656) _create_and_add_service_plugin /opt/stack/neutron/neutron/manager.py:239}}
May 12 16:36:50.294050 np0000000615 devstack@neutron-api.service[89656]: INFO neutron.manager [None req-f5c434f5-58bd-475e-848b-835a2a56c205 None None] Loading Plugin: network_ip_availability
May 12 16:36:50.296291 np0000000615 devstack@neutron-api.service[89656]: DEBUG neutron.manager [None req-f5c434f5-58bd-475e-848b-835a2a56c205 None None] Successfully loaded network-ip-availability plugin. Description: Provides IP availability data for each network and subnet. {{(pid=89656) _create_and_add_service_plugin /opt/stack/neutron/neutron/manager.py:239}}
May 12 16:36:50.296495 np0000000615 devstack@neutron-api.service[89656]: INFO neutron.manager [None req-f5c434f5-58bd-475e-848b-835a2a56c205 None None] Loading Plugin: flavors
May 12 16:36:50.297806 np0000000615 devstack@neutron-api.service[89656]: DEBUG neutron.manager [None req-f5c434f5-58bd-475e-848b-835a2a56c205 None None] Successfully loaded FLAVORS plugin. Description: Neutron Flavors and Service Profiles manager plugin {{(pid=89656) _create_and_add_service_plugin /opt/stack/neutron/neutron/manager.py:239}}
May 12 16:36:50.298048 np0000000615 devstack@neutron-api.service[89656]: INFO neutron.manager [None req-f5c434f5-58bd-475e-848b-835a2a56c205 None None] Loading Plugin: revisions
May 12 16:36:50.299526 np0000000615 devstack@neutron-api.service[89656]: DEBUG neutron.manager [None req-f5c434f5-58bd-475e-848b-835a2a56c205 None None] Successfully loaded revision_plugin plugin. Description: Adds revision numbers to resources. {{(pid=89656) _create_and_add_service_plugin /opt/stack/neutron/neutron/manager.py:239}}
May 12 16:36:50.299753 np0000000615 devstack@neutron-api.service[89656]: DEBUG oslo_concurrency.lockutils [None req-f5c434f5-58bd-475e-848b-835a2a56c205 None None] Lock "manager" "released" by "neutron.manager.NeutronManager._create_instance" :: held 4.371s {{(pid=89656) inner /opt/stack/data/venv/lib/python3.12/site-packages/oslo_concurrency/lockutils.py:538}}
May 12 16:36:50.299840 np0000000615 devstack@neutron-api.service[89658]: INFO neutron.plugins.ml2.drivers.type_vlan [None req-193a64d2-77ba-4166-8557-626728f35723 None None] VlanTypeDriver initialization complete
May 12 16:36:50.300320 np0000000615 devstack@neutron-api.service[89658]: INFO neutron.plugins.ml2.managers [None req-193a64d2-77ba-4166-8557-626728f35723 None None] Initializing extension driver 'port_security'
May 12 16:36:50.300320 np0000000615 devstack@neutron-api.service[89658]: INFO neutron.plugins.ml2.extensions.port_security [None req-193a64d2-77ba-4166-8557-626728f35723 None None] PortSecurityExtensionDriver initialization complete
May 12 16:36:50.300426 np0000000615 devstack@neutron-api.service[89656]: DEBUG neutron.api.extensions [None req-f5c434f5-58bd-475e-848b-835a2a56c205 None None] get_extension_paths = OrderedDict({'/opt/stack/neutron/neutron/extensions': 1}) {{(pid=89656) get_extensions_path /opt/stack/neutron/neutron/api/extensions.py:640}}
May 12 16:36:50.300499 np0000000615 devstack@neutron-api.service[89658]: INFO neutron.plugins.ml2.managers [None req-193a64d2-77ba-4166-8557-626728f35723 None None] Initializing extension driver 'qos'
May 12 16:36:50.300542 np0000000615 devstack@neutron-api.service[89656]: INFO neutron.api.extensions [None req-f5c434f5-58bd-475e-848b-835a2a56c205 None None] Initializing extension manager.
May 12 16:36:50.300619 np0000000615 devstack@neutron-api.service[89658]: DEBUG neutron.plugins.ml2.extensions.qos [None req-193a64d2-77ba-4166-8557-626728f35723 None None] QosExtensionDriver initialization complete {{(pid=89658) initialize /opt/stack/neutron/neutron/plugins/ml2/extensions/qos.py:31}}
May 12 16:36:50.300619 np0000000615 devstack@neutron-api.service[89658]: INFO neutron.plugins.ml2.managers [None req-193a64d2-77ba-4166-8557-626728f35723 None None] Initializing mechanism driver 'ovn'
May 12 16:36:50.300619 np0000000615 devstack@neutron-api.service[89658]: INFO neutron.plugins.ml2.drivers.ovn.mech_driver.mech_driver [None req-193a64d2-77ba-4166-8557-626728f35723 None None] Starting OVNMechanismDriver
May 12 16:36:50.300740 np0000000615 devstack@neutron-api.service[89656]: DEBUG neutron.api.extensions [None req-f5c434f5-58bd-475e-848b-835a2a56c205 None None] Loading extension file: __init__.py {{(pid=89656) _load_all_extensions_from_path /opt/stack/neutron/neutron/api/extensions.py:449}}
May 12 16:36:50.300781 np0000000615 devstack@neutron-api.service[89656]: DEBUG neutron.api.extensions [None req-f5c434f5-58bd-475e-848b-835a2a56c205 None None] Loading extension file: __pycache__ {{(pid=89656) _load_all_extensions_from_path /opt/stack/neutron/neutron/api/extensions.py:449}}
May 12 16:36:50.301167 np0000000615 devstack@neutron-api.service[89656]: DEBUG neutron.api.extensions [None req-f5c434f5-58bd-475e-848b-835a2a56c205 None None] Loading extension file: address_group.py {{(pid=89656) _load_all_extensions_from_path /opt/stack/neutron/neutron/api/extensions.py:449}}
May 12 16:36:50.301534 np0000000615 devstack@neutron-api.service[89656]: DEBUG neutron.api.extensions [None req-f5c434f5-58bd-475e-848b-835a2a56c205 None None] Ext name="Address group" alias="address-group" description="Support address group" updated="2020-07-15T10:00:00-00:00" {{(pid=89656) _check_extension /opt/stack/neutron/neutron/api/extensions.py:415}}
May 12 16:36:50.301891 np0000000615 devstack@neutron-api.service[89656]: INFO neutron.api.extensions [None req-f5c434f5-58bd-475e-848b-835a2a56c205 None None] Loaded extension: address-group
May 12 16:36:50.302032 np0000000615 devstack@neutron-api.service[89656]: DEBUG neutron.api.extensions [None req-f5c434f5-58bd-475e-848b-835a2a56c205 None None] Loading extension file: address_scope.py {{(pid=89656) _load_all_extensions_from_path /opt/stack/neutron/neutron/api/extensions.py:449}}
May 12 16:36:50.302431 np0000000615 devstack@neutron-api.service[89656]: DEBUG neutron.api.extensions [None req-f5c434f5-58bd-475e-848b-835a2a56c205 None None] Ext name="Address scope" alias="address-scope" description="Address scopes extension." updated="2015-07-26T10:00:00-00:00" {{(pid=89656) _check_extension /opt/stack/neutron/neutron/api/extensions.py:415}}
May 12 16:36:50.302499 np0000000615 devstack@neutron-api.service[89658]: DEBUG neutron_lib.callbacks.manager [None req-193a64d2-77ba-4166-8557-626728f35723 None None] Subscribe: > process before_spawn 55550000, False {{(pid=89658) subscribe /opt/stack/data/venv/lib/python3.12/site-packages/neutron_lib/callbacks/manager.py:52}}
May 12 16:36:50.302749 np0000000615 devstack@neutron-api.service[89658]: DEBUG neutron_lib.callbacks.manager [None req-193a64d2-77ba-4166-8557-626728f35723 None None] Subscribe: > process after_init 55550000, True {{(pid=89658) subscribe /opt/stack/data/venv/lib/python3.12/site-packages/neutron_lib/callbacks/manager.py:52}}
May 12 16:36:50.302828 np0000000615 devstack@neutron-api.service[89656]: INFO neutron.api.extensions [None req-f5c434f5-58bd-475e-848b-835a2a56c205 None None] Loaded extension: address-scope
May 12 16:36:50.302907 np0000000615 devstack@neutron-api.service[89658]: DEBUG neutron_lib.callbacks.manager [None req-193a64d2-77ba-4166-8557-626728f35723 None None] Subscribe: > segment after_create 55550000, False {{(pid=89658) subscribe /opt/stack/data/venv/lib/python3.12/site-packages/neutron_lib/callbacks/manager.py:52}}
May 12 16:36:50.303002 np0000000615 devstack@neutron-api.service[89656]: DEBUG neutron.api.extensions [None req-f5c434f5-58bd-475e-848b-835a2a56c205 None None] Loading extension file: admin_state_down_before_update.py {{(pid=89656) _load_all_extensions_from_path /opt/stack/neutron/neutron/api/extensions.py:449}}
May 12 16:36:50.303080 np0000000615 devstack@neutron-api.service[89658]: DEBUG neutron_lib.callbacks.manager [None req-193a64d2-77ba-4166-8557-626728f35723 None None] Subscribe: > segment after_create 55550000, False {{(pid=89658) subscribe /opt/stack/data/venv/lib/python3.12/site-packages/neutron_lib/callbacks/manager.py:52}}
May 12 16:36:50.303080 np0000000615 devstack@neutron-api.service[89658]: DEBUG neutron_lib.callbacks.manager [None req-193a64d2-77ba-4166-8557-626728f35723 None None] Subscribe: > segment after_delete 55550000, False {{(pid=89658) subscribe /opt/stack/data/venv/lib/python3.12/site-packages/neutron_lib/callbacks/manager.py:52}}
May 12 16:36:50.303202 np0000000615 devstack@neutron-api.service[89656]: DEBUG neutron.api.extensions [None req-f5c434f5-58bd-475e-848b-835a2a56c205 None None] Ext name="Enforce Router's Admin State Down Before Update Extension" alias="router-admin-state-down-before-update" description="Ensure that the admin state of a router is DOWN (admin_state_up=False) before updating the distributed attribute" updated="2019-07-02T15:56:00" {{(pid=89656) _check_extension /opt/stack/neutron/neutron/api/extensions.py:415}}
May 12 16:36:50.303244 np0000000615 devstack@neutron-api.service[89658]: DEBUG neutron_lib.callbacks.manager [None req-193a64d2-77ba-4166-8557-626728f35723 None None] Subscribe: > allowed_address_pair before_create 55550000, False {{(pid=89658) subscribe /opt/stack/data/venv/lib/python3.12/site-packages/neutron_lib/callbacks/manager.py:52}}
May 12 16:36:50.303534 np0000000615 devstack@neutron-api.service[89658]: DEBUG neutron_lib.callbacks.manager [None req-193a64d2-77ba-4166-8557-626728f35723 None None] Subscribe: > security_group precommit_create 55550000, False {{(pid=89658) subscribe /opt/stack/data/venv/lib/python3.12/site-packages/neutron_lib/callbacks/manager.py:52}}
May 12 16:36:50.304536 np0000000615 devstack@neutron-api.service[89656]: INFO neutron.api.extensions [None req-f5c434f5-58bd-475e-848b-835a2a56c205 None None] Extension router-admin-state-down-before-update not supported by any of loaded plugins
May 12 16:36:50.304927 np0000000615 devstack@neutron-api.service[89658]: DEBUG neutron_lib.callbacks.manager [None req-193a64d2-77ba-4166-8557-626728f35723 None None] Subscribe: > security_group after_update 55550000, False {{(pid=89658) subscribe /opt/stack/data/venv/lib/python3.12/site-packages/neutron_lib/callbacks/manager.py:52}}
May 12 16:36:50.305069 np0000000615 devstack@neutron-api.service[89656]: DEBUG neutron.api.extensions [None req-f5c434f5-58bd-475e-848b-835a2a56c205 None None] Loading extension file: agent.py {{(pid=89656) _load_all_extensions_from_path /opt/stack/neutron/neutron/api/extensions.py:449}}
May 12 16:36:50.305141 np0000000615 devstack@neutron-api.service[89658]: DEBUG neutron_lib.callbacks.manager [None req-193a64d2-77ba-4166-8557-626728f35723 None None] Subscribe: > security_group after_create 55550000, False {{(pid=89658) subscribe /opt/stack/data/venv/lib/python3.12/site-packages/neutron_lib/callbacks/manager.py:52}}
May 12 16:36:50.305141 np0000000615 devstack@neutron-api.service[89658]: DEBUG neutron_lib.callbacks.manager [None req-193a64d2-77ba-4166-8557-626728f35723 None None] Subscribe: > security_group precommit_delete 55550000, False {{(pid=89658) subscribe /opt/stack/data/venv/lib/python3.12/site-packages/neutron_lib/callbacks/manager.py:52}}
May 12 16:36:50.305141 np0000000615 devstack@neutron-api.service[89658]: DEBUG neutron_lib.callbacks.manager [None req-193a64d2-77ba-4166-8557-626728f35723 None None] Subscribe: > security_group after_delete 55550000, False {{(pid=89658) subscribe /opt/stack/data/venv/lib/python3.12/site-packages/neutron_lib/callbacks/manager.py:52}}
May 12 16:36:50.305231 np0000000615 devstack@neutron-api.service[89656]: DEBUG neutron.api.extensions [None req-f5c434f5-58bd-475e-848b-835a2a56c205 None None] Ext name="agent" alias="agent" description="The agent management extension." updated="2013-02-03T10:00:00-00:00" {{(pid=89656) _check_extension /opt/stack/neutron/neutron/api/extensions.py:415}}
May 12 16:36:50.305272 np0000000615 devstack@neutron-api.service[89658]: DEBUG neutron_lib.callbacks.manager [None req-193a64d2-77ba-4166-8557-626728f35723 None None] Subscribe: > security_group_rule precommit_create 55550000, False {{(pid=89658) subscribe /opt/stack/data/venv/lib/python3.12/site-packages/neutron_lib/callbacks/manager.py:52}}
May 12 16:36:50.305272 np0000000615 devstack@neutron-api.service[89658]: DEBUG neutron_lib.callbacks.manager [None req-193a64d2-77ba-4166-8557-626728f35723 None None] Subscribe: > security_group_rule after_create 55550000, False {{(pid=89658) subscribe /opt/stack/data/venv/lib/python3.12/site-packages/neutron_lib/callbacks/manager.py:52}}
May 12 16:36:50.305335 np0000000615 devstack@neutron-api.service[89656]: INFO neutron.api.extensions [None req-f5c434f5-58bd-475e-848b-835a2a56c205 None None] Loaded extension: agent
May 12 16:36:50.305372 np0000000615 devstack@neutron-api.service[89658]: DEBUG neutron_lib.callbacks.manager [None req-193a64d2-77ba-4166-8557-626728f35723 None None] Subscribe: > security_group_rule before_delete 55550000, False {{(pid=89658) subscribe /opt/stack/data/venv/lib/python3.12/site-packages/neutron_lib/callbacks/manager.py:52}}
May 12 16:36:50.305414 np0000000615 devstack@neutron-api.service[89656]: DEBUG neutron.api.extensions [None req-f5c434f5-58bd-475e-848b-835a2a56c205 None None] Loading extension file: agent_resources_synced.py {{(pid=89656) _load_all_extensions_from_path /opt/stack/neutron/neutron/api/extensions.py:449}}
May 12 16:36:50.305446 np0000000615 devstack@neutron-api.service[89658]: DEBUG neutron_lib.callbacks.manager [None req-193a64d2-77ba-4166-8557-626728f35723 None None] Subscribe: > address_group after_create 55550000, False {{(pid=89658) subscribe /opt/stack/data/venv/lib/python3.12/site-packages/neutron_lib/callbacks/manager.py:52}}
May 12 16:36:50.305446 np0000000615 devstack@neutron-api.service[89658]: DEBUG neutron_lib.callbacks.manager [None req-193a64d2-77ba-4166-8557-626728f35723 None None] Subscribe: > address_group after_update 55550000, False {{(pid=89658) subscribe /opt/stack/data/venv/lib/python3.12/site-packages/neutron_lib/callbacks/manager.py:52}}
May 12 16:36:50.305607 np0000000615 devstack@neutron-api.service[89656]: DEBUG neutron.api.extensions [None req-f5c434f5-58bd-475e-848b-835a2a56c205 None None] Ext name="Agent's Resource View Synced to Placement" alias="agent-resources-synced" description="Stores success/failure of last sync to Placement" updated="2018-12-19T00:00:00-00:00" {{(pid=89656) _check_extension /opt/stack/neutron/neutron/api/extensions.py:415}}
May 12 16:36:50.305669 np0000000615 devstack@neutron-api.service[89658]: DEBUG neutron_lib.callbacks.manager [None req-193a64d2-77ba-4166-8557-626728f35723 None None] Subscribe: > address_group after_delete 55550000, False {{(pid=89658) subscribe /opt/stack/data/venv/lib/python3.12/site-packages/neutron_lib/callbacks/manager.py:52}}
May 12 16:36:50.305669 np0000000615 devstack@neutron-api.service[89658]: DEBUG neutron_lib.callbacks.manager [None req-193a64d2-77ba-4166-8557-626728f35723 None None] Subscribe: > qos_plugin after_init 55550000, False {{(pid=89658) subscribe /opt/stack/data/venv/lib/python3.12/site-packages/neutron_lib/callbacks/manager.py:52}}
May 12 16:36:50.305727 np0000000615 devstack@neutron-api.service[89656]: INFO neutron.api.extensions [None req-f5c434f5-58bd-475e-848b-835a2a56c205 None None] Extension agent-resources-synced not supported by any of loaded plugins
May 12 16:36:50.305727 np0000000615 devstack@neutron-api.service[89656]: DEBUG neutron.api.extensions [None req-f5c434f5-58bd-475e-848b-835a2a56c205 None None] Loading extension file: agent_sort_key.py {{(pid=89656) _load_all_extensions_from_path /opt/stack/neutron/neutron/api/extensions.py:449}}
May 12 16:36:50.305825 np0000000615 devstack@neutron-api.service[89658]: DEBUG neutron_lib.callbacks.manager [None req-193a64d2-77ba-4166-8557-626728f35723 None None] Subscribe: > trunk_plugin after_init 55550000, False {{(pid=89658) subscribe /opt/stack/data/venv/lib/python3.12/site-packages/neutron_lib/callbacks/manager.py:52}}
May 12 16:36:50.305825 np0000000615 devstack@neutron-api.service[89658]: DEBUG neutron_lib.callbacks.manager [None req-193a64d2-77ba-4166-8557-626728f35723 None None] Subscribe: > logging-plugin after_init 55550000, False {{(pid=89658) subscribe /opt/stack/data/venv/lib/python3.12/site-packages/neutron_lib/callbacks/manager.py:52}}
May 12 16:36:50.305911 np0000000615 devstack@neutron-api.service[89656]: DEBUG neutron.api.extensions [None req-f5c434f5-58bd-475e-848b-835a2a56c205 None None] Ext name="Agents Sort Key" alias="agent_sort_key" description="Enabling the keyword sort_key for sorting in agents." updated="2013-02-03T10:00:00-00:00" {{(pid=89656) _check_extension /opt/stack/neutron/neutron/api/extensions.py:415}}
May 12 16:36:50.305911 np0000000615 devstack@neutron-api.service[89656]: INFO neutron.api.extensions [None req-f5c434f5-58bd-475e-848b-835a2a56c205 None None] Extension agent_sort_key not supported by any of loaded plugins
May 12 16:36:50.305911 np0000000615 devstack@neutron-api.service[89656]: DEBUG neutron.api.extensions [None req-f5c434f5-58bd-475e-848b-835a2a56c205 None None] Loading extension file: allowedaddresspairs.py {{(pid=89656) _load_all_extensions_from_path /opt/stack/neutron/neutron/api/extensions.py:449}}
May 12 16:36:50.306043 np0000000615 devstack@neutron-api.service[89658]: INFO neutron.services.logapi.drivers.ovn.driver [None req-193a64d2-77ba-4166-8557-626728f35723 None None] OVN logging driver registered
May 12 16:36:50.306877 np0000000615 devstack@neutron-api.service[89656]: DEBUG neutron.api.extensions [None req-f5c434f5-58bd-475e-848b-835a2a56c205 None None] Ext name="Allowed Address Pairs" alias="allowed-address-pairs" description="Provides allowed address pairs" updated="2013-07-23T10:00:00-00:00" {{(pid=89656) _check_extension /opt/stack/neutron/neutron/api/extensions.py:415}}
May 12 16:36:50.307009 np0000000615 devstack@neutron-api.service[89656]: INFO neutron.api.extensions [None req-f5c434f5-58bd-475e-848b-835a2a56c205 None None] Loaded extension: allowed-address-pairs
May 12 16:36:50.307280 np0000000615 devstack@neutron-api.service[89656]: DEBUG neutron.api.extensions [None req-f5c434f5-58bd-475e-848b-835a2a56c205 None None] Loading extension file: auto_allocated_topology.py {{(pid=89656) _load_all_extensions_from_path /opt/stack/neutron/neutron/api/extensions.py:449}}
May 12 16:36:50.307572 np0000000615 devstack@neutron-api.service[89656]: DEBUG neutron.api.extensions [None req-f5c434f5-58bd-475e-848b-835a2a56c205 None None] Ext name="Auto Allocated Topology Services" alias="auto-allocated-topology" description="Auto Allocated Topology Services." updated="2016-01-01T00:00:00-00:00" {{(pid=89656) _check_extension /opt/stack/neutron/neutron/api/extensions.py:415}}
May 12 16:36:50.307869 np0000000615 devstack@neutron-api.service[89656]: INFO neutron.api.extensions [None req-f5c434f5-58bd-475e-848b-835a2a56c205 None None] Loaded extension: auto-allocated-topology
May 12 16:36:50.307914 np0000000615 devstack@neutron-api.service[89658]: DEBUG neutron.plugins.ml2.plugin [None req-193a64d2-77ba-4166-8557-626728f35723 None None] neutron.plugins.ml2.plugin.Ml2Plugin method _start_rpc_notifiers called with arguments () {} {{(pid=89658) wrapper /opt/stack/data/venv/lib/python3.12/site-packages/oslo_log/helpers.py:77}}
May 12 16:36:50.307955 np0000000615 devstack@neutron-api.service[89656]: DEBUG neutron.api.extensions [None req-f5c434f5-58bd-475e-848b-835a2a56c205 None None] Loading extension file: availability_zone.py {{(pid=89656) _load_all_extensions_from_path /opt/stack/neutron/neutron/api/extensions.py:449}}
May 12 16:36:50.309201 np0000000615 devstack@neutron-api.service[89658]: DEBUG neutron_lib.callbacks.manager [None req-193a64d2-77ba-4166-8557-626728f35723 None None] Subscribe: > port after_create 55550000, False {{(pid=89658) subscribe /opt/stack/data/venv/lib/python3.12/site-packages/neutron_lib/callbacks/manager.py:52}}
May 12 16:36:50.309320 np0000000615 devstack@neutron-api.service[89656]: DEBUG neutron.api.extensions [None req-f5c434f5-58bd-475e-848b-835a2a56c205 None None] Ext name="Availability Zone" alias="availability_zone" description="The availability zone extension." updated="2015-01-01T10:00:00-00:00" {{(pid=89656) _check_extension /opt/stack/neutron/neutron/api/extensions.py:415}}
May 12 16:36:50.309353 np0000000615 devstack@neutron-api.service[89658]: DEBUG neutron_lib.callbacks.manager [None req-193a64d2-77ba-4166-8557-626728f35723 None None] Subscribe: > port after_update 55550000, False {{(pid=89658) subscribe /opt/stack/data/venv/lib/python3.12/site-packages/neutron_lib/callbacks/manager.py:52}}
May 12 16:36:50.309353 np0000000615 devstack@neutron-api.service[89658]: DEBUG neutron_lib.callbacks.manager [None req-193a64d2-77ba-4166-8557-626728f35723 None None] Subscribe: > port after_delete 55550000, False {{(pid=89658) subscribe /opt/stack/data/venv/lib/python3.12/site-packages/neutron_lib/callbacks/manager.py:52}}
May 12 16:36:50.309425 np0000000615 devstack@neutron-api.service[89656]: INFO neutron.api.extensions [None req-f5c434f5-58bd-475e-848b-835a2a56c205 None None] Loaded extension: availability_zone
May 12 16:36:50.309460 np0000000615 devstack@neutron-api.service[89658]: DEBUG neutron_lib.callbacks.manager [None req-193a64d2-77ba-4166-8557-626728f35723 None None] Subscribe: > subnet after_create 55550000, False {{(pid=89658) subscribe /opt/stack/data/venv/lib/python3.12/site-packages/neutron_lib/callbacks/manager.py:52}}
May 12 16:36:50.309553 np0000000615 devstack@neutron-api.service[89656]: DEBUG neutron.api.extensions [None req-f5c434f5-58bd-475e-848b-835a2a56c205 None None] Loading extension file: availability_zone_filter.py {{(pid=89656) _load_all_extensions_from_path /opt/stack/neutron/neutron/api/extensions.py:449}}
May 12 16:36:50.309605 np0000000615 devstack@neutron-api.service[89658]: DEBUG neutron_lib.callbacks.manager [None req-193a64d2-77ba-4166-8557-626728f35723 None None] Subscribe: > subnet after_update 55550000, False {{(pid=89658) subscribe /opt/stack/data/venv/lib/python3.12/site-packages/neutron_lib/callbacks/manager.py:52}}
May 12 16:36:50.309605 np0000000615 devstack@neutron-api.service[89658]: DEBUG neutron_lib.callbacks.manager [None req-193a64d2-77ba-4166-8557-626728f35723 None None] Subscribe: > subnet after_delete 55550000, False {{(pid=89658) subscribe /opt/stack/data/venv/lib/python3.12/site-packages/neutron_lib/callbacks/manager.py:52}}
May 12 16:36:50.309605 np0000000615 devstack@neutron-api.service[89658]: DEBUG neutron_lib.callbacks.manager [None req-193a64d2-77ba-4166-8557-626728f35723 None None] Subscribe: > network after_create 55550000, False {{(pid=89658) subscribe /opt/stack/data/venv/lib/python3.12/site-packages/neutron_lib/callbacks/manager.py:52}}
May 12 16:36:50.309709 np0000000615 devstack@neutron-api.service[89656]: DEBUG neutron.api.extensions [None req-f5c434f5-58bd-475e-848b-835a2a56c205 None None] Ext name="Availability Zone Filter Extension" alias="availability_zone_filter" description="Add filter parameters to AvailabilityZone resource" updated="2018-06-22T10:00:00-00:00" {{(pid=89656) _check_extension /opt/stack/neutron/neutron/api/extensions.py:415}}
May 12 16:36:50.309909 np0000000615 devstack@neutron-api.service[89658]: DEBUG neutron_lib.callbacks.manager [None req-193a64d2-77ba-4166-8557-626728f35723 None None] Subscribe: > network after_update 55550000, False {{(pid=89658) subscribe /opt/stack/data/venv/lib/python3.12/site-packages/neutron_lib/callbacks/manager.py:52}}
May 12 16:36:50.309909 np0000000615 devstack@neutron-api.service[89658]: DEBUG neutron_lib.callbacks.manager [None req-193a64d2-77ba-4166-8557-626728f35723 None None] Subscribe: > network after_delete 55550000, False {{(pid=89658) subscribe /opt/stack/data/venv/lib/python3.12/site-packages/neutron_lib/callbacks/manager.py:52}}
May 12 16:36:50.310000 np0000000615 devstack@neutron-api.service[89656]: INFO neutron.api.extensions [None req-f5c434f5-58bd-475e-848b-835a2a56c205 None None] Extension availability_zone_filter not supported by any of loaded plugins
May 12 16:36:50.310052 np0000000615 devstack@neutron-api.service[89658]: DEBUG neutron_lib.callbacks.manager [None req-193a64d2-77ba-4166-8557-626728f35723 None None] Subscribe: > security_group after_create 55550000, False {{(pid=89658) subscribe /opt/stack/data/venv/lib/python3.12/site-packages/neutron_lib/callbacks/manager.py:52}}
May 12 16:36:50.310084 np0000000615 devstack@neutron-api.service[89656]: DEBUG neutron.api.extensions [None req-f5c434f5-58bd-475e-848b-835a2a56c205 None None] Loading extension file: data_plane_status.py {{(pid=89656) _load_all_extensions_from_path /opt/stack/neutron/neutron/api/extensions.py:449}}
May 12 16:36:50.310113 np0000000615 devstack@neutron-api.service[89658]: DEBUG neutron_lib.callbacks.manager [None req-193a64d2-77ba-4166-8557-626728f35723 None None] Subscribe: > security_group after_update 55550000, False {{(pid=89658) subscribe /opt/stack/data/venv/lib/python3.12/site-packages/neutron_lib/callbacks/manager.py:52}}
May 12 16:36:50.310113 np0000000615 devstack@neutron-api.service[89658]: DEBUG neutron_lib.callbacks.manager [None req-193a64d2-77ba-4166-8557-626728f35723 None None] Subscribe: > security_group after_delete 55550000, False {{(pid=89658) subscribe /opt/stack/data/venv/lib/python3.12/site-packages/neutron_lib/callbacks/manager.py:52}}
May 12 16:36:50.310152 np0000000615 devstack@neutron-api.service[89656]: DEBUG neutron.api.extensions [None req-f5c434f5-58bd-475e-848b-835a2a56c205 None None] Ext name="Port data plane status extension" alias="data-plane-status" description="Expose status of underlying data plane" updated="2017-01-24T10:00:00-00:00" {{(pid=89656) _check_extension /opt/stack/neutron/neutron/api/extensions.py:415}}
May 12 16:36:50.310207 np0000000615 devstack@neutron-api.service[89658]: DEBUG neutron_lib.callbacks.manager [None req-193a64d2-77ba-4166-8557-626728f35723 None None] Subscribe: > security_group_rule after_create 55550000, False {{(pid=89658) subscribe /opt/stack/data/venv/lib/python3.12/site-packages/neutron_lib/callbacks/manager.py:52}}
May 12 16:36:50.310232 np0000000615 devstack@neutron-api.service[89656]: INFO neutron.api.extensions [None req-f5c434f5-58bd-475e-848b-835a2a56c205 None None] Extension data-plane-status not supported by any of loaded plugins
May 12 16:36:50.310275 np0000000615 devstack@neutron-api.service[89658]: DEBUG neutron_lib.callbacks.manager [None req-193a64d2-77ba-4166-8557-626728f35723 None None] Subscribe: > security_group_rule after_update 55550000, False {{(pid=89658) subscribe /opt/stack/data/venv/lib/python3.12/site-packages/neutron_lib/callbacks/manager.py:52}}
May 12 16:36:50.310301 np0000000615 devstack@neutron-api.service[89656]: DEBUG neutron.api.extensions [None req-f5c434f5-58bd-475e-848b-835a2a56c205 None None] Loading extension file: default_subnetpools.py {{(pid=89656) _load_all_extensions_from_path /opt/stack/neutron/neutron/api/extensions.py:449}}
May 12 16:36:50.310331 np0000000615 devstack@neutron-api.service[89658]: DEBUG neutron_lib.callbacks.manager [None req-193a64d2-77ba-4166-8557-626728f35723 None None] Subscribe: > security_group_rule after_delete 55550000, False {{(pid=89658) subscribe /opt/stack/data/venv/lib/python3.12/site-packages/neutron_lib/callbacks/manager.py:52}}
May 12 16:36:50.310331 np0000000615 devstack@neutron-api.service[89658]: DEBUG neutron_lib.callbacks.manager [None req-193a64d2-77ba-4166-8557-626728f35723 None None] Subscribe: > address_group after_create 55550000, False {{(pid=89658) subscribe /opt/stack/data/venv/lib/python3.12/site-packages/neutron_lib/callbacks/manager.py:52}}
May 12 16:36:50.310389 np0000000615 devstack@neutron-api.service[89656]: DEBUG neutron.api.extensions [None req-f5c434f5-58bd-475e-848b-835a2a56c205 None None] Ext name="Default Subnetpools" alias="default-subnetpools" description="Provides ability to mark and use a subnetpool as the default." updated="2016-02-18T18:00:00-00:00" {{(pid=89656) _check_extension /opt/stack/neutron/neutron/api/extensions.py:415}}
May 12 16:36:50.310412 np0000000615 devstack@neutron-api.service[89658]: DEBUG neutron_lib.callbacks.manager [None req-193a64d2-77ba-4166-8557-626728f35723 None None] Subscribe: > address_group after_update 55550000, False {{(pid=89658) subscribe /opt/stack/data/venv/lib/python3.12/site-packages/neutron_lib/callbacks/manager.py:52}}
May 12 16:36:50.310412 np0000000615 devstack@neutron-api.service[89658]: DEBUG neutron_lib.callbacks.manager [None req-193a64d2-77ba-4166-8557-626728f35723 None None] Subscribe: > address_group after_delete 55550000, False {{(pid=89658) subscribe /opt/stack/data/venv/lib/python3.12/site-packages/neutron_lib/callbacks/manager.py:52}}
May 12 16:36:50.310462 np0000000615 devstack@neutron-api.service[89656]: INFO neutron.api.extensions [None req-f5c434f5-58bd-475e-848b-835a2a56c205 None None] Loaded extension: default-subnetpools
May 12 16:36:50.310462 np0000000615 devstack@neutron-api.service[89656]: DEBUG neutron.api.extensions [None req-f5c434f5-58bd-475e-848b-835a2a56c205 None None] Loading extension file: dhcpagentscheduler.py {{(pid=89656) _load_all_extensions_from_path /opt/stack/neutron/neutron/api/extensions.py:449}}
May 12 16:36:50.310525 np0000000615 devstack@neutron-api.service[89658]: DEBUG neutron.plugins.ml2.ovo_rpc [None req-193a64d2-77ba-4166-8557-626728f35723 None None] ML2 OVO RPC backend initialized. {{(pid=89658) __init__ /opt/stack/neutron/neutron/plugins/ml2/ovo_rpc.py:117}}
May 12 16:36:50.311273 np0000000615 devstack@neutron-api.service[89656]: DEBUG neutron.api.extensions [None req-f5c434f5-58bd-475e-848b-835a2a56c205 None None] Ext name="DHCP Agent Scheduler" alias="dhcp_agent_scheduler" description="Schedule networks among dhcp agents" updated="2013-02-07T10:00:00-00:00" {{(pid=89656) _check_extension /opt/stack/neutron/neutron/api/extensions.py:415}}
May 12 16:36:50.311273 np0000000615 devstack@neutron-api.service[89656]: INFO neutron.api.extensions [None req-f5c434f5-58bd-475e-848b-835a2a56c205 None None] Loaded extension: dhcp_agent_scheduler
May 12 16:36:50.311480 np0000000615 devstack@neutron-api.service[89656]: DEBUG neutron.api.extensions [None req-f5c434f5-58bd-475e-848b-835a2a56c205 None None] Loading extension file: dns.py {{(pid=89656) _load_all_extensions_from_path /opt/stack/neutron/neutron/api/extensions.py:449}}
May 12 16:36:50.311641 np0000000615 devstack@neutron-api.service[89658]: INFO neutron.quota [None req-193a64d2-77ba-4166-8557-626728f35723 None None] Loaded quota_driver: .
May 12 16:36:50.311641 np0000000615 devstack@neutron-api.service[89658]: INFO neutron.plugins.ml2.plugin [None req-193a64d2-77ba-4166-8557-626728f35723 None None] Modular L2 Plugin initialization complete
