May 12 16:36:50.893387 np0000000615 neutron-periodic-workers[91614]: DEBUG cotyledon.oslo_config_glue [-] database.slave_connection = **** {{(pid=91614) log_opt_values /opt/stack/data/venv/lib/python3.12/site-packages/oslo_config/cfg.py:3006}}
May 12 16:36:50.893387 np0000000615 neutron-periodic-workers[91614]: DEBUG cotyledon.oslo_config_glue [-] database.sqlite_synchronous = True {{(pid=91614) log_opt_values /opt/stack/data/venv/lib/python3.12/site-packages/oslo_config/cfg.py:3006}}
May 12 16:36:50.893387 np0000000615 neutron-periodic-workers[91614]: DEBUG cotyledon.oslo_config_glue [-] database.synchronous_reader = True {{(pid=91614) log_opt_values /opt/stack/data/venv/lib/python3.12/site-packages/oslo_config/cfg.py:3006}}
May 12 16:36:50.893708 np0000000615 neutron-periodic-workers[91614]: DEBUG cotyledon.oslo_config_glue [-] database.use_db_reconnect = False {{(pid=91614) log_opt_values /opt/stack/data/venv/lib/python3.12/site-packages/oslo_config/cfg.py:3006}}
May 12 16:36:50.893708 np0000000615 neutron-periodic-workers[91614]: DEBUG cotyledon.oslo_config_glue [-] ovn.bfd_min_rx = 1000 {{(pid=91614) log_opt_values /opt/stack/data/venv/lib/python3.12/site-packages/oslo_config/cfg.py:3006}}
May 12 16:36:50.893708 np0000000615 neutron-periodic-workers[91614]: DEBUG cotyledon.oslo_config_glue [-] ovn.bfd_min_tx = 100 {{(pid=91614) log_opt_values /opt/stack/data/venv/lib/python3.12/site-packages/oslo_config/cfg.py:3006}}
May 12 16:36:50.893708 np0000000615 neutron-periodic-workers[91614]: DEBUG cotyledon.oslo_config_glue [-] ovn.bfd_mult = 3 {{(pid=91614) log_opt_values /opt/stack/data/venv/lib/python3.12/site-packages/oslo_config/cfg.py:3006}}
May 12 16:36:50.893708 np0000000615 neutron-periodic-workers[91614]: DEBUG cotyledon.oslo_config_glue [-] ovn.broadcast_arps_to_all_routers = True {{(pid=91614) log_opt_values /opt/stack/data/venv/lib/python3.12/site-packages/oslo_config/cfg.py:3006}}
May 12 16:36:50.893708 np0000000615 neutron-periodic-workers[91614]: DEBUG cotyledon.oslo_config_glue [-] ovn.dhcp_default_lease_time = 43200 {{(pid=91614) log_opt_values /opt/stack/data/venv/lib/python3.12/site-packages/oslo_config/cfg.py:3006}}
May 12 16:36:50.893708 np0000000615 neutron-periodic-workers[91614]: DEBUG cotyledon.oslo_config_glue [-] ovn.disable_ovn_dhcp_for_baremetal_ports = False {{(pid=91614) log_opt_values /opt/stack/data/venv/lib/python3.12/site-packages/oslo_config/cfg.py:3006}}
May 12 16:36:50.893708 np0000000615 neutron-periodic-workers[91614]: DEBUG cotyledon.oslo_config_glue [-] ovn.dns_records_ovn_owned = False {{(pid=91614) log_opt_values /opt/stack/data/venv/lib/python3.12/site-packages/oslo_config/cfg.py:3006}}
May 12 16:36:50.893708 np0000000615 neutron-periodic-workers[91614]: DEBUG cotyledon.oslo_config_glue [-] ovn.dns_servers = [] {{(pid=91614) log_opt_values /opt/stack/data/venv/lib/python3.12/site-packages/oslo_config/cfg.py:3006}}
May 12 16:36:50.894004 np0000000615 neutron-periodic-workers[91614]: DEBUG cotyledon.oslo_config_glue [-] ovn.enable_distributed_floating_ip = False {{(pid=91614) log_opt_values /opt/stack/data/venv/lib/python3.12/site-packages/oslo_config/cfg.py:3006}}
May 12 16:36:50.894004 np0000000615 neutron-periodic-workers[91614]: DEBUG cotyledon.oslo_config_glue [-] ovn.fdb_age_threshold = 300 {{(pid=91614) log_opt_values /opt/stack/data/venv/lib/python3.12/site-packages/oslo_config/cfg.py:3006}}
May 12 16:36:50.894004 np0000000615 neutron-periodic-workers[91614]: DEBUG cotyledon.oslo_config_glue [-] ovn.ha_failover_strategy = normal {{(pid=91614) log_opt_values /opt/stack/data/venv/lib/python3.12/site-packages/oslo_config/cfg.py:3006}}
May 12 16:36:50.894004 np0000000615 neutron-periodic-workers[91614]: DEBUG cotyledon.oslo_config_glue [-] ovn.live_migration_activation_strategy = rarp {{(pid=91614) log_opt_values /opt/stack/data/venv/lib/python3.12/site-packages/oslo_config/cfg.py:3006}}
May 12 16:36:50.894004 np0000000615 neutron-periodic-workers[91614]: DEBUG cotyledon.oslo_config_glue [-] ovn.localnet_learn_fdb = False {{(pid=91614) log_opt_values /opt/stack/data/venv/lib/python3.12/site-packages/oslo_config/cfg.py:3006}}
May 12 16:36:50.894004 np0000000615 neutron-periodic-workers[91614]: DEBUG cotyledon.oslo_config_glue [-] ovn.mac_binding_age_threshold = 300 {{(pid=91614) log_opt_values /opt/stack/data/venv/lib/python3.12/site-packages/oslo_config/cfg.py:3006}}
May 12 16:36:50.894004 np0000000615 neutron-periodic-workers[91614]: DEBUG cotyledon.oslo_config_glue [-] ovn.neutron_sync_mode = log {{(pid=91614) log_opt_values /opt/stack/data/venv/lib/python3.12/site-packages/oslo_config/cfg.py:3006}}
May 12 16:36:50.894004 np0000000615 neutron-periodic-workers[91614]: DEBUG cotyledon.oslo_config_glue [-] ovn.ovn_dhcp4_global_options = {} {{(pid=91614) log_opt_values /opt/stack/data/venv/lib/python3.12/site-packages/oslo_config/cfg.py:3006}}
May 12 16:36:50.894004 np0000000615 neutron-periodic-workers[91614]: DEBUG cotyledon.oslo_config_glue [-] ovn.ovn_dhcp6_global_options = {} {{(pid=91614) log_opt_values /opt/stack/data/venv/lib/python3.12/site-packages/oslo_config/cfg.py:3006}}
May 12 16:36:50.894282 np0000000615 neutron-periodic-workers[91614]: DEBUG cotyledon.oslo_config_glue [-] ovn.ovn_l3_scheduler = leastloaded {{(pid=91614) log_opt_values /opt/stack/data/venv/lib/python3.12/site-packages/oslo_config/cfg.py:3006}}
May 12 16:36:50.894282 np0000000615 neutron-periodic-workers[91614]: DEBUG cotyledon.oslo_config_glue [-] ovn.ovn_metadata_enabled = True {{(pid=91614) log_opt_values /opt/stack/data/venv/lib/python3.12/site-packages/oslo_config/cfg.py:3006}}
May 12 16:36:50.894282 np0000000615 neutron-periodic-workers[91614]: DEBUG cotyledon.oslo_config_glue [-] ovn.ovn_nb_ca_cert = /opt/stack/data/CA/int-ca/ca-chain.pem {{(pid=91614) log_opt_values /opt/stack/data/venv/lib/python3.12/site-packages/oslo_config/cfg.py:3006}}
May 12 16:36:50.894282 np0000000615 neutron-periodic-workers[91614]: DEBUG cotyledon.oslo_config_glue [-] ovn.ovn_nb_certificate = /opt/stack/data/CA/int-ca/devstack-cert.crt {{(pid=91614) log_opt_values /opt/stack/data/venv/lib/python3.12/site-packages/oslo_config/cfg.py:3006}}
May 12 16:36:50.894282 np0000000615 neutron-periodic-workers[91614]: DEBUG cotyledon.oslo_config_glue [-] ovn.ovn_nb_connection = ['ssl:10.4.3.57:6641'] {{(pid=91614) log_opt_values /opt/stack/data/venv/lib/python3.12/site-packages/oslo_config/cfg.py:3006}}
May 12 16:36:50.894282 np0000000615 neutron-periodic-workers[91614]: DEBUG cotyledon.oslo_config_glue [-] ovn.ovn_nb_private_key = /opt/stack/data/CA/int-ca/private/devstack-cert.key {{(pid=91614) log_opt_values /opt/stack/data/venv/lib/python3.12/site-packages/oslo_config/cfg.py:3006}}
May 12 16:36:50.894282 np0000000615 neutron-periodic-workers[91614]: DEBUG cotyledon.oslo_config_glue [-] ovn.ovn_router_indirect_snat = False {{(pid=91614) log_opt_values /opt/stack/data/venv/lib/python3.12/site-packages/oslo_config/cfg.py:3006}}
May 12 16:36:50.894282 np0000000615 neutron-periodic-workers[91614]: DEBUG cotyledon.oslo_config_glue [-] ovn.ovn_sb_ca_cert = /opt/stack/data/CA/int-ca/ca-chain.pem {{(pid=91614) log_opt_values /opt/stack/data/venv/lib/python3.12/site-packages/oslo_config/cfg.py:3006}}
May 12 16:36:50.894537 np0000000615 neutron-periodic-workers[91614]: DEBUG cotyledon.oslo_config_glue [-] ovn.ovn_sb_certificate = /opt/stack/data/CA/int-ca/devstack-cert.crt {{(pid=91614) log_opt_values /opt/stack/data/venv/lib/python3.12/site-packages/oslo_config/cfg.py:3006}}
May 12 16:36:50.894537 np0000000615 neutron-periodic-workers[91614]: DEBUG cotyledon.oslo_config_glue [-] ovn.ovn_sb_connection = ['ssl:10.4.3.57:6642'] {{(pid=91614) log_opt_values /opt/stack/data/venv/lib/python3.12/site-packages/oslo_config/cfg.py:3006}}
May 12 16:36:50.894537 np0000000615 neutron-periodic-workers[91614]: DEBUG cotyledon.oslo_config_glue [-] ovn.ovn_sb_private_key = /opt/stack/data/CA/int-ca/private/devstack-cert.key {{(pid=91614) log_opt_values /opt/stack/data/venv/lib/python3.12/site-packages/oslo_config/cfg.py:3006}}
May 12 16:36:50.894537 np0000000615 neutron-periodic-workers[91614]: DEBUG cotyledon.oslo_config_glue [-] ovn.ovs_create_tap = False {{(pid=91614) log_opt_values /opt/stack/data/venv/lib/python3.12/site-packages/oslo_config/cfg.py:3006}}
May 12 16:36:50.894537 np0000000615 neutron-periodic-workers[91614]: DEBUG cotyledon.oslo_config_glue [-] ovn.ovsdb_connection_timeout = 180 {{(pid=91614) log_opt_values /opt/stack/data/venv/lib/python3.12/site-packages/oslo_config/cfg.py:3006}}
May 12 16:36:50.894537 np0000000615 neutron-periodic-workers[91614]: DEBUG cotyledon.oslo_config_glue [-] ovn.ovsdb_log_level = INFO {{(pid=91614) log_opt_values /opt/stack/data/venv/lib/python3.12/site-packages/oslo_config/cfg.py:3006}}
May 12 16:36:50.894537 np0000000615 neutron-periodic-workers[91614]: DEBUG cotyledon.oslo_config_glue [-] ovn.ovsdb_probe_interval = 60000 {{(pid=91614) log_opt_values /opt/stack/data/venv/lib/python3.12/site-packages/oslo_config/cfg.py:3006}}
May 12 16:36:50.894537 np0000000615 neutron-periodic-workers[91614]: DEBUG cotyledon.oslo_config_glue [-] ovn.ovsdb_retry_max_interval = 180 {{(pid=91614) log_opt_values /opt/stack/data/venv/lib/python3.12/site-packages/oslo_config/cfg.py:3006}}
May 12 16:36:50.894537 np0000000615 neutron-periodic-workers[91614]: DEBUG cotyledon.oslo_config_glue [-] ovn.stateless_nat_enabled = False {{(pid=91614) log_opt_values /opt/stack/data/venv/lib/python3.12/site-packages/oslo_config/cfg.py:3006}}
May 12 16:36:50.894779 np0000000615 neutron-periodic-workers[91614]: DEBUG cotyledon.oslo_config_glue [-] ovn.vhost_sock_dir = /var/run/openvswitch {{(pid=91614) log_opt_values /opt/stack/data/venv/lib/python3.12/site-packages/oslo_config/cfg.py:3006}}
May 12 16:36:50.894779 np0000000615 neutron-periodic-workers[91614]: DEBUG cotyledon.oslo_config_glue [-] OVS.bridge_mac_table_size = 50000 {{(pid=91614) log_opt_values /opt/stack/data/venv/lib/python3.12/site-packages/oslo_config/cfg.py:3006}}
May 12 16:36:50.894779 np0000000615 neutron-periodic-workers[91614]: DEBUG cotyledon.oslo_config_glue [-] OVS.igmp_flood = False {{(pid=91614) log_opt_values /opt/stack/data/venv/lib/python3.12/site-packages/oslo_config/cfg.py:3006}}
May 12 16:36:50.894779 np0000000615 neutron-periodic-workers[91614]: DEBUG cotyledon.oslo_config_glue [-] OVS.igmp_flood_reports = True {{(pid=91614) log_opt_values /opt/stack/data/venv/lib/python3.12/site-packages/oslo_config/cfg.py:3006}}
May 12 16:36:50.894779 np0000000615 neutron-periodic-workers[91614]: DEBUG cotyledon.oslo_config_glue [-] OVS.igmp_flood_unregistered = False {{(pid=91614) log_opt_values /opt/stack/data/venv/lib/python3.12/site-packages/oslo_config/cfg.py:3006}}
May 12 16:36:50.894779 np0000000615 neutron-periodic-workers[91614]: DEBUG cotyledon.oslo_config_glue [-] OVS.igmp_snooping_enable = False {{(pid=91614) log_opt_values /opt/stack/data/venv/lib/python3.12/site-packages/oslo_config/cfg.py:3006}}
May 12 16:36:50.894779 np0000000615 neutron-periodic-workers[91614]: DEBUG cotyledon.oslo_config_glue [-] OVS.ovsdb_timeout = 10 {{(pid=91614) log_opt_values /opt/stack/data/venv/lib/python3.12/site-packages/oslo_config/cfg.py:3006}}
May 12 16:36:50.894779 np0000000615 neutron-periodic-workers[91614]: DEBUG cotyledon.oslo_config_glue [-] ovn_nb_global.fdb_removal_limit = 0 {{(pid=91614) log_opt_values /opt/stack/data/venv/lib/python3.12/site-packages/oslo_config/cfg.py:3006}}
May 12 16:36:50.894779 np0000000615 neutron-periodic-workers[91614]: DEBUG cotyledon.oslo_config_glue [-] ovn_nb_global.ignore_lsp_down = False {{(pid=91614) log_opt_values /opt/stack/data/venv/lib/python3.12/site-packages/oslo_config/cfg.py:3006}}
May 12 16:36:50.894990 np0000000615 neutron-periodic-workers[91614]: DEBUG cotyledon.oslo_config_glue [-] ovn_nb_global.mac_binding_removal_limit = 0 {{(pid=91614) log_opt_values /opt/stack/data/venv/lib/python3.12/site-packages/oslo_config/cfg.py:3006}}
May 12 16:36:50.894990 np0000000615 neutron-periodic-workers[91614]: DEBUG cotyledon.oslo_config_glue [-] ******************************************************************************** {{(pid=91614) log_opt_values /opt/stack/data/venv/lib/python3.12/site-packages/oslo_config/cfg.py:3013}}
May 12 16:36:50.894990 np0000000615 neutron-periodic-workers[91614]: DEBUG cotyledon._service_worker [-] Run service ServiceWrapper(0) [91614] {{(pid=91614) wait_forever /opt/stack/data/venv/lib/python3.12/site-packages/cotyledon/_service_worker.py:218}}
May 12 16:37:00.493364 np0000000615 neutron-periodic-workers[90672]: DEBUG dbcounter [-] [90672] Writing DB stats neutron:SELECT=4 {{(pid=90672) stat_writer /opt/stack/data/venv/lib/python3.12/site-packages/dbcounter.py:115}}
May 12 16:37:48.859939 np0000000615 neutron-periodic-workers[91604]: DEBUG oslo_db.sqlalchemy.engines [None req-34d095a4-1ca6-43ac-90d4-a953dddcf522 None None] Parent process 90672 forked (91604) with an open database connection, which is being discarded and recreated. {{(pid=91604) checkout /opt/stack/data/venv/lib/python3.12/site-packages/oslo_db/sqlalchemy/engines.py:402}}
May 12 16:37:48.867795 np0000000615 neutron-periodic-workers[91604]: DEBUG dbcounter [-] [91604] Writer thread running {{(pid=91604) stat_writer /opt/stack/data/venv/lib/python3.12/site-packages/dbcounter.py:102}}
May 12 16:37:48.871177 np0000000615 neutron-periodic-workers[91604]: DEBUG neutron.db.agents_db [None req-34d095a4-1ca6-43ac-90d4-a953dddcf522 None None] Agent healthcheck: found 0 active agents {{(pid=91604) agent_health_check /opt/stack/neutron/neutron/db/agents_db.py:322}}
May 12 16:37:48.871570 np0000000615 neutron-periodic-workers[91604]: DEBUG oslo.service.backend._threading.loopingcall [None req-34d095a4-1ca6-43ac-90d4-a953dddcf522 None None] Fixed interval looping call 'neutron.plugins.ml2.plugin.AgentDbMixin.agent_health_check' sleeping for 36.98 seconds {{(pid=91604) _run_loop /opt/stack/data/venv/lib/python3.12/site-packages/oslo_service/backend/_threading/loopingcall.py:125}}
May 12 16:37:50.860141 np0000000615 neutron-periodic-workers[91589]: DEBUG dbcounter [-] [91589] Writer thread running {{(pid=91589) stat_writer /opt/stack/data/venv/lib/python3.12/site-packages/dbcounter.py:102}}
May 12 16:37:50.868029 np0000000615 neutron-periodic-workers[91589]: DEBUG oslo.service.backend._threading.loopingcall [None req-377938ac-1cac-4a6f-9185-a38088b4ad44 None None] Fixed interval looping call 'neutron.plugins.ml2.plugin.DhcpAgentSchedulerDbMixin.remove_networks_from_down_agents' sleeping for 36.98 seconds {{(pid=91589) _run_loop /opt/stack/data/venv/lib/python3.12/site-packages/oslo_service/backend/_threading/loopingcall.py:125}}
May 12 16:37:58.868873 np0000000615 neutron-periodic-workers[91604]: DEBUG dbcounter [-] [91604] Writing DB stats neutron:SELECT=1 {{(pid=91604) stat_writer /opt/stack/data/venv/lib/python3.12/site-packages/dbcounter.py:115}}
May 12 16:38:00.867133 np0000000615 neutron-periodic-workers[91589]: DEBUG dbcounter [-] [91589] Writing DB stats neutron:SELECT=3 {{(pid=91589) stat_writer /opt/stack/data/venv/lib/python3.12/site-packages/dbcounter.py:115}}
May 12 16:38:25.854776 np0000000615 neutron-periodic-workers[91604]: DEBUG neutron.db.agents_db [None req-34d095a4-1ca6-43ac-90d4-a953dddcf522 None None] Agent healthcheck: found 0 active agents {{(pid=91604) agent_health_check /opt/stack/neutron/neutron/db/agents_db.py:322}}
May 12 16:38:25.855191 np0000000615 neutron-periodic-workers[91604]: DEBUG oslo.service.backend._threading.loopingcall [None req-34d095a4-1ca6-43ac-90d4-a953dddcf522 None None] Fixed interval looping call 'neutron.plugins.ml2.plugin.AgentDbMixin.agent_health_check' sleeping for 37.00 seconds {{(pid=91604) _run_loop /opt/stack/data/venv/lib/python3.12/site-packages/oslo_service/backend/_threading/loopingcall.py:125}}
May 12 16:38:27.857307 np0000000615 neutron-periodic-workers[91589]: DEBUG oslo.service.backend._threading.loopingcall [None req-377938ac-1cac-4a6f-9185-a38088b4ad44 None None] Fixed interval looping call 'neutron.plugins.ml2.plugin.DhcpAgentSchedulerDbMixin.remove_networks_from_down_agents' sleeping for 36.99 seconds {{(pid=91589) _run_loop /opt/stack/data/venv/lib/python3.12/site-packages/oslo_service/backend/_threading/loopingcall.py:125}}
May 12 16:38:35.854468 np0000000615 neutron-periodic-workers[91604]: DEBUG dbcounter [-] [91604] Writing DB stats neutron:SELECT=1 {{(pid=91604) stat_writer /opt/stack/data/venv/lib/python3.12/site-packages/dbcounter.py:115}}
May 12 16:38:37.855466 np0000000615 neutron-periodic-workers[91589]: DEBUG dbcounter [-] [91589] Writing DB stats neutron:SELECT=3 {{(pid=91589) stat_writer /opt/stack/data/venv/lib/python3.12/site-packages/dbcounter.py:115}}
May 12 16:38:50.896121 np0000000615 neutron-periodic-workers[91614]: DEBUG dbcounter [-] [91614] Writer thread running {{(pid=91614) stat_writer /opt/stack/data/venv/lib/python3.12/site-packages/dbcounter.py:102}}
May 12 16:38:50.897549 np0000000615 neutron-periodic-workers[91614]: DEBUG oslo.service.backend._threading.loopingcall [None req-532ce8ae-9696-4be0-9863-30883028a2d3 None None] Fixed interval looping call 'neutron.db.quota.driver_nolock.DbQuotaNoLockDriver._remove_expired_reservations' sleeping for 119.99 seconds {{(pid=91614) _run_loop /opt/stack/data/venv/lib/python3.12/site-packages/oslo_service/backend/_threading/loopingcall.py:125}}
May 12 16:39:00.896494 np0000000615 neutron-periodic-workers[91614]: DEBUG dbcounter [-] [91614] Writing DB stats neutron:DELETE=1 {{(pid=91614) stat_writer /opt/stack/data/venv/lib/python3.12/site-packages/dbcounter.py:115}}
May 12 16:39:02.858842 np0000000615 neutron-periodic-workers[91604]: DEBUG neutron.db.agents_db [None req-34d095a4-1ca6-43ac-90d4-a953dddcf522 None None] Agent healthcheck: found 0 active agents {{(pid=91604) agent_health_check /opt/stack/neutron/neutron/db/agents_db.py:322}}
May 12 16:39:02.859332 np0000000615 neutron-periodic-workers[91604]: DEBUG oslo.service.backend._threading.loopingcall [None req-34d095a4-1ca6-43ac-90d4-a953dddcf522 None None] Fixed interval looping call 'neutron.plugins.ml2.plugin.AgentDbMixin.agent_health_check' sleeping for 37.00 seconds {{(pid=91604) _run_loop /opt/stack/data/venv/lib/python3.12/site-packages/oslo_service/backend/_threading/loopingcall.py:125}}
May 12 16:39:04.852838 np0000000615 neutron-periodic-workers[91589]: DEBUG oslo.service.backend._threading.loopingcall [None req-377938ac-1cac-4a6f-9185-a38088b4ad44 None None] Fixed interval looping call 'neutron.plugins.ml2.plugin.DhcpAgentSchedulerDbMixin.remove_networks_from_down_agents' sleeping for 36.99 seconds {{(pid=91589) _run_loop /opt/stack/data/venv/lib/python3.12/site-packages/oslo_service/backend/_threading/loopingcall.py:125}}
May 12 16:39:12.857506 np0000000615 neutron-periodic-workers[91604]: DEBUG dbcounter [-] [91604] Writing DB stats neutron:SELECT=1 {{(pid=91604) stat_writer /opt/stack/data/venv/lib/python3.12/site-packages/dbcounter.py:115}}
May 12 16:39:14.852099 np0000000615 neutron-periodic-workers[91589]: DEBUG dbcounter [-] [91589] Writing DB stats neutron:SELECT=3 {{(pid=91589) stat_writer /opt/stack/data/venv/lib/python3.12/site-packages/dbcounter.py:115}}
May 12 16:39:39.862673 np0000000615 neutron-periodic-workers[91604]: DEBUG neutron.db.agents_db [None req-34d095a4-1ca6-43ac-90d4-a953dddcf522 None None] Agent healthcheck: found 0 active agents {{(pid=91604) agent_health_check /opt/stack/neutron/neutron/db/agents_db.py:322}}
May 12 16:39:39.863089 np0000000615 neutron-periodic-workers[91604]: DEBUG oslo.service.backend._threading.loopingcall [None req-34d095a4-1ca6-43ac-90d4-a953dddcf522 None None] Fixed interval looping call 'neutron.plugins.ml2.plugin.AgentDbMixin.agent_health_check' sleeping for 37.00 seconds {{(pid=91604) _run_loop /opt/stack/data/venv/lib/python3.12/site-packages/oslo_service/backend/_threading/loopingcall.py:125}}
May 12 16:39:41.850640 np0000000615 neutron-periodic-workers[91589]: DEBUG oslo.service.backend._threading.loopingcall [None req-377938ac-1cac-4a6f-9185-a38088b4ad44 None None] Fixed interval looping call 'neutron.plugins.ml2.plugin.DhcpAgentSchedulerDbMixin.remove_networks_from_down_agents' sleeping for 36.99 seconds {{(pid=91589) _run_loop /opt/stack/data/venv/lib/python3.12/site-packages/oslo_service/backend/_threading/loopingcall.py:125}}
May 12 16:39:49.861723 np0000000615 neutron-periodic-workers[91604]: DEBUG dbcounter [-] [91604] Writing DB stats neutron:SELECT=1 {{(pid=91604) stat_writer /opt/stack/data/venv/lib/python3.12/site-packages/dbcounter.py:115}}
May 12 16:39:51.849616 np0000000615 neutron-periodic-workers[91589]: DEBUG dbcounter [-] [91589] Writing DB stats neutron:SELECT=3 {{(pid=91589) stat_writer /opt/stack/data/venv/lib/python3.12/site-packages/dbcounter.py:115}}
May 12 16:39:55.877979 np0000000615 neutron-periodic-workers[91583]: DEBUG dbcounter [-] [91583] Writer thread running {{(pid=91583) stat_writer /opt/stack/data/venv/lib/python3.12/site-packages/dbcounter.py:102}}
May 12 16:39:55.888226 np0000000615 neutron-periodic-workers[91583]: DEBUG oslo.service.backend._threading.loopingcall [None req-ad327f14-a1fd-4eca-87ae-997ecb690eb6 None None] Fixed interval looping call 'neutron.services.ovn_l3.plugin.L3_NAT_dbonly_mixin._clean_garbage' sleeping for 299.96 seconds {{(pid=91583) _run_loop /opt/stack/data/venv/lib/python3.12/site-packages/oslo_service/backend/_threading/loopingcall.py:125}}
May 12 16:40:05.878484 np0000000615 neutron-periodic-workers[91583]: DEBUG dbcounter [-] [91583] Writing DB stats neutron:SELECT=1 {{(pid=91583) stat_writer /opt/stack/data/venv/lib/python3.12/site-packages/dbcounter.py:115}}
May 12 16:40:16.873612 np0000000615 neutron-periodic-workers[91604]: DEBUG neutron.db.agents_db [None req-34d095a4-1ca6-43ac-90d4-a953dddcf522 None None] Agent healthcheck: found 0 active agents {{(pid=91604) agent_health_check /opt/stack/neutron/neutron/db/agents_db.py:322}}
May 12 16:40:16.873612 np0000000615 neutron-periodic-workers[91604]: DEBUG oslo.service.backend._threading.loopingcall [None req-34d095a4-1ca6-43ac-90d4-a953dddcf522 None None] Fixed interval looping call 'neutron.plugins.ml2.plugin.AgentDbMixin.agent_health_check' sleeping for 36.99 seconds {{(pid=91604) _run_loop /opt/stack/data/venv/lib/python3.12/site-packages/oslo_service/backend/_threading/loopingcall.py:125}}
May 12 16:40:18.851114 np0000000615 neutron-periodic-workers[91589]: DEBUG oslo.service.backend._threading.loopingcall [None req-377938ac-1cac-4a6f-9185-a38088b4ad44 None None] Fixed interval looping call 'neutron.plugins.ml2.plugin.DhcpAgentSchedulerDbMixin.remove_networks_from_down_agents' sleeping for 36.99 seconds {{(pid=91589) _run_loop /opt/stack/data/venv/lib/python3.12/site-packages/oslo_service/backend/_threading/loopingcall.py:125}}
May 12 16:40:26.871091 np0000000615 neutron-periodic-workers[91604]: DEBUG dbcounter [-] [91604] Writing DB stats neutron:SELECT=1 {{(pid=91604) stat_writer /opt/stack/data/venv/lib/python3.12/site-packages/dbcounter.py:115}}
May 12 16:40:28.850085 np0000000615 neutron-periodic-workers[91589]: DEBUG dbcounter [-] [91589] Writing DB stats neutron:SELECT=3 {{(pid=91589) stat_writer /opt/stack/data/venv/lib/python3.12/site-packages/dbcounter.py:115}}
May 12 16:40:50.891563 np0000000615 neutron-periodic-workers[91614]: DEBUG oslo.service.backend._threading.loopingcall [None req-532ce8ae-9696-4be0-9863-30883028a2d3 None None] Fixed interval looping call 'neutron.db.quota.driver_nolock.DbQuotaNoLockDriver._remove_expired_reservations' sleeping for 120.00 seconds {{(pid=91614) _run_loop /opt/stack/data/venv/lib/python3.12/site-packages/oslo_service/backend/_threading/loopingcall.py:125}}
May 12 16:40:53.868307 np0000000615 neutron-periodic-workers[91604]: DEBUG neutron.db.agents_db [None req-34d095a4-1ca6-43ac-90d4-a953dddcf522 None None] Agent healthcheck: found 0 active agents {{(pid=91604) agent_health_check /opt/stack/neutron/neutron/db/agents_db.py:322}}
May 12 16:40:53.868757 np0000000615 neutron-periodic-workers[91604]: DEBUG oslo.service.backend._threading.loopingcall [None req-34d095a4-1ca6-43ac-90d4-a953dddcf522 None None] Fixed interval looping call 'neutron.plugins.ml2.plugin.AgentDbMixin.agent_health_check' sleeping for 36.99 seconds {{(pid=91604) _run_loop /opt/stack/data/venv/lib/python3.12/site-packages/oslo_service/backend/_threading/loopingcall.py:125}}
May 12 16:40:55.851280 np0000000615 neutron-periodic-workers[91589]: DEBUG oslo.service.backend._threading.loopingcall [None req-377938ac-1cac-4a6f-9185-a38088b4ad44 None None] Fixed interval looping call 'neutron.plugins.ml2.plugin.DhcpAgentSchedulerDbMixin.remove_networks_from_down_agents' sleeping for 36.99 seconds {{(pid=91589) _run_loop /opt/stack/data/venv/lib/python3.12/site-packages/oslo_service/backend/_threading/loopingcall.py:125}}
May 12 16:41:00.890552 np0000000615 neutron-periodic-workers[91614]: DEBUG dbcounter [-] [91614] Writing DB stats neutron:DELETE=1 {{(pid=91614) stat_writer /opt/stack/data/venv/lib/python3.12/site-packages/dbcounter.py:115}}
May 12 16:41:03.866885 np0000000615 neutron-periodic-workers[91604]: DEBUG dbcounter [-] [91604] Writing DB stats neutron:SELECT=1 {{(pid=91604) stat_writer /opt/stack/data/venv/lib/python3.12/site-packages/dbcounter.py:115}}
May 12 16:41:05.849393 np0000000615 neutron-periodic-workers[91589]: DEBUG dbcounter [-] [91589] Writing DB stats neutron:SELECT=3 {{(pid=91589) stat_writer /opt/stack/data/venv/lib/python3.12/site-packages/dbcounter.py:115}}
May 12 16:41:30.865725 np0000000615 neutron-periodic-workers[91604]: DEBUG neutron.db.agents_db [None req-34d095a4-1ca6-43ac-90d4-a953dddcf522 None None] Agent healthcheck: found 0 active agents {{(pid=91604) agent_health_check /opt/stack/neutron/neutron/db/agents_db.py:322}}
May 12 16:41:30.865725 np0000000615 neutron-periodic-workers[91604]: DEBUG oslo.service.backend._threading.loopingcall [None req-34d095a4-1ca6-43ac-90d4-a953dddcf522 None None] Fixed interval looping call 'neutron.plugins.ml2.plugin.AgentDbMixin.agent_health_check' sleeping for 36.99 seconds {{(pid=91604) _run_loop /opt/stack/data/venv/lib/python3.12/site-packages/oslo_service/backend/_threading/loopingcall.py:125}}
May 12 16:41:32.847569 np0000000615 neutron-periodic-workers[91589]: DEBUG oslo.service.backend._threading.loopingcall [None req-377938ac-1cac-4a6f-9185-a38088b4ad44 None None] Fixed interval looping call 'neutron.plugins.ml2.plugin.DhcpAgentSchedulerDbMixin.remove_networks_from_down_agents' sleeping for 36.99 seconds {{(pid=91589) _run_loop /opt/stack/data/venv/lib/python3.12/site-packages/oslo_service/backend/_threading/loopingcall.py:125}}
May 12 16:41:40.862035 np0000000615 neutron-periodic-workers[91604]: DEBUG dbcounter [-] [91604] Writing DB stats neutron:SELECT=1 {{(pid=91604) stat_writer /opt/stack/data/venv/lib/python3.12/site-packages/dbcounter.py:115}}
May 12 16:41:42.846751 np0000000615 neutron-periodic-workers[91589]: DEBUG dbcounter [-] [91589] Writing DB stats neutron:SELECT=3 {{(pid=91589) stat_writer /opt/stack/data/venv/lib/python3.12/site-packages/dbcounter.py:115}}
May 12 16:42:07.858699 np0000000615 neutron-periodic-workers[91604]: DEBUG neutron.db.agents_db [None req-34d095a4-1ca6-43ac-90d4-a953dddcf522 None None] Agent healthcheck: found 0 active agents {{(pid=91604) agent_health_check /opt/stack/neutron/neutron/db/agents_db.py:322}}
May 12 16:42:07.859085 np0000000615 neutron-periodic-workers[91604]: DEBUG oslo.service.backend._threading.loopingcall [None req-34d095a4-1ca6-43ac-90d4-a953dddcf522 None None] Fixed interval looping call 'neutron.plugins.ml2.plugin.AgentDbMixin.agent_health_check' sleeping for 37.00 seconds {{(pid=91604) _run_loop /opt/stack/data/venv/lib/python3.12/site-packages/oslo_service/backend/_threading/loopingcall.py:125}}
May 12 16:42:09.843222 np0000000615 neutron-periodic-workers[91589]: DEBUG oslo.service.backend._threading.loopingcall [None req-377938ac-1cac-4a6f-9185-a38088b4ad44 None None] Fixed interval looping call 'neutron.plugins.ml2.plugin.DhcpAgentSchedulerDbMixin.remove_networks_from_down_agents' sleeping for 36.99 seconds {{(pid=91589) _run_loop /opt/stack/data/venv/lib/python3.12/site-packages/oslo_service/backend/_threading/loopingcall.py:125}}
May 12 16:42:17.859525 np0000000615 neutron-periodic-workers[91604]: DEBUG dbcounter [-] [91604] Writing DB stats neutron:SELECT=1 {{(pid=91604) stat_writer /opt/stack/data/venv/lib/python3.12/site-packages/dbcounter.py:115}}
May 12 16:42:19.842993 np0000000615 neutron-periodic-workers[91589]: DEBUG dbcounter [-] [91589] Writing DB stats neutron:SELECT=3 {{(pid=91589) stat_writer /opt/stack/data/venv/lib/python3.12/site-packages/dbcounter.py:115}}
May 12 16:42:44.862567 np0000000615 neutron-periodic-workers[91604]: DEBUG neutron.db.agents_db [None req-34d095a4-1ca6-43ac-90d4-a953dddcf522 None None] Agent healthcheck: found 0 active agents {{(pid=91604) agent_health_check /opt/stack/neutron/neutron/db/agents_db.py:322}}
May 12 16:42:44.862567 np0000000615 neutron-periodic-workers[91604]: DEBUG oslo.service.backend._threading.loopingcall [None req-34d095a4-1ca6-43ac-90d4-a953dddcf522 None None] Fixed interval looping call 'neutron.plugins.ml2.plugin.AgentDbMixin.agent_health_check' sleeping for 37.00 seconds {{(pid=91604) _run_loop /opt/stack/data/venv/lib/python3.12/site-packages/oslo_service/backend/_threading/loopingcall.py:125}}
May 12 16:42:46.845832 np0000000615 neutron-periodic-workers[91589]: DEBUG oslo.service.backend._threading.loopingcall [None req-377938ac-1cac-4a6f-9185-a38088b4ad44 None None] Fixed interval looping call 'neutron.plugins.ml2.plugin.DhcpAgentSchedulerDbMixin.remove_networks_from_down_agents' sleeping for 36.99 seconds {{(pid=91589) _run_loop /opt/stack/data/venv/lib/python3.12/site-packages/oslo_service/backend/_threading/loopingcall.py:125}}
May 12 16:42:50.895094 np0000000615 neutron-periodic-workers[91614]: DEBUG oslo.service.backend._threading.loopingcall [None req-532ce8ae-9696-4be0-9863-30883028a2d3 None None] Fixed interval looping call 'neutron.db.quota.driver_nolock.DbQuotaNoLockDriver._remove_expired_reservations' sleeping for 120.00 seconds {{(pid=91614) _run_loop /opt/stack/data/venv/lib/python3.12/site-packages/oslo_service/backend/_threading/loopingcall.py:125}}
May 12 16:42:54.861943 np0000000615 neutron-periodic-workers[91604]: DEBUG dbcounter [-] [91604] Writing DB stats neutron:SELECT=1 {{(pid=91604) stat_writer /opt/stack/data/venv/lib/python3.12/site-packages/dbcounter.py:115}}
May 12 16:42:56.843721 np0000000615 neutron-periodic-workers[91589]: DEBUG dbcounter [-] [91589] Writing DB stats neutron:SELECT=3 {{(pid=91589) stat_writer /opt/stack/data/venv/lib/python3.12/site-packages/dbcounter.py:115}}
May 12 16:43:00.894363 np0000000615 neutron-periodic-workers[91614]: DEBUG dbcounter [-] [91614] Writing DB stats neutron:DELETE=1 {{(pid=91614) stat_writer /opt/stack/data/venv/lib/python3.12/site-packages/dbcounter.py:115}}
May 12 16:43:21.866307 np0000000615 neutron-periodic-workers[91604]: DEBUG neutron.db.agents_db [None req-34d095a4-1ca6-43ac-90d4-a953dddcf522 None None] Agent healthcheck: found 0 active agents {{(pid=91604) agent_health_check /opt/stack/neutron/neutron/db/agents_db.py:322}}
May 12 16:43:21.866696 np0000000615 neutron-periodic-workers[91604]: DEBUG oslo.service.backend._threading.loopingcall [None req-34d095a4-1ca6-43ac-90d4-a953dddcf522 None None] Fixed interval looping call 'neutron.plugins.ml2.plugin.AgentDbMixin.agent_health_check' sleeping for 37.00 seconds {{(pid=91604) _run_loop /opt/stack/data/venv/lib/python3.12/site-packages/oslo_service/backend/_threading/loopingcall.py:125}}
May 12 16:43:23.849675 np0000000615 neutron-periodic-workers[91589]: DEBUG oslo.service.backend._threading.loopingcall [None req-377938ac-1cac-4a6f-9185-a38088b4ad44 None None] Fixed interval looping call 'neutron.plugins.ml2.plugin.DhcpAgentSchedulerDbMixin.remove_networks_from_down_agents' sleeping for 36.99 seconds {{(pid=91589) _run_loop /opt/stack/data/venv/lib/python3.12/site-packages/oslo_service/backend/_threading/loopingcall.py:125}}
May 12 16:43:31.865333 np0000000615 neutron-periodic-workers[91604]: DEBUG dbcounter [-] [91604] Writing DB stats neutron:SELECT=1 {{(pid=91604) stat_writer /opt/stack/data/venv/lib/python3.12/site-packages/dbcounter.py:115}}
May 12 16:43:33.848880 np0000000615 neutron-periodic-workers[91589]: DEBUG dbcounter [-] [91589] Writing DB stats neutron:SELECT=3 {{(pid=91589) stat_writer /opt/stack/data/venv/lib/python3.12/site-packages/dbcounter.py:115}}
May 12 16:43:58.871018 np0000000615 neutron-periodic-workers[91604]: DEBUG neutron.db.agents_db [None req-34d095a4-1ca6-43ac-90d4-a953dddcf522 None None] Agent healthcheck: found 0 active agents {{(pid=91604) agent_health_check /opt/stack/neutron/neutron/db/agents_db.py:322}}
May 12 16:43:58.871582 np0000000615 neutron-periodic-workers[91604]: DEBUG oslo.service.backend._threading.loopingcall [None req-34d095a4-1ca6-43ac-90d4-a953dddcf522 None None] Fixed interval looping call 'neutron.plugins.ml2.plugin.AgentDbMixin.agent_health_check' sleeping for 37.00 seconds {{(pid=91604) _run_loop /opt/stack/data/venv/lib/python3.12/site-packages/oslo_service/backend/_threading/loopingcall.py:125}}
May 12 16:44:00.846782 np0000000615 neutron-periodic-workers[91589]: DEBUG oslo.service.backend._threading.loopingcall [None req-377938ac-1cac-4a6f-9185-a38088b4ad44 None None] Fixed interval looping call 'neutron.plugins.ml2.plugin.DhcpAgentSchedulerDbMixin.remove_networks_from_down_agents' sleeping for 36.99 seconds {{(pid=91589) _run_loop /opt/stack/data/venv/lib/python3.12/site-packages/oslo_service/backend/_threading/loopingcall.py:125}}
May 12 16:44:08.869315 np0000000615 neutron-periodic-workers[91604]: DEBUG dbcounter [-] [91604] Writing DB stats neutron:SELECT=1 {{(pid=91604) stat_writer /opt/stack/data/venv/lib/python3.12/site-packages/dbcounter.py:115}}
May 12 16:44:10.846331 np0000000615 neutron-periodic-workers[91589]: DEBUG dbcounter [-] [91589] Writing DB stats neutron:SELECT=3 {{(pid=91589) stat_writer /opt/stack/data/venv/lib/python3.12/site-packages/dbcounter.py:115}}
May 12 16:44:35.875554 np0000000615 neutron-periodic-workers[91604]: DEBUG neutron.db.agents_db [None req-34d095a4-1ca6-43ac-90d4-a953dddcf522 None None] Agent healthcheck: found 0 active agents {{(pid=91604) agent_health_check /opt/stack/neutron/neutron/db/agents_db.py:322}}
May 12 16:44:35.875995 np0000000615 neutron-periodic-workers[91604]: DEBUG oslo.service.backend._threading.loopingcall [None req-34d095a4-1ca6-43ac-90d4-a953dddcf522 None None] Fixed interval looping call 'neutron.plugins.ml2.plugin.AgentDbMixin.agent_health_check' sleeping for 37.00 seconds {{(pid=91604) _run_loop /opt/stack/data/venv/lib/python3.12/site-packages/oslo_service/backend/_threading/loopingcall.py:125}}
May 12 16:44:37.842694 np0000000615 neutron-periodic-workers[91589]: DEBUG oslo.service.backend._threading.loopingcall [None req-377938ac-1cac-4a6f-9185-a38088b4ad44 None None] Fixed interval looping call 'neutron.plugins.ml2.plugin.DhcpAgentSchedulerDbMixin.remove_networks_from_down_agents' sleeping for 36.99 seconds {{(pid=91589) _run_loop /opt/stack/data/venv/lib/python3.12/site-packages/oslo_service/backend/_threading/loopingcall.py:125}}
May 12 16:44:45.874137 np0000000615 neutron-periodic-workers[91604]: DEBUG dbcounter [-] [91604] Writing DB stats neutron:SELECT=1 {{(pid=91604) stat_writer /opt/stack/data/venv/lib/python3.12/site-packages/dbcounter.py:115}}
May 12 16:44:47.842049 np0000000615 neutron-periodic-workers[91589]: DEBUG dbcounter [-] [91589] Writing DB stats neutron:SELECT=3 {{(pid=91589) stat_writer /opt/stack/data/venv/lib/python3.12/site-packages/dbcounter.py:115}}
May 12 16:44:50.897701 np0000000615 neutron-periodic-workers[91614]: DEBUG oslo.service.backend._threading.loopingcall [None req-532ce8ae-9696-4be0-9863-30883028a2d3 None None] Fixed interval looping call 'neutron.db.quota.driver_nolock.DbQuotaNoLockDriver._remove_expired_reservations' sleeping for 120.00 seconds {{(pid=91614) _run_loop /opt/stack/data/venv/lib/python3.12/site-packages/oslo_service/backend/_threading/loopingcall.py:125}}
May 12 16:44:55.857144 np0000000615 neutron-periodic-workers[91583]: DEBUG oslo.service.backend._threading.loopingcall [None req-ad327f14-a1fd-4eca-87ae-997ecb690eb6 None None] Fixed interval looping call 'neutron.services.ovn_l3.plugin.L3_NAT_dbonly_mixin._clean_garbage' sleeping for 299.99 seconds {{(pid=91583) _run_loop /opt/stack/data/venv/lib/python3.12/site-packages/oslo_service/backend/_threading/loopingcall.py:125}}
May 12 16:45:00.898634 np0000000615 neutron-periodic-workers[91614]: DEBUG dbcounter [-] [91614] Writing DB stats neutron:DELETE=1 {{(pid=91614) stat_writer /opt/stack/data/venv/lib/python3.12/site-packages/dbcounter.py:115}}
May 12 16:45:05.850675 np0000000615 neutron-periodic-workers[91583]: DEBUG dbcounter [-] [91583] Writing DB stats neutron:SELECT=1 {{(pid=91583) stat_writer /opt/stack/data/venv/lib/python3.12/site-packages/dbcounter.py:115}}
May 12 16:45:12.880732 np0000000615 neutron-periodic-workers[91604]: DEBUG neutron.db.agents_db [None req-34d095a4-1ca6-43ac-90d4-a953dddcf522 None None] Agent healthcheck: found 0 active agents {{(pid=91604) agent_health_check /opt/stack/neutron/neutron/db/agents_db.py:322}}
May 12 16:45:12.881241 np0000000615 neutron-periodic-workers[91604]: DEBUG oslo.service.backend._threading.loopingcall [None req-34d095a4-1ca6-43ac-90d4-a953dddcf522 None None] Fixed interval looping call 'neutron.plugins.ml2.plugin.AgentDbMixin.agent_health_check' sleeping for 37.00 seconds {{(pid=91604) _run_loop /opt/stack/data/venv/lib/python3.12/site-packages/oslo_service/backend/_threading/loopingcall.py:125}}
May 12 16:45:14.844267 np0000000615 neutron-periodic-workers[91589]: DEBUG oslo.service.backend._threading.loopingcall [None req-377938ac-1cac-4a6f-9185-a38088b4ad44 None None] Fixed interval looping call 'neutron.plugins.ml2.plugin.DhcpAgentSchedulerDbMixin.remove_networks_from_down_agents' sleeping for 36.99 seconds {{(pid=91589) _run_loop /opt/stack/data/venv/lib/python3.12/site-packages/oslo_service/backend/_threading/loopingcall.py:125}}
May 12 16:45:22.881455 np0000000615 neutron-periodic-workers[91604]: DEBUG dbcounter [-] [91604] Writing DB stats neutron:SELECT=1 {{(pid=91604) stat_writer /opt/stack/data/venv/lib/python3.12/site-packages/dbcounter.py:115}}
May 12 16:45:24.843206 np0000000615 neutron-periodic-workers[91589]: DEBUG dbcounter [-] [91589] Writing DB stats neutron:SELECT=3 {{(pid=91589) stat_writer /opt/stack/data/venv/lib/python3.12/site-packages/dbcounter.py:115}}
May 12 16:45:49.889418 np0000000615 neutron-periodic-workers[91604]: DEBUG neutron.db.agents_db [None req-34d095a4-1ca6-43ac-90d4-a953dddcf522 None None] Agent healthcheck: found 0 active agents {{(pid=91604) agent_health_check /opt/stack/neutron/neutron/db/agents_db.py:322}}
May 12 16:45:49.889418 np0000000615 neutron-periodic-workers[91604]: DEBUG oslo.service.backend._threading.loopingcall [None req-34d095a4-1ca6-43ac-90d4-a953dddcf522 None None] Fixed interval looping call 'neutron.plugins.ml2.plugin.AgentDbMixin.agent_health_check' sleeping for 36.99 seconds {{(pid=91604) _run_loop /opt/stack/data/venv/lib/python3.12/site-packages/oslo_service/backend/_threading/loopingcall.py:125}}
May 12 16:45:51.841229 np0000000615 neutron-periodic-workers[91589]: DEBUG oslo.service.backend._threading.loopingcall [None req-377938ac-1cac-4a6f-9185-a38088b4ad44 None None] Fixed interval looping call 'neutron.plugins.ml2.plugin.DhcpAgentSchedulerDbMixin.remove_networks_from_down_agents' sleeping for 36.99 seconds {{(pid=91589) _run_loop /opt/stack/data/venv/lib/python3.12/site-packages/oslo_service/backend/_threading/loopingcall.py:125}}
May 12 16:45:59.888217 np0000000615 neutron-periodic-workers[91604]: DEBUG dbcounter [-] [91604] Writing DB stats neutron:SELECT=1 {{(pid=91604) stat_writer /opt/stack/data/venv/lib/python3.12/site-packages/dbcounter.py:115}}
May 12 16:46:01.841689 np0000000615 neutron-periodic-workers[91589]: DEBUG dbcounter [-] [91589] Writing DB stats neutron:SELECT=3 {{(pid=91589) stat_writer /opt/stack/data/venv/lib/python3.12/site-packages/dbcounter.py:115}}
May 12 16:46:26.890506 np0000000615 neutron-periodic-workers[91604]: DEBUG neutron.db.agents_db [None req-34d095a4-1ca6-43ac-90d4-a953dddcf522 None None] Agent healthcheck: found 0 active agents {{(pid=91604) agent_health_check /opt/stack/neutron/neutron/db/agents_db.py:322}}
May 12 16:46:26.890506 np0000000615 neutron-periodic-workers[91604]: DEBUG oslo.service.backend._threading.loopingcall [None req-34d095a4-1ca6-43ac-90d4-a953dddcf522 None None] Fixed interval looping call 'neutron.plugins.ml2.plugin.AgentDbMixin.agent_health_check' sleeping for 36.99 seconds {{(pid=91604) _run_loop /opt/stack/data/venv/lib/python3.12/site-packages/oslo_service/backend/_threading/loopingcall.py:125}}
May 12 16:46:28.839259 np0000000615 neutron-periodic-workers[91589]: DEBUG oslo.service.backend._threading.loopingcall [None req-377938ac-1cac-4a6f-9185-a38088b4ad44 None None] Fixed interval looping call 'neutron.plugins.ml2.plugin.DhcpAgentSchedulerDbMixin.remove_networks_from_down_agents' sleeping for 36.99 seconds {{(pid=91589) _run_loop /opt/stack/data/venv/lib/python3.12/site-packages/oslo_service/backend/_threading/loopingcall.py:125}}
May 12 16:46:36.888219 np0000000615 neutron-periodic-workers[91604]: DEBUG dbcounter [-] [91604] Writing DB stats neutron:SELECT=1 {{(pid=91604) stat_writer /opt/stack/data/venv/lib/python3.12/site-packages/dbcounter.py:115}}
May 12 16:46:38.839069 np0000000615 neutron-periodic-workers[91589]: DEBUG dbcounter [-] [91589] Writing DB stats neutron:SELECT=3 {{(pid=91589) stat_writer /opt/stack/data/venv/lib/python3.12/site-packages/dbcounter.py:115}}
May 12 16:46:50.901713 np0000000615 neutron-periodic-workers[91614]: DEBUG oslo.service.backend._threading.loopingcall [None req-532ce8ae-9696-4be0-9863-30883028a2d3 None None] Fixed interval looping call 'neutron.db.quota.driver_nolock.DbQuotaNoLockDriver._remove_expired_reservations' sleeping for 120.00 seconds {{(pid=91614) _run_loop /opt/stack/data/venv/lib/python3.12/site-packages/oslo_service/backend/_threading/loopingcall.py:125}}
May 12 16:47:00.900700 np0000000615 neutron-periodic-workers[91614]: DEBUG dbcounter [-] [91614] Writing DB stats neutron:DELETE=1 {{(pid=91614) stat_writer /opt/stack/data/venv/lib/python3.12/site-packages/dbcounter.py:115}}
May 12 16:47:03.883734 np0000000615 neutron-periodic-workers[91604]: DEBUG neutron.db.agents_db [None req-34d095a4-1ca6-43ac-90d4-a953dddcf522 None None] Agent healthcheck: found 0 active agents {{(pid=91604) agent_health_check /opt/stack/neutron/neutron/db/agents_db.py:322}}
May 12 16:47:03.884209 np0000000615 neutron-periodic-workers[91604]: DEBUG oslo.service.backend._threading.loopingcall [None req-34d095a4-1ca6-43ac-90d4-a953dddcf522 None None] Fixed interval looping call 'neutron.plugins.ml2.plugin.AgentDbMixin.agent_health_check' sleeping for 37.00 seconds {{(pid=91604) _run_loop /opt/stack/data/venv/lib/python3.12/site-packages/oslo_service/backend/_threading/loopingcall.py:125}}
May 12 16:47:05.838714 np0000000615 neutron-periodic-workers[91589]: DEBUG oslo.service.backend._threading.loopingcall [None req-377938ac-1cac-4a6f-9185-a38088b4ad44 None None] Fixed interval looping call 'neutron.plugins.ml2.plugin.DhcpAgentSchedulerDbMixin.remove_networks_from_down_agents' sleeping for 36.99 seconds {{(pid=91589) _run_loop /opt/stack/data/venv/lib/python3.12/site-packages/oslo_service/backend/_threading/loopingcall.py:125}}
May 12 16:47:13.882773 np0000000615 neutron-periodic-workers[91604]: DEBUG dbcounter [-] [91604] Writing DB stats neutron:SELECT=1 {{(pid=91604) stat_writer /opt/stack/data/venv/lib/python3.12/site-packages/dbcounter.py:115}}
May 12 16:47:15.835340 np0000000615 neutron-periodic-workers[91589]: DEBUG dbcounter [-] [91589] Writing DB stats neutron:SELECT=3 {{(pid=91589) stat_writer /opt/stack/data/venv/lib/python3.12/site-packages/dbcounter.py:115}}
May 12 16:47:40.895259 np0000000615 neutron-periodic-workers[91604]: DEBUG neutron.db.agents_db [None req-34d095a4-1ca6-43ac-90d4-a953dddcf522 None None] Agent healthcheck: found 0 active agents {{(pid=91604) agent_health_check /opt/stack/neutron/neutron/db/agents_db.py:322}}
May 12 16:47:40.895259 np0000000615 neutron-periodic-workers[91604]: DEBUG oslo.service.backend._threading.loopingcall [None req-34d095a4-1ca6-43ac-90d4-a953dddcf522 None None] Fixed interval looping call 'neutron.plugins.ml2.plugin.AgentDbMixin.agent_health_check' sleeping for 36.99 seconds {{(pid=91604) _run_loop /opt/stack/data/venv/lib/python3.12/site-packages/oslo_service/backend/_threading/loopingcall.py:125}}
May 12 16:47:42.837275 np0000000615 neutron-periodic-workers[91589]: DEBUG oslo.service.backend._threading.loopingcall [None req-377938ac-1cac-4a6f-9185-a38088b4ad44 None None] Fixed interval looping call 'neutron.plugins.ml2.plugin.DhcpAgentSchedulerDbMixin.remove_networks_from_down_agents' sleeping for 36.99 seconds {{(pid=91589) _run_loop /opt/stack/data/venv/lib/python3.12/site-packages/oslo_service/backend/_threading/loopingcall.py:125}}
May 12 16:47:50.890144 np0000000615 neutron-periodic-workers[91604]: DEBUG dbcounter [-] [91604] Writing DB stats neutron:SELECT=1 {{(pid=91604) stat_writer /opt/stack/data/venv/lib/python3.12/site-packages/dbcounter.py:115}}
May 12 16:47:52.835540 np0000000615 neutron-periodic-workers[91589]: DEBUG dbcounter [-] [91589] Writing DB stats neutron:SELECT=3 {{(pid=91589) stat_writer /opt/stack/data/venv/lib/python3.12/site-packages/dbcounter.py:115}}
May 12 16:48:17.888695 np0000000615 neutron-periodic-workers[91604]: DEBUG neutron.db.agents_db [None req-34d095a4-1ca6-43ac-90d4-a953dddcf522 None None] Agent healthcheck: found 0 active agents {{(pid=91604) agent_health_check /opt/stack/neutron/neutron/db/agents_db.py:322}}
May 12 16:48:17.889095 np0000000615 neutron-periodic-workers[91604]: DEBUG oslo.service.backend._threading.loopingcall [None req-34d095a4-1ca6-43ac-90d4-a953dddcf522 None None] Fixed interval looping call 'neutron.plugins.ml2.plugin.AgentDbMixin.agent_health_check' sleeping for 37.00 seconds {{(pid=91604) _run_loop /opt/stack/data/venv/lib/python3.12/site-packages/oslo_service/backend/_threading/loopingcall.py:125}}
May 12 16:48:19.834508 np0000000615 neutron-periodic-workers[91589]: DEBUG oslo.service.backend._threading.loopingcall [None req-377938ac-1cac-4a6f-9185-a38088b4ad44 None None] Fixed interval looping call 'neutron.plugins.ml2.plugin.DhcpAgentSchedulerDbMixin.remove_networks_from_down_agents' sleeping for 36.99 seconds {{(pid=91589) _run_loop /opt/stack/data/venv/lib/python3.12/site-packages/oslo_service/backend/_threading/loopingcall.py:125}}
May 12 16:48:27.888055 np0000000615 neutron-periodic-workers[91604]: DEBUG dbcounter [-] [91604] Writing DB stats neutron:SELECT=1 {{(pid=91604) stat_writer /opt/stack/data/venv/lib/python3.12/site-packages/dbcounter.py:115}}
May 12 16:48:29.836216 np0000000615 neutron-periodic-workers[91589]: DEBUG dbcounter [-] [91589] Writing DB stats neutron:SELECT=3 {{(pid=91589) stat_writer /opt/stack/data/venv/lib/python3.12/site-packages/dbcounter.py:115}}
May 12 16:48:50.906704 np0000000615 neutron-periodic-workers[91614]: DEBUG oslo.service.backend._threading.loopingcall [None req-532ce8ae-9696-4be0-9863-30883028a2d3 None None] Fixed interval looping call 'neutron.db.quota.driver_nolock.DbQuotaNoLockDriver._remove_expired_reservations' sleeping for 120.00 seconds {{(pid=91614) _run_loop /opt/stack/data/venv/lib/python3.12/site-packages/oslo_service/backend/_threading/loopingcall.py:125}}
May 12 16:48:54.892371 np0000000615 neutron-periodic-workers[91604]: DEBUG neutron.db.agents_db [None req-34d095a4-1ca6-43ac-90d4-a953dddcf522 None None] Agent healthcheck: found 0 active agents {{(pid=91604) agent_health_check /opt/stack/neutron/neutron/db/agents_db.py:322}}
May 12 16:48:54.892371 np0000000615 neutron-periodic-workers[91604]: DEBUG oslo.service.backend._threading.loopingcall [None req-34d095a4-1ca6-43ac-90d4-a953dddcf522 None None] Fixed interval looping call 'neutron.plugins.ml2.plugin.AgentDbMixin.agent_health_check' sleeping for 37.00 seconds {{(pid=91604) _run_loop /opt/stack/data/venv/lib/python3.12/site-packages/oslo_service/backend/_threading/loopingcall.py:125}}
May 12 16:48:56.835215 np0000000615 neutron-periodic-workers[91589]: DEBUG oslo.service.backend._threading.loopingcall [None req-377938ac-1cac-4a6f-9185-a38088b4ad44 None None] Fixed interval looping call 'neutron.plugins.ml2.plugin.DhcpAgentSchedulerDbMixin.remove_networks_from_down_agents' sleeping for 36.99 seconds {{(pid=91589) _run_loop /opt/stack/data/venv/lib/python3.12/site-packages/oslo_service/backend/_threading/loopingcall.py:125}}
May 12 16:49:00.906023 np0000000615 neutron-periodic-workers[91614]: DEBUG dbcounter [-] [91614] Writing DB stats neutron:DELETE=1 {{(pid=91614) stat_writer /opt/stack/data/venv/lib/python3.12/site-packages/dbcounter.py:115}}
May 12 16:49:04.891175 np0000000615 neutron-periodic-workers[91604]: DEBUG dbcounter [-] [91604] Writing DB stats neutron:SELECT=1 {{(pid=91604) stat_writer /opt/stack/data/venv/lib/python3.12/site-packages/dbcounter.py:115}}
May 12 16:49:06.833129 np0000000615 neutron-periodic-workers[91589]: DEBUG dbcounter [-] [91589] Writing DB stats neutron:SELECT=3 {{(pid=91589) stat_writer /opt/stack/data/venv/lib/python3.12/site-packages/dbcounter.py:115}}
May 12 16:49:31.896778 np0000000615 neutron-periodic-workers[91604]: DEBUG neutron.db.agents_db [None req-34d095a4-1ca6-43ac-90d4-a953dddcf522 None None] Agent healthcheck: found 0 active agents {{(pid=91604) agent_health_check /opt/stack/neutron/neutron/db/agents_db.py:322}}
