Jun 30 09:46:44.558823 np0000003965 devstack@neutron-api.service[87453]: DEBUG neutron.api.v2.resource_helper [None req-a81903e0-ada8-47d3-a068-712b60365090 None None] Service FLAVORS assigned prefix: {{(pid=87453) build_resource_info /opt/stack/neutron/neutron/api/v2/resource_helper.py:77}}
Jun 30 09:46:44.559850 np0000003965 devstack@neutron-api.service[87453]: DEBUG neutron.api.v2.resource_helper [None req-a81903e0-ada8-47d3-a068-712b60365090 None None] Service L3_ROUTER_NAT assigned prefix: {{(pid=87453) build_resource_info /opt/stack/neutron/neutron/api/v2/resource_helper.py:77}}
Jun 30 09:46:44.560225 np0000003965 devstack@neutron-api.service[87453]: DEBUG neutron.api.v2.resource_helper [None req-a81903e0-ada8-47d3-a068-712b60365090 None None] Service L3_ROUTER_NAT assigned prefix: {{(pid=87453) build_resource_info /opt/stack/neutron/neutron/api/v2/resource_helper.py:77}}
Jun 30 09:46:44.560343 np0000003965 devstack@neutron-api.service[87453]: INFO neutron.quota.resource_registry [None req-a81903e0-ada8-47d3-a068-712b60365090 None None] Creating instance of TrackedResource for resource:router
Jun 30 09:46:44.560837 np0000003965 devstack@neutron-api.service[87453]: INFO neutron.quota.resource_registry [None req-a81903e0-ada8-47d3-a068-712b60365090 None None] Creating instance of TrackedResource for resource:floatingip
Jun 30 09:46:44.562333 np0000003965 devstack@neutron-api.service[87453]: INFO neutron.quota.resource_registry [None req-a81903e0-ada8-47d3-a068-712b60365090 None None] Creating instance of CountableResource for resource:rbac_policy
Jun 30 09:46:44.563562 np0000003965 devstack@neutron-api.service[87453]: INFO neutron.quota.resource_registry [None req-a81903e0-ada8-47d3-a068-712b60365090 None None] Creating instance of TrackedResource for resource:security_group
Jun 30 09:46:44.564018 np0000003965 devstack@neutron-api.service[87453]: INFO neutron.quota.resource_registry [None req-a81903e0-ada8-47d3-a068-712b60365090 None None] Creating instance of TrackedResource for resource:security_group_rule
Jun 30 09:46:44.564941 np0000003965 devstack@neutron-api.service[87453]: DEBUG neutron.api.v2.resource_helper [None req-a81903e0-ada8-47d3-a068-712b60365090 None None] Service CORE assigned prefix: {{(pid=87453) build_resource_info /opt/stack/neutron/neutron/api/v2/resource_helper.py:77}}
Jun 30 09:46:44.565075 np0000003965 devstack@neutron-api.service[87453]: INFO neutron.quota.resource_registry [None req-a81903e0-ada8-47d3-a068-712b60365090 None None] Creating instance of TrackedResource for resource:subnetpool
Jun 30 09:46:44.565192 np0000003965 devstack@neutron-api.service[87453]: WARNING neutron.quota.resource_registry [None req-a81903e0-ada8-47d3-a068-712b60365090 None None] subnetpool is already registered
Jun 30 09:46:44.565916 np0000003965 devstack@neutron-api.service[87453]: DEBUG neutron.api.v2.resource_helper [None req-a81903e0-ada8-47d3-a068-712b60365090 None None] Service CORE assigned prefix: {{(pid=87453) build_resource_info /opt/stack/neutron/neutron/api/v2/resource_helper.py:77}}
Jun 30 09:46:44.565916 np0000003965 devstack@neutron-api.service[87453]: INFO neutron.quota.resource_registry [None req-a81903e0-ada8-47d3-a068-712b60365090 None None] Creating instance of TrackedResource for resource:subnetpool
Jun 30 09:46:44.566221 np0000003965 devstack@neutron-api.service[87453]: WARNING neutron.quota.resource_registry [None req-a81903e0-ada8-47d3-a068-712b60365090 None None] subnetpool is already registered
Jun 30 09:46:44.566336 np0000003965 devstack@neutron-api.service[87454]: DEBUG neutron_lib.callbacks.manager [None req-02451b1e-9df9-43bb-bf5a-a46db876068c None None] Publish callbacks ['neutron.plugins.ml2.drivers.ovn.mech_driver.mech_driver.OVNMechanismDriver.pre_fork_initialize-571724'] for process (None), before_spawn {{(pid=87454) _notify_loop /opt/stack/data/venv/lib/python3.12/site-packages/neutron_lib/callbacks/manager.py:184}}
Jun 30 09:46:44.566825 np0000003965 devstack@neutron-api.service[87454]: DEBUG oslo_concurrency.processutils [None req-02451b1e-9df9-43bb-bf5a-a46db876068c None None] Running cmd (subprocess): ovsdb-client transact ssl:10.4.3.212:6641 --timeout 180 -p /opt/stack/data/CA/int-ca/private/devstack-cert.key -c /opt/stack/data/CA/int-ca/devstack-cert.crt -C /opt/stack/data/CA/int-ca/ca-chain.pem ["OVN_Northbound", {"op": "wait", "timeout": 0, "table": "Port_Group", "where": [["name", "==", "neutron_pg_drop"]], "until": "==", "rows": []}, {"op": "insert", "table": "ACL", "row": {"action": "drop", "direction": "to-lport", "match": "outport == @neutron_pg_drop && ip", "priority": 1001}, "uuid-name": "droptoport"}, {"op": "insert", "table": "ACL", "row": {"action": "drop", "direction": "from-lport", "match": "inport == @neutron_pg_drop && ip", "priority": 1001}, "uuid-name": "dropfromport"}, {"op": "insert", "table": "Port_Group", "row": {"name": "neutron_pg_drop", "acls": ["set", [["named-uuid", "droptoport"], ["named-uuid", "dropfromport"]]]}}] {{(pid=87454) execute /opt/stack/data/venv/lib/python3.12/site-packages/oslo_concurrency/processutils.py:440}}
Jun 30 09:46:44.568680 np0000003965 devstack@neutron-api.service[87453]: INFO neutron.quota.resource_registry [None req-a81903e0-ada8-47d3-a068-712b60365090 None None] Creating instance of CountableResource for resource:router_route
Jun 30 09:46:44.568680 np0000003965 devstack@neutron-api.service[87453]: WARNING neutron.quota.resource_registry [None req-a81903e0-ada8-47d3-a068-712b60365090 None None] router_route is already registered
Jun 30 09:46:44.568885 np0000003965 devstack@neutron-api.service[87453]: DEBUG neutron.api.v2.resource_helper [None req-a81903e0-ada8-47d3-a068-712b60365090 None None] Service L3_ROUTER_NAT assigned prefix: {{(pid=87453) build_resource_info /opt/stack/neutron/neutron/api/v2/resource_helper.py:77}}
Jun 30 09:46:44.569331 np0000003965 devstack@neutron-api.service[87453]: DEBUG neutron.api.v2.resource_helper [None req-a81903e0-ada8-47d3-a068-712b60365090 None None] Service FLAVORS assigned prefix: {{(pid=87453) build_resource_info /opt/stack/neutron/neutron/api/v2/resource_helper.py:77}}
Jun 30 09:46:44.570425 np0000003965 devstack@neutron-api.service[87453]: DEBUG neutron.api.v2.resource_helper [None req-a81903e0-ada8-47d3-a068-712b60365090 None None] Service L3_ROUTER_NAT assigned prefix: {{(pid=87453) build_resource_info /opt/stack/neutron/neutron/api/v2/resource_helper.py:77}}
Jun 30 09:46:44.570776 np0000003965 devstack@neutron-api.service[87453]: DEBUG neutron.api.v2.resource_helper [None req-a81903e0-ada8-47d3-a068-712b60365090 None None] Service L3_ROUTER_NAT assigned prefix: {{(pid=87453) build_resource_info /opt/stack/neutron/neutron/api/v2/resource_helper.py:77}}
Jun 30 09:46:44.571259 np0000003965 devstack@neutron-api.service[87453]: INFO neutron.quota.resource_registry [None req-a81903e0-ada8-47d3-a068-712b60365090 None None] Creating instance of TrackedResource for resource:router
Jun 30 09:46:44.571259 np0000003965 devstack@neutron-api.service[87453]: WARNING neutron.quota.resource_registry [None req-a81903e0-ada8-47d3-a068-712b60365090 None None] router is already registered
Jun 30 09:46:44.571479 np0000003965 devstack@neutron-api.service[87453]: INFO neutron.quota.resource_registry [None req-a81903e0-ada8-47d3-a068-712b60365090 None None] Creating instance of TrackedResource for resource:floatingip
Jun 30 09:46:44.571656 np0000003965 devstack@neutron-api.service[87453]: WARNING neutron.quota.resource_registry [None req-a81903e0-ada8-47d3-a068-712b60365090 None None] floatingip is already registered
Jun 30 09:46:44.573040 np0000003965 devstack@neutron-api.service[87453]: INFO neutron.quota.resource_registry [None req-a81903e0-ada8-47d3-a068-712b60365090 None None] Creating instance of CountableResource for resource:rbac_policy
Jun 30 09:46:44.573040 np0000003965 devstack@neutron-api.service[87453]: WARNING neutron.quota.resource_registry [None req-a81903e0-ada8-47d3-a068-712b60365090 None None] rbac_policy is already registered
Jun 30 09:46:44.573857 np0000003965 devstack@neutron-api.service[87453]: INFO neutron.quota.resource_registry [None req-a81903e0-ada8-47d3-a068-712b60365090 None None] Creating instance of TrackedResource for resource:security_group
Jun 30 09:46:44.574265 np0000003965 devstack@neutron-api.service[87453]: WARNING neutron.quota.resource_registry [None req-a81903e0-ada8-47d3-a068-712b60365090 None None] security_group is already registered
Jun 30 09:46:44.574495 np0000003965 devstack@neutron-api.service[87453]: INFO neutron.quota.resource_registry [None req-a81903e0-ada8-47d3-a068-712b60365090 None None] Creating instance of TrackedResource for resource:security_group_rule
Jun 30 09:46:44.574631 np0000003965 devstack@neutron-api.service[87453]: WARNING neutron.quota.resource_registry [None req-a81903e0-ada8-47d3-a068-712b60365090 None None] security_group_rule is already registered
Jun 30 09:46:44.575451 np0000003965 devstack@neutron-api.service[87453]: DEBUG neutron.api.v2.resource_helper [None req-a81903e0-ada8-47d3-a068-712b60365090 None None] Service CORE assigned prefix: {{(pid=87453) build_resource_info /opt/stack/neutron/neutron/api/v2/resource_helper.py:77}}
Jun 30 09:46:44.575985 np0000003965 devstack@neutron-api.service[87453]: INFO neutron.quota.resource_registry [None req-a81903e0-ada8-47d3-a068-712b60365090 None None] Creating instance of TrackedResource for resource:subnetpool
Jun 30 09:46:44.575985 np0000003965 devstack@neutron-api.service[87453]: WARNING neutron.quota.resource_registry [None req-a81903e0-ada8-47d3-a068-712b60365090 None None] subnetpool is already registered
Jun 30 09:46:44.576343 np0000003965 devstack@neutron-api.service[87453]: DEBUG neutron.api.v2.resource_helper [None req-a81903e0-ada8-47d3-a068-712b60365090 None None] Service CORE assigned prefix: {{(pid=87453) build_resource_info /opt/stack/neutron/neutron/api/v2/resource_helper.py:77}}
Jun 30 09:46:44.576529 np0000003965 devstack@neutron-api.service[87453]: INFO neutron.quota.resource_registry [None req-a81903e0-ada8-47d3-a068-712b60365090 None None] Creating instance of TrackedResource for resource:subnetpool
Jun 30 09:46:44.576744 np0000003965 devstack@neutron-api.service[87453]: WARNING neutron.quota.resource_registry [None req-a81903e0-ada8-47d3-a068-712b60365090 None None] subnetpool is already registered
Jun 30 09:46:44.577353 np0000003965 devstack@neutron-api.service[87453]: DEBUG neutron.api.extensions [None req-a81903e0-ada8-47d3-a068-712b60365090 None None] Extended resource: extensions {{(pid=87453) __init__ /opt/stack/neutron/neutron/api/extensions.py:156}}
Jun 30 09:46:44.578517 np0000003965 devstack@neutron-api.service[87453]: DEBUG neutron.api.extensions [None req-a81903e0-ada8-47d3-a068-712b60365090 None None] Extended resource: address-groups {{(pid=87453) __init__ /opt/stack/neutron/neutron/api/extensions.py:156}}
Jun 30 09:46:44.578985 np0000003965 devstack@neutron-api.service[87453]: DEBUG neutron.api.extensions [None req-a81903e0-ada8-47d3-a068-712b60365090 None None] Extended resource: address-scopes {{(pid=87453) __init__ /opt/stack/neutron/neutron/api/extensions.py:156}}
Jun 30 09:46:44.579438 np0000003965 devstack@neutron-api.service[87453]: DEBUG neutron.api.extensions [None req-a81903e0-ada8-47d3-a068-712b60365090 None None] Extended resource: agents {{(pid=87453) __init__ /opt/stack/neutron/neutron/api/extensions.py:156}}
Jun 30 09:46:44.579923 np0000003965 devstack@neutron-api.service[87453]: DEBUG neutron.api.extensions [None req-a81903e0-ada8-47d3-a068-712b60365090 None None] Extended resource: auto-allocated-topology {{(pid=87453) __init__ /opt/stack/neutron/neutron/api/extensions.py:156}}
Jun 30 09:46:44.580704 np0000003965 devstack@neutron-api.service[87453]: DEBUG neutron.api.extensions [None req-a81903e0-ada8-47d3-a068-712b60365090 None None] Extended resource: availability_zones {{(pid=87453) __init__ /opt/stack/neutron/neutron/api/extensions.py:156}}
Jun 30 09:46:44.581272 np0000003965 devstack@neutron-api.service[87453]: DEBUG neutron.api.extensions [None req-a81903e0-ada8-47d3-a068-712b60365090 None None] Extended resource: dhcp-networks {{(pid=87453) __init__ /opt/stack/neutron/neutron/api/extensions.py:156}}
Jun 30 09:46:44.581947 np0000003965 devstack@neutron-api.service[87453]: DEBUG neutron.api.extensions [None req-a81903e0-ada8-47d3-a068-712b60365090 None None] Extended resource: dhcp-agents {{(pid=87453) __init__ /opt/stack/neutron/neutron/api/extensions.py:156}}
Jun 30 09:46:44.582765 np0000003965 devstack@neutron-api.service[87453]: DEBUG neutron.api.extensions [None req-a81903e0-ada8-47d3-a068-712b60365090 None None] Extended resource: routers {{(pid=87453) __init__ /opt/stack/neutron/neutron/api/extensions.py:156}}
Jun 30 09:46:44.584092 np0000003965 devstack@neutron-api.service[87453]: DEBUG neutron.api.extensions [None req-a81903e0-ada8-47d3-a068-712b60365090 None None] Extended resource: flavors {{(pid=87453) __init__ /opt/stack/neutron/neutron/api/extensions.py:156}}
Jun 30 09:46:44.584843 np0000003965 devstack@neutron-api.service[87453]: DEBUG neutron.api.extensions [None req-a81903e0-ada8-47d3-a068-712b60365090 None None] Extended resource: service_profiles {{(pid=87453) __init__ /opt/stack/neutron/neutron/api/extensions.py:156}}
Jun 30 09:46:44.585541 np0000003965 devstack@neutron-api.service[87453]: DEBUG neutron.api.extensions [None req-a81903e0-ada8-47d3-a068-712b60365090 None None] Extended resource: next_providers {{(pid=87453) __init__ /opt/stack/neutron/neutron/api/extensions.py:156}}
Jun 30 09:46:44.586498 np0000003965 devstack@neutron-api.service[87453]: DEBUG neutron.api.extensions [None req-a81903e0-ada8-47d3-a068-712b60365090 None None] Extended resource: service_profiles {{(pid=87453) __init__ /opt/stack/neutron/neutron/api/extensions.py:156}}
Jun 30 09:46:44.587355 np0000003965 devstack@neutron-api.service[87453]: DEBUG neutron.api.extensions [None req-a81903e0-ada8-47d3-a068-712b60365090 None None] Extended resource: floatingip-pools {{(pid=87453) __init__ /opt/stack/neutron/neutron/api/extensions.py:156}}
Jun 30 09:46:44.588172 np0000003965 devstack@neutron-api.service[87453]: DEBUG neutron.api.extensions [None req-a81903e0-ada8-47d3-a068-712b60365090 None None] Extended resource: routers {{(pid=87453) __init__ /opt/stack/neutron/neutron/api/extensions.py:156}}
Jun 30 09:46:44.589663 np0000003965 devstack@neutron-api.service[87453]: DEBUG neutron.api.extensions [None req-a81903e0-ada8-47d3-a068-712b60365090 None None] Extended resource: floatingips {{(pid=87453) __init__ /opt/stack/neutron/neutron/api/extensions.py:156}}
Jun 30 09:46:44.590653 np0000003965 devstack@neutron-api.service[87453]: DEBUG neutron.api.extensions [None req-a81903e0-ada8-47d3-a068-712b60365090 None None] Extended resource: l3-routers {{(pid=87453) __init__ /opt/stack/neutron/neutron/api/extensions.py:156}}
Jun 30 09:46:44.591352 np0000003965 devstack@neutron-api.service[87453]: DEBUG neutron.api.extensions [None req-a81903e0-ada8-47d3-a068-712b60365090 None None] Extended resource: l3-agents {{(pid=87453) __init__ /opt/stack/neutron/neutron/api/extensions.py:156}}
Jun 30 09:46:44.592547 np0000003965 devstack@neutron-api.service[87453]: DEBUG neutron.api.extensions [None req-a81903e0-ada8-47d3-a068-712b60365090 None None] Extended resource: network-ip-availabilities {{(pid=87453) __init__ /opt/stack/neutron/neutron/api/extensions.py:156}}
Jun 30 09:46:44.593144 np0000003965 devstack@neutron-api.service[87453]: DEBUG neutron.api.extensions [None req-a81903e0-ada8-47d3-a068-712b60365090 None None] Extended resource: network-ip-availabilities {{(pid=87453) __init__ /opt/stack/neutron/neutron/api/extensions.py:156}}
Jun 30 09:46:44.595575 np0000003965 devstack@neutron-api.service[87453]: DEBUG neutron.api.extensions [None req-a81903e0-ada8-47d3-a068-712b60365090 None None] Extended resource: bindings {{(pid=87453) __init__ /opt/stack/neutron/neutron/api/extensions.py:156}}
Jun 30 09:46:44.596566 np0000003965 devstack@neutron-api.service[87453]: DEBUG neutron.api.extensions [None req-a81903e0-ada8-47d3-a068-712b60365090 None None] Extended resource: quotas {{(pid=87453) __init__ /opt/stack/neutron/neutron/api/extensions.py:156}}
Jun 30 09:46:44.597576 np0000003965 devstack@neutron-api.service[87453]: DEBUG neutron.api.extensions [None req-a81903e0-ada8-47d3-a068-712b60365090 None None] Extended resource: quotas {{(pid=87453) __init__ /opt/stack/neutron/neutron/api/extensions.py:156}}
Jun 30 09:46:44.598782 np0000003965 devstack@neutron-api.service[87453]: DEBUG neutron.api.extensions [None req-a81903e0-ada8-47d3-a068-712b60365090 None None] Extended resource: rbac-policies {{(pid=87453) __init__ /opt/stack/neutron/neutron/api/extensions.py:156}}
Jun 30 09:46:44.599635 np0000003965 devstack@neutron-api.service[87453]: DEBUG neutron.api.extensions [None req-a81903e0-ada8-47d3-a068-712b60365090 None None] Extended resource: default-security-group-rules {{(pid=87453) __init__ /opt/stack/neutron/neutron/api/extensions.py:156}}
Jun 30 09:46:44.600388 np0000003965 devstack@neutron-api.service[87453]: DEBUG neutron.api.extensions [None req-a81903e0-ada8-47d3-a068-712b60365090 None None] Extended resource: security-groups-default-statefulness {{(pid=87453) __init__ /opt/stack/neutron/neutron/api/extensions.py:156}}
Jun 30 09:46:44.601065 np0000003965 devstack@neutron-api.service[87453]: DEBUG neutron.api.extensions [None req-a81903e0-ada8-47d3-a068-712b60365090 None None] Extended resource: security-groups {{(pid=87453) __init__ /opt/stack/neutron/neutron/api/extensions.py:156}}
Jun 30 09:46:44.601845 np0000003965 devstack@neutron-api.service[87453]: DEBUG neutron.api.extensions [None req-a81903e0-ada8-47d3-a068-712b60365090 None None] Extended resource: security-group-rules {{(pid=87453) __init__ /opt/stack/neutron/neutron/api/extensions.py:156}}
Jun 30 09:46:44.602577 np0000003965 devstack@neutron-api.service[87453]: DEBUG neutron.api.extensions [None req-a81903e0-ada8-47d3-a068-712b60365090 None None] Extended resource: service-providers {{(pid=87453) __init__ /opt/stack/neutron/neutron/api/extensions.py:156}}
Jun 30 09:46:44.603325 np0000003965 devstack@neutron-api.service[87453]: DEBUG neutron.api.extensions [None req-a81903e0-ada8-47d3-a068-712b60365090 None None] Extended resource: subnetpools {{(pid=87453) __init__ /opt/stack/neutron/neutron/api/extensions.py:156}}
Jun 30 09:46:44.603751 np0000003965 devstack@neutron-api.service[87454]: DEBUG oslo_concurrency.processutils [None req-02451b1e-9df9-43bb-bf5a-a46db876068c None None] CMD "ovsdb-client transact ssl:10.4.3.212:6641 --timeout 180 -p /opt/stack/data/CA/int-ca/private/devstack-cert.key -c /opt/stack/data/CA/int-ca/devstack-cert.crt -C /opt/stack/data/CA/int-ca/ca-chain.pem ["OVN_Northbound", {"op": "wait", "timeout": 0, "table": "Port_Group", "where": [["name", "==", "neutron_pg_drop"]], "until": "==", "rows": []}, {"op": "insert", "table": "ACL", "row": {"action": "drop", "direction": "to-lport", "match": "outport == @neutron_pg_drop && ip", "priority": 1001}, "uuid-name": "droptoport"}, {"op": "insert", "table": "ACL", "row": {"action": "drop", "direction": "from-lport", "match": "inport == @neutron_pg_drop && ip", "priority": 1001}, "uuid-name": "dropfromport"}, {"op": "insert", "table": "Port_Group", "row": {"name": "neutron_pg_drop", "acls": ["set", [["named-uuid", "droptoport"], ["named-uuid", "dropfromport"]]]}}]" returned: 0 in 0.036s {{(pid=87454) execute /opt/stack/data/venv/lib/python3.12/site-packages/oslo_concurrency/processutils.py:468}}
Jun 30 09:46:44.603970 np0000003965 devstack@neutron-api.service[87454]: DEBUG neutron_lib.callbacks.manager [None req-02451b1e-9df9-43bb-bf5a-a46db876068c None None] Publish callbacks ['neutron.plugins.ml2.drivers.ovn.mech_driver.mech_driver.OVNMechanismDriver.post_fork_initialize-571572', 'neutron.services.pvlan.drivers.ovn.driver._initialize_pvlan_pg_drop-8441429356708', 'neutron.services.ovn_l3.plugin.OVNL3RouterPlugin._post_fork_initialize-244177'] for process (None), after_init {{(pid=87454) _notify_loop /opt/stack/data/venv/lib/python3.12/site-packages/neutron_lib/callbacks/manager.py:184}}
Jun 30 09:46:44.604464 np0000003965 devstack@neutron-api.service[87453]: DEBUG neutron.api.extensions [None req-a81903e0-ada8-47d3-a068-712b60365090 None None] Extended resource: subnetpools {{(pid=87453) __init__ /opt/stack/neutron/neutron/api/extensions.py:156}}
Jun 30 09:46:44.604645 np0000003965 devstack@neutron-api.service[87454]: DEBUG oslo_concurrency.lockutils [None req-02451b1e-9df9-43bb-bf5a-a46db876068c None None] Acquiring lock "singleton_lock" {{(pid=87454) lock /opt/stack/data/venv/lib/python3.12/site-packages/oslo_concurrency/lockutils.py:395}}
Jun 30 09:46:44.604645 np0000003965 devstack@neutron-api.service[87454]: DEBUG oslo_concurrency.lockutils [None req-02451b1e-9df9-43bb-bf5a-a46db876068c None None] Acquired lock "singleton_lock" {{(pid=87454) lock /opt/stack/data/venv/lib/python3.12/site-packages/oslo_concurrency/lockutils.py:398}}
Jun 30 09:46:44.604645 np0000003965 devstack@neutron-api.service[87454]: DEBUG oslo_concurrency.lockutils [None req-02451b1e-9df9-43bb-bf5a-a46db876068c None None] Releasing lock "singleton_lock" {{(pid=87454) lock /opt/stack/data/venv/lib/python3.12/site-packages/oslo_concurrency/lockutils.py:418}}
Jun 30 09:46:44.605282 np0000003965 devstack@neutron-api.service[87453]: DEBUG neutron.api.extensions [None req-a81903e0-ada8-47d3-a068-712b60365090 None None] Extended resource: tags {{(pid=87453) __init__ /opt/stack/neutron/neutron/api/extensions.py:156}}
Jun 30 09:46:44.606486 np0000003965 devstack@neutron-api.service[87453]: DEBUG neutron.api.extensions [None req-a81903e0-ada8-47d3-a068-712b60365090 None None] Extended resource: tags {{(pid=87453) __init__ /opt/stack/neutron/neutron/api/extensions.py:156}}
Jun 30 09:46:44.606864 np0000003965 devstack@neutron-api.service[87454]: DEBUG neutron.plugins.ml2.drivers.ovn.mech_driver.mech_driver [None req-02451b1e-9df9-43bb-bf5a-a46db876068c None None] Hash Ring setup using WSGI start time 2026-06-30 09:46:38+00:00 {{(pid=87454) _init_hash_ring /opt/stack/neutron/neutron/plugins/ml2/drivers/ovn/mech_driver/mech_driver.py:404}}
Jun 30 09:46:44.607323 np0000003965 devstack@neutron-api.service[87453]: DEBUG neutron.api.extensions [None req-a81903e0-ada8-47d3-a068-712b60365090 None None] Extended resource: tags {{(pid=87453) __init__ /opt/stack/neutron/neutron/api/extensions.py:156}}
Jun 30 09:46:44.608529 np0000003965 devstack@neutron-api.service[87453]: DEBUG neutron.api.extensions [None req-a81903e0-ada8-47d3-a068-712b60365090 None None] Extended resource: tags {{(pid=87453) __init__ /opt/stack/neutron/neutron/api/extensions.py:156}}
Jun 30 09:46:44.609578 np0000003965 devstack@neutron-api.service[87453]: DEBUG neutron.api.extensions [None req-a81903e0-ada8-47d3-a068-712b60365090 None None] Extended resource: tags {{(pid=87453) __init__ /opt/stack/neutron/neutron/api/extensions.py:156}}
Jun 30 09:46:44.610775 np0000003965 devstack@neutron-api.service[87453]: DEBUG neutron.api.extensions [None req-a81903e0-ada8-47d3-a068-712b60365090 None None] Extended resource: tags {{(pid=87453) __init__ /opt/stack/neutron/neutron/api/extensions.py:156}}
Jun 30 09:46:44.611823 np0000003965 devstack@neutron-api.service[87453]: DEBUG neutron.api.extensions [None req-a81903e0-ada8-47d3-a068-712b60365090 None None] Extended resource: tags {{(pid=87453) __init__ /opt/stack/neutron/neutron/api/extensions.py:156}}
Jun 30 09:46:44.612743 np0000003965 devstack@neutron-api.service[87454]: INFO neutron.db.ovn_hash_ring_db [None req-02451b1e-9df9-43bb-bf5a-a46db876068c None None] Nodes from host "np0000003965" and group "mechanism_driver" removed from the Hash Ring created at 2026-06-30 09:46:38+00:00
Jun 30 09:46:44.613044 np0000003965 devstack@neutron-api.service[87453]: DEBUG neutron.api.extensions [None req-a81903e0-ada8-47d3-a068-712b60365090 None None] Extended resource: tags {{(pid=87453) __init__ /opt/stack/neutron/neutron/api/extensions.py:156}}
Jun 30 09:46:44.614199 np0000003965 devstack@neutron-api.service[87453]: DEBUG neutron.api.extensions [None req-a81903e0-ada8-47d3-a068-712b60365090 None None] Extended resource: tags {{(pid=87453) __init__ /opt/stack/neutron/neutron/api/extensions.py:156}}
Jun 30 09:46:44.615413 np0000003965 devstack@neutron-api.service[87453]: DEBUG neutron.api.extensions [None req-a81903e0-ada8-47d3-a068-712b60365090 None None] Extended resource: tags {{(pid=87453) __init__ /opt/stack/neutron/neutron/api/extensions.py:156}}
Jun 30 09:46:44.615659 np0000003965 devstack@neutron-api.service[87454]: INFO neutron.db.ovn_hash_ring_db [None req-02451b1e-9df9-43bb-bf5a-a46db876068c None None] Node edc4946507145261a3682c5cd3d8ead8 from host "np0000003965" and group "mechanism_driver" added to the Hash Ring
Jun 30 09:46:44.618909 np0000003965 devstack@neutron-api.service[87454]: DEBUG neutron.plugins.ml2.drivers.ovn.mech_driver.mech_driver [None req-02451b1e-9df9-43bb-bf5a-a46db876068c None None] Hash Ring setup, this worker has detected 2 OVN hash ring registers in the database {{(pid=87454) _init_hash_ring /opt/stack/neutron/neutron/plugins/ml2/drivers/ovn/mech_driver/mech_driver.py:414}}
Jun 30 09:46:44.625297 np0000003965 devstack@neutron-api.service[87454]: DEBUG neutron.plugins.ml2.drivers.ovn.mech_driver.ovsdb.maintenance [None req-02451b1e-9df9-43bb-bf5a-a46db876068c None None] Periodic task found: HashRingHealthCheckPeriodics.touch_hash_ring_node {{(pid=87454) add_periodics /opt/stack/neutron/neutron/plugins/ml2/drivers/ovn/mech_driver/ovsdb/maintenance.py:146}}
Jun 30 09:46:44.626400 np0000003965 devstack@neutron-api.service[87454]: INFO neutron.plugins.ml2.drivers.ovn.mech_driver.mech_driver [None req-02451b1e-9df9-43bb-bf5a-a46db876068c None None] Hash Ring probing thread for node edc4946507145261a3682c5cd3d8ead8 has started
Jun 30 09:46:44.627167 np0000003965 devstack@neutron-api.service[87454]: INFO neutron.plugins.ml2.drivers.ovn.mech_driver.ovsdb.impl_idl_ovn [None req-02451b1e-9df9-43bb-bf5a-a46db876068c None None] Getting OvsdbNbOvnIdl for WorkerService with retry
Jun 30 09:46:44.628156 np0000003965 devstack@neutron-api.service[87453]: DEBUG neutron_lib.callbacks.manager [None req-a81903e0-ada8-47d3-a068-712b60365090 None None] Publish callbacks ['neutron.plugins.ml2.drivers.ovn.mech_driver.mech_driver.OVNMechanismDriver.pre_fork_initialize-981128'] for process (None), before_spawn {{(pid=87453) _notify_loop /opt/stack/data/venv/lib/python3.12/site-packages/neutron_lib/callbacks/manager.py:184}}
Jun 30 09:46:44.628979 np0000003965 devstack@neutron-api.service[87453]: DEBUG oslo_concurrency.processutils [None req-a81903e0-ada8-47d3-a068-712b60365090 None None] Running cmd (subprocess): ovsdb-client transact ssl:10.4.3.212:6641 --timeout 180 -p /opt/stack/data/CA/int-ca/private/devstack-cert.key -c /opt/stack/data/CA/int-ca/devstack-cert.crt -C /opt/stack/data/CA/int-ca/ca-chain.pem ["OVN_Northbound", {"op": "wait", "timeout": 0, "table": "Port_Group", "where": [["name", "==", "neutron_pg_drop"]], "until": "==", "rows": []}, {"op": "insert", "table": "ACL", "row": {"action": "drop", "direction": "to-lport", "match": "outport == @neutron_pg_drop && ip", "priority": 1001}, "uuid-name": "droptoport"}, {"op": "insert", "table": "ACL", "row": {"action": "drop", "direction": "from-lport", "match": "inport == @neutron_pg_drop && ip", "priority": 1001}, "uuid-name": "dropfromport"}, {"op": "insert", "table": "Port_Group", "row": {"name": "neutron_pg_drop", "acls": ["set", [["named-uuid", "droptoport"], ["named-uuid", "dropfromport"]]]}}] {{(pid=87453) execute /opt/stack/data/venv/lib/python3.12/site-packages/oslo_concurrency/processutils.py:440}}
Jun 30 09:46:44.663047 np0000003965 devstack@neutron-api.service[87453]: DEBUG oslo_concurrency.processutils [None req-a81903e0-ada8-47d3-a068-712b60365090 None None] CMD "ovsdb-client transact ssl:10.4.3.212:6641 --timeout 180 -p /opt/stack/data/CA/int-ca/private/devstack-cert.key -c /opt/stack/data/CA/int-ca/devstack-cert.crt -C /opt/stack/data/CA/int-ca/ca-chain.pem ["OVN_Northbound", {"op": "wait", "timeout": 0, "table": "Port_Group", "where": [["name", "==", "neutron_pg_drop"]], "until": "==", "rows": []}, {"op": "insert", "table": "ACL", "row": {"action": "drop", "direction": "to-lport", "match": "outport == @neutron_pg_drop && ip", "priority": 1001}, "uuid-name": "droptoport"}, {"op": "insert", "table": "ACL", "row": {"action": "drop", "direction": "from-lport", "match": "inport == @neutron_pg_drop && ip", "priority": 1001}, "uuid-name": "dropfromport"}, {"op": "insert", "table": "Port_Group", "row": {"name": "neutron_pg_drop", "acls": ["set", [["named-uuid", "droptoport"], ["named-uuid", "dropfromport"]]]}}]" returned: 0 in 0.034s {{(pid=87453) execute /opt/stack/data/venv/lib/python3.12/site-packages/oslo_concurrency/processutils.py:468}}
Jun 30 09:46:44.663610 np0000003965 devstack@neutron-api.service[87453]: DEBUG neutron_lib.callbacks.manager [None req-a81903e0-ada8-47d3-a068-712b60365090 None None] Publish callbacks ['neutron.plugins.ml2.drivers.ovn.mech_driver.mech_driver.OVNMechanismDriver.post_fork_initialize-981200', 'neutron.services.pvlan.drivers.ovn.driver._initialize_pvlan_pg_drop-8441429424342', 'neutron.services.ovn_l3.plugin.OVNL3RouterPlugin._post_fork_initialize-3935224'] for process (None), after_init {{(pid=87453) _notify_loop /opt/stack/data/venv/lib/python3.12/site-packages/neutron_lib/callbacks/manager.py:184}}
Jun 30 09:46:44.664080 np0000003965 devstack@neutron-api.service[87453]: DEBUG oslo_concurrency.lockutils [None req-a81903e0-ada8-47d3-a068-712b60365090 None None] Acquiring lock "singleton_lock" {{(pid=87453) lock /opt/stack/data/venv/lib/python3.12/site-packages/oslo_concurrency/lockutils.py:395}}
Jun 30 09:46:44.664309 np0000003965 devstack@neutron-api.service[87453]: DEBUG oslo_concurrency.lockutils [None req-a81903e0-ada8-47d3-a068-712b60365090 None None] Acquired lock "singleton_lock" {{(pid=87453) lock /opt/stack/data/venv/lib/python3.12/site-packages/oslo_concurrency/lockutils.py:398}}
Jun 30 09:46:44.664611 np0000003965 devstack@neutron-api.service[87453]: DEBUG oslo_concurrency.lockutils [None req-a81903e0-ada8-47d3-a068-712b60365090 None None] Releasing lock "singleton_lock" {{(pid=87453) lock /opt/stack/data/venv/lib/python3.12/site-packages/oslo_concurrency/lockutils.py:418}}
Jun 30 09:46:44.666701 np0000003965 devstack@neutron-api.service[87453]: DEBUG neutron.plugins.ml2.drivers.ovn.mech_driver.mech_driver [None req-a81903e0-ada8-47d3-a068-712b60365090 None None] Hash Ring setup using WSGI start time 2026-06-30 09:46:38+00:00 {{(pid=87453) _init_hash_ring /opt/stack/neutron/neutron/plugins/ml2/drivers/ovn/mech_driver/mech_driver.py:404}}
Jun 30 09:46:44.672188 np0000003965 devstack@neutron-api.service[87454]: DEBUG ovsdbapp.backend.ovs_idl [None req-02451b1e-9df9-43bb-bf5a-a46db876068c None None] Created lookup_table index Logical_Switch.name {{(pid=87454) autocreate_indices /opt/stack/data/venv/lib/python3.12/site-packages/ovsdbapp/backend/ovs_idl/__init__.py:87}}
Jun 30 09:46:44.672341 np0000003965 devstack@neutron-api.service[87454]: DEBUG ovsdbapp.backend.ovs_idl [None req-02451b1e-9df9-43bb-bf5a-a46db876068c None None] Created lookup_table index Logical_Router.name {{(pid=87454) autocreate_indices /opt/stack/data/venv/lib/python3.12/site-packages/ovsdbapp/backend/ovs_idl/__init__.py:87}}
Jun 30 09:46:44.672437 np0000003965 devstack@neutron-api.service[87454]: DEBUG ovsdbapp.backend.ovs_idl [None req-02451b1e-9df9-43bb-bf5a-a46db876068c None None] Created lookup_table index Load_Balancer.name {{(pid=87454) autocreate_indices /opt/stack/data/venv/lib/python3.12/site-packages/ovsdbapp/backend/ovs_idl/__init__.py:87}}
Jun 30 09:46:44.672548 np0000003965 devstack@neutron-api.service[87454]: DEBUG ovsdbapp.backend.ovs_idl [None req-02451b1e-9df9-43bb-bf5a-a46db876068c None None] Created schema index Copp.name {{(pid=87454) autocreate_indices /opt/stack/data/venv/lib/python3.12/site-packages/ovsdbapp/backend/ovs_idl/__init__.py:106}}
Jun 30 09:46:44.672614 np0000003965 devstack@neutron-api.service[87453]: INFO neutron.db.ovn_hash_ring_db [None req-a81903e0-ada8-47d3-a068-712b60365090 None None] Nodes from host "np0000003965" and group "mechanism_driver" removed from the Hash Ring created at 2026-06-30 09:46:38+00:00
Jun 30 09:46:44.672686 np0000003965 devstack@neutron-api.service[87454]: DEBUG ovsdbapp.backend.ovs_idl [None req-02451b1e-9df9-43bb-bf5a-a46db876068c None None] Created schema index Meter.name {{(pid=87454) autocreate_indices /opt/stack/data/venv/lib/python3.12/site-packages/ovsdbapp/backend/ovs_idl/__init__.py:106}}
Jun 30 09:46:44.672755 np0000003965 devstack@neutron-api.service[87454]: DEBUG ovsdbapp.backend.ovs_idl [None req-02451b1e-9df9-43bb-bf5a-a46db876068c None None] Created schema index Load_Balancer_Group.name {{(pid=87454) autocreate_indices /opt/stack/data/venv/lib/python3.12/site-packages/ovsdbapp/backend/ovs_idl/__init__.py:106}}
Jun 30 09:46:44.672863 np0000003965 devstack@neutron-api.service[87454]: DEBUG ovsdbapp.backend.ovs_idl [None req-02451b1e-9df9-43bb-bf5a-a46db876068c None None] Created schema index HA_Chassis_Group.name {{(pid=87454) autocreate_indices /opt/stack/data/venv/lib/python3.12/site-packages/ovsdbapp/backend/ovs_idl/__init__.py:106}}
Jun 30 09:46:44.672972 np0000003965 devstack@neutron-api.service[87454]: DEBUG ovsdbapp.backend.ovs_idl [None req-02451b1e-9df9-43bb-bf5a-a46db876068c None None] Created schema index Address_Set.name {{(pid=87454) autocreate_indices /opt/stack/data/venv/lib/python3.12/site-packages/ovsdbapp/backend/ovs_idl/__init__.py:106}}
Jun 30 09:46:44.673079 np0000003965 devstack@neutron-api.service[87454]: DEBUG ovsdbapp.backend.ovs_idl [None req-02451b1e-9df9-43bb-bf5a-a46db876068c None None] Created schema index Connection.target {{(pid=87454) autocreate_indices /opt/stack/data/venv/lib/python3.12/site-packages/ovsdbapp/backend/ovs_idl/__init__.py:106}}
Jun 30 09:46:44.673163 np0000003965 devstack@neutron-api.service[87454]: DEBUG ovsdbapp.backend.ovs_idl [None req-02451b1e-9df9-43bb-bf5a-a46db876068c None None] Created schema index Gateway_Chassis.name {{(pid=87454) autocreate_indices /opt/stack/data/venv/lib/python3.12/site-packages/ovsdbapp/backend/ovs_idl/__init__.py:106}}
Jun 30 09:46:44.673317 np0000003965 devstack@neutron-api.service[87454]: DEBUG ovsdbapp.backend.ovs_idl [None req-02451b1e-9df9-43bb-bf5a-a46db876068c None None] Created schema index Mirror.name {{(pid=87454) autocreate_indices /opt/stack/data/venv/lib/python3.12/site-packages/ovsdbapp/backend/ovs_idl/__init__.py:106}}
Jun 30 09:46:44.673451 np0000003965 devstack@neutron-api.service[87454]: DEBUG ovsdbapp.backend.ovs_idl [None req-02451b1e-9df9-43bb-bf5a-a46db876068c None None] Created schema index Chassis_Template_Var.chassis {{(pid=87454) autocreate_indices /opt/stack/data/venv/lib/python3.12/site-packages/ovsdbapp/backend/ovs_idl/__init__.py:106}}
Jun 30 09:46:44.673451 np0000003965 devstack@neutron-api.service[87454]: DEBUG ovsdbapp.backend.ovs_idl [None req-02451b1e-9df9-43bb-bf5a-a46db876068c None None] Created schema index Logical_Router_Port.name {{(pid=87454) autocreate_indices /opt/stack/data/venv/lib/python3.12/site-packages/ovsdbapp/backend/ovs_idl/__init__.py:106}}
Jun 30 09:46:44.673586 np0000003965 devstack@neutron-api.service[87454]: DEBUG ovsdbapp.backend.ovs_idl [None req-02451b1e-9df9-43bb-bf5a-a46db876068c None None] Created schema index Port_Group.name {{(pid=87454) autocreate_indices /opt/stack/data/venv/lib/python3.12/site-packages/ovsdbapp/backend/ovs_idl/__init__.py:106}}
Jun 30 09:46:44.673586 np0000003965 devstack@neutron-api.service[87454]: DEBUG ovsdbapp.backend.ovs_idl [None req-02451b1e-9df9-43bb-bf5a-a46db876068c None None] Created schema index Logical_Switch_Port.name {{(pid=87454) autocreate_indices /opt/stack/data/venv/lib/python3.12/site-packages/ovsdbapp/backend/ovs_idl/__init__.py:106}}
Jun 30 09:46:44.676486 np0000003965 devstack@neutron-api.service[87453]: INFO neutron.db.ovn_hash_ring_db [None req-a81903e0-ada8-47d3-a068-712b60365090 None None] Node 112adbf8bb0c59468e74159a222fd37d from host "np0000003965" and group "mechanism_driver" added to the Hash Ring
Jun 30 09:46:44.681201 np0000003965 devstack@neutron-api.service[87454]: INFO ovsdbapp.backend.ovs_idl.vlog [None req-02451b1e-9df9-43bb-bf5a-a46db876068c None None] ssl:10.4.3.212:6641: connecting...
Jun 30 09:46:44.681450 np0000003965 devstack@neutron-api.service[87453]: DEBUG neutron.plugins.ml2.drivers.ovn.mech_driver.mech_driver [None req-a81903e0-ada8-47d3-a068-712b60365090 None None] Hash Ring setup, this worker has detected 3 OVN hash ring registers in the database {{(pid=87453) _init_hash_ring /opt/stack/neutron/neutron/plugins/ml2/drivers/ovn/mech_driver/mech_driver.py:414}}
Jun 30 09:46:44.688119 np0000003965 devstack@neutron-api.service[87454]: INFO ovsdbapp.backend.ovs_idl.vlog [None req-02451b1e-9df9-43bb-bf5a-a46db876068c None None] ssl:10.4.3.212:6641: connected
Jun 30 09:46:44.694315 np0000003965 devstack@neutron-api.service[87453]: DEBUG neutron.plugins.ml2.drivers.ovn.mech_driver.ovsdb.maintenance [None req-a81903e0-ada8-47d3-a068-712b60365090 None None] Periodic task found: HashRingHealthCheckPeriodics.touch_hash_ring_node {{(pid=87453) add_periodics /opt/stack/neutron/neutron/plugins/ml2/drivers/ovn/mech_driver/ovsdb/maintenance.py:146}}
Jun 30 09:46:44.695829 np0000003965 devstack@neutron-api.service[87453]: INFO neutron.plugins.ml2.drivers.ovn.mech_driver.mech_driver [None req-a81903e0-ada8-47d3-a068-712b60365090 None None] Hash Ring probing thread for node 112adbf8bb0c59468e74159a222fd37d has started
Jun 30 09:46:44.696701 np0000003965 devstack@neutron-api.service[87453]: INFO neutron.plugins.ml2.drivers.ovn.mech_driver.ovsdb.impl_idl_ovn [None req-a81903e0-ada8-47d3-a068-712b60365090 None None] Getting OvsdbNbOvnIdl for WorkerService with retry
Jun 30 09:46:44.767367 np0000003965 devstack@neutron-api.service[87454]: DEBUG neutron.common.ovn.hash_ring_manager [None req-02451b1e-9df9-43bb-bf5a-a46db876068c None None] Allow caching, nodes 3>=3 {{(pid=87454) _wait_startup_before_caching /opt/stack/neutron/neutron/common/ovn/hash_ring_manager.py:71}}
Jun 30 09:46:44.772813 np0000003965 devstack@neutron-api.service[87454]: DEBUG neutron.common.ovn.hash_ring_manager [None req-02451b1e-9df9-43bb-bf5a-a46db876068c None None] Hash Ring loaded. 3 active nodes. 0 offline nodes {{(pid=87454) _load_hash_ring /opt/stack/neutron/neutron/common/ovn/hash_ring_manager.py:110}}
Jun 30 09:46:44.773397 np0000003965 devstack@neutron-api.service[87454]: DEBUG neutron.plugins.ml2.drivers.ovn.mech_driver.ovsdb.ovsdb_monitor [None req-02451b1e-9df9-43bb-bf5a-a46db876068c None None] Hash Ring: Node edc4946507145261a3682c5cd3d8ead8 (host: np0000003965) handling event "create" for row 3cf17933-d158-41b5-8176-5ec15698b17d (table: Connection) {{(pid=87454) notify /opt/stack/neutron/neutron/plugins/ml2/drivers/ovn/mech_driver/ovsdb/ovsdb_monitor.py:1015}}
Jun 30 09:46:44.773397 np0000003965 devstack@neutron-api.service[87454]: DEBUG neutron.plugins.ml2.drivers.ovn.mech_driver.ovsdb.ovsdb_monitor [None req-02451b1e-9df9-43bb-bf5a-a46db876068c None None] Hash Ring: Node edc4946507145261a3682c5cd3d8ead8 (host: np0000003965) handling event "create" for row 50be0c90-9b04-4d97-9749-46245398ac64 (table: Port_Group) {{(pid=87454) notify /opt/stack/neutron/neutron/plugins/ml2/drivers/ovn/mech_driver/ovsdb/ovsdb_monitor.py:1015}}
Jun 30 09:46:44.773516 np0000003965 devstack@neutron-api.service[87454]: DEBUG neutron.plugins.ml2.drivers.ovn.mech_driver.ovsdb.ovsdb_monitor [None req-02451b1e-9df9-43bb-bf5a-a46db876068c None None] Hash Ring: Node edc4946507145261a3682c5cd3d8ead8 (host: np0000003965) handling event "create" for row 6052d118-a09d-49ef-ab3e-ae26a39b385e (table: Port_Group) {{(pid=87454) notify /opt/stack/neutron/neutron/plugins/ml2/drivers/ovn/mech_driver/ovsdb/ovsdb_monitor.py:1015}}
Jun 30 09:46:44.773949 np0000003965 devstack@neutron-api.service[87454]: DEBUG neutron.plugins.ml2.drivers.ovn.mech_driver.ovsdb.ovsdb_monitor [None req-02451b1e-9df9-43bb-bf5a-a46db876068c None None] Hash Ring: Node edc4946507145261a3682c5cd3d8ead8 (host: np0000003965) handling event "create" for row 0e1efd79-aa4e-4733-b030-baf162df3589 (table: SSL) {{(pid=87454) notify /opt/stack/neutron/neutron/plugins/ml2/drivers/ovn/mech_driver/ovsdb/ovsdb_monitor.py:1015}}
Jun 30 09:46:44.774416 np0000003965 devstack@neutron-api.service[87454]: INFO neutron.plugins.ml2.drivers.ovn.mech_driver.ovsdb.impl_idl_ovn [None req-02451b1e-9df9-43bb-bf5a-a46db876068c None None] Getting OvsdbSbOvnIdl for WorkerService with retry
Jun 30 09:46:44.791682 np0000003965 devstack@neutron-api.service[87453]: DEBUG ovsdbapp.backend.ovs_idl [None req-a81903e0-ada8-47d3-a068-712b60365090 None None] Created lookup_table index Logical_Switch.name {{(pid=87453) autocreate_indices /opt/stack/data/venv/lib/python3.12/site-packages/ovsdbapp/backend/ovs_idl/__init__.py:87}}
Jun 30 09:46:44.791839 np0000003965 devstack@neutron-api.service[87453]: DEBUG ovsdbapp.backend.ovs_idl [None req-a81903e0-ada8-47d3-a068-712b60365090 None None] Created lookup_table index Logical_Router.name {{(pid=87453) autocreate_indices /opt/stack/data/venv/lib/python3.12/site-packages/ovsdbapp/backend/ovs_idl/__init__.py:87}}
Jun 30 09:46:44.791927 np0000003965 devstack@neutron-api.service[87453]: DEBUG ovsdbapp.backend.ovs_idl [None req-a81903e0-ada8-47d3-a068-712b60365090 None None] Created lookup_table index Load_Balancer.name {{(pid=87453) autocreate_indices /opt/stack/data/venv/lib/python3.12/site-packages/ovsdbapp/backend/ovs_idl/__init__.py:87}}
Jun 30 09:46:44.792169 np0000003965 devstack@neutron-api.service[87453]: DEBUG ovsdbapp.backend.ovs_idl [None req-a81903e0-ada8-47d3-a068-712b60365090 None None] Created schema index Copp.name {{(pid=87453) autocreate_indices /opt/stack/data/venv/lib/python3.12/site-packages/ovsdbapp/backend/ovs_idl/__init__.py:106}}
Jun 30 09:46:44.792169 np0000003965 devstack@neutron-api.service[87453]: DEBUG ovsdbapp.backend.ovs_idl [None req-a81903e0-ada8-47d3-a068-712b60365090 None None] Created schema index Meter.name {{(pid=87453) autocreate_indices /opt/stack/data/venv/lib/python3.12/site-packages/ovsdbapp/backend/ovs_idl/__init__.py:106}}
Jun 30 09:46:44.792169 np0000003965 devstack@neutron-api.service[87453]: DEBUG ovsdbapp.backend.ovs_idl [None req-a81903e0-ada8-47d3-a068-712b60365090 None None] Created schema index Load_Balancer_Group.name {{(pid=87453) autocreate_indices /opt/stack/data/venv/lib/python3.12/site-packages/ovsdbapp/backend/ovs_idl/__init__.py:106}}
Jun 30 09:46:44.792289 np0000003965 devstack@neutron-api.service[87453]: DEBUG ovsdbapp.backend.ovs_idl [None req-a81903e0-ada8-47d3-a068-712b60365090 None None] Created schema index HA_Chassis_Group.name {{(pid=87453) autocreate_indices /opt/stack/data/venv/lib/python3.12/site-packages/ovsdbapp/backend/ovs_idl/__init__.py:106}}
Jun 30 09:46:44.792473 np0000003965 devstack@neutron-api.service[87453]: DEBUG ovsdbapp.backend.ovs_idl [None req-a81903e0-ada8-47d3-a068-712b60365090 None None] Created schema index Address_Set.name {{(pid=87453) autocreate_indices /opt/stack/data/venv/lib/python3.12/site-packages/ovsdbapp/backend/ovs_idl/__init__.py:106}}
Jun 30 09:46:44.792473 np0000003965 devstack@neutron-api.service[87453]: DEBUG ovsdbapp.backend.ovs_idl [None req-a81903e0-ada8-47d3-a068-712b60365090 None None] Created schema index Connection.target {{(pid=87453) autocreate_indices /opt/stack/data/venv/lib/python3.12/site-packages/ovsdbapp/backend/ovs_idl/__init__.py:106}}
Jun 30 09:46:44.792622 np0000003965 devstack@neutron-api.service[87453]: DEBUG ovsdbapp.backend.ovs_idl [None req-a81903e0-ada8-47d3-a068-712b60365090 None None] Created schema index Gateway_Chassis.name {{(pid=87453) autocreate_indices /opt/stack/data/venv/lib/python3.12/site-packages/ovsdbapp/backend/ovs_idl/__init__.py:106}}
Jun 30 09:46:44.792957 np0000003965 devstack@neutron-api.service[87453]: DEBUG ovsdbapp.backend.ovs_idl [None req-a81903e0-ada8-47d3-a068-712b60365090 None None] Created schema index Mirror.name {{(pid=87453) autocreate_indices /opt/stack/data/venv/lib/python3.12/site-packages/ovsdbapp/backend/ovs_idl/__init__.py:106}}
Jun 30 09:46:44.792957 np0000003965 devstack@neutron-api.service[87453]: DEBUG ovsdbapp.backend.ovs_idl [None req-a81903e0-ada8-47d3-a068-712b60365090 None None] Created schema index Chassis_Template_Var.chassis {{(pid=87453) autocreate_indices /opt/stack/data/venv/lib/python3.12/site-packages/ovsdbapp/backend/ovs_idl/__init__.py:106}}
Jun 30 09:46:44.792957 np0000003965 devstack@neutron-api.service[87453]: DEBUG ovsdbapp.backend.ovs_idl [None req-a81903e0-ada8-47d3-a068-712b60365090 None None] Created schema index Logical_Router_Port.name {{(pid=87453) autocreate_indices /opt/stack/data/venv/lib/python3.12/site-packages/ovsdbapp/backend/ovs_idl/__init__.py:106}}
Jun 30 09:46:44.793456 np0000003965 devstack@neutron-api.service[87453]: DEBUG ovsdbapp.backend.ovs_idl [None req-a81903e0-ada8-47d3-a068-712b60365090 None None] Created schema index Port_Group.name {{(pid=87453) autocreate_indices /opt/stack/data/venv/lib/python3.12/site-packages/ovsdbapp/backend/ovs_idl/__init__.py:106}}
Jun 30 09:46:44.793456 np0000003965 devstack@neutron-api.service[87453]: DEBUG ovsdbapp.backend.ovs_idl [None req-a81903e0-ada8-47d3-a068-712b60365090 None None] Created schema index Logical_Switch_Port.name {{(pid=87453) autocreate_indices /opt/stack/data/venv/lib/python3.12/site-packages/ovsdbapp/backend/ovs_idl/__init__.py:106}}
Jun 30 09:46:44.796428 np0000003965 devstack@neutron-api.service[87453]: INFO ovsdbapp.backend.ovs_idl.vlog [None req-a81903e0-ada8-47d3-a068-712b60365090 None None] ssl:10.4.3.212:6641: connecting...
Jun 30 09:46:44.803466 np0000003965 devstack@neutron-api.service[87454]: DEBUG ovsdbapp.backend.ovs_idl [None req-02451b1e-9df9-43bb-bf5a-a46db876068c None None] Created lookup_table index Chassis.name {{(pid=87454) autocreate_indices /opt/stack/data/venv/lib/python3.12/site-packages/ovsdbapp/backend/ovs_idl/__init__.py:87}}
Jun 30 09:46:44.803720 np0000003965 devstack@neutron-api.service[87453]: INFO ovsdbapp.backend.ovs_idl.vlog [None req-a81903e0-ada8-47d3-a068-712b60365090 None None] ssl:10.4.3.212:6641: connected
Jun 30 09:46:44.806333 np0000003965 devstack@neutron-api.service[87454]: DEBUG ovsdbapp.backend.ovs_idl [None req-02451b1e-9df9-43bb-bf5a-a46db876068c None None] Created lookup_table index Port_Binding.logical_port {{(pid=87454) autocreate_indices /opt/stack/data/venv/lib/python3.12/site-packages/ovsdbapp/backend/ovs_idl/__init__.py:87}}
Jun 30 09:46:44.806333 np0000003965 devstack@neutron-api.service[87454]: DEBUG ovsdbapp.backend.ovs_idl [None req-02451b1e-9df9-43bb-bf5a-a46db876068c None None] Created schema index Chassis_Private.name {{(pid=87454) autocreate_indices /opt/stack/data/venv/lib/python3.12/site-packages/ovsdbapp/backend/ovs_idl/__init__.py:106}}
Jun 30 09:46:44.806333 np0000003965 devstack@neutron-api.service[87454]: DEBUG ovsdbapp.backend.ovs_idl [None req-02451b1e-9df9-43bb-bf5a-a46db876068c None None] Created schema index Datapath_Binding.tunnel_key {{(pid=87454) autocreate_indices /opt/stack/data/venv/lib/python3.12/site-packages/ovsdbapp/backend/ovs_idl/__init__.py:106}}
Jun 30 09:46:44.809111 np0000003965 devstack@neutron-api.service[87454]: INFO ovsdbapp.backend.ovs_idl.vlog [None req-02451b1e-9df9-43bb-bf5a-a46db876068c None None] ssl:10.4.3.212:6642: connecting...
Jun 30 09:46:44.813739 np0000003965 devstack@neutron-api.service[87454]: INFO ovsdbapp.backend.ovs_idl.vlog [None req-02451b1e-9df9-43bb-bf5a-a46db876068c None None] ssl:10.4.3.212:6642: connected
Jun 30 09:46:44.832069 np0000003965 devstack@neutron-api.service[87453]: DEBUG neutron.common.ovn.hash_ring_manager [None req-a81903e0-ada8-47d3-a068-712b60365090 None None] Allow caching, nodes 3>=3 {{(pid=87453) _wait_startup_before_caching /opt/stack/neutron/neutron/common/ovn/hash_ring_manager.py:71}}
Jun 30 09:46:44.837486 np0000003965 devstack@neutron-api.service[87453]: DEBUG neutron.common.ovn.hash_ring_manager [None req-a81903e0-ada8-47d3-a068-712b60365090 None None] Hash Ring loaded. 3 active nodes. 0 offline nodes {{(pid=87453) _load_hash_ring /opt/stack/neutron/neutron/common/ovn/hash_ring_manager.py:110}}
Jun 30 09:46:44.838040 np0000003965 devstack@neutron-api.service[87453]: DEBUG neutron.plugins.ml2.drivers.ovn.mech_driver.ovsdb.ovsdb_monitor [None req-a81903e0-ada8-47d3-a068-712b60365090 None None] Hash Ring: Node 112adbf8bb0c59468e74159a222fd37d (host: np0000003965) handling event "create" for row 19e74c6a-5e45-4f25-b402-df581a0919ee (table: ACL) {{(pid=87453) notify /opt/stack/neutron/neutron/plugins/ml2/drivers/ovn/mech_driver/ovsdb/ovsdb_monitor.py:1015}}
Jun 30 09:46:44.838040 np0000003965 devstack@neutron-api.service[87453]: DEBUG neutron.plugins.ml2.drivers.ovn.mech_driver.ovsdb.ovsdb_monitor [None req-a81903e0-ada8-47d3-a068-712b60365090 None None] Hash Ring: Node 112adbf8bb0c59468e74159a222fd37d (host: np0000003965) handling event "create" for row 75ee2358-9595-4bf4-bb5d-8a05234d4678 (table: ACL) {{(pid=87453) notify /opt/stack/neutron/neutron/plugins/ml2/drivers/ovn/mech_driver/ovsdb/ovsdb_monitor.py:1015}}
Jun 30 09:46:44.838040 np0000003965 devstack@neutron-api.service[87453]: DEBUG neutron.plugins.ml2.drivers.ovn.mech_driver.ovsdb.ovsdb_monitor [None req-a81903e0-ada8-47d3-a068-712b60365090 None None] Hash Ring: Node 112adbf8bb0c59468e74159a222fd37d (host: np0000003965) handling event "create" for row d954d6ab-8a0d-4bbf-ba33-477a700a5fe0 (table: ACL) {{(pid=87453) notify /opt/stack/neutron/neutron/plugins/ml2/drivers/ovn/mech_driver/ovsdb/ovsdb_monitor.py:1015}}
