May 20 17:47:44.396871 np0000001094 devstack@c-api.service[96194]: DEBUG cinder.volume.flows.api.create_volume [None req-09e34496-008d-4f35-b38e-6796305078fa tempest-ImageDependencyTests-1458034796 tempest-ImageDependencyTests-1458034796-project-member] Validating volume size '1' using validate_int {{(pid=96194) _extract_size /opt/stack/cinder/cinder/volume/flows/api/create_volume.py:226}}
May 20 17:47:44.456366 np0000001094 devstack@c-api.service[96195]: INFO cinder.api.openstack.wsgi [None req-8711dc0e-6ef2-4d72-91fe-6e45e52b96c9 tempest-VolumeTypesNegativeTest-577286022 tempest-VolumeTypesNegativeTest-577286022-project-member] POST https://10.4.3.114/volume/v3/volumes
May 20 17:47:44.456839 np0000001094 devstack@c-api.service[96195]: DEBUG cinder.api.openstack.wsgi [None req-8711dc0e-6ef2-4d72-91fe-6e45e52b96c9 tempest-VolumeTypesNegativeTest-577286022 tempest-VolumeTypesNegativeTest-577286022-project-member] Action: 'create', calling method: create, body: {"volume": {"volume_type": "3ef5109c-30fe-476e-9590-073cc92c832f", "size": 1, "name": "tempest-VolumeTypesNegativeTest-Volume-714033152"}} {{(pid=96195) _process_stack /opt/stack/cinder/cinder/api/openstack/wsgi.py:876}}
May 20 17:47:44.457431 np0000001094 devstack@c-api.service[96194]: DEBUG cinder.volume.api [None req-09e34496-008d-4f35-b38e-6796305078fa tempest-ImageDependencyTests-1458034796 tempest-ImageDependencyTests-1458034796-project-member] Task 'cinder.volume.flows.api.create_volume.ExtractVolumeRequestTask;volume:create' (3eefddd0-593e-4b6b-a11c-7ee46428a46c) transitioned into state 'SUCCESS' from state 'RUNNING' with result '{'size': 1, 'snapshot_id': None, 'source_volid': None, 'volume_type': VolumeType(created_at=2026-05-20T17:44:50Z,deleted=False,deleted_at=None,description=None,extra_specs={volume_backend_name='storpool'},id=0c4c29ca-4362-40c6-bc03-fb126dcbc20e,is_public=True,name='storpool',projects=[],qos_specs=,qos_specs_id=None,updated_at=None), 'volume_type_id': '0c4c29ca-4362-40c6-bc03-fb126dcbc20e', 'encryption_key_id': None, 'qos_specs': None, 'consistencygroup_id': None, 'cgsnapshot_id': None, 'group_id': None, 'replication_status': 'disabled', 'refresh_az': False, 'backup_id': None, 'multiattach': False, 'availability_zones': ['nova']}' {{(pid=96194) _task_receiver /opt/stack/data/venv/lib/python3.12/site-packages/taskflow/listeners/logging.py:218}}
May 20 17:47:44.458142 np0000001094 devstack@c-api.service[96194]: DEBUG cinder.volume.api [None req-09e34496-008d-4f35-b38e-6796305078fa tempest-ImageDependencyTests-1458034796 tempest-ImageDependencyTests-1458034796-project-member] Task 'cinder.volume.flows.api.create_volume.QuotaReserveTask;volume:create' (badbd1a3-725b-4349-8682-43d6f73d9e0f) transitioned into state 'RUNNING' from state 'PENDING' {{(pid=96194) _task_receiver /opt/stack/data/venv/lib/python3.12/site-packages/taskflow/listeners/logging.py:242}}
May 20 17:47:44.458687 np0000001094 devstack@c-api.service[96195]: DEBUG cinder.api.v3.volumes [None req-8711dc0e-6ef2-4d72-91fe-6e45e52b96c9 tempest-VolumeTypesNegativeTest-577286022 tempest-VolumeTypesNegativeTest-577286022-project-member] Create volume request body: {'volume': {'volume_type': '3ef5109c-30fe-476e-9590-073cc92c832f', 'size': 1, 'name': 'tempest-VolumeTypesNegativeTest-Volume-714033152'}} {{(pid=96195) create /opt/stack/cinder/cinder/api/v3/volumes.py:368}}
May 20 17:47:44.468908 np0000001094 devstack@c-api.service[96195]: INFO cinder.api.openstack.wsgi [None req-8711dc0e-6ef2-4d72-91fe-6e45e52b96c9 tempest-VolumeTypesNegativeTest-577286022 tempest-VolumeTypesNegativeTest-577286022-project-member] https://10.4.3.114/volume/v3/volumes returned with HTTP 404
May 20 17:47:44.469666 np0000001094 devstack@c-api.service[96195]: [pid: 96195|app: 0|req: 76/148] 10.4.3.114 () {68 vars in 1259 bytes} [Wed May 20 17:47:44 2026] POST /volume/v3/volumes => generated 114 bytes in 177 msecs (HTTP/1.1 404) 7 headers in 292 bytes (1 switches on core 0)
May 20 17:47:44.477621 np0000001094 devstack@c-api.service[96195]: DEBUG cinder.api.middleware.request_id [None req-cfaeb5f3-a845-447c-add0-efb8aa6e5a94 None None] RequestId filter calling following filter/app {{(pid=96195) _context_setter /opt/stack/cinder/cinder/api/middleware/request_id.py:62}}
May 20 17:47:44.480845 np0000001094 devstack@c-api.service[96195]: INFO cinder.api.openstack.wsgi [None req-cfaeb5f3-a845-447c-add0-efb8aa6e5a94 tempest-VolumeTypesNegativeTest-260699102 tempest-VolumeTypesNegativeTest-260699102-project-admin] DELETE https://10.4.3.114/volume/v3/types/3ef5109c-30fe-476e-9590-073cc92c832f
May 20 17:47:44.481941 np0000001094 devstack@c-api.service[96195]: DEBUG cinder.api.openstack.wsgi [None req-cfaeb5f3-a845-447c-add0-efb8aa6e5a94 tempest-VolumeTypesNegativeTest-260699102 tempest-VolumeTypesNegativeTest-260699102-project-admin] Empty body provided in request {{(pid=96195) get_body /opt/stack/cinder/cinder/api/openstack/wsgi.py:725}}
May 20 17:47:44.482295 np0000001094 devstack@c-api.service[96195]: DEBUG cinder.api.openstack.wsgi [None req-cfaeb5f3-a845-447c-add0-efb8aa6e5a94 tempest-VolumeTypesNegativeTest-260699102 tempest-VolumeTypesNegativeTest-260699102-project-admin] Calling method '_delete' {{(pid=96195) _process_stack /opt/stack/cinder/cinder/api/openstack/wsgi.py:878}}
May 20 17:47:44.515056 np0000001094 devstack@c-api.service[96194]: DEBUG cinder.quota [None req-09e34496-008d-4f35-b38e-6796305078fa tempest-ImageDependencyTests-1458034796 tempest-ImageDependencyTests-1458034796-project-member] Created reservations ['a6eb9478-b2c8-4544-96c6-80371ae8a477', '435fc942-2e68-4d40-ad42-a3e9b1e26df1', '1f61d525-6a9a-483e-b4fb-b9a555775986', '16eacbf9-57c9-421e-98b0-199d27ed08fc'] {{(pid=96194) reserve /opt/stack/cinder/cinder/quota.py:752}}
May 20 17:47:44.516563 np0000001094 devstack@c-api.service[96194]: DEBUG cinder.volume.api [None req-09e34496-008d-4f35-b38e-6796305078fa tempest-ImageDependencyTests-1458034796 tempest-ImageDependencyTests-1458034796-project-member] Task 'cinder.volume.flows.api.create_volume.QuotaReserveTask;volume:create' (badbd1a3-725b-4349-8682-43d6f73d9e0f) transitioned into state 'SUCCESS' from state 'RUNNING' with result '{'reservations': ['a6eb9478-b2c8-4544-96c6-80371ae8a477', '435fc942-2e68-4d40-ad42-a3e9b1e26df1', '1f61d525-6a9a-483e-b4fb-b9a555775986', '16eacbf9-57c9-421e-98b0-199d27ed08fc']}' {{(pid=96194) _task_receiver /opt/stack/data/venv/lib/python3.12/site-packages/taskflow/listeners/logging.py:218}}
May 20 17:47:44.516563 np0000001094 devstack@c-api.service[96194]: DEBUG cinder.volume.api [None req-09e34496-008d-4f35-b38e-6796305078fa tempest-ImageDependencyTests-1458034796 tempest-ImageDependencyTests-1458034796-project-member] Task 'cinder.volume.flows.api.create_volume.EntryCreateTask;volume:create' (8d12db7c-3531-4d41-80e4-a99f5f9d7e9e) transitioned into state 'RUNNING' from state 'PENDING' {{(pid=96194) _task_receiver /opt/stack/data/venv/lib/python3.12/site-packages/taskflow/listeners/logging.py:242}}
May 20 17:47:44.520974 np0000001094 devstack@c-api.service[96195]: INFO cinder.api.openstack.wsgi [None req-cfaeb5f3-a845-447c-add0-efb8aa6e5a94 tempest-VolumeTypesNegativeTest-260699102 tempest-VolumeTypesNegativeTest-260699102-project-admin] https://10.4.3.114/volume/v3/types/3ef5109c-30fe-476e-9590-073cc92c832f returned with HTTP 202
May 20 17:47:44.521699 np0000001094 devstack@c-api.service[96195]: [pid: 96195|app: 0|req: 77/149] 10.4.3.114 () {66 vars in 1345 bytes} [Wed May 20 17:47:44 2026] DELETE /volume/v3/types/3ef5109c-30fe-476e-9590-073cc92c832f => generated 0 bytes in 44 msecs (HTTP/1.1 202) 6 headers in 233 bytes (1 switches on core 0)
May 20 17:47:44.528356 np0000001094 devstack@c-api.service[96195]: DEBUG cinder.api.middleware.request_id [None req-d7379b80-9f6f-4179-abda-423b5a8e11c3 None None] RequestId filter calling following filter/app {{(pid=96195) _context_setter /opt/stack/cinder/cinder/api/middleware/request_id.py:62}}
May 20 17:47:44.529890 np0000001094 devstack@c-api.service[96195]: INFO cinder.api.openstack.wsgi [None req-d7379b80-9f6f-4179-abda-423b5a8e11c3 tempest-VolumeTypesNegativeTest-260699102 tempest-VolumeTypesNegativeTest-260699102-project-admin] GET https://10.4.3.114/volume/v3/types/3ef5109c-30fe-476e-9590-073cc92c832f
May 20 17:47:44.530076 np0000001094 devstack@c-api.service[96195]: DEBUG cinder.api.openstack.wsgi [None req-d7379b80-9f6f-4179-abda-423b5a8e11c3 tempest-VolumeTypesNegativeTest-260699102 tempest-VolumeTypesNegativeTest-260699102-project-admin] Empty body provided in request {{(pid=96195) get_body /opt/stack/cinder/cinder/api/openstack/wsgi.py:725}}
May 20 17:47:44.530939 np0000001094 devstack@c-api.service[96195]: DEBUG cinder.api.openstack.wsgi [None req-d7379b80-9f6f-4179-abda-423b5a8e11c3 tempest-VolumeTypesNegativeTest-260699102 tempest-VolumeTypesNegativeTest-260699102-project-admin] Calling method 'show' {{(pid=96195) _process_stack /opt/stack/cinder/cinder/api/openstack/wsgi.py:878}}
May 20 17:47:44.532952 np0000001094 devstack@c-api.service[96195]: INFO cinder.api.openstack.wsgi [None req-d7379b80-9f6f-4179-abda-423b5a8e11c3 tempest-VolumeTypesNegativeTest-260699102 tempest-VolumeTypesNegativeTest-260699102-project-admin] https://10.4.3.114/volume/v3/types/3ef5109c-30fe-476e-9590-073cc92c832f returned with HTTP 404
May 20 17:47:44.533504 np0000001094 devstack@c-api.service[96195]: [pid: 96195|app: 0|req: 78/150] 10.4.3.114 () {66 vars in 1342 bytes} [Wed May 20 17:47:44 2026] GET /volume/v3/types/3ef5109c-30fe-476e-9590-073cc92c832f => generated 114 bytes in 5 msecs (HTTP/1.1 404) 7 headers in 292 bytes (1 switches on core 0)
May 20 17:47:44.535963 np0000001094 devstack@c-api.service[96194]: DEBUG cinder.volume.api [None req-09e34496-008d-4f35-b38e-6796305078fa tempest-ImageDependencyTests-1458034796 tempest-ImageDependencyTests-1458034796-project-member] Task 'cinder.volume.flows.api.create_volume.EntryCreateTask;volume:create' (8d12db7c-3531-4d41-80e4-a99f5f9d7e9e) transitioned into state 'SUCCESS' from state 'RUNNING' with result '{'volume_id': '86fbf50b-559d-4e35-8e75-dcf56a85ab2f', 'volume_properties': VolumeProperties(attach_status='detached',availability_zone='nova',cgsnapshot_id=None,consistencygroup_id=None,display_description=None,display_name='tempest-tempest.common.compute-volume-466735329',encryption_key_id=None,group_id=None,group_type_id=,metadata={},multiattach=False,project_id='28161bf0005245439adcec69c70ce846',qos_specs=None,replication_status=,reservations=['a6eb9478-b2c8-4544-96c6-80371ae8a477','435fc942-2e68-4d40-ad42-a3e9b1e26df1','1f61d525-6a9a-483e-b4fb-b9a555775986','16eacbf9-57c9-421e-98b0-199d27ed08fc'],size=1,snapshot_id=None,source_replicaid=,source_volid=None,status='creating',user_id='66d0c70532344fd9a757309fc55cc593',volume_type_id=0c4c29ca-4362-40c6-bc03-fb126dcbc20e), 'volume': Volume(_name_id=None,admin_metadata=,attach_status='detached',availability_zone='nova',bootable=False,cluster=,cluster_name=None,consistencygroup=,consistencygroup_id=None,created_at=2026-05-20T17:47:44Z,deleted=False,deleted_at=None,display_description=None,display_name='tempest-tempest.common.compute-volume-466735329',ec2_id=None,encryption_key_id=None,glance_metadata=,group=,group_id=None,host=None,id=86fbf50b-559d-4e35-8e75-dcf56a85ab2f,launched_at=None,metadata={},migration_status=None,multiattach=False,previous_status=None,project_id='28161bf0005245439adcec69c70ce846',provider_auth=None,provider_geometry=None,provider_id=None,provider_location=None,replication_driver_data=None,replication_extended_status=None,replication_status=None,scheduled_at=None,service_uuid=None,shared_targets=True,size=1,snapshot_id=None,snapshots=,source_volid=None,status='creating',terminated_at=None,updated_at=None,use_quota=True,user_id='66d0c70532344fd9a757309fc55cc593',volume_attachment=VolumeAttachmentList,volume_type=VolumeType(0c4c29ca-4362-40c6-bc03-fb126dcbc20e),volume_type_id=0c4c29ca-4362-40c6-bc03-fb126dcbc20e)}' {{(pid=96194) _task_receiver /opt/stack/data/venv/lib/python3.12/site-packages/taskflow/listeners/logging.py:218}}
May 20 17:47:44.536630 np0000001094 devstack@c-api.service[96194]: DEBUG cinder.volume.api [None req-09e34496-008d-4f35-b38e-6796305078fa tempest-ImageDependencyTests-1458034796 tempest-ImageDependencyTests-1458034796-project-member] Task 'cinder.volume.flows.api.create_volume.QuotaCommitTask;volume:create' (25c4db12-0e86-46ba-b56b-3115a19988ae) transitioned into state 'RUNNING' from state 'PENDING' {{(pid=96194) _task_receiver /opt/stack/data/venv/lib/python3.12/site-packages/taskflow/listeners/logging.py:242}}
May 20 17:47:44.541143 np0000001094 devstack@c-api.service[96195]: DEBUG cinder.api.middleware.request_id [None req-0e71adb4-5dfd-402e-8e08-7b2e2ada7a17 None None] RequestId filter calling following filter/app {{(pid=96195) _context_setter /opt/stack/cinder/cinder/api/middleware/request_id.py:62}}
May 20 17:47:44.544506 np0000001094 devstack@c-api.service[96195]: INFO cinder.api.openstack.wsgi [None req-0e71adb4-5dfd-402e-8e08-7b2e2ada7a17 tempest-VolumeTypesNegativeTest-260699102 tempest-VolumeTypesNegativeTest-260699102-project-admin] POST https://10.4.3.114/volume/v3/types
May 20 17:47:44.544506 np0000001094 devstack@c-api.service[96195]: DEBUG cinder.api.openstack.wsgi [None req-0e71adb4-5dfd-402e-8e08-7b2e2ada7a17 tempest-VolumeTypesNegativeTest-260699102 tempest-VolumeTypesNegativeTest-260699102-project-admin] Action: 'create', calling method: _create, body: {"volume_type": {"name": ""}} {{(pid=96195) _process_stack /opt/stack/cinder/cinder/api/openstack/wsgi.py:876}}
May 20 17:47:44.544506 np0000001094 devstack@c-api.service[96195]: INFO cinder.api.openstack.wsgi [None req-0e71adb4-5dfd-402e-8e08-7b2e2ada7a17 tempest-VolumeTypesNegativeTest-260699102 tempest-VolumeTypesNegativeTest-260699102-project-admin] https://10.4.3.114/volume/v3/types returned with HTTP 400
May 20 17:47:44.544966 np0000001094 devstack@c-api.service[96195]: [pid: 96195|app: 0|req: 79/151] 10.4.3.114 () {68 vars in 1252 bytes} [Wed May 20 17:47:44 2026] POST /volume/v3/types => generated 115 bytes in 4 msecs (HTTP/1.1 400) 7 headers in 294 bytes (1 switches on core 0)
May 20 17:47:44.552011 np0000001094 devstack@c-api.service[96195]: DEBUG cinder.api.middleware.request_id [None req-7425b9db-a209-4517-980c-6666fa3e6268 None None] RequestId filter calling following filter/app {{(pid=96195) _context_setter /opt/stack/cinder/cinder/api/middleware/request_id.py:62}}
May 20 17:47:44.553949 np0000001094 devstack@c-api.service[96195]: INFO cinder.api.openstack.wsgi [None req-7425b9db-a209-4517-980c-6666fa3e6268 tempest-VolumeTypesNegativeTest-260699102 tempest-VolumeTypesNegativeTest-260699102-project-admin] POST https://10.4.3.114/volume/v3/types
May 20 17:47:44.554285 np0000001094 devstack@c-api.service[96195]: DEBUG cinder.api.openstack.wsgi [None req-7425b9db-a209-4517-980c-6666fa3e6268 tempest-VolumeTypesNegativeTest-260699102 tempest-VolumeTypesNegativeTest-260699102-project-admin] Action: 'create', calling method: _create, body: {"volume_type": {"name": "tempest-VolumeTypesNegativeTest-volume-type-1559245609"}} {{(pid=96195) _process_stack /opt/stack/cinder/cinder/api/openstack/wsgi.py:876}}
May 20 17:47:44.554623 np0000001094 devstack@c-api.service[96194]: DEBUG cinder.volume.api [None req-09e34496-008d-4f35-b38e-6796305078fa tempest-ImageDependencyTests-1458034796 tempest-ImageDependencyTests-1458034796-project-member] Task 'cinder.volume.flows.api.create_volume.QuotaCommitTask;volume:create' (25c4db12-0e86-46ba-b56b-3115a19988ae) transitioned into state 'SUCCESS' from state 'RUNNING' with result '{'volume_properties': VolumeProperties(attach_status='detached',availability_zone='nova',cgsnapshot_id=None,consistencygroup_id=None,display_description=None,display_name='tempest-tempest.common.compute-volume-466735329',encryption_key_id=None,group_id=None,group_type_id=,metadata={},multiattach=False,project_id='28161bf0005245439adcec69c70ce846',qos_specs=None,replication_status=,reservations=['a6eb9478-b2c8-4544-96c6-80371ae8a477','435fc942-2e68-4d40-ad42-a3e9b1e26df1','1f61d525-6a9a-483e-b4fb-b9a555775986','16eacbf9-57c9-421e-98b0-199d27ed08fc'],size=1,snapshot_id=None,source_replicaid=,source_volid=None,status='creating',user_id='66d0c70532344fd9a757309fc55cc593',volume_type_id=0c4c29ca-4362-40c6-bc03-fb126dcbc20e)}' {{(pid=96194) _task_receiver /opt/stack/data/venv/lib/python3.12/site-packages/taskflow/listeners/logging.py:218}}
May 20 17:47:44.555223 np0000001094 devstack@c-api.service[96194]: DEBUG cinder.volume.api [None req-09e34496-008d-4f35-b38e-6796305078fa tempest-ImageDependencyTests-1458034796 tempest-ImageDependencyTests-1458034796-project-member] Task 'cinder.volume.flows.api.create_volume.VolumeCastTask;volume:create' (9cac963a-8b37-479f-9a7a-dfe842c2f3ec) transitioned into state 'RUNNING' from state 'PENDING' {{(pid=96194) _task_receiver /opt/stack/data/venv/lib/python3.12/site-packages/taskflow/listeners/logging.py:242}}
May 20 17:47:44.565254 np0000001094 devstack@c-api.service[96194]: DEBUG cinder.volume.api [None req-09e34496-008d-4f35-b38e-6796305078fa tempest-ImageDependencyTests-1458034796 tempest-ImageDependencyTests-1458034796-project-member] Task 'cinder.volume.flows.api.create_volume.VolumeCastTask;volume:create' (9cac963a-8b37-479f-9a7a-dfe842c2f3ec) transitioned into state 'SUCCESS' from state 'RUNNING' with result 'None' {{(pid=96194) _task_receiver /opt/stack/data/venv/lib/python3.12/site-packages/taskflow/listeners/logging.py:218}}
May 20 17:47:44.566037 np0000001094 devstack@c-api.service[96194]: DEBUG cinder.volume.api [None req-09e34496-008d-4f35-b38e-6796305078fa tempest-ImageDependencyTests-1458034796 tempest-ImageDependencyTests-1458034796-project-member] Flow 'volume_create_api' (bc55c01d-5ebf-4149-88a9-d69d5621783c) transitioned into state 'SUCCESS' from state 'RUNNING' {{(pid=96194) _flow_receiver /opt/stack/data/venv/lib/python3.12/site-packages/taskflow/listeners/logging.py:160}}
May 20 17:47:44.566479 np0000001094 devstack@c-api.service[96194]: INFO cinder.volume.api [None req-09e34496-008d-4f35-b38e-6796305078fa tempest-ImageDependencyTests-1458034796 tempest-ImageDependencyTests-1458034796-project-member] Create volume request issued successfully.
May 20 17:47:44.566915 np0000001094 devstack@c-api.service[96194]: INFO cinder.api.openstack.wsgi [None req-09e34496-008d-4f35-b38e-6796305078fa tempest-ImageDependencyTests-1458034796 tempest-ImageDependencyTests-1458034796-project-member] https://10.4.3.114/volume/v3/volumes returned with HTTP 202
May 20 17:47:44.567328 np0000001094 devstack@c-api.service[96194]: [pid: 96194|app: 0|req: 73/152] 10.4.3.114 () {68 vars in 1259 bytes} [Wed May 20 17:47:43 2026] POST /volume/v3/volumes => generated 752 bytes in 587 msecs (HTTP/1.1 202) 7 headers in 291 bytes (1 switches on core 0)
May 20 17:47:44.569156 np0000001094 devstack@c-api.service[96195]: INFO cinder.api.openstack.wsgi [None req-7425b9db-a209-4517-980c-6666fa3e6268 tempest-VolumeTypesNegativeTest-260699102 tempest-VolumeTypesNegativeTest-260699102-project-admin] https://10.4.3.114/volume/v3/types returned with HTTP 200
May 20 17:47:44.569156 np0000001094 devstack@c-api.service[96195]: [pid: 96195|app: 0|req: 80/153] 10.4.3.114 () {68 vars in 1252 bytes} [Wed May 20 17:47:44 2026] POST /volume/v3/types => generated 229 bytes in 16 msecs (HTTP/1.1 200) 7 headers in 285 bytes (1 switches on core 0)
May 20 17:47:44.579470 np0000001094 devstack@c-api.service[96194]: DEBUG cinder.api.middleware.request_id [None req-036909bb-68fc-4108-adf5-b67c241811d7 None None] RequestId filter calling following filter/app {{(pid=96194) _context_setter /opt/stack/cinder/cinder/api/middleware/request_id.py:62}}
May 20 17:47:44.581310 np0000001094 devstack@c-api.service[96194]: INFO cinder.api.openstack.wsgi [None req-036909bb-68fc-4108-adf5-b67c241811d7 tempest-VolumeTypesNegativeTest-260699102 tempest-VolumeTypesNegativeTest-260699102-project-admin] POST https://10.4.3.114/volume/v3/types
May 20 17:47:44.581624 np0000001094 devstack@c-api.service[96194]: DEBUG cinder.api.openstack.wsgi [None req-036909bb-68fc-4108-adf5-b67c241811d7 tempest-VolumeTypesNegativeTest-260699102 tempest-VolumeTypesNegativeTest-260699102-project-admin] Action: 'create', calling method: _create, body: {"volume_type": {"name": "tempest-VolumeTypesNegativeTest-volume-type-1559245609"}} {{(pid=96194) _process_stack /opt/stack/cinder/cinder/api/openstack/wsgi.py:876}}
May 20 17:47:44.583063 np0000001094 devstack@c-api.service[96194]: /opt/stack/data/venv/lib/python3.12/site-packages/oslo_context/context.py:102: DeprecationWarning: Policy enforcement is depending on the value of is_admin. This key is deprecated. Please update your policy file to use the standard policy values.
May 20 17:47:44.583063 np0000001094 devstack@c-api.service[96194]: warnings.warn(
May 20 17:47:44.584988 np0000001094 devstack@c-api.service[96195]: DEBUG cinder.api.middleware.request_id [None req-ef836f48-718a-4336-9fca-5cb6255e003c None None] RequestId filter calling following filter/app {{(pid=96195) _context_setter /opt/stack/cinder/cinder/api/middleware/request_id.py:62}}
May 20 17:47:44.586494 np0000001094 devstack@c-api.service[96195]: INFO cinder.api.openstack.wsgi [None req-ef836f48-718a-4336-9fca-5cb6255e003c tempest-ImageDependencyTests-1458034796 tempest-ImageDependencyTests-1458034796-project-member] GET https://10.4.3.114/volume/v3/volumes/86fbf50b-559d-4e35-8e75-dcf56a85ab2f
May 20 17:47:44.586679 np0000001094 devstack@c-api.service[96195]: DEBUG cinder.api.openstack.wsgi [None req-ef836f48-718a-4336-9fca-5cb6255e003c tempest-ImageDependencyTests-1458034796 tempest-ImageDependencyTests-1458034796-project-member] Empty body provided in request {{(pid=96195) get_body /opt/stack/cinder/cinder/api/openstack/wsgi.py:725}}
May 20 17:47:44.586875 np0000001094 devstack@c-api.service[96195]: DEBUG cinder.api.openstack.wsgi [None req-ef836f48-718a-4336-9fca-5cb6255e003c tempest-ImageDependencyTests-1458034796 tempest-ImageDependencyTests-1458034796-project-member] Calling method 'show' {{(pid=96195) _process_stack /opt/stack/cinder/cinder/api/openstack/wsgi.py:878}}
May 20 17:47:44.591635 np0000001094 devstack@c-api.service[96194]: INFO cinder.api.openstack.wsgi [None req-036909bb-68fc-4108-adf5-b67c241811d7 tempest-VolumeTypesNegativeTest-260699102 tempest-VolumeTypesNegativeTest-260699102-project-admin] HTTP exception thrown: Volume Type tempest-VolumeTypesNegativeTest-volume-type-1559245609 already exists.
May 20 17:47:44.591812 np0000001094 devstack@c-api.service[96194]: INFO cinder.api.openstack.wsgi [None req-036909bb-68fc-4108-adf5-b67c241811d7 tempest-VolumeTypesNegativeTest-260699102 tempest-VolumeTypesNegativeTest-260699102-project-admin] https://10.4.3.114/volume/v3/types returned with HTTP 409
May 20 17:47:44.592334 np0000001094 devstack@c-api.service[96194]: [pid: 96194|app: 0|req: 74/154] 10.4.3.114 () {68 vars in 1252 bytes} [Wed May 20 17:47:44 2026] POST /volume/v3/types => generated 134 bytes in 14 msecs (HTTP/1.1 409) 7 headers in 291 bytes (1 switches on core 0)
May 20 17:47:44.593473 np0000001094 devstack@c-api.service[96195]: /opt/stack/data/venv/lib/python3.12/site-packages/oslo_context/context.py:102: DeprecationWarning: Policy enforcement is depending on the value of is_admin. This key is deprecated. Please update your policy file to use the standard policy values.
May 20 17:47:44.593473 np0000001094 devstack@c-api.service[96195]: warnings.warn(
May 20 17:47:44.596694 np0000001094 devstack@c-api.service[96195]: INFO cinder.volume.api [None req-ef836f48-718a-4336-9fca-5cb6255e003c tempest-ImageDependencyTests-1458034796 tempest-ImageDependencyTests-1458034796-project-member] Volume info retrieved successfully.
May 20 17:47:44.599092 np0000001094 devstack@c-api.service[96194]: DEBUG cinder.api.middleware.request_id [None req-1495e976-03f7-4c02-a2f1-e69151529b91 None None] RequestId filter calling following filter/app {{(pid=96194) _context_setter /opt/stack/cinder/cinder/api/middleware/request_id.py:62}}
May 20 17:47:44.601091 np0000001094 devstack@c-api.service[96194]: INFO cinder.api.openstack.wsgi [None req-1495e976-03f7-4c02-a2f1-e69151529b91 tempest-VolumeTypesNegativeTest-260699102 tempest-VolumeTypesNegativeTest-260699102-project-admin] DELETE https://10.4.3.114/volume/v3/types/d46fe8e0-1123-4942-a271-48c77a740564
May 20 17:47:44.601294 np0000001094 devstack@c-api.service[96194]: DEBUG cinder.api.openstack.wsgi [None req-1495e976-03f7-4c02-a2f1-e69151529b91 tempest-VolumeTypesNegativeTest-260699102 tempest-VolumeTypesNegativeTest-260699102-project-admin] Empty body provided in request {{(pid=96194) get_body /opt/stack/cinder/cinder/api/openstack/wsgi.py:725}}
May 20 17:47:44.601500 np0000001094 devstack@c-api.service[96194]: DEBUG cinder.api.openstack.wsgi [None req-1495e976-03f7-4c02-a2f1-e69151529b91 tempest-VolumeTypesNegativeTest-260699102 tempest-VolumeTypesNegativeTest-260699102-project-admin] Calling method '_delete' {{(pid=96194) _process_stack /opt/stack/cinder/cinder/api/openstack/wsgi.py:878}}
May 20 17:47:44.603761 np0000001094 devstack@c-api.service[96195]: INFO cinder.api.openstack.wsgi [None req-ef836f48-718a-4336-9fca-5cb6255e003c tempest-ImageDependencyTests-1458034796 tempest-ImageDependencyTests-1458034796-project-member] https://10.4.3.114/volume/v3/volumes/86fbf50b-559d-4e35-8e75-dcf56a85ab2f returned with HTTP 200
May 20 17:47:44.603761 np0000001094 devstack@c-api.service[96195]: [pid: 96195|app: 0|req: 81/155] 10.4.3.114 () {66 vars in 1348 bytes} [Wed May 20 17:47:44 2026] GET /volume/v3/volumes/86fbf50b-559d-4e35-8e75-dcf56a85ab2f => generated 820 bytes in 18 msecs (HTTP/1.1 200) 7 headers in 285 bytes (1 switches on core 0)
May 20 17:47:44.620972 np0000001094 devstack@c-api.service[96194]: INFO cinder.api.openstack.wsgi [None req-1495e976-03f7-4c02-a2f1-e69151529b91 tempest-VolumeTypesNegativeTest-260699102 tempest-VolumeTypesNegativeTest-260699102-project-admin] https://10.4.3.114/volume/v3/types/d46fe8e0-1123-4942-a271-48c77a740564 returned with HTTP 202
May 20 17:47:44.621464 np0000001094 devstack@c-api.service[96194]: [pid: 96194|app: 0|req: 75/156] 10.4.3.114 () {66 vars in 1345 bytes} [Wed May 20 17:47:44 2026] DELETE /volume/v3/types/d46fe8e0-1123-4942-a271-48c77a740564 => generated 0 bytes in 23 msecs (HTTP/1.1 202) 6 headers in 233 bytes (1 switches on core 0)
May 20 17:47:44.631360 np0000001094 devstack@c-api.service[96195]: DEBUG cinder.api.middleware.request_id [None req-5642de00-f50a-431b-8e72-9d56df327f9d None None] RequestId filter calling following filter/app {{(pid=96195) _context_setter /opt/stack/cinder/cinder/api/middleware/request_id.py:62}}
May 20 17:47:44.633066 np0000001094 devstack@c-api.service[96195]: INFO cinder.api.openstack.wsgi [None req-5642de00-f50a-431b-8e72-9d56df327f9d tempest-VolumeTypesNegativeTest-260699102 tempest-VolumeTypesNegativeTest-260699102-project-admin] GET https://10.4.3.114/volume/v3/types/d46fe8e0-1123-4942-a271-48c77a740564
May 20 17:47:44.633285 np0000001094 devstack@c-api.service[96195]: DEBUG cinder.api.openstack.wsgi [None req-5642de00-f50a-431b-8e72-9d56df327f9d tempest-VolumeTypesNegativeTest-260699102 tempest-VolumeTypesNegativeTest-260699102-project-admin] Empty body provided in request {{(pid=96195) get_body /opt/stack/cinder/cinder/api/openstack/wsgi.py:725}}
May 20 17:47:44.633502 np0000001094 devstack@c-api.service[96195]: DEBUG cinder.api.openstack.wsgi [None req-5642de00-f50a-431b-8e72-9d56df327f9d tempest-VolumeTypesNegativeTest-260699102 tempest-VolumeTypesNegativeTest-260699102-project-admin] Calling method 'show' {{(pid=96195) _process_stack /opt/stack/cinder/cinder/api/openstack/wsgi.py:878}}
May 20 17:47:44.640383 np0000001094 devstack@c-api.service[96195]: INFO cinder.api.openstack.wsgi [None req-5642de00-f50a-431b-8e72-9d56df327f9d tempest-VolumeTypesNegativeTest-260699102 tempest-VolumeTypesNegativeTest-260699102-project-admin] https://10.4.3.114/volume/v3/types/d46fe8e0-1123-4942-a271-48c77a740564 returned with HTTP 404
May 20 17:47:44.641086 np0000001094 devstack@c-api.service[96195]: [pid: 96195|app: 0|req: 82/157] 10.4.3.114 () {66 vars in 1342 bytes} [Wed May 20 17:47:44 2026] GET /volume/v3/types/d46fe8e0-1123-4942-a271-48c77a740564 => generated 114 bytes in 10 msecs (HTTP/1.1 404) 7 headers in 292 bytes (1 switches on core 0)
May 20 17:47:44.649553 np0000001094 devstack@c-api.service[96194]: DEBUG cinder.api.middleware.request_id [None req-039aa741-e9bc-473f-b5db-92525f96802b None None] RequestId filter calling following filter/app {{(pid=96194) _context_setter /opt/stack/cinder/cinder/api/middleware/request_id.py:62}}
May 20 17:47:44.651164 np0000001094 devstack@c-api.service[96194]: INFO cinder.api.openstack.wsgi [None req-039aa741-e9bc-473f-b5db-92525f96802b tempest-VolumeTypesNegativeTest-260699102 tempest-VolumeTypesNegativeTest-260699102-project-admin] DELETE https://10.4.3.114/volume/v3/types/2644f4d6-3cb3-4163-901f-b8ebf5b4d0fc
May 20 17:47:44.651345 np0000001094 devstack@c-api.service[96194]: DEBUG cinder.api.openstack.wsgi [None req-039aa741-e9bc-473f-b5db-92525f96802b tempest-VolumeTypesNegativeTest-260699102 tempest-VolumeTypesNegativeTest-260699102-project-admin] Empty body provided in request {{(pid=96194) get_body /opt/stack/cinder/cinder/api/openstack/wsgi.py:725}}
May 20 17:47:44.651539 np0000001094 devstack@c-api.service[96194]: DEBUG cinder.api.openstack.wsgi [None req-039aa741-e9bc-473f-b5db-92525f96802b tempest-VolumeTypesNegativeTest-260699102 tempest-VolumeTypesNegativeTest-260699102-project-admin] Calling method '_delete' {{(pid=96194) _process_stack /opt/stack/cinder/cinder/api/openstack/wsgi.py:878}}
May 20 17:47:44.654877 np0000001094 devstack@c-api.service[96194]: INFO cinder.api.openstack.wsgi [None req-039aa741-e9bc-473f-b5db-92525f96802b tempest-VolumeTypesNegativeTest-260699102 tempest-VolumeTypesNegativeTest-260699102-project-admin] https://10.4.3.114/volume/v3/types/2644f4d6-3cb3-4163-901f-b8ebf5b4d0fc returned with HTTP 404
May 20 17:47:44.655322 np0000001094 devstack@c-api.service[96194]: [pid: 96194|app: 0|req: 76/158] 10.4.3.114 () {66 vars in 1345 bytes} [Wed May 20 17:47:44 2026] DELETE /volume/v3/types/2644f4d6-3cb3-4163-901f-b8ebf5b4d0fc => generated 114 bytes in 6 msecs (HTTP/1.1 404) 7 headers in 292 bytes (1 switches on core 0)
May 20 17:47:44.662660 np0000001094 devstack@c-api.service[96195]: DEBUG cinder.api.middleware.request_id [None req-0bae6a6c-c91e-4c28-b056-f6c7c4ebd443 None None] RequestId filter calling following filter/app {{(pid=96195) _context_setter /opt/stack/cinder/cinder/api/middleware/request_id.py:62}}
May 20 17:47:44.664449 np0000001094 devstack@c-api.service[96195]: INFO cinder.api.openstack.wsgi [None req-0bae6a6c-c91e-4c28-b056-f6c7c4ebd443 tempest-VolumeTypesNegativeTest-260699102 tempest-VolumeTypesNegativeTest-260699102-project-admin] GET https://10.4.3.114/volume/v3/types/bdbcd5df-d7fd-48d3-b2f4-fdb3f0f7dcf1
May 20 17:47:44.664686 np0000001094 devstack@c-api.service[96195]: DEBUG cinder.api.openstack.wsgi [None req-0bae6a6c-c91e-4c28-b056-f6c7c4ebd443 tempest-VolumeTypesNegativeTest-260699102 tempest-VolumeTypesNegativeTest-260699102-project-admin] Empty body provided in request {{(pid=96195) get_body /opt/stack/cinder/cinder/api/openstack/wsgi.py:725}}
May 20 17:47:44.664894 np0000001094 devstack@c-api.service[96195]: DEBUG cinder.api.openstack.wsgi [None req-0bae6a6c-c91e-4c28-b056-f6c7c4ebd443 tempest-VolumeTypesNegativeTest-260699102 tempest-VolumeTypesNegativeTest-260699102-project-admin] Calling method 'show' {{(pid=96195) _process_stack /opt/stack/cinder/cinder/api/openstack/wsgi.py:878}}
May 20 17:47:44.668037 np0000001094 devstack@c-api.service[96195]: INFO cinder.api.openstack.wsgi [None req-0bae6a6c-c91e-4c28-b056-f6c7c4ebd443 tempest-VolumeTypesNegativeTest-260699102 tempest-VolumeTypesNegativeTest-260699102-project-admin] https://10.4.3.114/volume/v3/types/bdbcd5df-d7fd-48d3-b2f4-fdb3f0f7dcf1 returned with HTTP 404
May 20 17:47:44.668535 np0000001094 devstack@c-api.service[96195]: [pid: 96195|app: 0|req: 83/159] 10.4.3.114 () {66 vars in 1342 bytes} [Wed May 20 17:47:44 2026] GET /volume/v3/types/bdbcd5df-d7fd-48d3-b2f4-fdb3f0f7dcf1 => generated 114 bytes in 6 msecs (HTTP/1.1 404) 7 headers in 292 bytes (1 switches on core 0)
May 20 17:47:45.622397 np0000001094 devstack@c-api.service[96194]: DEBUG cinder.api.middleware.request_id [None req-0fdd668a-c971-430c-a660-b2fccefd3615 None None] RequestId filter calling following filter/app {{(pid=96194) _context_setter /opt/stack/cinder/cinder/api/middleware/request_id.py:62}}
May 20 17:47:45.625920 np0000001094 devstack@c-api.service[96194]: INFO cinder.api.openstack.wsgi [None req-0fdd668a-c971-430c-a660-b2fccefd3615 tempest-ImageDependencyTests-1458034796 tempest-ImageDependencyTests-1458034796-project-member] GET https://10.4.3.114/volume/v3/volumes/86fbf50b-559d-4e35-8e75-dcf56a85ab2f
May 20 17:47:45.625920 np0000001094 devstack@c-api.service[96194]: DEBUG cinder.api.openstack.wsgi [None req-0fdd668a-c971-430c-a660-b2fccefd3615 tempest-ImageDependencyTests-1458034796 tempest-ImageDependencyTests-1458034796-project-member] Empty body provided in request {{(pid=96194) get_body /opt/stack/cinder/cinder/api/openstack/wsgi.py:725}}
May 20 17:47:45.625920 np0000001094 devstack@c-api.service[96194]: DEBUG cinder.api.openstack.wsgi [None req-0fdd668a-c971-430c-a660-b2fccefd3615 tempest-ImageDependencyTests-1458034796 tempest-ImageDependencyTests-1458034796-project-member] Calling method 'show' {{(pid=96194) _process_stack /opt/stack/cinder/cinder/api/openstack/wsgi.py:878}}
May 20 17:47:45.633306 np0000001094 devstack@c-api.service[96194]: /opt/stack/data/venv/lib/python3.12/site-packages/oslo_context/context.py:102: DeprecationWarning: Policy enforcement is depending on the value of is_admin. This key is deprecated. Please update your policy file to use the standard policy values.
May 20 17:47:45.633306 np0000001094 devstack@c-api.service[96194]: warnings.warn(
May 20 17:47:45.640940 np0000001094 devstack@c-api.service[96194]: INFO cinder.volume.api [None req-0fdd668a-c971-430c-a660-b2fccefd3615 tempest-ImageDependencyTests-1458034796 tempest-ImageDependencyTests-1458034796-project-member] Volume info retrieved successfully.
May 20 17:47:45.653674 np0000001094 devstack@c-api.service[96194]: INFO cinder.api.openstack.wsgi [None req-0fdd668a-c971-430c-a660-b2fccefd3615 tempest-ImageDependencyTests-1458034796 tempest-ImageDependencyTests-1458034796-project-member] https://10.4.3.114/volume/v3/volumes/86fbf50b-559d-4e35-8e75-dcf56a85ab2f returned with HTTP 200
May 20 17:47:45.654163 np0000001094 devstack@c-api.service[96194]: [pid: 96194|app: 0|req: 77/160] 10.4.3.114 () {66 vars in 1348 bytes} [Wed May 20 17:47:45 2026] GET /volume/v3/volumes/86fbf50b-559d-4e35-8e75-dcf56a85ab2f => generated 844 bytes in 32 msecs (HTTP/1.1 200) 7 headers in 285 bytes (1 switches on core 0)
May 20 17:47:45.981919 np0000001094 devstack@c-api.service[96195]: DEBUG cinder.api.middleware.request_id [None req-3cbec56c-7801-4207-8c3b-c6acf8ebdbb1 None None] RequestId filter calling following filter/app {{(pid=96195) _context_setter /opt/stack/cinder/cinder/api/middleware/request_id.py:62}}
May 20 17:47:45.983628 np0000001094 devstack@c-api.service[96195]: INFO cinder.api.openstack.wsgi [None req-3cbec56c-7801-4207-8c3b-c6acf8ebdbb1 None None] GET https://10.4.3.114/volume//
May 20 17:47:45.983628 np0000001094 devstack@c-api.service[96195]: DEBUG cinder.api.openstack.wsgi [None req-3cbec56c-7801-4207-8c3b-c6acf8ebdbb1 None None] Empty body provided in request {{(pid=96195) get_body /opt/stack/cinder/cinder/api/openstack/wsgi.py:725}}
May 20 17:47:45.983628 np0000001094 devstack@c-api.service[96195]: DEBUG cinder.api.openstack.wsgi [None req-3cbec56c-7801-4207-8c3b-c6acf8ebdbb1 None None] Calling method 'all' {{(pid=96195) _process_stack /opt/stack/cinder/cinder/api/openstack/wsgi.py:878}}
May 20 17:47:45.983628 np0000001094 devstack@c-api.service[96195]: INFO cinder.api.openstack.wsgi [None req-3cbec56c-7801-4207-8c3b-c6acf8ebdbb1 None None] https://10.4.3.114/volume// returned with HTTP 300
May 20 17:47:45.983628 np0000001094 devstack@c-api.service[96195]: [pid: 96195|app: 0|req: 84/161] 10.4.3.114 () {66 vars in 1428 bytes} [Wed May 20 17:47:45 2026] GET /volume/ => generated 386 bytes in 2 msecs (HTTP/1.1 300) 7 headers in 299 bytes (1 switches on core 0)
May 20 17:47:46.028386 np0000001094 devstack@c-api.service[96194]: DEBUG cinder.api.middleware.request_id [req-d7b0e976-c28f-4cae-8778-0510b28cd283 req-02924d22-1ac5-4384-add7-bcb1293b01a0 None None] RequestId filter calling following filter/app {{(pid=96194) _context_setter /opt/stack/cinder/cinder/api/middleware/request_id.py:62}}
May 20 17:47:46.279550 np0000001094 devstack@c-api.service[96194]: INFO cinder.api.openstack.wsgi [req-d7b0e976-c28f-4cae-8778-0510b28cd283 req-02924d22-1ac5-4384-add7-bcb1293b01a0 tempest-DeleteServersTestJSON-1924586837 tempest-DeleteServersTestJSON-1924586837-project-member] POST https://10.4.3.114/volume/v3/attachments
May 20 17:47:46.279914 np0000001094 devstack@c-api.service[96194]: DEBUG cinder.api.openstack.wsgi [req-d7b0e976-c28f-4cae-8778-0510b28cd283 req-02924d22-1ac5-4384-add7-bcb1293b01a0 tempest-DeleteServersTestJSON-1924586837 tempest-DeleteServersTestJSON-1924586837-project-member] Action: 'create', calling method: version_select, body: {"attachment": {"volume_uuid": "05527396-7ae9-45e0-a977-52b34dac5d62", "connector": null, "instance_uuid": "e09eb07a-f667-41cc-a8e9-5d4f23a2b47d"}} {{(pid=96194) _process_stack /opt/stack/cinder/cinder/api/openstack/wsgi.py:876}}
May 20 17:47:46.287615 np0000001094 devstack@c-api.service[96194]: /opt/stack/data/venv/lib/python3.12/site-packages/oslo_context/context.py:102: DeprecationWarning: Policy enforcement is depending on the value of is_admin. This key is deprecated. Please update your policy file to use the standard policy values.
May 20 17:47:46.287615 np0000001094 devstack@c-api.service[96194]: warnings.warn(
May 20 17:47:46.331330 np0000001094 devstack@c-api.service[96194]: INFO cinder.api.openstack.wsgi [req-d7b0e976-c28f-4cae-8778-0510b28cd283 req-02924d22-1ac5-4384-add7-bcb1293b01a0 tempest-DeleteServersTestJSON-1924586837 tempest-DeleteServersTestJSON-1924586837-project-member] https://10.4.3.114/volume/v3/attachments returned with HTTP 200
May 20 17:47:46.331784 np0000001094 devstack@c-api.service[96194]: [pid: 96194|app: 0|req: 78/162] 10.4.3.114 () {74 vars in 1594 bytes} [Wed May 20 17:47:46 2026] POST /volume/v3/attachments => generated 273 bytes in 304 msecs (HTTP/1.1 200) 7 headers in 286 bytes (1 switches on core 0)
May 20 17:47:46.670893 np0000001094 devstack@c-api.service[96195]: DEBUG cinder.api.middleware.request_id [None req-0df5038c-42c4-46f6-b9be-524c1a5f0244 None None] RequestId filter calling following filter/app {{(pid=96195) _context_setter /opt/stack/cinder/cinder/api/middleware/request_id.py:62}}
May 20 17:47:46.672458 np0000001094 devstack@c-api.service[96195]: INFO cinder.api.openstack.wsgi [None req-0df5038c-42c4-46f6-b9be-524c1a5f0244 tempest-ImageDependencyTests-1458034796 tempest-ImageDependencyTests-1458034796-project-member] GET https://10.4.3.114/volume/v3/volumes/86fbf50b-559d-4e35-8e75-dcf56a85ab2f
May 20 17:47:46.672625 np0000001094 devstack@c-api.service[96195]: DEBUG cinder.api.openstack.wsgi [None req-0df5038c-42c4-46f6-b9be-524c1a5f0244 tempest-ImageDependencyTests-1458034796 tempest-ImageDependencyTests-1458034796-project-member] Empty body provided in request {{(pid=96195) get_body /opt/stack/cinder/cinder/api/openstack/wsgi.py:725}}
May 20 17:47:46.673082 np0000001094 devstack@c-api.service[96195]: DEBUG cinder.api.openstack.wsgi [None req-0df5038c-42c4-46f6-b9be-524c1a5f0244 tempest-ImageDependencyTests-1458034796 tempest-ImageDependencyTests-1458034796-project-member] Calling method 'show' {{(pid=96195) _process_stack /opt/stack/cinder/cinder/api/openstack/wsgi.py:878}}
May 20 17:47:46.702570 np0000001094 devstack@c-api.service[96195]: /opt/stack/data/venv/lib/python3.12/site-packages/oslo_context/context.py:102: DeprecationWarning: Policy enforcement is depending on the value of is_admin. This key is deprecated. Please update your policy file to use the standard policy values.
May 20 17:47:46.702570 np0000001094 devstack@c-api.service[96195]: warnings.warn(
May 20 17:47:46.708044 np0000001094 devstack@c-api.service[96195]: INFO cinder.volume.api [None req-0df5038c-42c4-46f6-b9be-524c1a5f0244 tempest-ImageDependencyTests-1458034796 tempest-ImageDependencyTests-1458034796-project-member] Volume info retrieved successfully.
May 20 17:47:46.716292 np0000001094 devstack@c-api.service[96195]: INFO cinder.api.openstack.wsgi [None req-0df5038c-42c4-46f6-b9be-524c1a5f0244 tempest-ImageDependencyTests-1458034796 tempest-ImageDependencyTests-1458034796-project-member] https://10.4.3.114/volume/v3/volumes/86fbf50b-559d-4e35-8e75-dcf56a85ab2f returned with HTTP 200
May 20 17:47:46.716840 np0000001094 devstack@c-api.service[96195]: [pid: 96195|app: 0|req: 85/163] 10.4.3.114 () {66 vars in 1348 bytes} [Wed May 20 17:47:46 2026] GET /volume/v3/volumes/86fbf50b-559d-4e35-8e75-dcf56a85ab2f => generated 902 bytes in 46 msecs (HTTP/1.1 200) 7 headers in 285 bytes (1 switches on core 0)
May 20 17:47:46.829253 np0000001094 devstack@c-api.service[96194]: DEBUG cinder.api.middleware.request_id [None req-2872e01f-f3c9-4ed0-b2dd-1332ceffbb27 None None] RequestId filter calling following filter/app {{(pid=96194) _context_setter /opt/stack/cinder/cinder/api/middleware/request_id.py:62}}
May 20 17:47:46.842246 np0000001094 devstack@c-api.service[96194]: INFO cinder.api.openstack.wsgi [None req-2872e01f-f3c9-4ed0-b2dd-1332ceffbb27 tempest-DeleteServersTestJSON-1924586837 tempest-DeleteServersTestJSON-1924586837-project-member] GET https://10.4.3.114/volume/v3/volumes/05527396-7ae9-45e0-a977-52b34dac5d62
May 20 17:47:46.845167 np0000001094 devstack@c-api.service[96194]: DEBUG cinder.api.openstack.wsgi [None req-2872e01f-f3c9-4ed0-b2dd-1332ceffbb27 tempest-DeleteServersTestJSON-1924586837 tempest-DeleteServersTestJSON-1924586837-project-member] Empty body provided in request {{(pid=96194) get_body /opt/stack/cinder/cinder/api/openstack/wsgi.py:725}}
May 20 17:47:46.846888 np0000001094 devstack@c-api.service[96194]: DEBUG cinder.api.openstack.wsgi [None req-2872e01f-f3c9-4ed0-b2dd-1332ceffbb27 tempest-DeleteServersTestJSON-1924586837 tempest-DeleteServersTestJSON-1924586837-project-member] Calling method 'show' {{(pid=96194) _process_stack /opt/stack/cinder/cinder/api/openstack/wsgi.py:878}}
May 20 17:47:46.871356 np0000001094 devstack@c-api.service[96195]: DEBUG cinder.api.middleware.request_id [None req-aa3390d3-d1f9-4859-a4bc-1e4c24c74470 None None] RequestId filter calling following filter/app {{(pid=96195) _context_setter /opt/stack/cinder/cinder/api/middleware/request_id.py:62}}
May 20 17:47:46.871809 np0000001094 devstack@c-api.service[96195]: INFO cinder.api.openstack.wsgi [None req-aa3390d3-d1f9-4859-a4bc-1e4c24c74470 None None] GET https://10.4.3.114/volume//
May 20 17:47:46.872533 np0000001094 devstack@c-api.service[96195]: DEBUG cinder.api.openstack.wsgi [None req-aa3390d3-d1f9-4859-a4bc-1e4c24c74470 None None] Empty body provided in request {{(pid=96195) get_body /opt/stack/cinder/cinder/api/openstack/wsgi.py:725}}
May 20 17:47:46.872533 np0000001094 devstack@c-api.service[96195]: DEBUG cinder.api.openstack.wsgi [None req-aa3390d3-d1f9-4859-a4bc-1e4c24c74470 None None] Calling method 'all' {{(pid=96195) _process_stack /opt/stack/cinder/cinder/api/openstack/wsgi.py:878}}
May 20 17:47:46.872721 np0000001094 devstack@c-api.service[96195]: INFO cinder.api.openstack.wsgi [None req-aa3390d3-d1f9-4859-a4bc-1e4c24c74470 None None] https://10.4.3.114/volume// returned with HTTP 300
May 20 17:47:46.873039 np0000001094 devstack@c-api.service[96195]: [pid: 96195|app: 0|req: 86/164] 10.4.3.114 () {66 vars in 1426 bytes} [Wed May 20 17:47:46 2026] GET /volume/ => generated 386 bytes in 2 msecs (HTTP/1.1 300) 7 headers in 299 bytes (1 switches on core 0)
May 20 17:47:46.873298 np0000001094 devstack@c-api.service[96194]: /opt/stack/data/venv/lib/python3.12/site-packages/oslo_context/context.py:102: DeprecationWarning: Policy enforcement is depending on the value of is_admin. This key is deprecated. Please update your policy file to use the standard policy values.
May 20 17:47:46.873298 np0000001094 devstack@c-api.service[96194]: warnings.warn(
May 20 17:47:46.878586 np0000001094 devstack@c-api.service[96194]: INFO cinder.volume.api [None req-2872e01f-f3c9-4ed0-b2dd-1332ceffbb27 tempest-DeleteServersTestJSON-1924586837 tempest-DeleteServersTestJSON-1924586837-project-member] Volume info retrieved successfully.
May 20 17:47:46.883175 np0000001094 devstack@c-api.service[96195]: DEBUG cinder.api.middleware.request_id [req-d7b0e976-c28f-4cae-8778-0510b28cd283 req-24fac118-0f7a-4519-88fc-04b4aee26b8c None None] RequestId filter calling following filter/app {{(pid=96195) _context_setter /opt/stack/cinder/cinder/api/middleware/request_id.py:62}}
May 20 17:47:46.885265 np0000001094 devstack@c-api.service[96194]: INFO cinder.api.openstack.wsgi [None req-2872e01f-f3c9-4ed0-b2dd-1332ceffbb27 tempest-DeleteServersTestJSON-1924586837 tempest-DeleteServersTestJSON-1924586837-project-member] https://10.4.3.114/volume/v3/volumes/05527396-7ae9-45e0-a977-52b34dac5d62 returned with HTTP 200
May 20 17:47:46.885728 np0000001094 devstack@c-api.service[96195]: INFO cinder.api.openstack.wsgi [req-d7b0e976-c28f-4cae-8778-0510b28cd283 req-24fac118-0f7a-4519-88fc-04b4aee26b8c tempest-DeleteServersTestJSON-1924586837 tempest-DeleteServersTestJSON-1924586837-project-member] GET https://10.4.3.114/volume/v3/volumes/05527396-7ae9-45e0-a977-52b34dac5d62
May 20 17:47:46.885920 np0000001094 devstack@c-api.service[96195]: DEBUG cinder.api.openstack.wsgi [req-d7b0e976-c28f-4cae-8778-0510b28cd283 req-24fac118-0f7a-4519-88fc-04b4aee26b8c tempest-DeleteServersTestJSON-1924586837 tempest-DeleteServersTestJSON-1924586837-project-member] Empty body provided in request {{(pid=96195) get_body /opt/stack/cinder/cinder/api/openstack/wsgi.py:725}}
May 20 17:47:46.886089 np0000001094 devstack@c-api.service[96195]: DEBUG cinder.api.openstack.wsgi [req-d7b0e976-c28f-4cae-8778-0510b28cd283 req-24fac118-0f7a-4519-88fc-04b4aee26b8c tempest-DeleteServersTestJSON-1924586837 tempest-DeleteServersTestJSON-1924586837-project-member] Calling method 'show' {{(pid=96195) _process_stack /opt/stack/cinder/cinder/api/openstack/wsgi.py:878}}
May 20 17:47:46.886186 np0000001094 devstack@c-api.service[96194]: [pid: 96194|app: 0|req: 79/165] 10.4.3.114 () {66 vars in 1348 bytes} [Wed May 20 17:47:46 2026] GET /volume/v3/volumes/05527396-7ae9-45e0-a977-52b34dac5d62 => generated 843 bytes in 58 msecs (HTTP/1.1 200) 7 headers in 285 bytes (1 switches on core 0)
May 20 17:47:46.903768 np0000001094 devstack@c-api.service[96195]: /opt/stack/data/venv/lib/python3.12/site-packages/oslo_context/context.py:102: DeprecationWarning: Policy enforcement is depending on the value of is_admin. This key is deprecated. Please update your policy file to use the standard policy values.
May 20 17:47:46.903768 np0000001094 devstack@c-api.service[96195]: warnings.warn(
May 20 17:47:46.908314 np0000001094 devstack@c-api.service[96195]: INFO cinder.volume.api [req-d7b0e976-c28f-4cae-8778-0510b28cd283 req-24fac118-0f7a-4519-88fc-04b4aee26b8c tempest-DeleteServersTestJSON-1924586837 tempest-DeleteServersTestJSON-1924586837-project-member] Volume info retrieved successfully.
May 20 17:47:46.913371 np0000001094 devstack@c-api.service[96195]: INFO cinder.api.openstack.wsgi [req-d7b0e976-c28f-4cae-8778-0510b28cd283 req-24fac118-0f7a-4519-88fc-04b4aee26b8c tempest-DeleteServersTestJSON-1924586837 tempest-DeleteServersTestJSON-1924586837-project-member] https://10.4.3.114/volume/v3/volumes/05527396-7ae9-45e0-a977-52b34dac5d62 returned with HTTP 200
May 20 17:47:46.913888 np0000001094 devstack@c-api.service[96195]: [pid: 96195|app: 0|req: 87/166] 10.4.3.114 () {70 vars in 1639 bytes} [Wed May 20 17:47:46 2026] GET /volume/v3/volumes/05527396-7ae9-45e0-a977-52b34dac5d62 => generated 1024 bytes in 31 msecs (HTTP/1.1 200) 7 headers in 287 bytes (1 switches on core 0)
May 20 17:47:47.005994 np0000001094 devstack@c-api.service[96194]: DEBUG cinder.api.middleware.request_id [req-d7b0e976-c28f-4cae-8778-0510b28cd283 req-2f86a759-7697-40aa-8255-ce4fbe1d15b1 None None] RequestId filter calling following filter/app {{(pid=96194) _context_setter /opt/stack/cinder/cinder/api/middleware/request_id.py:62}}
May 20 17:47:47.008524 np0000001094 devstack@c-api.service[96194]: INFO cinder.api.openstack.wsgi [req-d7b0e976-c28f-4cae-8778-0510b28cd283 req-2f86a759-7697-40aa-8255-ce4fbe1d15b1 tempest-DeleteServersTestJSON-1924586837 tempest-DeleteServersTestJSON-1924586837-project-member] PUT https://10.4.3.114/volume/v3/attachments/a7847296-4354-4de0-98b4-44801a45fd2e
