May 20 17:44:08.928698 np0000001094 neutron-periodic-workers[88888]: DEBUG cotyledon.oslo_config_glue [-] ovn.dhcp_default_lease_time = 43200 {{(pid=88888) log_opt_values /opt/stack/data/venv/lib/python3.12/site-packages/oslo_config/cfg.py:3256}}
May 20 17:44:08.928756 np0000001094 neutron-periodic-workers[88888]: DEBUG cotyledon.oslo_config_glue [-] ovn.disable_ovn_dhcp_for_baremetal_ports = False {{(pid=88888) log_opt_values /opt/stack/data/venv/lib/python3.12/site-packages/oslo_config/cfg.py:3256}}
May 20 17:44:08.928816 np0000001094 neutron-periodic-workers[88888]: DEBUG cotyledon.oslo_config_glue [-] ovn.dns_records_ovn_owned = False {{(pid=88888) log_opt_values /opt/stack/data/venv/lib/python3.12/site-packages/oslo_config/cfg.py:3256}}
May 20 17:44:08.928874 np0000001094 neutron-periodic-workers[88888]: DEBUG cotyledon.oslo_config_glue [-] ovn.dns_servers = [] {{(pid=88888) log_opt_values /opt/stack/data/venv/lib/python3.12/site-packages/oslo_config/cfg.py:3256}}
May 20 17:44:08.928932 np0000001094 neutron-periodic-workers[88888]: DEBUG cotyledon.oslo_config_glue [-] ovn.enable_distributed_floating_ip = False {{(pid=88888) log_opt_values /opt/stack/data/venv/lib/python3.12/site-packages/oslo_config/cfg.py:3256}}
May 20 17:44:08.928990 np0000001094 neutron-periodic-workers[88888]: DEBUG cotyledon.oslo_config_glue [-] ovn.fdb_age_threshold = 300 {{(pid=88888) log_opt_values /opt/stack/data/venv/lib/python3.12/site-packages/oslo_config/cfg.py:3256}}
May 20 17:44:08.929048 np0000001094 neutron-periodic-workers[88888]: DEBUG cotyledon.oslo_config_glue [-] ovn.ha_failover_strategy = normal {{(pid=88888) log_opt_values /opt/stack/data/venv/lib/python3.12/site-packages/oslo_config/cfg.py:3256}}
May 20 17:44:08.929109 np0000001094 neutron-periodic-workers[88888]: DEBUG cotyledon.oslo_config_glue [-] ovn.live_migration_activation_strategy = rarp {{(pid=88888) log_opt_values /opt/stack/data/venv/lib/python3.12/site-packages/oslo_config/cfg.py:3256}}
May 20 17:44:08.929168 np0000001094 neutron-periodic-workers[88888]: DEBUG cotyledon.oslo_config_glue [-] ovn.localnet_learn_fdb = False {{(pid=88888) log_opt_values /opt/stack/data/venv/lib/python3.12/site-packages/oslo_config/cfg.py:3256}}
May 20 17:44:08.929224 np0000001094 neutron-periodic-workers[88888]: DEBUG cotyledon.oslo_config_glue [-] ovn.mac_binding_age_threshold = 300 {{(pid=88888) log_opt_values /opt/stack/data/venv/lib/python3.12/site-packages/oslo_config/cfg.py:3256}}
May 20 17:44:08.929291 np0000001094 neutron-periodic-workers[88888]: DEBUG cotyledon.oslo_config_glue [-] ovn.neutron_sync_mode = log {{(pid=88888) log_opt_values /opt/stack/data/venv/lib/python3.12/site-packages/oslo_config/cfg.py:3256}}
May 20 17:44:08.929358 np0000001094 neutron-periodic-workers[88888]: DEBUG cotyledon.oslo_config_glue [-] ovn.ovn_dhcp4_global_options = {} {{(pid=88888) log_opt_values /opt/stack/data/venv/lib/python3.12/site-packages/oslo_config/cfg.py:3256}}
May 20 17:44:08.929420 np0000001094 neutron-periodic-workers[88888]: DEBUG cotyledon.oslo_config_glue [-] ovn.ovn_dhcp6_global_options = {} {{(pid=88888) log_opt_values /opt/stack/data/venv/lib/python3.12/site-packages/oslo_config/cfg.py:3256}}
May 20 17:44:08.929504 np0000001094 neutron-periodic-workers[88888]: DEBUG cotyledon.oslo_config_glue [-] ovn.ovn_l3_scheduler = leastloaded {{(pid=88888) log_opt_values /opt/stack/data/venv/lib/python3.12/site-packages/oslo_config/cfg.py:3256}}
May 20 17:44:08.929567 np0000001094 neutron-periodic-workers[88888]: DEBUG cotyledon.oslo_config_glue [-] ovn.ovn_metadata_enabled = True {{(pid=88888) log_opt_values /opt/stack/data/venv/lib/python3.12/site-packages/oslo_config/cfg.py:3256}}
May 20 17:44:08.929635 np0000001094 neutron-periodic-workers[88888]: DEBUG cotyledon.oslo_config_glue [-] ovn.ovn_nb_ca_cert = /opt/stack/data/CA/int-ca/ca-chain.pem {{(pid=88888) log_opt_values /opt/stack/data/venv/lib/python3.12/site-packages/oslo_config/cfg.py:3256}}
May 20 17:44:08.929702 np0000001094 neutron-periodic-workers[88888]: DEBUG cotyledon.oslo_config_glue [-] ovn.ovn_nb_certificate = /opt/stack/data/CA/int-ca/devstack-cert.crt {{(pid=88888) log_opt_values /opt/stack/data/venv/lib/python3.12/site-packages/oslo_config/cfg.py:3256}}
May 20 17:44:08.929769 np0000001094 neutron-periodic-workers[88888]: DEBUG cotyledon.oslo_config_glue [-] ovn.ovn_nb_connection = ['ssl:10.4.3.114:6641'] {{(pid=88888) log_opt_values /opt/stack/data/venv/lib/python3.12/site-packages/oslo_config/cfg.py:3256}}
May 20 17:44:08.929829 np0000001094 neutron-periodic-workers[88888]: DEBUG cotyledon.oslo_config_glue [-] ovn.ovn_nb_private_key = /opt/stack/data/CA/int-ca/private/devstack-cert.key {{(pid=88888) log_opt_values /opt/stack/data/venv/lib/python3.12/site-packages/oslo_config/cfg.py:3256}}
May 20 17:44:08.929884 np0000001094 neutron-periodic-workers[88888]: DEBUG cotyledon.oslo_config_glue [-] ovn.ovn_router_indirect_snat = False {{(pid=88888) log_opt_values /opt/stack/data/venv/lib/python3.12/site-packages/oslo_config/cfg.py:3256}}
May 20 17:44:08.929938 np0000001094 neutron-periodic-workers[88888]: DEBUG cotyledon.oslo_config_glue [-] ovn.ovn_sb_ca_cert = /opt/stack/data/CA/int-ca/ca-chain.pem {{(pid=88888) log_opt_values /opt/stack/data/venv/lib/python3.12/site-packages/oslo_config/cfg.py:3256}}
May 20 17:44:08.929994 np0000001094 neutron-periodic-workers[88888]: DEBUG cotyledon.oslo_config_glue [-] ovn.ovn_sb_certificate = /opt/stack/data/CA/int-ca/devstack-cert.crt {{(pid=88888) log_opt_values /opt/stack/data/venv/lib/python3.12/site-packages/oslo_config/cfg.py:3256}}
May 20 17:44:08.930054 np0000001094 neutron-periodic-workers[88888]: DEBUG cotyledon.oslo_config_glue [-] ovn.ovn_sb_connection = ['ssl:10.4.3.114:6642'] {{(pid=88888) log_opt_values /opt/stack/data/venv/lib/python3.12/site-packages/oslo_config/cfg.py:3256}}
May 20 17:44:08.930114 np0000001094 neutron-periodic-workers[88888]: DEBUG cotyledon.oslo_config_glue [-] ovn.ovn_sb_private_key = /opt/stack/data/CA/int-ca/private/devstack-cert.key {{(pid=88888) log_opt_values /opt/stack/data/venv/lib/python3.12/site-packages/oslo_config/cfg.py:3256}}
May 20 17:44:08.930174 np0000001094 neutron-periodic-workers[88888]: DEBUG cotyledon.oslo_config_glue [-] ovn.ovs_create_tap = False {{(pid=88888) log_opt_values /opt/stack/data/venv/lib/python3.12/site-packages/oslo_config/cfg.py:3256}}
May 20 17:44:08.930234 np0000001094 neutron-periodic-workers[88888]: DEBUG cotyledon.oslo_config_glue [-] ovn.ovsdb_connection_timeout = 180 {{(pid=88888) log_opt_values /opt/stack/data/venv/lib/python3.12/site-packages/oslo_config/cfg.py:3256}}
May 20 17:44:08.930296 np0000001094 neutron-periodic-workers[88888]: DEBUG cotyledon.oslo_config_glue [-] ovn.ovsdb_log_level = INFO {{(pid=88888) log_opt_values /opt/stack/data/venv/lib/python3.12/site-packages/oslo_config/cfg.py:3256}}
May 20 17:44:08.930366 np0000001094 neutron-periodic-workers[88888]: DEBUG cotyledon.oslo_config_glue [-] ovn.ovsdb_probe_interval = 60000 {{(pid=88888) log_opt_values /opt/stack/data/venv/lib/python3.12/site-packages/oslo_config/cfg.py:3256}}
May 20 17:44:08.930425 np0000001094 neutron-periodic-workers[88888]: DEBUG cotyledon.oslo_config_glue [-] ovn.ovsdb_retry_max_interval = 180 {{(pid=88888) log_opt_values /opt/stack/data/venv/lib/python3.12/site-packages/oslo_config/cfg.py:3256}}
May 20 17:44:08.930492 np0000001094 neutron-periodic-workers[88888]: DEBUG cotyledon.oslo_config_glue [-] ovn.stateless_nat_enabled = False {{(pid=88888) log_opt_values /opt/stack/data/venv/lib/python3.12/site-packages/oslo_config/cfg.py:3256}}
May 20 17:44:08.930568 np0000001094 neutron-periodic-workers[88888]: DEBUG cotyledon.oslo_config_glue [-] ovn.vhost_sock_dir = /var/run/openvswitch {{(pid=88888) log_opt_values /opt/stack/data/venv/lib/python3.12/site-packages/oslo_config/cfg.py:3256}}
May 20 17:44:08.930642 np0000001094 neutron-periodic-workers[88888]: DEBUG cotyledon.oslo_config_glue [-] OVS.bridge_mac_table_size = 50000 {{(pid=88888) log_opt_values /opt/stack/data/venv/lib/python3.12/site-packages/oslo_config/cfg.py:3256}}
May 20 17:44:08.930710 np0000001094 neutron-periodic-workers[88888]: DEBUG cotyledon.oslo_config_glue [-] OVS.igmp_flood = False {{(pid=88888) log_opt_values /opt/stack/data/venv/lib/python3.12/site-packages/oslo_config/cfg.py:3256}}
May 20 17:44:08.930777 np0000001094 neutron-periodic-workers[88888]: DEBUG cotyledon.oslo_config_glue [-] OVS.igmp_flood_reports = True {{(pid=88888) log_opt_values /opt/stack/data/venv/lib/python3.12/site-packages/oslo_config/cfg.py:3256}}
May 20 17:44:08.930834 np0000001094 neutron-periodic-workers[88888]: DEBUG cotyledon.oslo_config_glue [-] OVS.igmp_flood_unregistered = False {{(pid=88888) log_opt_values /opt/stack/data/venv/lib/python3.12/site-packages/oslo_config/cfg.py:3256}}
May 20 17:44:08.930900 np0000001094 neutron-periodic-workers[88888]: DEBUG cotyledon.oslo_config_glue [-] OVS.igmp_snooping_enable = False {{(pid=88888) log_opt_values /opt/stack/data/venv/lib/python3.12/site-packages/oslo_config/cfg.py:3256}}
May 20 17:44:08.930958 np0000001094 neutron-periodic-workers[88888]: DEBUG cotyledon.oslo_config_glue [-] OVS.ovsdb_timeout = 10 {{(pid=88888) log_opt_values /opt/stack/data/venv/lib/python3.12/site-packages/oslo_config/cfg.py:3256}}
May 20 17:44:08.931035 np0000001094 neutron-periodic-workers[88888]: DEBUG cotyledon.oslo_config_glue [-] ovn_nb_global.fdb_removal_limit = 0 {{(pid=88888) log_opt_values /opt/stack/data/venv/lib/python3.12/site-packages/oslo_config/cfg.py:3256}}
May 20 17:44:08.931101 np0000001094 neutron-periodic-workers[88888]: DEBUG cotyledon.oslo_config_glue [-] ovn_nb_global.ignore_lsp_down = False {{(pid=88888) log_opt_values /opt/stack/data/venv/lib/python3.12/site-packages/oslo_config/cfg.py:3256}}
May 20 17:44:08.931168 np0000001094 neutron-periodic-workers[88888]: DEBUG cotyledon.oslo_config_glue [-] ovn_nb_global.mac_binding_removal_limit = 0 {{(pid=88888) log_opt_values /opt/stack/data/venv/lib/python3.12/site-packages/oslo_config/cfg.py:3256}}
May 20 17:44:08.931229 np0000001094 neutron-periodic-workers[88888]: DEBUG cotyledon.oslo_config_glue [-] ******************************************************************************** {{(pid=88888) log_opt_values /opt/stack/data/venv/lib/python3.12/site-packages/oslo_config/cfg.py:3263}}
May 20 17:44:08.931419 np0000001094 neutron-periodic-workers[88888]: DEBUG cotyledon._service_worker [-] Run service ServiceWrapper(0) [88888] {{(pid=88888) wait_forever /opt/stack/data/venv/lib/python3.12/site-packages/cotyledon/_service_worker.py:218}}
May 20 17:44:18.598890 np0000001094 neutron-periodic-workers[88044]: DEBUG dbcounter [-] [88044] Writing DB stats neutron:SELECT=4 {{(pid=88044) stat_writer /opt/stack/data/venv/lib/python3.12/site-packages/dbcounter.py:115}}
May 20 17:44:53.924623 np0000001094 neutron-periodic-workers[88859]: DEBUG oslo_db.sqlalchemy.engines [None req-197a5fe9-275a-46e6-991b-ab48610fc6d0 None None] Parent process 88044 forked (88859) with an open database connection, which is being discarded and recreated. {{(pid=88859) checkout /opt/stack/data/venv/lib/python3.12/site-packages/oslo_db/sqlalchemy/engines.py:402}}
May 20 17:44:53.930698 np0000001094 neutron-periodic-workers[88859]: DEBUG dbcounter [-] [88859] Writer thread running {{(pid=88859) stat_writer /opt/stack/data/venv/lib/python3.12/site-packages/dbcounter.py:102}}
May 20 17:44:53.939384 np0000001094 neutron-periodic-workers[88859]: DEBUG oslo.service.backend._threading.loopingcall [None req-197a5fe9-275a-46e6-991b-ab48610fc6d0 None None] Fixed interval looping call 'neutron.plugins.ml2.plugin.DhcpAgentSchedulerDbMixin.remove_networks_from_down_agents' sleeping for 36.98 seconds {{(pid=88859) _run_loop /opt/stack/data/venv/lib/python3.12/site-packages/oslo_service/backend/_threading/loopingcall.py:125}}
May 20 17:45:03.939558 np0000001094 neutron-periodic-workers[88859]: DEBUG dbcounter [-] [88859] Writing DB stats neutron:SELECT=3 {{(pid=88859) stat_writer /opt/stack/data/venv/lib/python3.12/site-packages/dbcounter.py:115}}
May 20 17:45:19.926783 np0000001094 neutron-periodic-workers[88876]: DEBUG dbcounter [-] [88876] Writer thread running {{(pid=88876) stat_writer /opt/stack/data/venv/lib/python3.12/site-packages/dbcounter.py:102}}
May 20 17:45:19.929789 np0000001094 neutron-periodic-workers[88876]: DEBUG neutron.db.agents_db [None req-ffe3b2b1-9ecc-4710-a173-f69c49c8f6fd None None] Agent healthcheck: found 0 active agents {{(pid=88876) agent_health_check /opt/stack/neutron/neutron/db/agents_db.py:322}}
May 20 17:45:19.929985 np0000001094 neutron-periodic-workers[88876]: DEBUG oslo.service.backend._threading.loopingcall [None req-ffe3b2b1-9ecc-4710-a173-f69c49c8f6fd None None] Fixed interval looping call 'neutron.plugins.ml2.plugin.AgentDbMixin.agent_health_check' sleeping for 36.98 seconds {{(pid=88876) _run_loop /opt/stack/data/venv/lib/python3.12/site-packages/oslo_service/backend/_threading/loopingcall.py:125}}
May 20 17:45:29.927130 np0000001094 neutron-periodic-workers[88876]: DEBUG dbcounter [-] [88876] Writing DB stats neutron:SELECT=1 {{(pid=88876) stat_writer /opt/stack/data/venv/lib/python3.12/site-packages/dbcounter.py:115}}
May 20 17:45:30.924878 np0000001094 neutron-periodic-workers[88859]: DEBUG oslo.service.backend._threading.loopingcall [None req-197a5fe9-275a-46e6-991b-ab48610fc6d0 None None] Fixed interval looping call 'neutron.plugins.ml2.plugin.DhcpAgentSchedulerDbMixin.remove_networks_from_down_agents' sleeping for 36.99 seconds {{(pid=88859) _run_loop /opt/stack/data/venv/lib/python3.12/site-packages/oslo_service/backend/_threading/loopingcall.py:125}}
May 20 17:45:40.924207 np0000001094 neutron-periodic-workers[88859]: DEBUG dbcounter [-] [88859] Writing DB stats neutron:SELECT=3 {{(pid=88859) stat_writer /opt/stack/data/venv/lib/python3.12/site-packages/dbcounter.py:115}}
May 20 17:45:56.913301 np0000001094 neutron-periodic-workers[88876]: DEBUG neutron.db.agents_db [None req-ffe3b2b1-9ecc-4710-a173-f69c49c8f6fd None None] Agent healthcheck: found 0 active agents {{(pid=88876) agent_health_check /opt/stack/neutron/neutron/db/agents_db.py:322}}
May 20 17:45:56.913787 np0000001094 neutron-periodic-workers[88876]: DEBUG oslo.service.backend._threading.loopingcall [None req-ffe3b2b1-9ecc-4710-a173-f69c49c8f6fd None None] Fixed interval looping call 'neutron.plugins.ml2.plugin.AgentDbMixin.agent_health_check' sleeping for 37.00 seconds {{(pid=88876) _run_loop /opt/stack/data/venv/lib/python3.12/site-packages/oslo_service/backend/_threading/loopingcall.py:125}}
May 20 17:46:06.912268 np0000001094 neutron-periodic-workers[88876]: DEBUG dbcounter [-] [88876] Writing DB stats neutron:SELECT=1 {{(pid=88876) stat_writer /opt/stack/data/venv/lib/python3.12/site-packages/dbcounter.py:115}}
May 20 17:46:07.920437 np0000001094 neutron-periodic-workers[88859]: DEBUG oslo.service.backend._threading.loopingcall [None req-197a5fe9-275a-46e6-991b-ab48610fc6d0 None None] Fixed interval looping call 'neutron.plugins.ml2.plugin.DhcpAgentSchedulerDbMixin.remove_networks_from_down_agents' sleeping for 36.99 seconds {{(pid=88859) _run_loop /opt/stack/data/venv/lib/python3.12/site-packages/oslo_service/backend/_threading/loopingcall.py:125}}
May 20 17:46:08.942521 np0000001094 neutron-periodic-workers[88888]: DEBUG dbcounter [-] [88888] Writer thread running {{(pid=88888) stat_writer /opt/stack/data/venv/lib/python3.12/site-packages/dbcounter.py:102}}
May 20 17:46:08.944388 np0000001094 neutron-periodic-workers[88888]: DEBUG oslo.service.backend._threading.loopingcall [None req-23170c95-b15d-42c4-8f51-061f45f8fbb1 None None] Fixed interval looping call 'neutron.db.quota.driver_nolock.DbQuotaNoLockDriver._remove_expired_reservations' sleeping for 119.99 seconds {{(pid=88888) _run_loop /opt/stack/data/venv/lib/python3.12/site-packages/oslo_service/backend/_threading/loopingcall.py:125}}
May 20 17:46:17.919861 np0000001094 neutron-periodic-workers[88859]: DEBUG dbcounter [-] [88859] Writing DB stats neutron:SELECT=3 {{(pid=88859) stat_writer /opt/stack/data/venv/lib/python3.12/site-packages/dbcounter.py:115}}
May 20 17:46:18.943824 np0000001094 neutron-periodic-workers[88888]: DEBUG dbcounter [-] [88888] Writing DB stats neutron:DELETE=1 {{(pid=88888) stat_writer /opt/stack/data/venv/lib/python3.12/site-packages/dbcounter.py:115}}
May 20 17:46:33.916681 np0000001094 neutron-periodic-workers[88876]: DEBUG neutron.db.agents_db [None req-ffe3b2b1-9ecc-4710-a173-f69c49c8f6fd None None] Agent healthcheck: found 0 active agents {{(pid=88876) agent_health_check /opt/stack/neutron/neutron/db/agents_db.py:322}}
May 20 17:46:33.917114 np0000001094 neutron-periodic-workers[88876]: DEBUG oslo.service.backend._threading.loopingcall [None req-ffe3b2b1-9ecc-4710-a173-f69c49c8f6fd None None] Fixed interval looping call 'neutron.plugins.ml2.plugin.AgentDbMixin.agent_health_check' sleeping for 37.00 seconds {{(pid=88876) _run_loop /opt/stack/data/venv/lib/python3.12/site-packages/oslo_service/backend/_threading/loopingcall.py:125}}
May 20 17:46:43.915572 np0000001094 neutron-periodic-workers[88876]: DEBUG dbcounter [-] [88876] Writing DB stats neutron:SELECT=1 {{(pid=88876) stat_writer /opt/stack/data/venv/lib/python3.12/site-packages/dbcounter.py:115}}
May 20 17:46:44.927609 np0000001094 neutron-periodic-workers[88859]: DEBUG oslo.service.backend._threading.loopingcall [None req-197a5fe9-275a-46e6-991b-ab48610fc6d0 None None] Fixed interval looping call 'neutron.plugins.ml2.plugin.DhcpAgentSchedulerDbMixin.remove_networks_from_down_agents' sleeping for 36.98 seconds {{(pid=88859) _run_loop /opt/stack/data/venv/lib/python3.12/site-packages/oslo_service/backend/_threading/loopingcall.py:125}}
May 20 17:46:46.905971 np0000001094 neutron-periodic-workers[88855]: DEBUG dbcounter [-] [88855] Writer thread running {{(pid=88855) stat_writer /opt/stack/data/venv/lib/python3.12/site-packages/dbcounter.py:102}}
May 20 17:46:46.916052 np0000001094 neutron-periodic-workers[88855]: DEBUG oslo.service.backend._threading.loopingcall [None req-83d2b98b-1a83-4463-a103-a261c55f9296 None None] Fixed interval looping call 'neutron.services.ovn_l3.plugin.L3_NAT_dbonly_mixin._clean_garbage' sleeping for 299.97 seconds {{(pid=88855) _run_loop /opt/stack/data/venv/lib/python3.12/site-packages/oslo_service/backend/_threading/loopingcall.py:125}}
May 20 17:46:54.925761 np0000001094 neutron-periodic-workers[88859]: DEBUG dbcounter [-] [88859] Writing DB stats neutron:SELECT=3 {{(pid=88859) stat_writer /opt/stack/data/venv/lib/python3.12/site-packages/dbcounter.py:115}}
May 20 17:46:56.906287 np0000001094 neutron-periodic-workers[88855]: DEBUG dbcounter [-] [88855] Writing DB stats neutron:SELECT=1 {{(pid=88855) stat_writer /opt/stack/data/venv/lib/python3.12/site-packages/dbcounter.py:115}}
May 20 17:47:10.919628 np0000001094 neutron-periodic-workers[88876]: DEBUG neutron.db.agents_db [None req-ffe3b2b1-9ecc-4710-a173-f69c49c8f6fd None None] Agent healthcheck: found 0 active agents {{(pid=88876) agent_health_check /opt/stack/neutron/neutron/db/agents_db.py:322}}
May 20 17:47:10.920003 np0000001094 neutron-periodic-workers[88876]: DEBUG oslo.service.backend._threading.loopingcall [None req-ffe3b2b1-9ecc-4710-a173-f69c49c8f6fd None None] Fixed interval looping call 'neutron.plugins.ml2.plugin.AgentDbMixin.agent_health_check' sleeping for 37.00 seconds {{(pid=88876) _run_loop /opt/stack/data/venv/lib/python3.12/site-packages/oslo_service/backend/_threading/loopingcall.py:125}}
May 20 17:47:20.918732 np0000001094 neutron-periodic-workers[88876]: DEBUG dbcounter [-] [88876] Writing DB stats neutron:SELECT=1 {{(pid=88876) stat_writer /opt/stack/data/venv/lib/python3.12/site-packages/dbcounter.py:115}}
May 20 17:47:21.915400 np0000001094 neutron-periodic-workers[88859]: DEBUG oslo.service.backend._threading.loopingcall [None req-197a5fe9-275a-46e6-991b-ab48610fc6d0 None None] Fixed interval looping call 'neutron.plugins.ml2.plugin.DhcpAgentSchedulerDbMixin.remove_networks_from_down_agents' sleeping for 36.99 seconds {{(pid=88859) _run_loop /opt/stack/data/venv/lib/python3.12/site-packages/oslo_service/backend/_threading/loopingcall.py:125}}
May 20 17:47:31.914550 np0000001094 neutron-periodic-workers[88859]: DEBUG dbcounter [-] [88859] Writing DB stats neutron:SELECT=3 {{(pid=88859) stat_writer /opt/stack/data/venv/lib/python3.12/site-packages/dbcounter.py:115}}
May 20 17:47:47.923124 np0000001094 neutron-periodic-workers[88876]: DEBUG neutron.db.agents_db [None req-ffe3b2b1-9ecc-4710-a173-f69c49c8f6fd None None] Agent healthcheck: found 0 active agents {{(pid=88876) agent_health_check /opt/stack/neutron/neutron/db/agents_db.py:322}}
May 20 17:47:47.923569 np0000001094 neutron-periodic-workers[88876]: DEBUG oslo.service.backend._threading.loopingcall [None req-ffe3b2b1-9ecc-4710-a173-f69c49c8f6fd None None] Fixed interval looping call 'neutron.plugins.ml2.plugin.AgentDbMixin.agent_health_check' sleeping for 37.00 seconds {{(pid=88876) _run_loop /opt/stack/data/venv/lib/python3.12/site-packages/oslo_service/backend/_threading/loopingcall.py:125}}
May 20 17:47:57.922172 np0000001094 neutron-periodic-workers[88876]: DEBUG dbcounter [-] [88876] Writing DB stats neutron:SELECT=1 {{(pid=88876) stat_writer /opt/stack/data/venv/lib/python3.12/site-packages/dbcounter.py:115}}
May 20 17:47:58.912415 np0000001094 neutron-periodic-workers[88859]: DEBUG oslo.service.backend._threading.loopingcall [None req-197a5fe9-275a-46e6-991b-ab48610fc6d0 None None] Fixed interval looping call 'neutron.plugins.ml2.plugin.DhcpAgentSchedulerDbMixin.remove_networks_from_down_agents' sleeping for 36.99 seconds {{(pid=88859) _run_loop /opt/stack/data/venv/lib/python3.12/site-packages/oslo_service/backend/_threading/loopingcall.py:125}}
May 20 17:48:08.911509 np0000001094 neutron-periodic-workers[88859]: DEBUG dbcounter [-] [88859] Writing DB stats neutron:SELECT=3 {{(pid=88859) stat_writer /opt/stack/data/venv/lib/python3.12/site-packages/dbcounter.py:115}}
May 20 17:48:08.941703 np0000001094 neutron-periodic-workers[88888]: DEBUG oslo.service.backend._threading.loopingcall [None req-23170c95-b15d-42c4-8f51-061f45f8fbb1 None None] Fixed interval looping call 'neutron.db.quota.driver_nolock.DbQuotaNoLockDriver._remove_expired_reservations' sleeping for 119.99 seconds {{(pid=88888) _run_loop /opt/stack/data/venv/lib/python3.12/site-packages/oslo_service/backend/_threading/loopingcall.py:125}}
May 20 17:48:18.941108 np0000001094 neutron-periodic-workers[88888]: DEBUG dbcounter [-] [88888] Writing DB stats neutron:DELETE=1 {{(pid=88888) stat_writer /opt/stack/data/venv/lib/python3.12/site-packages/dbcounter.py:115}}
May 20 17:48:24.930496 np0000001094 neutron-periodic-workers[88876]: DEBUG neutron.db.agents_db [None req-ffe3b2b1-9ecc-4710-a173-f69c49c8f6fd None None] Agent healthcheck: found 0 active agents {{(pid=88876) agent_health_check /opt/stack/neutron/neutron/db/agents_db.py:322}}
May 20 17:48:24.932169 np0000001094 neutron-periodic-workers[88876]: DEBUG oslo.service.backend._threading.loopingcall [None req-ffe3b2b1-9ecc-4710-a173-f69c49c8f6fd None None] Fixed interval looping call 'neutron.plugins.ml2.plugin.AgentDbMixin.agent_health_check' sleeping for 36.99 seconds {{(pid=88876) _run_loop /opt/stack/data/venv/lib/python3.12/site-packages/oslo_service/backend/_threading/loopingcall.py:125}}
May 20 17:48:34.929906 np0000001094 neutron-periodic-workers[88876]: DEBUG dbcounter [-] [88876] Writing DB stats neutron:SELECT=1 {{(pid=88876) stat_writer /opt/stack/data/venv/lib/python3.12/site-packages/dbcounter.py:115}}
May 20 17:48:35.910258 np0000001094 neutron-periodic-workers[88859]: DEBUG oslo.service.backend._threading.loopingcall [None req-197a5fe9-275a-46e6-991b-ab48610fc6d0 None None] Fixed interval looping call 'neutron.plugins.ml2.plugin.DhcpAgentSchedulerDbMixin.remove_networks_from_down_agents' sleeping for 36.99 seconds {{(pid=88859) _run_loop /opt/stack/data/venv/lib/python3.12/site-packages/oslo_service/backend/_threading/loopingcall.py:125}}
May 20 17:48:45.909337 np0000001094 neutron-periodic-workers[88859]: DEBUG dbcounter [-] [88859] Writing DB stats neutron:SELECT=3 {{(pid=88859) stat_writer /opt/stack/data/venv/lib/python3.12/site-packages/dbcounter.py:115}}
May 20 17:49:01.927162 np0000001094 neutron-periodic-workers[88876]: DEBUG neutron.db.agents_db [None req-ffe3b2b1-9ecc-4710-a173-f69c49c8f6fd None None] Agent healthcheck: found 0 active agents {{(pid=88876) agent_health_check /opt/stack/neutron/neutron/db/agents_db.py:322}}
May 20 17:49:01.927162 np0000001094 neutron-periodic-workers[88876]: DEBUG oslo.service.backend._threading.loopingcall [None req-ffe3b2b1-9ecc-4710-a173-f69c49c8f6fd None None] Fixed interval looping call 'neutron.plugins.ml2.plugin.AgentDbMixin.agent_health_check' sleeping for 37.00 seconds {{(pid=88876) _run_loop /opt/stack/data/venv/lib/python3.12/site-packages/oslo_service/backend/_threading/loopingcall.py:125}}
May 20 17:49:11.926710 np0000001094 neutron-periodic-workers[88876]: DEBUG dbcounter [-] [88876] Writing DB stats neutron:SELECT=1 {{(pid=88876) stat_writer /opt/stack/data/venv/lib/python3.12/site-packages/dbcounter.py:115}}
May 20 17:49:12.908344 np0000001094 neutron-periodic-workers[88859]: DEBUG oslo.service.backend._threading.loopingcall [None req-197a5fe9-275a-46e6-991b-ab48610fc6d0 None None] Fixed interval looping call 'neutron.plugins.ml2.plugin.DhcpAgentSchedulerDbMixin.remove_networks_from_down_agents' sleeping for 36.99 seconds {{(pid=88859) _run_loop /opt/stack/data/venv/lib/python3.12/site-packages/oslo_service/backend/_threading/loopingcall.py:125}}
May 20 17:49:22.907571 np0000001094 neutron-periodic-workers[88859]: DEBUG dbcounter [-] [88859] Writing DB stats neutron:SELECT=3 {{(pid=88859) stat_writer /opt/stack/data/venv/lib/python3.12/site-packages/dbcounter.py:115}}
May 20 17:49:38.929607 np0000001094 neutron-periodic-workers[88876]: DEBUG neutron.db.agents_db [None req-ffe3b2b1-9ecc-4710-a173-f69c49c8f6fd None None] Agent healthcheck: found 0 active agents {{(pid=88876) agent_health_check /opt/stack/neutron/neutron/db/agents_db.py:322}}
May 20 17:49:38.929971 np0000001094 neutron-periodic-workers[88876]: DEBUG oslo.service.backend._threading.loopingcall [None req-ffe3b2b1-9ecc-4710-a173-f69c49c8f6fd None None] Fixed interval looping call 'neutron.plugins.ml2.plugin.AgentDbMixin.agent_health_check' sleeping for 37.00 seconds {{(pid=88876) _run_loop /opt/stack/data/venv/lib/python3.12/site-packages/oslo_service/backend/_threading/loopingcall.py:125}}
May 20 17:49:48.928748 np0000001094 neutron-periodic-workers[88876]: DEBUG dbcounter [-] [88876] Writing DB stats neutron:SELECT=1 {{(pid=88876) stat_writer /opt/stack/data/venv/lib/python3.12/site-packages/dbcounter.py:115}}
May 20 17:49:49.908724 np0000001094 neutron-periodic-workers[88859]: DEBUG oslo.service.backend._threading.loopingcall [None req-197a5fe9-275a-46e6-991b-ab48610fc6d0 None None] Fixed interval looping call 'neutron.plugins.ml2.plugin.DhcpAgentSchedulerDbMixin.remove_networks_from_down_agents' sleeping for 36.99 seconds {{(pid=88859) _run_loop /opt/stack/data/venv/lib/python3.12/site-packages/oslo_service/backend/_threading/loopingcall.py:125}}
May 20 17:49:59.906469 np0000001094 neutron-periodic-workers[88859]: DEBUG dbcounter [-] [88859] Writing DB stats neutron:SELECT=3 {{(pid=88859) stat_writer /opt/stack/data/venv/lib/python3.12/site-packages/dbcounter.py:115}}
May 20 17:50:08.938615 np0000001094 neutron-periodic-workers[88888]: DEBUG oslo.service.backend._threading.loopingcall [None req-23170c95-b15d-42c4-8f51-061f45f8fbb1 None None] Fixed interval looping call 'neutron.db.quota.driver_nolock.DbQuotaNoLockDriver._remove_expired_reservations' sleeping for 120.00 seconds {{(pid=88888) _run_loop /opt/stack/data/venv/lib/python3.12/site-packages/oslo_service/backend/_threading/loopingcall.py:125}}
May 20 17:50:15.933180 np0000001094 neutron-periodic-workers[88876]: DEBUG neutron.db.agents_db [None req-ffe3b2b1-9ecc-4710-a173-f69c49c8f6fd None None] Agent healthcheck: found 0 active agents {{(pid=88876) agent_health_check /opt/stack/neutron/neutron/db/agents_db.py:322}}
May 20 17:50:15.933180 np0000001094 neutron-periodic-workers[88876]: DEBUG oslo.service.backend._threading.loopingcall [None req-ffe3b2b1-9ecc-4710-a173-f69c49c8f6fd None None] Fixed interval looping call 'neutron.plugins.ml2.plugin.AgentDbMixin.agent_health_check' sleeping for 37.00 seconds {{(pid=88876) _run_loop /opt/stack/data/venv/lib/python3.12/site-packages/oslo_service/backend/_threading/loopingcall.py:125}}
May 20 17:50:18.937208 np0000001094 neutron-periodic-workers[88888]: DEBUG dbcounter [-] [88888] Writing DB stats neutron:DELETE=1 {{(pid=88888) stat_writer /opt/stack/data/venv/lib/python3.12/site-packages/dbcounter.py:115}}
May 20 17:50:25.931769 np0000001094 neutron-periodic-workers[88876]: DEBUG dbcounter [-] [88876] Writing DB stats neutron:SELECT=1 {{(pid=88876) stat_writer /opt/stack/data/venv/lib/python3.12/site-packages/dbcounter.py:115}}
May 20 17:50:26.903961 np0000001094 neutron-periodic-workers[88859]: DEBUG oslo.service.backend._threading.loopingcall [None req-197a5fe9-275a-46e6-991b-ab48610fc6d0 None None] Fixed interval looping call 'neutron.plugins.ml2.plugin.DhcpAgentSchedulerDbMixin.remove_networks_from_down_agents' sleeping for 36.99 seconds {{(pid=88859) _run_loop /opt/stack/data/venv/lib/python3.12/site-packages/oslo_service/backend/_threading/loopingcall.py:125}}
May 20 17:50:36.903172 np0000001094 neutron-periodic-workers[88859]: DEBUG dbcounter [-] [88859] Writing DB stats neutron:SELECT=3 {{(pid=88859) stat_writer /opt/stack/data/venv/lib/python3.12/site-packages/dbcounter.py:115}}
May 20 17:50:52.948052 np0000001094 neutron-periodic-workers[88876]: DEBUG neutron.db.agents_db [None req-ffe3b2b1-9ecc-4710-a173-f69c49c8f6fd None None] Agent healthcheck: found 0 active agents {{(pid=88876) agent_health_check /opt/stack/neutron/neutron/db/agents_db.py:322}}
May 20 17:50:52.948052 np0000001094 neutron-periodic-workers[88876]: DEBUG oslo.service.backend._threading.loopingcall [None req-ffe3b2b1-9ecc-4710-a173-f69c49c8f6fd None None] Fixed interval looping call 'neutron.plugins.ml2.plugin.AgentDbMixin.agent_health_check' sleeping for 36.99 seconds {{(pid=88876) _run_loop /opt/stack/data/venv/lib/python3.12/site-packages/oslo_service/backend/_threading/loopingcall.py:125}}
May 20 17:51:02.940504 np0000001094 neutron-periodic-workers[88876]: DEBUG dbcounter [-] [88876] Writing DB stats neutron:SELECT=1 {{(pid=88876) stat_writer /opt/stack/data/venv/lib/python3.12/site-packages/dbcounter.py:115}}
May 20 17:51:03.905162 np0000001094 neutron-periodic-workers[88859]: DEBUG oslo.service.backend._threading.loopingcall [None req-197a5fe9-275a-46e6-991b-ab48610fc6d0 None None] Fixed interval looping call 'neutron.plugins.ml2.plugin.DhcpAgentSchedulerDbMixin.remove_networks_from_down_agents' sleeping for 36.99 seconds {{(pid=88859) _run_loop /opt/stack/data/venv/lib/python3.12/site-packages/oslo_service/backend/_threading/loopingcall.py:125}}
May 20 17:51:13.903892 np0000001094 neutron-periodic-workers[88859]: DEBUG dbcounter [-] [88859] Writing DB stats neutron:SELECT=3 {{(pid=88859) stat_writer /opt/stack/data/venv/lib/python3.12/site-packages/dbcounter.py:115}}
May 20 17:51:29.944598 np0000001094 neutron-periodic-workers[88876]: DEBUG neutron.db.agents_db [None req-ffe3b2b1-9ecc-4710-a173-f69c49c8f6fd None None] Agent healthcheck: found 0 active agents {{(pid=88876) agent_health_check /opt/stack/neutron/neutron/db/agents_db.py:322}}
May 20 17:51:29.945040 np0000001094 neutron-periodic-workers[88876]: DEBUG oslo.service.backend._threading.loopingcall [None req-ffe3b2b1-9ecc-4710-a173-f69c49c8f6fd None None] Fixed interval looping call 'neutron.plugins.ml2.plugin.AgentDbMixin.agent_health_check' sleeping for 36.99 seconds {{(pid=88876) _run_loop /opt/stack/data/venv/lib/python3.12/site-packages/oslo_service/backend/_threading/loopingcall.py:125}}
May 20 17:51:39.941184 np0000001094 neutron-periodic-workers[88876]: DEBUG dbcounter [-] [88876] Writing DB stats neutron:SELECT=1 {{(pid=88876) stat_writer /opt/stack/data/venv/lib/python3.12/site-packages/dbcounter.py:115}}
May 20 17:51:40.905016 np0000001094 neutron-periodic-workers[88859]: DEBUG oslo.service.backend._threading.loopingcall [None req-197a5fe9-275a-46e6-991b-ab48610fc6d0 None None] Fixed interval looping call 'neutron.plugins.ml2.plugin.DhcpAgentSchedulerDbMixin.remove_networks_from_down_agents' sleeping for 36.99 seconds {{(pid=88859) _run_loop /opt/stack/data/venv/lib/python3.12/site-packages/oslo_service/backend/_threading/loopingcall.py:125}}
May 20 17:51:46.895825 np0000001094 neutron-periodic-workers[88855]: DEBUG oslo.service.backend._threading.loopingcall [None req-83d2b98b-1a83-4463-a103-a261c55f9296 None None] Fixed interval looping call 'neutron.services.ovn_l3.plugin.L3_NAT_dbonly_mixin._clean_garbage' sleeping for 299.99 seconds {{(pid=88855) _run_loop /opt/stack/data/venv/lib/python3.12/site-packages/oslo_service/backend/_threading/loopingcall.py:125}}
May 20 17:51:50.904362 np0000001094 neutron-periodic-workers[88859]: DEBUG dbcounter [-] [88859] Writing DB stats neutron:SELECT=3 {{(pid=88859) stat_writer /opt/stack/data/venv/lib/python3.12/site-packages/dbcounter.py:115}}
May 20 17:51:56.889804 np0000001094 neutron-periodic-workers[88855]: DEBUG dbcounter [-] [88855] Writing DB stats neutron:SELECT=1 {{(pid=88855) stat_writer /opt/stack/data/venv/lib/python3.12/site-packages/dbcounter.py:115}}
May 20 17:52:06.939738 np0000001094 neutron-periodic-workers[88876]: DEBUG neutron.db.agents_db [None req-ffe3b2b1-9ecc-4710-a173-f69c49c8f6fd None None] Agent healthcheck: found 0 active agents {{(pid=88876) agent_health_check /opt/stack/neutron/neutron/db/agents_db.py:322}}
May 20 17:52:06.939738 np0000001094 neutron-periodic-workers[88876]: DEBUG oslo.service.backend._threading.loopingcall [None req-ffe3b2b1-9ecc-4710-a173-f69c49c8f6fd None None] Fixed interval looping call 'neutron.plugins.ml2.plugin.AgentDbMixin.agent_health_check' sleeping for 37.00 seconds {{(pid=88876) _run_loop /opt/stack/data/venv/lib/python3.12/site-packages/oslo_service/backend/_threading/loopingcall.py:125}}
May 20 17:52:08.942286 np0000001094 neutron-periodic-workers[88888]: DEBUG oslo.service.backend._threading.loopingcall [None req-23170c95-b15d-42c4-8f51-061f45f8fbb1 None None] Fixed interval looping call 'neutron.db.quota.driver_nolock.DbQuotaNoLockDriver._remove_expired_reservations' sleeping for 120.00 seconds {{(pid=88888) _run_loop /opt/stack/data/venv/lib/python3.12/site-packages/oslo_service/backend/_threading/loopingcall.py:125}}
May 20 17:52:16.938975 np0000001094 neutron-periodic-workers[88876]: DEBUG dbcounter [-] [88876] Writing DB stats neutron:SELECT=1 {{(pid=88876) stat_writer /opt/stack/data/venv/lib/python3.12/site-packages/dbcounter.py:115}}
May 20 17:52:17.901583 np0000001094 neutron-periodic-workers[88859]: DEBUG oslo.service.backend._threading.loopingcall [None req-197a5fe9-275a-46e6-991b-ab48610fc6d0 None None] Fixed interval looping call 'neutron.plugins.ml2.plugin.DhcpAgentSchedulerDbMixin.remove_networks_from_down_agents' sleeping for 36.99 seconds {{(pid=88859) _run_loop /opt/stack/data/venv/lib/python3.12/site-packages/oslo_service/backend/_threading/loopingcall.py:125}}
May 20 17:52:18.944246 np0000001094 neutron-periodic-workers[88888]: DEBUG dbcounter [-] [88888] Writing DB stats neutron:DELETE=1 {{(pid=88888) stat_writer /opt/stack/data/venv/lib/python3.12/site-packages/dbcounter.py:115}}
May 20 17:52:27.900761 np0000001094 neutron-periodic-workers[88859]: DEBUG dbcounter [-] [88859] Writing DB stats neutron:SELECT=3 {{(pid=88859) stat_writer /opt/stack/data/venv/lib/python3.12/site-packages/dbcounter.py:115}}
May 20 17:52:43.944617 np0000001094 neutron-periodic-workers[88876]: DEBUG neutron.db.agents_db [None req-ffe3b2b1-9ecc-4710-a173-f69c49c8f6fd None None] Agent healthcheck: found 0 active agents {{(pid=88876) agent_health_check /opt/stack/neutron/neutron/db/agents_db.py:322}}
May 20 17:52:43.945131 np0000001094 neutron-periodic-workers[88876]: DEBUG oslo.service.backend._threading.loopingcall [None req-ffe3b2b1-9ecc-4710-a173-f69c49c8f6fd None None] Fixed interval looping call 'neutron.plugins.ml2.plugin.AgentDbMixin.agent_health_check' sleeping for 37.00 seconds {{(pid=88876) _run_loop /opt/stack/data/venv/lib/python3.12/site-packages/oslo_service/backend/_threading/loopingcall.py:125}}
May 20 17:52:53.943944 np0000001094 neutron-periodic-workers[88876]: DEBUG dbcounter [-] [88876] Writing DB stats neutron:SELECT=1 {{(pid=88876) stat_writer /opt/stack/data/venv/lib/python3.12/site-packages/dbcounter.py:115}}
May 20 17:52:54.912588 np0000001094 neutron-periodic-workers[88859]: DEBUG oslo.service.backend._threading.loopingcall [None req-197a5fe9-275a-46e6-991b-ab48610fc6d0 None None] Fixed interval looping call 'neutron.plugins.ml2.plugin.DhcpAgentSchedulerDbMixin.remove_networks_from_down_agents' sleeping for 36.98 seconds {{(pid=88859) _run_loop /opt/stack/data/venv/lib/python3.12/site-packages/oslo_service/backend/_threading/loopingcall.py:125}}
May 20 17:53:04.911290 np0000001094 neutron-periodic-workers[88859]: DEBUG dbcounter [-] [88859] Writing DB stats neutron:SELECT=3 {{(pid=88859) stat_writer /opt/stack/data/venv/lib/python3.12/site-packages/dbcounter.py:115}}
May 20 17:53:20.948263 np0000001094 neutron-periodic-workers[88876]: DEBUG neutron.db.agents_db [None req-ffe3b2b1-9ecc-4710-a173-f69c49c8f6fd None None] Agent healthcheck: found 0 active agents {{(pid=88876) agent_health_check /opt/stack/neutron/neutron/db/agents_db.py:322}}
May 20 17:53:20.948717 np0000001094 neutron-periodic-workers[88876]: DEBUG oslo.service.backend._threading.loopingcall [None req-ffe3b2b1-9ecc-4710-a173-f69c49c8f6fd None None] Fixed interval looping call 'neutron.plugins.ml2.plugin.AgentDbMixin.agent_health_check' sleeping for 37.00 seconds {{(pid=88876) _run_loop /opt/stack/data/venv/lib/python3.12/site-packages/oslo_service/backend/_threading/loopingcall.py:125}}
May 20 17:53:30.946847 np0000001094 neutron-periodic-workers[88876]: DEBUG dbcounter [-] [88876] Writing DB stats neutron:SELECT=1 {{(pid=88876) stat_writer /opt/stack/data/venv/lib/python3.12/site-packages/dbcounter.py:115}}
May 20 17:53:31.902480 np0000001094 neutron-periodic-workers[88859]: DEBUG oslo.service.backend._threading.loopingcall [None req-197a5fe9-275a-46e6-991b-ab48610fc6d0 None None] Fixed interval looping call 'neutron.plugins.ml2.plugin.DhcpAgentSchedulerDbMixin.remove_networks_from_down_agents' sleeping for 36.99 seconds {{(pid=88859) _run_loop /opt/stack/data/venv/lib/python3.12/site-packages/oslo_service/backend/_threading/loopingcall.py:125}}
May 20 17:53:41.900967 np0000001094 neutron-periodic-workers[88859]: DEBUG dbcounter [-] [88859] Writing DB stats neutron:SELECT=3 {{(pid=88859) stat_writer /opt/stack/data/venv/lib/python3.12/site-packages/dbcounter.py:115}}
May 20 17:53:57.953124 np0000001094 neutron-periodic-workers[88876]: DEBUG neutron.db.agents_db [None req-ffe3b2b1-9ecc-4710-a173-f69c49c8f6fd None None] Agent healthcheck: found 0 active agents {{(pid=88876) agent_health_check /opt/stack/neutron/neutron/db/agents_db.py:322}}
May 20 17:53:57.953559 np0000001094 neutron-periodic-workers[88876]: DEBUG oslo.service.backend._threading.loopingcall [None req-ffe3b2b1-9ecc-4710-a173-f69c49c8f6fd None None] Fixed interval looping call 'neutron.plugins.ml2.plugin.AgentDbMixin.agent_health_check' sleeping for 37.00 seconds {{(pid=88876) _run_loop /opt/stack/data/venv/lib/python3.12/site-packages/oslo_service/backend/_threading/loopingcall.py:125}}
May 20 17:54:07.951574 np0000001094 neutron-periodic-workers[88876]: DEBUG dbcounter [-] [88876] Writing DB stats neutron:SELECT=1 {{(pid=88876) stat_writer /opt/stack/data/venv/lib/python3.12/site-packages/dbcounter.py:115}}
May 20 17:54:08.906156 np0000001094 neutron-periodic-workers[88859]: DEBUG oslo.service.backend._threading.loopingcall [None req-197a5fe9-275a-46e6-991b-ab48610fc6d0 None None] Fixed interval looping call 'neutron.plugins.ml2.plugin.DhcpAgentSchedulerDbMixin.remove_networks_from_down_agents' sleeping for 36.98 seconds {{(pid=88859) _run_loop /opt/stack/data/venv/lib/python3.12/site-packages/oslo_service/backend/_threading/loopingcall.py:125}}
May 20 17:54:08.948561 np0000001094 neutron-periodic-workers[88888]: DEBUG oslo.service.backend._threading.loopingcall [None req-23170c95-b15d-42c4-8f51-061f45f8fbb1 None None] Fixed interval looping call 'neutron.db.quota.driver_nolock.DbQuotaNoLockDriver._remove_expired_reservations' sleeping for 119.99 seconds {{(pid=88888) _run_loop /opt/stack/data/venv/lib/python3.12/site-packages/oslo_service/backend/_threading/loopingcall.py:125}}
May 20 17:54:18.903811 np0000001094 neutron-periodic-workers[88859]: DEBUG dbcounter [-] [88859] Writing DB stats neutron:SELECT=3 {{(pid=88859) stat_writer /opt/stack/data/venv/lib/python3.12/site-packages/dbcounter.py:115}}
May 20 17:54:18.947953 np0000001094 neutron-periodic-workers[88888]: DEBUG dbcounter [-] [88888] Writing DB stats neutron:DELETE=1 {{(pid=88888) stat_writer /opt/stack/data/venv/lib/python3.12/site-packages/dbcounter.py:115}}
May 20 17:54:34.959286 np0000001094 neutron-periodic-workers[88876]: DEBUG neutron.db.agents_db [None req-ffe3b2b1-9ecc-4710-a173-f69c49c8f6fd None None] Agent healthcheck: found 0 active agents {{(pid=88876) agent_health_check /opt/stack/neutron/neutron/db/agents_db.py:322}}
May 20 17:54:34.959804 np0000001094 neutron-periodic-workers[88876]: DEBUG oslo.service.backend._threading.loopingcall [None req-ffe3b2b1-9ecc-4710-a173-f69c49c8f6fd None None] Fixed interval looping call 'neutron.plugins.ml2.plugin.AgentDbMixin.agent_health_check' sleeping for 36.99 seconds {{(pid=88876) _run_loop /opt/stack/data/venv/lib/python3.12/site-packages/oslo_service/backend/_threading/loopingcall.py:125}}
May 20 17:54:44.958002 np0000001094 neutron-periodic-workers[88876]: DEBUG dbcounter [-] [88876] Writing DB stats neutron:SELECT=1 {{(pid=88876) stat_writer /opt/stack/data/venv/lib/python3.12/site-packages/dbcounter.py:115}}
May 20 17:54:45.896322 np0000001094 neutron-periodic-workers[88859]: DEBUG oslo.service.backend._threading.loopingcall [None req-197a5fe9-275a-46e6-991b-ab48610fc6d0 None None] Fixed interval looping call 'neutron.plugins.ml2.plugin.DhcpAgentSchedulerDbMixin.remove_networks_from_down_agents' sleeping for 36.99 seconds {{(pid=88859) _run_loop /opt/stack/data/venv/lib/python3.12/site-packages/oslo_service/backend/_threading/loopingcall.py:125}}
May 20 17:54:55.894128 np0000001094 neutron-periodic-workers[88859]: DEBUG dbcounter [-] [88859] Writing DB stats neutron:SELECT=3 {{(pid=88859) stat_writer /opt/stack/data/venv/lib/python3.12/site-packages/dbcounter.py:115}}
May 20 17:55:11.956752 np0000001094 neutron-periodic-workers[88876]: DEBUG neutron.db.agents_db [None req-ffe3b2b1-9ecc-4710-a173-f69c49c8f6fd None None] Agent healthcheck: found 0 active agents {{(pid=88876) agent_health_check /opt/stack/neutron/neutron/db/agents_db.py:322}}
May 20 17:55:11.957133 np0000001094 neutron-periodic-workers[88876]: DEBUG oslo.service.backend._threading.loopingcall [None req-ffe3b2b1-9ecc-4710-a173-f69c49c8f6fd None None] Fixed interval looping call 'neutron.plugins.ml2.plugin.AgentDbMixin.agent_health_check' sleeping for 36.99 seconds {{(pid=88876) _run_loop /opt/stack/data/venv/lib/python3.12/site-packages/oslo_service/backend/_threading/loopingcall.py:125}}
May 20 17:55:21.956452 np0000001094 neutron-periodic-workers[88876]: DEBUG dbcounter [-] [88876] Writing DB stats neutron:SELECT=1 {{(pid=88876) stat_writer /opt/stack/data/venv/lib/python3.12/site-packages/dbcounter.py:115}}
May 20 17:55:22.892895 np0000001094 neutron-periodic-workers[88859]: DEBUG oslo.service.backend._threading.loopingcall [None req-197a5fe9-275a-46e6-991b-ab48610fc6d0 None None] Fixed interval looping call 'neutron.plugins.ml2.plugin.DhcpAgentSchedulerDbMixin.remove_networks_from_down_agents' sleeping for 36.99 seconds {{(pid=88859) _run_loop /opt/stack/data/venv/lib/python3.12/site-packages/oslo_service/backend/_threading/loopingcall.py:125}}
May 20 17:55:32.892358 np0000001094 neutron-periodic-workers[88859]: DEBUG dbcounter [-] [88859] Writing DB stats neutron:SELECT=3 {{(pid=88859) stat_writer /opt/stack/data/venv/lib/python3.12/site-packages/dbcounter.py:115}}
May 20 17:55:48.950922 np0000001094 neutron-periodic-workers[88876]: DEBUG neutron.db.agents_db [None req-ffe3b2b1-9ecc-4710-a173-f69c49c8f6fd None None] Agent healthcheck: found 0 active agents {{(pid=88876) agent_health_check /opt/stack/neutron/neutron/db/agents_db.py:322}}
May 20 17:55:48.951713 np0000001094 neutron-periodic-workers[88876]: DEBUG oslo.service.backend._threading.loopingcall [None req-ffe3b2b1-9ecc-4710-a173-f69c49c8f6fd None None] Fixed interval looping call 'neutron.plugins.ml2.plugin.AgentDbMixin.agent_health_check' sleeping for 37.00 seconds {{(pid=88876) _run_loop /opt/stack/data/venv/lib/python3.12/site-packages/oslo_service/backend/_threading/loopingcall.py:125}}
May 20 17:55:58.950956 np0000001094 neutron-periodic-workers[88876]: DEBUG dbcounter [-] [88876] Writing DB stats neutron:SELECT=1 {{(pid=88876) stat_writer /opt/stack/data/venv/lib/python3.12/site-packages/dbcounter.py:115}}
May 20 17:55:59.894994 np0000001094 neutron-periodic-workers[88859]: DEBUG oslo.service.backend._threading.loopingcall [None req-197a5fe9-275a-46e6-991b-ab48610fc6d0 None None] Fixed interval looping call 'neutron.plugins.ml2.plugin.DhcpAgentSchedulerDbMixin.remove_networks_from_down_agents' sleeping for 36.99 seconds {{(pid=88859) _run_loop /opt/stack/data/venv/lib/python3.12/site-packages/oslo_service/backend/_threading/loopingcall.py:125}}
May 20 17:56:08.947264 np0000001094 neutron-periodic-workers[88888]: DEBUG oslo.service.backend._threading.loopingcall [None req-23170c95-b15d-42c4-8f51-061f45f8fbb1 None None] Fixed interval looping call 'neutron.db.quota.driver_nolock.DbQuotaNoLockDriver._remove_expired_reservations' sleeping for 119.99 seconds {{(pid=88888) _run_loop /opt/stack/data/venv/lib/python3.12/site-packages/oslo_service/backend/_threading/loopingcall.py:125}}
May 20 17:56:09.893189 np0000001094 neutron-periodic-workers[88859]: DEBUG dbcounter [-] [88859] Writing DB stats neutron:SELECT=3 {{(pid=88859) stat_writer /opt/stack/data/venv/lib/python3.12/site-packages/dbcounter.py:115}}
May 20 17:56:18.947864 np0000001094 neutron-periodic-workers[88888]: DEBUG dbcounter [-] [88888] Writing DB stats neutron:DELETE=1 {{(pid=88888) stat_writer /opt/stack/data/venv/lib/python3.12/site-packages/dbcounter.py:115}}
May 20 17:56:25.964867 np0000001094 neutron-periodic-workers[88876]: DEBUG neutron.db.agents_db [None req-ffe3b2b1-9ecc-4710-a173-f69c49c8f6fd None None] Agent healthcheck: found 0 active agents {{(pid=88876) agent_health_check /opt/stack/neutron/neutron/db/agents_db.py:322}}
May 20 17:56:25.965293 np0000001094 neutron-periodic-workers[88876]: DEBUG oslo.service.backend._threading.loopingcall [None req-ffe3b2b1-9ecc-4710-a173-f69c49c8f6fd None None] Fixed interval looping call 'neutron.plugins.ml2.plugin.AgentDbMixin.agent_health_check' sleeping for 36.99 seconds {{(pid=88876) _run_loop /opt/stack/data/venv/lib/python3.12/site-packages/oslo_service/backend/_threading/loopingcall.py:125}}
May 20 17:56:35.959169 np0000001094 neutron-periodic-workers[88876]: DEBUG dbcounter [-] [88876] Writing DB stats neutron:SELECT=1 {{(pid=88876) stat_writer /opt/stack/data/venv/lib/python3.12/site-packages/dbcounter.py:115}}
May 20 17:56:36.891971 np0000001094 neutron-periodic-workers[88859]: DEBUG oslo.service.backend._threading.loopingcall [None req-197a5fe9-275a-46e6-991b-ab48610fc6d0 None None] Fixed interval looping call 'neutron.plugins.ml2.plugin.DhcpAgentSchedulerDbMixin.remove_networks_from_down_agents' sleeping for 36.99 seconds {{(pid=88859) _run_loop /opt/stack/data/venv/lib/python3.12/site-packages/oslo_service/backend/_threading/loopingcall.py:125}}
May 20 17:56:46.890258 np0000001094 neutron-periodic-workers[88859]: DEBUG dbcounter [-] [88859] Writing DB stats neutron:SELECT=3 {{(pid=88859) stat_writer /opt/stack/data/venv/lib/python3.12/site-packages/dbcounter.py:115}}
May 20 17:56:46.893335 np0000001094 neutron-periodic-workers[88855]: DEBUG oslo.service.backend._threading.loopingcall [None req-83d2b98b-1a83-4463-a103-a261c55f9296 None None] Fixed interval looping call 'neutron.services.ovn_l3.plugin.L3_NAT_dbonly_mixin._clean_garbage' sleeping for 299.99 seconds {{(pid=88855) _run_loop /opt/stack/data/venv/lib/python3.12/site-packages/oslo_service/backend/_threading/loopingcall.py:125}}
May 20 17:56:56.889786 np0000001094 neutron-periodic-workers[88855]: DEBUG dbcounter [-] [88855] Writing DB stats neutron:SELECT=1 {{(pid=88855) stat_writer /opt/stack/data/venv/lib/python3.12/site-packages/dbcounter.py:115}}
May 20 17:57:02.959596 np0000001094 neutron-periodic-workers[88876]: DEBUG neutron.db.agents_db [None req-ffe3b2b1-9ecc-4710-a173-f69c49c8f6fd None None] Agent healthcheck: found 0 active agents {{(pid=88876) agent_health_check /opt/stack/neutron/neutron/db/agents_db.py:322}}
May 20 17:57:02.960047 np0000001094 neutron-periodic-workers[88876]: DEBUG oslo.service.backend._threading.loopingcall [None req-ffe3b2b1-9ecc-4710-a173-f69c49c8f6fd None None] Fixed interval looping call 'neutron.plugins.ml2.plugin.AgentDbMixin.agent_health_check' sleeping for 37.00 seconds {{(pid=88876) _run_loop /opt/stack/data/venv/lib/python3.12/site-packages/oslo_service/backend/_threading/loopingcall.py:125}}
May 20 17:57:12.957626 np0000001094 neutron-periodic-workers[88876]: DEBUG dbcounter [-] [88876] Writing DB stats neutron:SELECT=1 {{(pid=88876) stat_writer /opt/stack/data/venv/lib/python3.12/site-packages/dbcounter.py:115}}
