Jun 11 22:19:02.671214 np0000002681 devstack@c-api.service[99192]: INFO cinder.api.openstack.wsgi [None req-77fab7f8-1fb1-437f-a5a5-74fa9ec6f234 tempest-VolumeTypesTest-846219101 tempest-VolumeTypesTest-846219101-project-admin] DELETE https://10.4.3.200/volume/v3/types/1b7861df-76c6-4ff6-a6cf-5b8dc8f5f305/encryption/5213cbdd-e024-4353-a898-6aa94f269a8d
Jun 11 22:19:02.671497 np0000002681 devstack@c-api.service[99192]: DEBUG cinder.api.openstack.wsgi [None req-77fab7f8-1fb1-437f-a5a5-74fa9ec6f234 tempest-VolumeTypesTest-846219101 tempest-VolumeTypesTest-846219101-project-admin] Empty body provided in request {{(pid=99192) get_body /opt/stack/cinder/cinder/api/openstack/wsgi.py:725}}
Jun 11 22:19:02.674935 np0000002681 devstack@c-api.service[99192]: DEBUG cinder.api.openstack.wsgi [None req-77fab7f8-1fb1-437f-a5a5-74fa9ec6f234 tempest-VolumeTypesTest-846219101 tempest-VolumeTypesTest-846219101-project-admin] Calling method 'delete' {{(pid=99192) _process_stack /opt/stack/cinder/cinder/api/openstack/wsgi.py:878}}
Jun 11 22:19:02.694229 np0000002681 devstack@c-api.service[99190]: DEBUG cinder.volume.api [None req-a48fa4d6-852e-4309-8535-77b50084f551 tempest-ServerActionsTestOtherB-593862494 tempest-ServerActionsTestOtherB-593862494-project-member] Task 'cinder.volume.flows.api.create_volume.ExtractVolumeRequestTask;volume:create' (cb74df49-6e6d-4b71-9f8b-ced9641ffd4b) transitioned into state 'SUCCESS' from state 'RUNNING' with result '{'size': 1, 'snapshot_id': None, 'source_volid': None, 'volume_type': VolumeType(created_at=2026-06-11T22:15:24Z,deleted=False,deleted_at=None,description=None,extra_specs={volume_backend_name='storpool'},id=3a9201c1-b984-49ba-bd63-02d5b8715a90,is_public=True,name='storpool',projects=[],qos_specs=,qos_specs_id=None,updated_at=None), 'volume_type_id': '3a9201c1-b984-49ba-bd63-02d5b8715a90', 'encryption_key_id': None, 'qos_specs': None, 'consistencygroup_id': None, 'cgsnapshot_id': None, 'group_id': None, 'replication_status': 'disabled', 'refresh_az': False, 'backup_id': None, 'multiattach': False, 'availability_zones': ['nova']}' {{(pid=99190) _task_receiver /opt/stack/data/venv/lib/python3.12/site-packages/taskflow/listeners/logging.py:218}}
Jun 11 22:19:02.695451 np0000002681 devstack@c-api.service[99190]: DEBUG cinder.volume.api [None req-a48fa4d6-852e-4309-8535-77b50084f551 tempest-ServerActionsTestOtherB-593862494 tempest-ServerActionsTestOtherB-593862494-project-member] Task 'cinder.volume.flows.api.create_volume.QuotaReserveTask;volume:create' (92f67932-69d9-40f1-b231-24e816a1e421) transitioned into state 'RUNNING' from state 'PENDING' {{(pid=99190) _task_receiver /opt/stack/data/venv/lib/python3.12/site-packages/taskflow/listeners/logging.py:242}}
Jun 11 22:19:02.710973 np0000002681 devstack@c-api.service[99192]: INFO cinder.api.openstack.wsgi [None req-77fab7f8-1fb1-437f-a5a5-74fa9ec6f234 tempest-VolumeTypesTest-846219101 tempest-VolumeTypesTest-846219101-project-admin] https://10.4.3.200/volume/v3/types/1b7861df-76c6-4ff6-a6cf-5b8dc8f5f305/encryption/5213cbdd-e024-4353-a898-6aa94f269a8d returned with HTTP 202
Jun 11 22:19:02.711515 np0000002681 devstack@c-api.service[99192]: [pid: 99192|app: 0|req: 57/164] 10.4.3.200 () {66 vars in 1489 bytes} [Thu Jun 11 22:19:02 2026] DELETE /volume/v3/types/1b7861df-76c6-4ff6-a6cf-5b8dc8f5f305/encryption/5213cbdd-e024-4353-a898-6aa94f269a8d => generated 0 bytes in 46 msecs (HTTP/1.1 202) 6 headers in 233 bytes (1 switches on core 0)
Jun 11 22:19:02.721882 np0000002681 devstack@c-api.service[99191]: DEBUG cinder.api.middleware.request_id [None req-e1f3d49c-a5fd-4fe4-a840-8e3d3726d8bd None None] RequestId filter calling following filter/app {{(pid=99191) _context_setter /opt/stack/cinder/cinder/api/middleware/request_id.py:62}}
Jun 11 22:19:02.723690 np0000002681 devstack@c-api.service[99191]: INFO cinder.api.openstack.wsgi [None req-e1f3d49c-a5fd-4fe4-a840-8e3d3726d8bd tempest-VolumeTypesTest-846219101 tempest-VolumeTypesTest-846219101-project-admin] GET https://10.4.3.200/volume/v3/types/1b7861df-76c6-4ff6-a6cf-5b8dc8f5f305/encryption
Jun 11 22:19:02.724001 np0000002681 devstack@c-api.service[99191]: DEBUG cinder.api.openstack.wsgi [None req-e1f3d49c-a5fd-4fe4-a840-8e3d3726d8bd tempest-VolumeTypesTest-846219101 tempest-VolumeTypesTest-846219101-project-admin] Empty body provided in request {{(pid=99191) get_body /opt/stack/cinder/cinder/api/openstack/wsgi.py:725}}
Jun 11 22:19:02.724302 np0000002681 devstack@c-api.service[99191]: DEBUG cinder.api.openstack.wsgi [None req-e1f3d49c-a5fd-4fe4-a840-8e3d3726d8bd tempest-VolumeTypesTest-846219101 tempest-VolumeTypesTest-846219101-project-admin] Calling method 'index' {{(pid=99191) _process_stack /opt/stack/cinder/cinder/api/openstack/wsgi.py:878}}
Jun 11 22:19:02.730072 np0000002681 devstack@c-api.service[99191]: INFO cinder.api.openstack.wsgi [None req-e1f3d49c-a5fd-4fe4-a840-8e3d3726d8bd tempest-VolumeTypesTest-846219101 tempest-VolumeTypesTest-846219101-project-admin] https://10.4.3.200/volume/v3/types/1b7861df-76c6-4ff6-a6cf-5b8dc8f5f305/encryption returned with HTTP 200
Jun 11 22:19:02.730606 np0000002681 devstack@c-api.service[99191]: [pid: 99191|app: 0|req: 51/165] 10.4.3.200 () {66 vars in 1375 bytes} [Thu Jun 11 22:19:02 2026] GET /volume/v3/types/1b7861df-76c6-4ff6-a6cf-5b8dc8f5f305/encryption => generated 2 bytes in 9 msecs (HTTP/1.1 200) 7 headers in 283 bytes (1 switches on core 0)
Jun 11 22:19:02.741659 np0000002681 devstack@c-api.service[99192]: DEBUG cinder.api.middleware.request_id [None req-5d9f4c4e-9868-4293-8113-9ae40e2695b2 None None] RequestId filter calling following filter/app {{(pid=99192) _context_setter /opt/stack/cinder/cinder/api/middleware/request_id.py:62}}
Jun 11 22:19:02.743443 np0000002681 devstack@c-api.service[99192]: INFO cinder.api.openstack.wsgi [None req-5d9f4c4e-9868-4293-8113-9ae40e2695b2 tempest-VolumeTypesTest-846219101 tempest-VolumeTypesTest-846219101-project-admin] GET https://10.4.3.200/volume/v3/types/1b7861df-76c6-4ff6-a6cf-5b8dc8f5f305/encryption
Jun 11 22:19:02.743683 np0000002681 devstack@c-api.service[99192]: DEBUG cinder.api.openstack.wsgi [None req-5d9f4c4e-9868-4293-8113-9ae40e2695b2 tempest-VolumeTypesTest-846219101 tempest-VolumeTypesTest-846219101-project-admin] Empty body provided in request {{(pid=99192) get_body /opt/stack/cinder/cinder/api/openstack/wsgi.py:725}}
Jun 11 22:19:02.743933 np0000002681 devstack@c-api.service[99192]: DEBUG cinder.api.openstack.wsgi [None req-5d9f4c4e-9868-4293-8113-9ae40e2695b2 tempest-VolumeTypesTest-846219101 tempest-VolumeTypesTest-846219101-project-admin] Calling method 'index' {{(pid=99192) _process_stack /opt/stack/cinder/cinder/api/openstack/wsgi.py:878}}
Jun 11 22:19:02.751333 np0000002681 devstack@c-api.service[99192]: INFO cinder.api.openstack.wsgi [None req-5d9f4c4e-9868-4293-8113-9ae40e2695b2 tempest-VolumeTypesTest-846219101 tempest-VolumeTypesTest-846219101-project-admin] https://10.4.3.200/volume/v3/types/1b7861df-76c6-4ff6-a6cf-5b8dc8f5f305/encryption returned with HTTP 200
Jun 11 22:19:02.751862 np0000002681 devstack@c-api.service[99192]: [pid: 99192|app: 0|req: 58/166] 10.4.3.200 () {66 vars in 1375 bytes} [Thu Jun 11 22:19:02 2026] GET /volume/v3/types/1b7861df-76c6-4ff6-a6cf-5b8dc8f5f305/encryption => generated 2 bytes in 11 msecs (HTTP/1.1 200) 7 headers in 283 bytes (1 switches on core 0)
Jun 11 22:19:02.762917 np0000002681 devstack@c-api.service[99191]: DEBUG cinder.api.middleware.request_id [None req-ebe4146a-ff07-44b2-9528-20ffcfa22160 None None] RequestId filter calling following filter/app {{(pid=99191) _context_setter /opt/stack/cinder/cinder/api/middleware/request_id.py:62}}
Jun 11 22:19:02.765222 np0000002681 devstack@c-api.service[99191]: INFO cinder.api.openstack.wsgi [None req-ebe4146a-ff07-44b2-9528-20ffcfa22160 tempest-VolumeTypesTest-846219101 tempest-VolumeTypesTest-846219101-project-admin] DELETE https://10.4.3.200/volume/v3/types/1b7861df-76c6-4ff6-a6cf-5b8dc8f5f305
Jun 11 22:19:02.767562 np0000002681 devstack@c-api.service[99191]: DEBUG cinder.api.openstack.wsgi [None req-ebe4146a-ff07-44b2-9528-20ffcfa22160 tempest-VolumeTypesTest-846219101 tempest-VolumeTypesTest-846219101-project-admin] Empty body provided in request {{(pid=99191) get_body /opt/stack/cinder/cinder/api/openstack/wsgi.py:725}}
Jun 11 22:19:02.767562 np0000002681 devstack@c-api.service[99191]: DEBUG cinder.api.openstack.wsgi [None req-ebe4146a-ff07-44b2-9528-20ffcfa22160 tempest-VolumeTypesTest-846219101 tempest-VolumeTypesTest-846219101-project-admin] Calling method '_delete' {{(pid=99191) _process_stack /opt/stack/cinder/cinder/api/openstack/wsgi.py:878}}
Jun 11 22:19:02.773012 np0000002681 devstack@c-api.service[99190]: DEBUG cinder.quota [None req-a48fa4d6-852e-4309-8535-77b50084f551 tempest-ServerActionsTestOtherB-593862494 tempest-ServerActionsTestOtherB-593862494-project-member] Created reservations ['0de12732-5801-4cbf-addc-096c28e3aa9d', '91375fe7-0fb2-4460-800f-d4e20b28402f', '718017df-b5b2-4720-a05b-0dae4cdd4e9c', '54030249-3f05-4917-b481-7cdedbe7cf93'] {{(pid=99190) reserve /opt/stack/cinder/cinder/quota.py:752}}
Jun 11 22:19:02.773889 np0000002681 devstack@c-api.service[99190]: DEBUG cinder.volume.api [None req-a48fa4d6-852e-4309-8535-77b50084f551 tempest-ServerActionsTestOtherB-593862494 tempest-ServerActionsTestOtherB-593862494-project-member] Task 'cinder.volume.flows.api.create_volume.QuotaReserveTask;volume:create' (92f67932-69d9-40f1-b231-24e816a1e421) transitioned into state 'SUCCESS' from state 'RUNNING' with result '{'reservations': ['0de12732-5801-4cbf-addc-096c28e3aa9d', '91375fe7-0fb2-4460-800f-d4e20b28402f', '718017df-b5b2-4720-a05b-0dae4cdd4e9c', '54030249-3f05-4917-b481-7cdedbe7cf93']}' {{(pid=99190) _task_receiver /opt/stack/data/venv/lib/python3.12/site-packages/taskflow/listeners/logging.py:218}}
Jun 11 22:19:02.774665 np0000002681 devstack@c-api.service[99190]: DEBUG cinder.volume.api [None req-a48fa4d6-852e-4309-8535-77b50084f551 tempest-ServerActionsTestOtherB-593862494 tempest-ServerActionsTestOtherB-593862494-project-member] Task 'cinder.volume.flows.api.create_volume.EntryCreateTask;volume:create' (5308c00e-30e8-42d0-86e0-e4d312cebe28) transitioned into state 'RUNNING' from state 'PENDING' {{(pid=99190) _task_receiver /opt/stack/data/venv/lib/python3.12/site-packages/taskflow/listeners/logging.py:242}}
Jun 11 22:19:02.798490 np0000002681 devstack@c-api.service[99190]: DEBUG cinder.volume.api [None req-a48fa4d6-852e-4309-8535-77b50084f551 tempest-ServerActionsTestOtherB-593862494 tempest-ServerActionsTestOtherB-593862494-project-member] Task 'cinder.volume.flows.api.create_volume.EntryCreateTask;volume:create' (5308c00e-30e8-42d0-86e0-e4d312cebe28) transitioned into state 'SUCCESS' from state 'RUNNING' with result '{'volume_id': 'baf30b03-8281-4a4c-bd92-fdd255eaf86c', 'volume_properties': VolumeProperties(attach_status='detached',availability_zone='nova',cgsnapshot_id=None,consistencygroup_id=None,display_description=None,display_name='tempest-ServerActionsTestOtherB-volume-1323698313',encryption_key_id=None,group_id=None,group_type_id=,metadata={},multiattach=False,project_id='7e5edc9671084ba1ac19406aef104e90',qos_specs=None,replication_status=,reservations=['0de12732-5801-4cbf-addc-096c28e3aa9d','91375fe7-0fb2-4460-800f-d4e20b28402f','718017df-b5b2-4720-a05b-0dae4cdd4e9c','54030249-3f05-4917-b481-7cdedbe7cf93'],size=1,snapshot_id=None,source_replicaid=,source_volid=None,status='creating',user_id='42b77d5e429b436d8c0da49cdcf0781a',volume_type_id=3a9201c1-b984-49ba-bd63-02d5b8715a90), 'volume': Volume(_name_id=None,admin_metadata=,attach_status='detached',availability_zone='nova',bootable=False,cluster=,cluster_name=None,consistencygroup=,consistencygroup_id=None,created_at=2026-06-11T22:19:02Z,deleted=False,deleted_at=None,display_description=None,display_name='tempest-ServerActionsTestOtherB-volume-1323698313',ec2_id=None,encryption_key_id=None,glance_metadata=,group=,group_id=None,host=None,id=baf30b03-8281-4a4c-bd92-fdd255eaf86c,launched_at=None,metadata={},migration_status=None,multiattach=False,previous_status=None,project_id='7e5edc9671084ba1ac19406aef104e90',provider_auth=None,provider_geometry=None,provider_id=None,provider_location=None,replication_driver_data=None,replication_extended_status=None,replication_status=None,scheduled_at=None,service_uuid=None,shared_targets=True,size=1,snapshot_id=None,snapshots=,source_volid=None,status='creating',terminated_at=None,updated_at=None,use_quota=True,user_id='42b77d5e429b436d8c0da49cdcf0781a',volume_attachment=VolumeAttachmentList,volume_type=VolumeType(3a9201c1-b984-49ba-bd63-02d5b8715a90),volume_type_id=3a9201c1-b984-49ba-bd63-02d5b8715a90)}' {{(pid=99190) _task_receiver /opt/stack/data/venv/lib/python3.12/site-packages/taskflow/listeners/logging.py:218}}
Jun 11 22:19:02.799245 np0000002681 devstack@c-api.service[99190]: DEBUG cinder.volume.api [None req-a48fa4d6-852e-4309-8535-77b50084f551 tempest-ServerActionsTestOtherB-593862494 tempest-ServerActionsTestOtherB-593862494-project-member] Task 'cinder.volume.flows.api.create_volume.QuotaCommitTask;volume:create' (cf175012-a11d-4b3a-8ab7-2e3b515d01a1) transitioned into state 'RUNNING' from state 'PENDING' {{(pid=99190) _task_receiver /opt/stack/data/venv/lib/python3.12/site-packages/taskflow/listeners/logging.py:242}}
Jun 11 22:19:02.822578 np0000002681 devstack@c-api.service[99190]: DEBUG cinder.volume.api [None req-a48fa4d6-852e-4309-8535-77b50084f551 tempest-ServerActionsTestOtherB-593862494 tempest-ServerActionsTestOtherB-593862494-project-member] Task 'cinder.volume.flows.api.create_volume.QuotaCommitTask;volume:create' (cf175012-a11d-4b3a-8ab7-2e3b515d01a1) transitioned into state 'SUCCESS' from state 'RUNNING' with result '{'volume_properties': VolumeProperties(attach_status='detached',availability_zone='nova',cgsnapshot_id=None,consistencygroup_id=None,display_description=None,display_name='tempest-ServerActionsTestOtherB-volume-1323698313',encryption_key_id=None,group_id=None,group_type_id=,metadata={},multiattach=False,project_id='7e5edc9671084ba1ac19406aef104e90',qos_specs=None,replication_status=,reservations=['0de12732-5801-4cbf-addc-096c28e3aa9d','91375fe7-0fb2-4460-800f-d4e20b28402f','718017df-b5b2-4720-a05b-0dae4cdd4e9c','54030249-3f05-4917-b481-7cdedbe7cf93'],size=1,snapshot_id=None,source_replicaid=,source_volid=None,status='creating',user_id='42b77d5e429b436d8c0da49cdcf0781a',volume_type_id=3a9201c1-b984-49ba-bd63-02d5b8715a90)}' {{(pid=99190) _task_receiver /opt/stack/data/venv/lib/python3.12/site-packages/taskflow/listeners/logging.py:218}}
Jun 11 22:19:02.823359 np0000002681 devstack@c-api.service[99190]: DEBUG cinder.volume.api [None req-a48fa4d6-852e-4309-8535-77b50084f551 tempest-ServerActionsTestOtherB-593862494 tempest-ServerActionsTestOtherB-593862494-project-member] Task 'cinder.volume.flows.api.create_volume.VolumeCastTask;volume:create' (da4d6e97-8357-4264-8022-468eadaa6bba) transitioned into state 'RUNNING' from state 'PENDING' {{(pid=99190) _task_receiver /opt/stack/data/venv/lib/python3.12/site-packages/taskflow/listeners/logging.py:242}}
Jun 11 22:19:02.824883 np0000002681 devstack@c-api.service[99191]: INFO cinder.api.openstack.wsgi [None req-ebe4146a-ff07-44b2-9528-20ffcfa22160 tempest-VolumeTypesTest-846219101 tempest-VolumeTypesTest-846219101-project-admin] https://10.4.3.200/volume/v3/types/1b7861df-76c6-4ff6-a6cf-5b8dc8f5f305 returned with HTTP 202
Jun 11 22:19:02.825507 np0000002681 devstack@c-api.service[99191]: [pid: 99191|app: 0|req: 52/167] 10.4.3.200 () {66 vars in 1345 bytes} [Thu Jun 11 22:19:02 2026] DELETE /volume/v3/types/1b7861df-76c6-4ff6-a6cf-5b8dc8f5f305 => generated 0 bytes in 63 msecs (HTTP/1.1 202) 6 headers in 233 bytes (1 switches on core 0)
Jun 11 22:19:02.835007 np0000002681 devstack@c-api.service[99190]: DEBUG cinder.volume.api [None req-a48fa4d6-852e-4309-8535-77b50084f551 tempest-ServerActionsTestOtherB-593862494 tempest-ServerActionsTestOtherB-593862494-project-member] Task 'cinder.volume.flows.api.create_volume.VolumeCastTask;volume:create' (da4d6e97-8357-4264-8022-468eadaa6bba) transitioned into state 'SUCCESS' from state 'RUNNING' with result 'None' {{(pid=99190) _task_receiver /opt/stack/data/venv/lib/python3.12/site-packages/taskflow/listeners/logging.py:218}}
Jun 11 22:19:02.835133 np0000002681 devstack@c-api.service[99192]: DEBUG cinder.api.middleware.request_id [None req-9316afa5-5325-4dce-8c60-f0e530a31ecc None None] RequestId filter calling following filter/app {{(pid=99192) _context_setter /opt/stack/cinder/cinder/api/middleware/request_id.py:62}}
Jun 11 22:19:02.836360 np0000002681 devstack@c-api.service[99190]: DEBUG cinder.volume.api [None req-a48fa4d6-852e-4309-8535-77b50084f551 tempest-ServerActionsTestOtherB-593862494 tempest-ServerActionsTestOtherB-593862494-project-member] Flow 'volume_create_api' (29d91a9a-375a-48a0-ab13-46f64d7cc8bb) transitioned into state 'SUCCESS' from state 'RUNNING' {{(pid=99190) _flow_receiver /opt/stack/data/venv/lib/python3.12/site-packages/taskflow/listeners/logging.py:160}}
Jun 11 22:19:02.837265 np0000002681 devstack@c-api.service[99190]: INFO cinder.volume.api [None req-a48fa4d6-852e-4309-8535-77b50084f551 tempest-ServerActionsTestOtherB-593862494 tempest-ServerActionsTestOtherB-593862494-project-member] Create volume request issued successfully.
Jun 11 22:19:02.837314 np0000002681 devstack@c-api.service[99192]: INFO cinder.api.openstack.wsgi [None req-9316afa5-5325-4dce-8c60-f0e530a31ecc tempest-VolumeTypesTest-846219101 tempest-VolumeTypesTest-846219101-project-admin] GET https://10.4.3.200/volume/v3/types/1b7861df-76c6-4ff6-a6cf-5b8dc8f5f305
Jun 11 22:19:02.837391 np0000002681 devstack@c-api.service[99192]: DEBUG cinder.api.openstack.wsgi [None req-9316afa5-5325-4dce-8c60-f0e530a31ecc tempest-VolumeTypesTest-846219101 tempest-VolumeTypesTest-846219101-project-admin] Empty body provided in request {{(pid=99192) get_body /opt/stack/cinder/cinder/api/openstack/wsgi.py:725}}
Jun 11 22:19:02.837620 np0000002681 devstack@c-api.service[99192]: DEBUG cinder.api.openstack.wsgi [None req-9316afa5-5325-4dce-8c60-f0e530a31ecc tempest-VolumeTypesTest-846219101 tempest-VolumeTypesTest-846219101-project-admin] Calling method 'show' {{(pid=99192) _process_stack /opt/stack/cinder/cinder/api/openstack/wsgi.py:878}}
Jun 11 22:19:02.837686 np0000002681 devstack@c-api.service[99190]: INFO cinder.api.openstack.wsgi [None req-a48fa4d6-852e-4309-8535-77b50084f551 tempest-ServerActionsTestOtherB-593862494 tempest-ServerActionsTestOtherB-593862494-project-member] https://10.4.3.200/volume/v3/volumes returned with HTTP 202
Jun 11 22:19:02.838321 np0000002681 devstack@c-api.service[99190]: [pid: 99190|app: 0|req: 58/168] 10.4.3.200 () {68 vars in 1258 bytes} [Thu Jun 11 22:19:02 2026] POST /volume/v3/volumes => generated 754 bytes in 194 msecs (HTTP/1.1 202) 7 headers in 291 bytes (1 switches on core 0)
Jun 11 22:19:02.841379 np0000002681 devstack@c-api.service[99192]: INFO cinder.api.openstack.wsgi [None req-9316afa5-5325-4dce-8c60-f0e530a31ecc tempest-VolumeTypesTest-846219101 tempest-VolumeTypesTest-846219101-project-admin] https://10.4.3.200/volume/v3/types/1b7861df-76c6-4ff6-a6cf-5b8dc8f5f305 returned with HTTP 404
Jun 11 22:19:02.841992 np0000002681 devstack@c-api.service[99192]: [pid: 99192|app: 0|req: 59/169] 10.4.3.200 () {66 vars in 1342 bytes} [Thu Jun 11 22:19:02 2026] GET /volume/v3/types/1b7861df-76c6-4ff6-a6cf-5b8dc8f5f305 => generated 114 bytes in 7 msecs (HTTP/1.1 404) 7 headers in 292 bytes (1 switches on core 0)
Jun 11 22:19:02.849662 np0000002681 devstack@c-api.service[99191]: DEBUG cinder.api.middleware.request_id [None req-fd60cf1b-c260-4e7d-ab68-cf112c93035b None None] RequestId filter calling following filter/app {{(pid=99191) _context_setter /opt/stack/cinder/cinder/api/middleware/request_id.py:62}}
Jun 11 22:19:02.852105 np0000002681 devstack@c-api.service[99191]: INFO cinder.api.openstack.wsgi [None req-fd60cf1b-c260-4e7d-ab68-cf112c93035b tempest-VolumeTypesTest-846219101 tempest-VolumeTypesTest-846219101-project-admin] GET https://10.4.3.200/volume/v3/types
Jun 11 22:19:02.853892 np0000002681 devstack@c-api.service[99191]: DEBUG cinder.api.openstack.wsgi [None req-fd60cf1b-c260-4e7d-ab68-cf112c93035b tempest-VolumeTypesTest-846219101 tempest-VolumeTypesTest-846219101-project-admin] Empty body provided in request {{(pid=99191) get_body /opt/stack/cinder/cinder/api/openstack/wsgi.py:725}}
Jun 11 22:19:02.854192 np0000002681 devstack@c-api.service[99191]: DEBUG cinder.api.openstack.wsgi [None req-fd60cf1b-c260-4e7d-ab68-cf112c93035b tempest-VolumeTypesTest-846219101 tempest-VolumeTypesTest-846219101-project-admin] Calling method 'index' {{(pid=99191) _process_stack /opt/stack/cinder/cinder/api/openstack/wsgi.py:878}}
Jun 11 22:19:02.856255 np0000002681 devstack@c-api.service[99190]: DEBUG cinder.api.middleware.request_id [None req-3801ee4f-2822-4891-b607-3d4745c8c330 None None] RequestId filter calling following filter/app {{(pid=99190) _context_setter /opt/stack/cinder/cinder/api/middleware/request_id.py:62}}
Jun 11 22:19:02.858335 np0000002681 devstack@c-api.service[99190]: INFO cinder.api.openstack.wsgi [None req-3801ee4f-2822-4891-b607-3d4745c8c330 tempest-ServerActionsTestOtherB-593862494 tempest-ServerActionsTestOtherB-593862494-project-member] GET https://10.4.3.200/volume/v3/volumes/baf30b03-8281-4a4c-bd92-fdd255eaf86c
Jun 11 22:19:02.858335 np0000002681 devstack@c-api.service[99190]: DEBUG cinder.api.openstack.wsgi [None req-3801ee4f-2822-4891-b607-3d4745c8c330 tempest-ServerActionsTestOtherB-593862494 tempest-ServerActionsTestOtherB-593862494-project-member] Empty body provided in request {{(pid=99190) get_body /opt/stack/cinder/cinder/api/openstack/wsgi.py:725}}
Jun 11 22:19:02.858840 np0000002681 devstack@c-api.service[99190]: DEBUG cinder.api.openstack.wsgi [None req-3801ee4f-2822-4891-b607-3d4745c8c330 tempest-ServerActionsTestOtherB-593862494 tempest-ServerActionsTestOtherB-593862494-project-member] Calling method 'show' {{(pid=99190) _process_stack /opt/stack/cinder/cinder/api/openstack/wsgi.py:878}}
Jun 11 22:19:02.867690 np0000002681 devstack@c-api.service[99190]: /opt/stack/data/venv/lib/python3.12/site-packages/oslo_context/context.py:102: DeprecationWarning: Policy enforcement is depending on the value of is_admin. This key is deprecated. Please update your policy file to use the standard policy values.
Jun 11 22:19:02.867690 np0000002681 devstack@c-api.service[99190]: warnings.warn(
Jun 11 22:19:02.872108 np0000002681 devstack@c-api.service[99190]: INFO cinder.volume.api [None req-3801ee4f-2822-4891-b607-3d4745c8c330 tempest-ServerActionsTestOtherB-593862494 tempest-ServerActionsTestOtherB-593862494-project-member] Volume info retrieved successfully.
Jun 11 22:19:02.873239 np0000002681 devstack@c-api.service[99191]: INFO cinder.api.openstack.wsgi [None req-fd60cf1b-c260-4e7d-ab68-cf112c93035b tempest-VolumeTypesTest-846219101 tempest-VolumeTypesTest-846219101-project-admin] https://10.4.3.200/volume/v3/types returned with HTTP 200
Jun 11 22:19:02.873878 np0000002681 devstack@c-api.service[99191]: [pid: 99191|app: 0|req: 53/170] 10.4.3.200 () {66 vars in 1231 bytes} [Thu Jun 11 22:19:02 2026] GET /volume/v3/types => generated 670 bytes in 25 msecs (HTTP/1.1 200) 7 headers in 285 bytes (1 switches on core 0)
Jun 11 22:19:02.877659 np0000002681 devstack@c-api.service[99190]: INFO cinder.api.openstack.wsgi [None req-3801ee4f-2822-4891-b607-3d4745c8c330 tempest-ServerActionsTestOtherB-593862494 tempest-ServerActionsTestOtherB-593862494-project-member] https://10.4.3.200/volume/v3/volumes/baf30b03-8281-4a4c-bd92-fdd255eaf86c returned with HTTP 200
Jun 11 22:19:02.878263 np0000002681 devstack@c-api.service[99190]: [pid: 99190|app: 0|req: 59/171] 10.4.3.200 () {66 vars in 1348 bytes} [Thu Jun 11 22:19:02 2026] GET /volume/v3/volumes/baf30b03-8281-4a4c-bd92-fdd255eaf86c => generated 822 bytes in 22 msecs (HTTP/1.1 200) 7 headers in 285 bytes (1 switches on core 0)
Jun 11 22:19:02.885097 np0000002681 devstack@c-api.service[99192]: DEBUG cinder.api.middleware.request_id [None req-f038a9f0-196e-4540-bf8b-9898662c1f19 None None] RequestId filter calling following filter/app {{(pid=99192) _context_setter /opt/stack/cinder/cinder/api/middleware/request_id.py:62}}
Jun 11 22:19:02.887120 np0000002681 devstack@c-api.service[99192]: INFO cinder.api.openstack.wsgi [None req-f038a9f0-196e-4540-bf8b-9898662c1f19 tempest-VolumeTypesTest-846219101 tempest-VolumeTypesTest-846219101-project-admin] POST https://10.4.3.200/volume/v3/types
Jun 11 22:19:02.887587 np0000002681 devstack@c-api.service[99192]: DEBUG cinder.api.openstack.wsgi [None req-f038a9f0-196e-4540-bf8b-9898662c1f19 tempest-VolumeTypesTest-846219101 tempest-VolumeTypesTest-846219101-project-admin] Action: 'create', calling method: _create, body: {"volume_type": {"name": "tempest-VolumeTypesTest-volume-type-833288533"}} {{(pid=99192) _process_stack /opt/stack/cinder/cinder/api/openstack/wsgi.py:876}}
Jun 11 22:19:02.904320 np0000002681 devstack@c-api.service[99192]: INFO cinder.api.openstack.wsgi [None req-f038a9f0-196e-4540-bf8b-9898662c1f19 tempest-VolumeTypesTest-846219101 tempest-VolumeTypesTest-846219101-project-admin] https://10.4.3.200/volume/v3/types returned with HTTP 200
Jun 11 22:19:02.904479 np0000002681 devstack@c-api.service[99192]: [pid: 99192|app: 0|req: 60/172] 10.4.3.200 () {68 vars in 1252 bytes} [Thu Jun 11 22:19:02 2026] POST /volume/v3/types => generated 220 bytes in 20 msecs (HTTP/1.1 200) 7 headers in 285 bytes (1 switches on core 0)
Jun 11 22:19:02.915708 np0000002681 devstack@c-api.service[99191]: DEBUG cinder.api.middleware.request_id [None req-e6cb4aa7-cd85-4351-99f4-8c3e55ebed3f None None] RequestId filter calling following filter/app {{(pid=99191) _context_setter /opt/stack/cinder/cinder/api/middleware/request_id.py:62}}
Jun 11 22:19:02.918749 np0000002681 devstack@c-api.service[99191]: INFO cinder.api.openstack.wsgi [None req-e6cb4aa7-cd85-4351-99f4-8c3e55ebed3f tempest-VolumeTypesTest-846219101 tempest-VolumeTypesTest-846219101-project-admin] PUT https://10.4.3.200/volume/v3/types/3e181f53-fe1a-46db-a1bf-62c0794d0149
Jun 11 22:19:02.919184 np0000002681 devstack@c-api.service[99191]: DEBUG cinder.api.openstack.wsgi [None req-e6cb4aa7-cd85-4351-99f4-8c3e55ebed3f tempest-VolumeTypesTest-846219101 tempest-VolumeTypesTest-846219101-project-admin] Action: 'update', calling method: _update, body: {"volume_type": {"name": "tempest-volume-type-1814017921", "description": "tempest-volume-type-description-1695908303", "is_public": false}} {{(pid=99191) _process_stack /opt/stack/cinder/cinder/api/openstack/wsgi.py:876}}
Jun 11 22:19:02.972798 np0000002681 devstack@c-api.service[99191]: INFO cinder.api.openstack.wsgi [None req-e6cb4aa7-cd85-4351-99f4-8c3e55ebed3f tempest-VolumeTypesTest-846219101 tempest-VolumeTypesTest-846219101-project-admin] https://10.4.3.200/volume/v3/types/3e181f53-fe1a-46db-a1bf-62c0794d0149 returned with HTTP 200
Jun 11 22:19:02.973249 np0000002681 devstack@c-api.service[99191]: [pid: 99191|app: 0|req: 54/173] 10.4.3.200 () {68 vars in 1363 bytes} [Thu Jun 11 22:19:02 2026] PUT /volume/v3/types/3e181f53-fe1a-46db-a1bf-62c0794d0149 => generated 205 bytes in 58 msecs (HTTP/1.1 200) 7 headers in 285 bytes (1 switches on core 0)
Jun 11 22:19:02.987825 np0000002681 devstack@c-api.service[99190]: DEBUG cinder.api.middleware.request_id [None req-1e50b328-977e-48f3-bd92-771172c5187b None None] RequestId filter calling following filter/app {{(pid=99190) _context_setter /opt/stack/cinder/cinder/api/middleware/request_id.py:62}}
Jun 11 22:19:02.989805 np0000002681 devstack@c-api.service[99190]: INFO cinder.api.openstack.wsgi [None req-1e50b328-977e-48f3-bd92-771172c5187b tempest-VolumeTypesTest-846219101 tempest-VolumeTypesTest-846219101-project-admin] GET https://10.4.3.200/volume/v3/types/3e181f53-fe1a-46db-a1bf-62c0794d0149
Jun 11 22:19:02.990031 np0000002681 devstack@c-api.service[99190]: DEBUG cinder.api.openstack.wsgi [None req-1e50b328-977e-48f3-bd92-771172c5187b tempest-VolumeTypesTest-846219101 tempest-VolumeTypesTest-846219101-project-admin] Empty body provided in request {{(pid=99190) get_body /opt/stack/cinder/cinder/api/openstack/wsgi.py:725}}
Jun 11 22:19:02.990745 np0000002681 devstack@c-api.service[99190]: DEBUG cinder.api.openstack.wsgi [None req-1e50b328-977e-48f3-bd92-771172c5187b tempest-VolumeTypesTest-846219101 tempest-VolumeTypesTest-846219101-project-admin] Calling method 'show' {{(pid=99190) _process_stack /opt/stack/cinder/cinder/api/openstack/wsgi.py:878}}
Jun 11 22:19:02.999070 np0000002681 devstack@c-api.service[99190]: INFO cinder.api.openstack.wsgi [None req-1e50b328-977e-48f3-bd92-771172c5187b tempest-VolumeTypesTest-846219101 tempest-VolumeTypesTest-846219101-project-admin] https://10.4.3.200/volume/v3/types/3e181f53-fe1a-46db-a1bf-62c0794d0149 returned with HTTP 200
Jun 11 22:19:02.999599 np0000002681 devstack@c-api.service[99190]: [pid: 99190|app: 0|req: 60/174] 10.4.3.200 () {66 vars in 1342 bytes} [Thu Jun 11 22:19:02 2026] GET /volume/v3/types/3e181f53-fe1a-46db-a1bf-62c0794d0149 => generated 269 bytes in 12 msecs (HTTP/1.1 200) 7 headers in 285 bytes (1 switches on core 0)
Jun 11 22:19:03.009564 np0000002681 devstack@c-api.service[99192]: DEBUG cinder.api.middleware.request_id [None req-96f0f1c1-a7d2-466c-8b90-595aab088bfb None None] RequestId filter calling following filter/app {{(pid=99192) _context_setter /opt/stack/cinder/cinder/api/middleware/request_id.py:62}}
Jun 11 22:19:03.014251 np0000002681 devstack@c-api.service[99192]: INFO cinder.api.openstack.wsgi [None req-96f0f1c1-a7d2-466c-8b90-595aab088bfb tempest-VolumeTypesTest-846219101 tempest-VolumeTypesTest-846219101-project-admin] DELETE https://10.4.3.200/volume/v3/types/3e181f53-fe1a-46db-a1bf-62c0794d0149
Jun 11 22:19:03.014507 np0000002681 devstack@c-api.service[99192]: DEBUG cinder.api.openstack.wsgi [None req-96f0f1c1-a7d2-466c-8b90-595aab088bfb tempest-VolumeTypesTest-846219101 tempest-VolumeTypesTest-846219101-project-admin] Empty body provided in request {{(pid=99192) get_body /opt/stack/cinder/cinder/api/openstack/wsgi.py:725}}
Jun 11 22:19:03.014791 np0000002681 devstack@c-api.service[99192]: DEBUG cinder.api.openstack.wsgi [None req-96f0f1c1-a7d2-466c-8b90-595aab088bfb tempest-VolumeTypesTest-846219101 tempest-VolumeTypesTest-846219101-project-admin] Calling method '_delete' {{(pid=99192) _process_stack /opt/stack/cinder/cinder/api/openstack/wsgi.py:878}}
Jun 11 22:19:03.089856 np0000002681 devstack@c-api.service[99192]: INFO cinder.api.openstack.wsgi [None req-96f0f1c1-a7d2-466c-8b90-595aab088bfb tempest-VolumeTypesTest-846219101 tempest-VolumeTypesTest-846219101-project-admin] https://10.4.3.200/volume/v3/types/3e181f53-fe1a-46db-a1bf-62c0794d0149 returned with HTTP 202
Jun 11 22:19:03.089856 np0000002681 devstack@c-api.service[99192]: [pid: 99192|app: 0|req: 61/175] 10.4.3.200 () {66 vars in 1345 bytes} [Thu Jun 11 22:19:03 2026] DELETE /volume/v3/types/3e181f53-fe1a-46db-a1bf-62c0794d0149 => generated 0 bytes in 76 msecs (HTTP/1.1 202) 6 headers in 233 bytes (1 switches on core 0)
Jun 11 22:19:03.100832 np0000002681 devstack@c-api.service[99191]: DEBUG cinder.api.middleware.request_id [None req-3594110c-eb60-4a3d-aaa7-9fcf7a06f6ee None None] RequestId filter calling following filter/app {{(pid=99191) _context_setter /opt/stack/cinder/cinder/api/middleware/request_id.py:62}}
Jun 11 22:19:03.100832 np0000002681 devstack@c-api.service[99191]: INFO cinder.api.openstack.wsgi [None req-3594110c-eb60-4a3d-aaa7-9fcf7a06f6ee tempest-VolumeTypesTest-846219101 tempest-VolumeTypesTest-846219101-project-admin] GET https://10.4.3.200/volume/v3/types/3e181f53-fe1a-46db-a1bf-62c0794d0149
Jun 11 22:19:03.100832 np0000002681 devstack@c-api.service[99191]: DEBUG cinder.api.openstack.wsgi [None req-3594110c-eb60-4a3d-aaa7-9fcf7a06f6ee tempest-VolumeTypesTest-846219101 tempest-VolumeTypesTest-846219101-project-admin] Empty body provided in request {{(pid=99191) get_body /opt/stack/cinder/cinder/api/openstack/wsgi.py:725}}
Jun 11 22:19:03.100832 np0000002681 devstack@c-api.service[99191]: DEBUG cinder.api.openstack.wsgi [None req-3594110c-eb60-4a3d-aaa7-9fcf7a06f6ee tempest-VolumeTypesTest-846219101 tempest-VolumeTypesTest-846219101-project-admin] Calling method 'show' {{(pid=99191) _process_stack /opt/stack/cinder/cinder/api/openstack/wsgi.py:878}}
Jun 11 22:19:03.105790 np0000002681 devstack@c-api.service[99191]: INFO cinder.api.openstack.wsgi [None req-3594110c-eb60-4a3d-aaa7-9fcf7a06f6ee tempest-VolumeTypesTest-846219101 tempest-VolumeTypesTest-846219101-project-admin] https://10.4.3.200/volume/v3/types/3e181f53-fe1a-46db-a1bf-62c0794d0149 returned with HTTP 404
Jun 11 22:19:03.105845 np0000002681 devstack@c-api.service[99190]: DEBUG cinder.api.middleware.request_id [req-2882fc33-a831-495e-a7fd-3c67da0baa08 req-4da788b2-9b2d-4335-80fc-0f65e7cc9a6f None None] RequestId filter calling following filter/app {{(pid=99190) _context_setter /opt/stack/cinder/cinder/api/middleware/request_id.py:62}}
Jun 11 22:19:03.106120 np0000002681 devstack@c-api.service[99191]: [pid: 99191|app: 0|req: 55/176] 10.4.3.200 () {66 vars in 1342 bytes} [Thu Jun 11 22:19:03 2026] GET /volume/v3/types/3e181f53-fe1a-46db-a1bf-62c0794d0149 => generated 114 bytes in 10 msecs (HTTP/1.1 404) 7 headers in 292 bytes (1 switches on core 0)
Jun 11 22:19:03.108138 np0000002681 devstack@c-api.service[99190]: INFO cinder.api.openstack.wsgi [req-2882fc33-a831-495e-a7fd-3c67da0baa08 req-4da788b2-9b2d-4335-80fc-0f65e7cc9a6f tempest-TaggedBootDevicesTest-1042640798 tempest-TaggedBootDevicesTest-1042640798-project-member] POST https://10.4.3.200/volume/v3/attachments/1506f6dc-c766-4909-bb8b-4197355ae6bb/action
Jun 11 22:19:03.108706 np0000002681 devstack@c-api.service[99190]: DEBUG cinder.api.openstack.wsgi [req-2882fc33-a831-495e-a7fd-3c67da0baa08 req-4da788b2-9b2d-4335-80fc-0f65e7cc9a6f tempest-TaggedBootDevicesTest-1042640798 tempest-TaggedBootDevicesTest-1042640798-project-member] Action body: b'{"os-complete": null}' {{(pid=99190) get_method /opt/stack/cinder/cinder/api/openstack/wsgi.py:993}}
Jun 11 22:19:03.109009 np0000002681 devstack@c-api.service[99190]: DEBUG cinder.api.openstack.wsgi [req-2882fc33-a831-495e-a7fd-3c67da0baa08 req-4da788b2-9b2d-4335-80fc-0f65e7cc9a6f tempest-TaggedBootDevicesTest-1042640798 tempest-TaggedBootDevicesTest-1042640798-project-member] Action: 'action', calling method: version_select, body: {"os-complete": null} {{(pid=99190) _process_stack /opt/stack/cinder/cinder/api/openstack/wsgi.py:876}}
Jun 11 22:19:03.132482 np0000002681 devstack@c-api.service[99190]: /opt/stack/data/venv/lib/python3.12/site-packages/oslo_context/context.py:102: DeprecationWarning: Policy enforcement is depending on the value of is_admin. This key is deprecated. Please update your policy file to use the standard policy values.
Jun 11 22:19:03.132482 np0000002681 devstack@c-api.service[99190]: warnings.warn(
Jun 11 22:19:03.150224 np0000002681 devstack@c-api.service[99190]: INFO cinder.api.openstack.wsgi [req-2882fc33-a831-495e-a7fd-3c67da0baa08 req-4da788b2-9b2d-4335-80fc-0f65e7cc9a6f tempest-TaggedBootDevicesTest-1042640798 tempest-TaggedBootDevicesTest-1042640798-project-member] https://10.4.3.200/volume/v3/attachments/1506f6dc-c766-4909-bb8b-4197355ae6bb/action returned with HTTP 204
Jun 11 22:19:03.150780 np0000002681 devstack@c-api.service[99190]: [pid: 99190|app: 0|req: 61/177] 10.4.3.200 () {74 vars in 1725 bytes} [Thu Jun 11 22:19:03 2026] POST /volume/v3/attachments/1506f6dc-c766-4909-bb8b-4197355ae6bb/action => generated 0 bytes in 46 msecs (HTTP/1.1 204) 7 headers in 292 bytes (1 switches on core 0)
Jun 11 22:19:03.676053 np0000002681 devstack@c-api.service[99192]: DEBUG cinder.api.middleware.request_id [None req-6f1aa5c9-1ddf-4169-8417-c6c8f4739834 None None] RequestId filter calling following filter/app {{(pid=99192) _context_setter /opt/stack/cinder/cinder/api/middleware/request_id.py:62}}
Jun 11 22:19:03.676470 np0000002681 devstack@c-api.service[99192]: INFO cinder.api.openstack.wsgi [None req-6f1aa5c9-1ddf-4169-8417-c6c8f4739834 None None] GET https://10.4.3.200/volume//
Jun 11 22:19:03.676709 np0000002681 devstack@c-api.service[99192]: DEBUG cinder.api.openstack.wsgi [None req-6f1aa5c9-1ddf-4169-8417-c6c8f4739834 None None] Empty body provided in request {{(pid=99192) get_body /opt/stack/cinder/cinder/api/openstack/wsgi.py:725}}
Jun 11 22:19:03.676946 np0000002681 devstack@c-api.service[99192]: DEBUG cinder.api.openstack.wsgi [None req-6f1aa5c9-1ddf-4169-8417-c6c8f4739834 None None] Calling method 'all' {{(pid=99192) _process_stack /opt/stack/cinder/cinder/api/openstack/wsgi.py:878}}
Jun 11 22:19:03.677288 np0000002681 devstack@c-api.service[99192]: INFO cinder.api.openstack.wsgi [None req-6f1aa5c9-1ddf-4169-8417-c6c8f4739834 None None] https://10.4.3.200/volume// returned with HTTP 300
Jun 11 22:19:03.677588 np0000002681 devstack@c-api.service[99192]: [pid: 99192|app: 0|req: 62/178] 10.4.3.200 () {66 vars in 1426 bytes} [Thu Jun 11 22:19:03 2026] GET /volume/ => generated 386 bytes in 2 msecs (HTTP/1.1 300) 7 headers in 299 bytes (1 switches on core 0)
Jun 11 22:19:03.689146 np0000002681 devstack@c-api.service[99191]: DEBUG cinder.api.middleware.request_id [req-2882fc33-a831-495e-a7fd-3c67da0baa08 req-8f76b0f6-c18d-437a-a8d7-a03919111695 None None] RequestId filter calling following filter/app {{(pid=99191) _context_setter /opt/stack/cinder/cinder/api/middleware/request_id.py:62}}
Jun 11 22:19:03.693296 np0000002681 devstack@c-api.service[99191]: INFO cinder.api.openstack.wsgi [req-2882fc33-a831-495e-a7fd-3c67da0baa08 req-8f76b0f6-c18d-437a-a8d7-a03919111695 tempest-TaggedBootDevicesTest-1042640798 tempest-TaggedBootDevicesTest-1042640798-project-member] GET https://10.4.3.200/volume/v3/volumes/eb80e33e-1334-4b60-8f19-3ca457cfd608
Jun 11 22:19:03.693535 np0000002681 devstack@c-api.service[99191]: DEBUG cinder.api.openstack.wsgi [req-2882fc33-a831-495e-a7fd-3c67da0baa08 req-8f76b0f6-c18d-437a-a8d7-a03919111695 tempest-TaggedBootDevicesTest-1042640798 tempest-TaggedBootDevicesTest-1042640798-project-member] Empty body provided in request {{(pid=99191) get_body /opt/stack/cinder/cinder/api/openstack/wsgi.py:725}}
Jun 11 22:19:03.693895 np0000002681 devstack@c-api.service[99191]: DEBUG cinder.api.openstack.wsgi [req-2882fc33-a831-495e-a7fd-3c67da0baa08 req-8f76b0f6-c18d-437a-a8d7-a03919111695 tempest-TaggedBootDevicesTest-1042640798 tempest-TaggedBootDevicesTest-1042640798-project-member] Calling method 'show' {{(pid=99191) _process_stack /opt/stack/cinder/cinder/api/openstack/wsgi.py:878}}
Jun 11 22:19:03.703947 np0000002681 devstack@c-api.service[99191]: /opt/stack/data/venv/lib/python3.12/site-packages/oslo_context/context.py:102: DeprecationWarning: Policy enforcement is depending on the value of is_admin. This key is deprecated. Please update your policy file to use the standard policy values.
Jun 11 22:19:03.703947 np0000002681 devstack@c-api.service[99191]: warnings.warn(
Jun 11 22:19:03.708377 np0000002681 devstack@c-api.service[99191]: INFO cinder.volume.api [req-2882fc33-a831-495e-a7fd-3c67da0baa08 req-8f76b0f6-c18d-437a-a8d7-a03919111695 tempest-TaggedBootDevicesTest-1042640798 tempest-TaggedBootDevicesTest-1042640798-project-member] Volume info retrieved successfully.
Jun 11 22:19:03.713563 np0000002681 devstack@c-api.service[99191]: INFO cinder.api.openstack.wsgi [req-2882fc33-a831-495e-a7fd-3c67da0baa08 req-8f76b0f6-c18d-437a-a8d7-a03919111695 tempest-TaggedBootDevicesTest-1042640798 tempest-TaggedBootDevicesTest-1042640798-project-member] https://10.4.3.200/volume/v3/volumes/eb80e33e-1334-4b60-8f19-3ca457cfd608 returned with HTTP 200
Jun 11 22:19:03.713993 np0000002681 devstack@c-api.service[99191]: [pid: 99191|app: 0|req: 56/179] 10.4.3.200 () {70 vars in 1639 bytes} [Thu Jun 11 22:19:03 2026] GET /volume/v3/volumes/eb80e33e-1334-4b60-8f19-3ca457cfd608 => generated 1024 bytes in 25 msecs (HTTP/1.1 200) 7 headers in 287 bytes (1 switches on core 0)
Jun 11 22:19:03.809739 np0000002681 devstack@c-api.service[99190]: DEBUG cinder.api.middleware.request_id [req-2882fc33-a831-495e-a7fd-3c67da0baa08 req-ff2cac7a-3e40-417a-a96a-848c041cc758 None None] RequestId filter calling following filter/app {{(pid=99190) _context_setter /opt/stack/cinder/cinder/api/middleware/request_id.py:62}}
Jun 11 22:19:03.814196 np0000002681 devstack@c-api.service[99190]: INFO cinder.api.openstack.wsgi [req-2882fc33-a831-495e-a7fd-3c67da0baa08 req-ff2cac7a-3e40-417a-a96a-848c041cc758 tempest-TaggedBootDevicesTest-1042640798 tempest-TaggedBootDevicesTest-1042640798-project-member] PUT https://10.4.3.200/volume/v3/attachments/6a1aa106-b1c4-4ee1-a5ac-fa16fbdc5eb2
Jun 11 22:19:03.814196 np0000002681 devstack@c-api.service[99190]: DEBUG cinder.api.openstack.wsgi [req-2882fc33-a831-495e-a7fd-3c67da0baa08 req-ff2cac7a-3e40-417a-a96a-848c041cc758 tempest-TaggedBootDevicesTest-1042640798 tempest-TaggedBootDevicesTest-1042640798-project-member] Action: 'update', calling method: version_select, body: {"attachment": {"connector": {"platform": "x86_64", "os_type": "linux", "ip": "10.4.3.200", "host": "np0000002681", "multipath": true, "enforce_multipath": true, "initiator": "iqn.2016-04.com.open-iscsi:a9ffb54db4f", "do_local_attach": false, "uuid": "8515de1c-ba7e-467b-adde-6d9f8a8dbc1f", "system uuid": "80e73f21-945d-43a2-84fb-697c2bb9083a", "nvme_native_multipath": false, "mountpoint": "/dev/vdb"}}} {{(pid=99190) _process_stack /opt/stack/cinder/cinder/api/openstack/wsgi.py:876}}
Jun 11 22:19:03.828861 np0000002681 devstack@c-api.service[99190]: DEBUG cinder.coordination [req-2882fc33-a831-495e-a7fd-3c67da0baa08 req-ff2cac7a-3e40-417a-a96a-848c041cc758 tempest-TaggedBootDevicesTest-1042640798 tempest-TaggedBootDevicesTest-1042640798-project-member] Acquiring lock "cinder-attachment_update-eb80e33e-1334-4b60-8f19-3ca457cfd608-np0000002681" by "attachment_update" {{(pid=99190) __acquire /opt/stack/cinder/cinder/coordination.py:138}}
Jun 11 22:19:03.834223 np0000002681 devstack@c-api.service[99190]: DEBUG cinder.coordination [req-2882fc33-a831-495e-a7fd-3c67da0baa08 req-ff2cac7a-3e40-417a-a96a-848c041cc758 tempest-TaggedBootDevicesTest-1042640798 tempest-TaggedBootDevicesTest-1042640798-project-member] Lock "cinder-attachment_update-eb80e33e-1334-4b60-8f19-3ca457cfd608-np0000002681" acquired by "attachment_update" :: waited 0.007s {{(pid=99190) __acquire /opt/stack/cinder/cinder/coordination.py:141}}
Jun 11 22:19:03.835623 np0000002681 devstack@c-api.service[99190]: /opt/stack/data/venv/lib/python3.12/site-packages/oslo_context/context.py:102: DeprecationWarning: Policy enforcement is depending on the value of is_admin. This key is deprecated. Please update your policy file to use the standard policy values.
Jun 11 22:19:03.835623 np0000002681 devstack@c-api.service[99190]: warnings.warn(
Jun 11 22:19:03.900847 np0000002681 devstack@c-api.service[99192]: DEBUG cinder.api.middleware.request_id [None req-c8ef4e07-2b4b-4749-bb49-1923d70b6c94 None None] RequestId filter calling following filter/app {{(pid=99192) _context_setter /opt/stack/cinder/cinder/api/middleware/request_id.py:62}}
Jun 11 22:19:03.902637 np0000002681 devstack@c-api.service[99192]: INFO cinder.api.openstack.wsgi [None req-c8ef4e07-2b4b-4749-bb49-1923d70b6c94 tempest-ServerActionsTestOtherB-593862494 tempest-ServerActionsTestOtherB-593862494-project-member] GET https://10.4.3.200/volume/v3/volumes/baf30b03-8281-4a4c-bd92-fdd255eaf86c
Jun 11 22:19:03.903522 np0000002681 devstack@c-api.service[99192]: DEBUG cinder.api.openstack.wsgi [None req-c8ef4e07-2b4b-4749-bb49-1923d70b6c94 tempest-ServerActionsTestOtherB-593862494 tempest-ServerActionsTestOtherB-593862494-project-member] Empty body provided in request {{(pid=99192) get_body /opt/stack/cinder/cinder/api/openstack/wsgi.py:725}}
Jun 11 22:19:03.903522 np0000002681 devstack@c-api.service[99192]: DEBUG cinder.api.openstack.wsgi [None req-c8ef4e07-2b4b-4749-bb49-1923d70b6c94 tempest-ServerActionsTestOtherB-593862494 tempest-ServerActionsTestOtherB-593862494-project-member] Calling method 'show' {{(pid=99192) _process_stack /opt/stack/cinder/cinder/api/openstack/wsgi.py:878}}
Jun 11 22:19:03.913914 np0000002681 devstack@c-api.service[99192]: /opt/stack/data/venv/lib/python3.12/site-packages/oslo_context/context.py:102: DeprecationWarning: Policy enforcement is depending on the value of is_admin. This key is deprecated. Please update your policy file to use the standard policy values.
Jun 11 22:19:03.913914 np0000002681 devstack@c-api.service[99192]: warnings.warn(
Jun 11 22:19:03.920675 np0000002681 devstack@c-api.service[99192]: INFO cinder.volume.api [None req-c8ef4e07-2b4b-4749-bb49-1923d70b6c94 tempest-ServerActionsTestOtherB-593862494 tempest-ServerActionsTestOtherB-593862494-project-member] Volume info retrieved successfully.
Jun 11 22:19:03.926275 np0000002681 devstack@c-api.service[99192]: INFO cinder.api.openstack.wsgi [None req-c8ef4e07-2b4b-4749-bb49-1923d70b6c94 tempest-ServerActionsTestOtherB-593862494 tempest-ServerActionsTestOtherB-593862494-project-member] https://10.4.3.200/volume/v3/volumes/baf30b03-8281-4a4c-bd92-fdd255eaf86c returned with HTTP 200
Jun 11 22:19:03.926799 np0000002681 devstack@c-api.service[99192]: [pid: 99192|app: 0|req: 63/180] 10.4.3.200 () {66 vars in 1348 bytes} [Thu Jun 11 22:19:03 2026] GET /volume/v3/volumes/baf30b03-8281-4a4c-bd92-fdd255eaf86c => generated 847 bytes in 27 msecs (HTTP/1.1 200) 7 headers in 285 bytes (1 switches on core 0)
Jun 11 22:19:04.368591 np0000002681 devstack@c-api.service[99190]: DEBUG cinder.coordination [req-2882fc33-a831-495e-a7fd-3c67da0baa08 req-ff2cac7a-3e40-417a-a96a-848c041cc758 tempest-TaggedBootDevicesTest-1042640798 tempest-TaggedBootDevicesTest-1042640798-project-member] Lock "cinder-attachment_update-eb80e33e-1334-4b60-8f19-3ca457cfd608-np0000002681" released by "attachment_update" :: held 0.533s {{(pid=99190) __release /opt/stack/cinder/cinder/coordination.py:152}}
Jun 11 22:19:04.368591 np0000002681 devstack@c-api.service[99190]: INFO cinder.api.openstack.wsgi [req-2882fc33-a831-495e-a7fd-3c67da0baa08 req-ff2cac7a-3e40-417a-a96a-848c041cc758 tempest-TaggedBootDevicesTest-1042640798 tempest-TaggedBootDevicesTest-1042640798-project-member] https://10.4.3.200/volume/v3/attachments/6a1aa106-b1c4-4ee1-a5ac-fa16fbdc5eb2 returned with HTTP 200
Jun 11 22:19:04.368591 np0000002681 devstack@c-api.service[99190]: [pid: 99190|app: 0|req: 62/181] 10.4.3.200 () {74 vars in 1704 bytes} [Thu Jun 11 22:19:03 2026] PUT /volume/v3/attachments/6a1aa106-b1c4-4ee1-a5ac-fa16fbdc5eb2 => generated 969 bytes in 559 msecs (HTTP/1.1 200) 7 headers in 286 bytes (1 switches on core 0)
Jun 11 22:19:04.798427 np0000002681 devstack@c-api.service[99191]: DEBUG cinder.api.middleware.request_id [req-3eeb90e6-a3ee-45d6-b1ed-76bddf8f36aa req-878c5b89-bc51-4305-a538-3784464640c1 None None] RequestId filter calling following filter/app {{(pid=99191) _context_setter /opt/stack/cinder/cinder/api/middleware/request_id.py:62}}
Jun 11 22:19:04.801719 np0000002681 devstack@c-api.service[99191]: INFO cinder.api.openstack.wsgi [req-3eeb90e6-a3ee-45d6-b1ed-76bddf8f36aa req-878c5b89-bc51-4305-a538-3784464640c1 tempest-ServerActionsTestOtherB-593862494 tempest-ServerActionsTestOtherB-593862494-project-member] GET https://10.4.3.200/volume/v3/volumes/baf30b03-8281-4a4c-bd92-fdd255eaf86c
Jun 11 22:19:04.801719 np0000002681 devstack@c-api.service[99191]: DEBUG cinder.api.openstack.wsgi [req-3eeb90e6-a3ee-45d6-b1ed-76bddf8f36aa req-878c5b89-bc51-4305-a538-3784464640c1 tempest-ServerActionsTestOtherB-593862494 tempest-ServerActionsTestOtherB-593862494-project-member] Empty body provided in request {{(pid=99191) get_body /opt/stack/cinder/cinder/api/openstack/wsgi.py:725}}
Jun 11 22:19:04.801719 np0000002681 devstack@c-api.service[99191]: DEBUG cinder.api.openstack.wsgi [req-3eeb90e6-a3ee-45d6-b1ed-76bddf8f36aa req-878c5b89-bc51-4305-a538-3784464640c1 tempest-ServerActionsTestOtherB-593862494 tempest-ServerActionsTestOtherB-593862494-project-member] Calling method 'show' {{(pid=99191) _process_stack /opt/stack/cinder/cinder/api/openstack/wsgi.py:878}}
Jun 11 22:19:04.809626 np0000002681 devstack@c-api.service[99191]: /opt/stack/data/venv/lib/python3.12/site-packages/oslo_context/context.py:102: DeprecationWarning: Policy enforcement is depending on the value of is_admin. This key is deprecated. Please update your policy file to use the standard policy values.
Jun 11 22:19:04.809626 np0000002681 devstack@c-api.service[99191]: warnings.warn(
Jun 11 22:19:04.814808 np0000002681 devstack@c-api.service[99191]: INFO cinder.volume.api [req-3eeb90e6-a3ee-45d6-b1ed-76bddf8f36aa req-878c5b89-bc51-4305-a538-3784464640c1 tempest-ServerActionsTestOtherB-593862494 tempest-ServerActionsTestOtherB-593862494-project-member] Volume info retrieved successfully.
Jun 11 22:19:04.823910 np0000002681 devstack@c-api.service[99191]: INFO cinder.api.openstack.wsgi [req-3eeb90e6-a3ee-45d6-b1ed-76bddf8f36aa req-878c5b89-bc51-4305-a538-3784464640c1 tempest-ServerActionsTestOtherB-593862494 tempest-ServerActionsTestOtherB-593862494-project-member] https://10.4.3.200/volume/v3/volumes/baf30b03-8281-4a4c-bd92-fdd255eaf86c returned with HTTP 200
Jun 11 22:19:04.824388 np0000002681 devstack@c-api.service[99191]: [pid: 99191|app: 0|req: 57/182] 10.4.3.200 () {68 vars in 1598 bytes} [Thu Jun 11 22:19:04 2026] GET /volume/v3/volumes/baf30b03-8281-4a4c-bd92-fdd255eaf86c => generated 847 bytes in 26 msecs (HTTP/1.1 200) 7 headers in 285 bytes (1 switches on core 0)
Jun 11 22:19:04.898958 np0000002681 devstack@c-api.service[99192]: DEBUG cinder.api.middleware.request_id [req-2882fc33-a831-495e-a7fd-3c67da0baa08 req-2cb92fcf-54d9-4628-a451-474e137fcfdf None None] RequestId filter calling following filter/app {{(pid=99192) _context_setter /opt/stack/cinder/cinder/api/middleware/request_id.py:62}}
