Jul 16 05:10:02.128845 np0000005225 nova-scheduler[96349]: DEBUG cotyledon.oslo_config_glue [-] workarounds.disable_fallback_pcpu_query = False {{(pid=96349) log_opt_values /opt/stack/data/venv/lib/python3.12/site-packages/oslo_config/cfg.py:3253}}
Jul 16 05:10:02.128845 np0000005225 nova-scheduler[96349]: DEBUG cotyledon.oslo_config_glue [-] workarounds.disable_group_policy_check_upcall = False {{(pid=96349) log_opt_values /opt/stack/data/venv/lib/python3.12/site-packages/oslo_config/cfg.py:3253}}
Jul 16 05:10:02.128845 np0000005225 nova-scheduler[96349]: DEBUG cotyledon.oslo_config_glue [-] workarounds.disable_libvirt_livesnapshot = False {{(pid=96349) log_opt_values /opt/stack/data/venv/lib/python3.12/site-packages/oslo_config/cfg.py:3253}}
Jul 16 05:10:02.128845 np0000005225 nova-scheduler[96349]: DEBUG cotyledon.oslo_config_glue [-] workarounds.disable_rootwrap = False {{(pid=96349) log_opt_values /opt/stack/data/venv/lib/python3.12/site-packages/oslo_config/cfg.py:3253}}
Jul 16 05:10:02.128845 np0000005225 nova-scheduler[96349]: DEBUG cotyledon.oslo_config_glue [-] workarounds.enable_numa_live_migration = False {{(pid=96349) log_opt_values /opt/stack/data/venv/lib/python3.12/site-packages/oslo_config/cfg.py:3253}}
Jul 16 05:10:02.128845 np0000005225 nova-scheduler[96349]: DEBUG cotyledon.oslo_config_glue [-] workarounds.enable_qemu_monitor_announce_self = False {{(pid=96349) log_opt_values /opt/stack/data/venv/lib/python3.12/site-packages/oslo_config/cfg.py:3253}}
Jul 16 05:10:02.129166 np0000005225 nova-scheduler[96349]: DEBUG cotyledon.oslo_config_glue [-] workarounds.ensure_libvirt_rbd_instance_dir_cleanup = False {{(pid=96349) log_opt_values /opt/stack/data/venv/lib/python3.12/site-packages/oslo_config/cfg.py:3253}}
Jul 16 05:10:02.129166 np0000005225 nova-scheduler[96349]: DEBUG cotyledon.oslo_config_glue [-] workarounds.handle_virt_lifecycle_events = True {{(pid=96349) log_opt_values /opt/stack/data/venv/lib/python3.12/site-packages/oslo_config/cfg.py:3253}}
Jul 16 05:10:02.129166 np0000005225 nova-scheduler[96349]: DEBUG cotyledon.oslo_config_glue [-] workarounds.libvirt_disable_apic = False {{(pid=96349) log_opt_values /opt/stack/data/venv/lib/python3.12/site-packages/oslo_config/cfg.py:3253}}
Jul 16 05:10:02.129166 np0000005225 nova-scheduler[96349]: DEBUG cotyledon.oslo_config_glue [-] workarounds.never_download_image_if_on_rbd = False {{(pid=96349) log_opt_values /opt/stack/data/venv/lib/python3.12/site-packages/oslo_config/cfg.py:3253}}
Jul 16 05:10:02.129166 np0000005225 nova-scheduler[96349]: DEBUG cotyledon.oslo_config_glue [-] workarounds.qemu_monitor_announce_self_count = 3 {{(pid=96349) log_opt_values /opt/stack/data/venv/lib/python3.12/site-packages/oslo_config/cfg.py:3253}}
Jul 16 05:10:02.129166 np0000005225 nova-scheduler[96349]: DEBUG cotyledon.oslo_config_glue [-] workarounds.qemu_monitor_announce_self_interval = 1 {{(pid=96349) log_opt_values /opt/stack/data/venv/lib/python3.12/site-packages/oslo_config/cfg.py:3253}}
Jul 16 05:10:02.129166 np0000005225 nova-scheduler[96349]: DEBUG cotyledon.oslo_config_glue [-] workarounds.reserve_disk_resource_for_image_cache = False {{(pid=96349) log_opt_values /opt/stack/data/venv/lib/python3.12/site-packages/oslo_config/cfg.py:3253}}
Jul 16 05:10:02.129166 np0000005225 nova-scheduler[96349]: DEBUG cotyledon.oslo_config_glue [-] workarounds.skip_cpu_compare_at_startup = False {{(pid=96349) log_opt_values /opt/stack/data/venv/lib/python3.12/site-packages/oslo_config/cfg.py:3253}}
Jul 16 05:10:02.129166 np0000005225 nova-scheduler[96349]: DEBUG cotyledon.oslo_config_glue [-] workarounds.skip_cpu_compare_on_dest = False {{(pid=96349) log_opt_values /opt/stack/data/venv/lib/python3.12/site-packages/oslo_config/cfg.py:3253}}
Jul 16 05:10:02.129542 np0000005225 nova-scheduler[96349]: DEBUG cotyledon.oslo_config_glue [-] workarounds.skip_hypervisor_version_check_on_lm = False {{(pid=96349) log_opt_values /opt/stack/data/venv/lib/python3.12/site-packages/oslo_config/cfg.py:3253}}
Jul 16 05:10:02.129542 np0000005225 nova-scheduler[96349]: DEBUG cotyledon.oslo_config_glue [-] workarounds.skip_reserve_in_use_ironic_nodes = False {{(pid=96349) log_opt_values /opt/stack/data/venv/lib/python3.12/site-packages/oslo_config/cfg.py:3253}}
Jul 16 05:10:02.129542 np0000005225 nova-scheduler[96349]: DEBUG cotyledon.oslo_config_glue [-] workarounds.unified_limits_count_pcpu_as_vcpu = False {{(pid=96349) log_opt_values /opt/stack/data/venv/lib/python3.12/site-packages/oslo_config/cfg.py:3253}}
Jul 16 05:10:02.129542 np0000005225 nova-scheduler[96349]: DEBUG cotyledon.oslo_config_glue [-] workarounds.wait_for_vif_plugged_event_during_hard_reboot = [] {{(pid=96349) log_opt_values /opt/stack/data/venv/lib/python3.12/site-packages/oslo_config/cfg.py:3253}}
Jul 16 05:10:02.129542 np0000005225 nova-scheduler[96349]: DEBUG cotyledon.oslo_config_glue [-] wsgi.api_paste_config = /etc/nova/api-paste.ini {{(pid=96349) log_opt_values /opt/stack/data/venv/lib/python3.12/site-packages/oslo_config/cfg.py:3253}}
Jul 16 05:10:02.129542 np0000005225 nova-scheduler[96349]: DEBUG cotyledon.oslo_config_glue [-] wsgi.secure_proxy_ssl_header = None {{(pid=96349) log_opt_values /opt/stack/data/venv/lib/python3.12/site-packages/oslo_config/cfg.py:3253}}
Jul 16 05:10:02.129542 np0000005225 nova-scheduler[96349]: DEBUG cotyledon.oslo_config_glue [-] zvm.ca_file = None {{(pid=96349) log_opt_values /opt/stack/data/venv/lib/python3.12/site-packages/oslo_config/cfg.py:3253}}
Jul 16 05:10:02.129542 np0000005225 nova-scheduler[96349]: DEBUG cotyledon.oslo_config_glue [-] zvm.cloud_connector_url = None {{(pid=96349) log_opt_values /opt/stack/data/venv/lib/python3.12/site-packages/oslo_config/cfg.py:3253}}
Jul 16 05:10:02.129542 np0000005225 nova-scheduler[96349]: DEBUG cotyledon.oslo_config_glue [-] zvm.image_tmp_path = /opt/stack/data/nova/images {{(pid=96349) log_opt_values /opt/stack/data/venv/lib/python3.12/site-packages/oslo_config/cfg.py:3253}}
Jul 16 05:10:02.129846 np0000005225 nova-scheduler[96349]: DEBUG cotyledon.oslo_config_glue [-] zvm.reachable_timeout = 300 {{(pid=96349) log_opt_values /opt/stack/data/venv/lib/python3.12/site-packages/oslo_config/cfg.py:3253}}
Jul 16 05:10:02.129846 np0000005225 nova-scheduler[96349]: DEBUG cotyledon.oslo_config_glue [-] oslo_versionedobjects.fatal_exception_format_errors = False {{(pid=96349) log_opt_values /opt/stack/data/venv/lib/python3.12/site-packages/oslo_config/cfg.py:3253}}
Jul 16 05:10:02.129846 np0000005225 nova-scheduler[96349]: DEBUG cotyledon.oslo_config_glue [-] oslo_middleware.http_basic_auth_user_file = /etc/htpasswd {{(pid=96349) log_opt_values /opt/stack/data/venv/lib/python3.12/site-packages/oslo_config/cfg.py:3253}}
Jul 16 05:10:02.129846 np0000005225 nova-scheduler[96349]: DEBUG cotyledon.oslo_config_glue [-] oslo_messaging_metrics.metrics_buffer_size = 1000 {{(pid=96349) log_opt_values /opt/stack/data/venv/lib/python3.12/site-packages/oslo_config/cfg.py:3253}}
Jul 16 05:10:02.129846 np0000005225 nova-scheduler[96349]: DEBUG cotyledon.oslo_config_glue [-] oslo_messaging_metrics.metrics_enabled = False {{(pid=96349) log_opt_values /opt/stack/data/venv/lib/python3.12/site-packages/oslo_config/cfg.py:3253}}
Jul 16 05:10:02.129846 np0000005225 nova-scheduler[96349]: DEBUG cotyledon.oslo_config_glue [-] oslo_messaging_metrics.metrics_process_name = {{(pid=96349) log_opt_values /opt/stack/data/venv/lib/python3.12/site-packages/oslo_config/cfg.py:3253}}
Jul 16 05:10:02.129846 np0000005225 nova-scheduler[96349]: DEBUG cotyledon.oslo_config_glue [-] oslo_messaging_metrics.metrics_socket_file = /var/tmp/metrics_collector.sock {{(pid=96349) log_opt_values /opt/stack/data/venv/lib/python3.12/site-packages/oslo_config/cfg.py:3253}}
Jul 16 05:10:02.129846 np0000005225 nova-scheduler[96349]: DEBUG cotyledon.oslo_config_glue [-] oslo_messaging_metrics.metrics_thread_stop_timeout = 10 {{(pid=96349) log_opt_values /opt/stack/data/venv/lib/python3.12/site-packages/oslo_config/cfg.py:3253}}
Jul 16 05:10:02.130126 np0000005225 nova-scheduler[96349]: DEBUG cotyledon.oslo_config_glue [-] profiler.connection_string = messaging:// {{(pid=96349) log_opt_values /opt/stack/data/venv/lib/python3.12/site-packages/oslo_config/cfg.py:3253}}
Jul 16 05:10:02.130126 np0000005225 nova-scheduler[96349]: DEBUG cotyledon.oslo_config_glue [-] profiler.enabled = False {{(pid=96349) log_opt_values /opt/stack/data/venv/lib/python3.12/site-packages/oslo_config/cfg.py:3253}}
Jul 16 05:10:02.130126 np0000005225 nova-scheduler[96349]: DEBUG cotyledon.oslo_config_glue [-] profiler.es_doc_type = notification {{(pid=96349) log_opt_values /opt/stack/data/venv/lib/python3.12/site-packages/oslo_config/cfg.py:3253}}
Jul 16 05:10:02.130126 np0000005225 nova-scheduler[96349]: DEBUG cotyledon.oslo_config_glue [-] profiler.es_scroll_size = 10000 {{(pid=96349) log_opt_values /opt/stack/data/venv/lib/python3.12/site-packages/oslo_config/cfg.py:3253}}
Jul 16 05:10:02.130126 np0000005225 nova-scheduler[96349]: DEBUG cotyledon.oslo_config_glue [-] profiler.es_scroll_time = 2m {{(pid=96349) log_opt_values /opt/stack/data/venv/lib/python3.12/site-packages/oslo_config/cfg.py:3253}}
Jul 16 05:10:02.130126 np0000005225 nova-scheduler[96349]: DEBUG cotyledon.oslo_config_glue [-] profiler.filter_error_trace = False {{(pid=96349) log_opt_values /opt/stack/data/venv/lib/python3.12/site-packages/oslo_config/cfg.py:3253}}
Jul 16 05:10:02.130126 np0000005225 nova-scheduler[96349]: DEBUG cotyledon.oslo_config_glue [-] profiler.hmac_keys = **** {{(pid=96349) log_opt_values /opt/stack/data/venv/lib/python3.12/site-packages/oslo_config/cfg.py:3253}}
Jul 16 05:10:02.130126 np0000005225 nova-scheduler[96349]: DEBUG cotyledon.oslo_config_glue [-] profiler.sentinel_service_name = mymaster {{(pid=96349) log_opt_values /opt/stack/data/venv/lib/python3.12/site-packages/oslo_config/cfg.py:3253}}
Jul 16 05:10:02.130126 np0000005225 nova-scheduler[96349]: DEBUG cotyledon.oslo_config_glue [-] profiler.socket_timeout = 0.1 {{(pid=96349) log_opt_values /opt/stack/data/venv/lib/python3.12/site-packages/oslo_config/cfg.py:3253}}
Jul 16 05:10:02.130435 np0000005225 nova-scheduler[96349]: DEBUG cotyledon.oslo_config_glue [-] profiler.trace_requests = False {{(pid=96349) log_opt_values /opt/stack/data/venv/lib/python3.12/site-packages/oslo_config/cfg.py:3253}}
Jul 16 05:10:02.130435 np0000005225 nova-scheduler[96349]: DEBUG cotyledon.oslo_config_glue [-] profiler.trace_sqlalchemy = False {{(pid=96349) log_opt_values /opt/stack/data/venv/lib/python3.12/site-packages/oslo_config/cfg.py:3253}}
Jul 16 05:10:02.130435 np0000005225 nova-scheduler[96349]: DEBUG cotyledon.oslo_config_glue [-] profiler_jaeger.process_tags = {} {{(pid=96349) log_opt_values /opt/stack/data/venv/lib/python3.12/site-packages/oslo_config/cfg.py:3253}}
Jul 16 05:10:02.130435 np0000005225 nova-scheduler[96349]: DEBUG cotyledon.oslo_config_glue [-] profiler_jaeger.service_name_prefix = None {{(pid=96349) log_opt_values /opt/stack/data/venv/lib/python3.12/site-packages/oslo_config/cfg.py:3253}}
Jul 16 05:10:02.130435 np0000005225 nova-scheduler[96349]: DEBUG cotyledon.oslo_config_glue [-] profiler_otlp.service_name_prefix = None {{(pid=96349) log_opt_values /opt/stack/data/venv/lib/python3.12/site-packages/oslo_config/cfg.py:3253}}
Jul 16 05:10:02.130435 np0000005225 nova-scheduler[96349]: DEBUG cotyledon.oslo_config_glue [-] oslo_messaging_rabbit.amqp_auto_delete = False {{(pid=96349) log_opt_values /opt/stack/data/venv/lib/python3.12/site-packages/oslo_config/cfg.py:3253}}
Jul 16 05:10:02.130435 np0000005225 nova-scheduler[96349]: DEBUG cotyledon.oslo_config_glue [-] oslo_messaging_rabbit.amqp_durable_queues = False {{(pid=96349) log_opt_values /opt/stack/data/venv/lib/python3.12/site-packages/oslo_config/cfg.py:3253}}
Jul 16 05:10:02.130435 np0000005225 nova-scheduler[96349]: DEBUG cotyledon.oslo_config_glue [-] oslo_messaging_rabbit.conn_pool_min_size = 2 {{(pid=96349) log_opt_values /opt/stack/data/venv/lib/python3.12/site-packages/oslo_config/cfg.py:3253}}
Jul 16 05:10:02.130435 np0000005225 nova-scheduler[96349]: DEBUG cotyledon.oslo_config_glue [-] oslo_messaging_rabbit.conn_pool_ttl = 1200 {{(pid=96349) log_opt_values /opt/stack/data/venv/lib/python3.12/site-packages/oslo_config/cfg.py:3253}}
Jul 16 05:10:02.130754 np0000005225 nova-scheduler[96349]: DEBUG cotyledon.oslo_config_glue [-] oslo_messaging_rabbit.direct_mandatory_flag = True {{(pid=96349) log_opt_values /opt/stack/data/venv/lib/python3.12/site-packages/oslo_config/cfg.py:3253}}
Jul 16 05:10:02.130754 np0000005225 nova-scheduler[96349]: DEBUG cotyledon.oslo_config_glue [-] oslo_messaging_rabbit.enable_cancel_on_failover = False {{(pid=96349) log_opt_values /opt/stack/data/venv/lib/python3.12/site-packages/oslo_config/cfg.py:3253}}
Jul 16 05:10:02.130754 np0000005225 nova-scheduler[96349]: DEBUG cotyledon.oslo_config_glue [-] oslo_messaging_rabbit.heartbeat_rate = 3 {{(pid=96349) log_opt_values /opt/stack/data/venv/lib/python3.12/site-packages/oslo_config/cfg.py:3253}}
Jul 16 05:10:02.130754 np0000005225 nova-scheduler[96349]: DEBUG cotyledon.oslo_config_glue [-] oslo_messaging_rabbit.heartbeat_timeout_threshold = 60 {{(pid=96349) log_opt_values /opt/stack/data/venv/lib/python3.12/site-packages/oslo_config/cfg.py:3253}}
Jul 16 05:10:02.130754 np0000005225 nova-scheduler[96349]: DEBUG cotyledon.oslo_config_glue [-] oslo_messaging_rabbit.hostname = np0000005225 {{(pid=96349) log_opt_values /opt/stack/data/venv/lib/python3.12/site-packages/oslo_config/cfg.py:3253}}
Jul 16 05:10:02.130754 np0000005225 nova-scheduler[96349]: DEBUG cotyledon.oslo_config_glue [-] oslo_messaging_rabbit.kombu_compression = None {{(pid=96349) log_opt_values /opt/stack/data/venv/lib/python3.12/site-packages/oslo_config/cfg.py:3253}}
Jul 16 05:10:02.130754 np0000005225 nova-scheduler[96349]: DEBUG cotyledon.oslo_config_glue [-] oslo_messaging_rabbit.kombu_failover_strategy = round-robin {{(pid=96349) log_opt_values /opt/stack/data/venv/lib/python3.12/site-packages/oslo_config/cfg.py:3253}}
Jul 16 05:10:02.130754 np0000005225 nova-scheduler[96349]: DEBUG cotyledon.oslo_config_glue [-] oslo_messaging_rabbit.kombu_missing_consumer_retry_timeout = 60 {{(pid=96349) log_opt_values /opt/stack/data/venv/lib/python3.12/site-packages/oslo_config/cfg.py:3253}}
Jul 16 05:10:02.130754 np0000005225 nova-scheduler[96349]: DEBUG cotyledon.oslo_config_glue [-] oslo_messaging_rabbit.kombu_reconnect_delay = 1.0 {{(pid=96349) log_opt_values /opt/stack/data/venv/lib/python3.12/site-packages/oslo_config/cfg.py:3253}}
Jul 16 05:10:02.131037 np0000005225 nova-scheduler[96349]: DEBUG cotyledon.oslo_config_glue [-] oslo_messaging_rabbit.kombu_reconnect_splay = 0.0 {{(pid=96349) log_opt_values /opt/stack/data/venv/lib/python3.12/site-packages/oslo_config/cfg.py:3253}}
Jul 16 05:10:02.131037 np0000005225 nova-scheduler[96349]: DEBUG cotyledon.oslo_config_glue [-] oslo_messaging_rabbit.processname = nova-scheduler {{(pid=96349) log_opt_values /opt/stack/data/venv/lib/python3.12/site-packages/oslo_config/cfg.py:3253}}
Jul 16 05:10:02.131037 np0000005225 nova-scheduler[96349]: DEBUG cotyledon.oslo_config_glue [-] oslo_messaging_rabbit.rabbit_ha_queues = False {{(pid=96349) log_opt_values /opt/stack/data/venv/lib/python3.12/site-packages/oslo_config/cfg.py:3253}}
Jul 16 05:10:02.131037 np0000005225 nova-scheduler[96349]: DEBUG cotyledon.oslo_config_glue [-] oslo_messaging_rabbit.rabbit_interval_max = 30 {{(pid=96349) log_opt_values /opt/stack/data/venv/lib/python3.12/site-packages/oslo_config/cfg.py:3253}}
Jul 16 05:10:02.131037 np0000005225 nova-scheduler[96349]: DEBUG cotyledon.oslo_config_glue [-] oslo_messaging_rabbit.rabbit_login_method = AMQPLAIN {{(pid=96349) log_opt_values /opt/stack/data/venv/lib/python3.12/site-packages/oslo_config/cfg.py:3253}}
Jul 16 05:10:02.131037 np0000005225 nova-scheduler[96349]: DEBUG cotyledon.oslo_config_glue [-] oslo_messaging_rabbit.rabbit_qos_prefetch_count = 0 {{(pid=96349) log_opt_values /opt/stack/data/venv/lib/python3.12/site-packages/oslo_config/cfg.py:3253}}
Jul 16 05:10:02.131037 np0000005225 nova-scheduler[96349]: DEBUG cotyledon.oslo_config_glue [-] oslo_messaging_rabbit.rabbit_quorum_delivery_limit = 0 {{(pid=96349) log_opt_values /opt/stack/data/venv/lib/python3.12/site-packages/oslo_config/cfg.py:3253}}
Jul 16 05:10:02.131037 np0000005225 nova-scheduler[96349]: DEBUG cotyledon.oslo_config_glue [-] oslo_messaging_rabbit.rabbit_quorum_max_memory_bytes = 0 {{(pid=96349) log_opt_values /opt/stack/data/venv/lib/python3.12/site-packages/oslo_config/cfg.py:3253}}
Jul 16 05:10:02.131037 np0000005225 nova-scheduler[96349]: DEBUG cotyledon.oslo_config_glue [-] oslo_messaging_rabbit.rabbit_quorum_max_memory_length = 0 {{(pid=96349) log_opt_values /opt/stack/data/venv/lib/python3.12/site-packages/oslo_config/cfg.py:3253}}
Jul 16 05:10:02.131338 np0000005225 nova-scheduler[96349]: DEBUG cotyledon.oslo_config_glue [-] oslo_messaging_rabbit.rabbit_quorum_queue = False {{(pid=96349) log_opt_values /opt/stack/data/venv/lib/python3.12/site-packages/oslo_config/cfg.py:3253}}
Jul 16 05:10:02.131338 np0000005225 nova-scheduler[96349]: DEBUG cotyledon.oslo_config_glue [-] oslo_messaging_rabbit.rabbit_retry_backoff = 2 {{(pid=96349) log_opt_values /opt/stack/data/venv/lib/python3.12/site-packages/oslo_config/cfg.py:3253}}
Jul 16 05:10:02.131338 np0000005225 nova-scheduler[96349]: DEBUG cotyledon.oslo_config_glue [-] oslo_messaging_rabbit.rabbit_retry_interval = 1 {{(pid=96349) log_opt_values /opt/stack/data/venv/lib/python3.12/site-packages/oslo_config/cfg.py:3253}}
Jul 16 05:10:02.131338 np0000005225 nova-scheduler[96349]: DEBUG cotyledon.oslo_config_glue [-] oslo_messaging_rabbit.rabbit_stream_fanout = False {{(pid=96349) log_opt_values /opt/stack/data/venv/lib/python3.12/site-packages/oslo_config/cfg.py:3253}}
Jul 16 05:10:02.131338 np0000005225 nova-scheduler[96349]: DEBUG cotyledon.oslo_config_glue [-] oslo_messaging_rabbit.rabbit_transient_queues_ttl = 1800 {{(pid=96349) log_opt_values /opt/stack/data/venv/lib/python3.12/site-packages/oslo_config/cfg.py:3253}}
Jul 16 05:10:02.131338 np0000005225 nova-scheduler[96349]: DEBUG cotyledon.oslo_config_glue [-] oslo_messaging_rabbit.rabbit_transient_quorum_queue = False {{(pid=96349) log_opt_values /opt/stack/data/venv/lib/python3.12/site-packages/oslo_config/cfg.py:3253}}
Jul 16 05:10:02.131338 np0000005225 nova-scheduler[96349]: DEBUG cotyledon.oslo_config_glue [-] oslo_messaging_rabbit.rpc_conn_pool_size = 30 {{(pid=96349) log_opt_values /opt/stack/data/venv/lib/python3.12/site-packages/oslo_config/cfg.py:3253}}
Jul 16 05:10:02.131338 np0000005225 nova-scheduler[96349]: DEBUG cotyledon.oslo_config_glue [-] oslo_messaging_rabbit.ssl = False {{(pid=96349) log_opt_values /opt/stack/data/venv/lib/python3.12/site-packages/oslo_config/cfg.py:3253}}
Jul 16 05:10:02.131338 np0000005225 nova-scheduler[96349]: DEBUG cotyledon.oslo_config_glue [-] oslo_messaging_rabbit.ssl_ca_file = {{(pid=96349) log_opt_values /opt/stack/data/venv/lib/python3.12/site-packages/oslo_config/cfg.py:3253}}
Jul 16 05:10:02.131540 np0000005225 nova-scheduler[96349]: DEBUG cotyledon.oslo_config_glue [-] oslo_messaging_rabbit.ssl_cert_file = {{(pid=96349) log_opt_values /opt/stack/data/venv/lib/python3.12/site-packages/oslo_config/cfg.py:3253}}
Jul 16 05:10:02.131540 np0000005225 nova-scheduler[96349]: DEBUG cotyledon.oslo_config_glue [-] oslo_messaging_rabbit.ssl_enforce_fips_mode = False {{(pid=96349) log_opt_values /opt/stack/data/venv/lib/python3.12/site-packages/oslo_config/cfg.py:3253}}
Jul 16 05:10:02.131540 np0000005225 nova-scheduler[96349]: DEBUG cotyledon.oslo_config_glue [-] oslo_messaging_rabbit.ssl_enforce_hostname_verification = True {{(pid=96349) log_opt_values /opt/stack/data/venv/lib/python3.12/site-packages/oslo_config/cfg.py:3253}}
Jul 16 05:10:02.131540 np0000005225 nova-scheduler[96349]: DEBUG cotyledon.oslo_config_glue [-] oslo_messaging_rabbit.ssl_key_file = {{(pid=96349) log_opt_values /opt/stack/data/venv/lib/python3.12/site-packages/oslo_config/cfg.py:3253}}
Jul 16 05:10:02.131540 np0000005225 nova-scheduler[96349]: DEBUG cotyledon.oslo_config_glue [-] oslo_messaging_rabbit.ssl_version = {{(pid=96349) log_opt_values /opt/stack/data/venv/lib/python3.12/site-packages/oslo_config/cfg.py:3253}}
Jul 16 05:10:02.131540 np0000005225 nova-scheduler[96349]: DEBUG cotyledon.oslo_config_glue [-] oslo_messaging_rabbit.use_queue_manager = False {{(pid=96349) log_opt_values /opt/stack/data/venv/lib/python3.12/site-packages/oslo_config/cfg.py:3253}}
Jul 16 05:10:02.131540 np0000005225 nova-scheduler[96349]: DEBUG cotyledon.oslo_config_glue [-] oslo_messaging_notifications.driver = ['messagingv2'] {{(pid=96349) log_opt_values /opt/stack/data/venv/lib/python3.12/site-packages/oslo_config/cfg.py:3253}}
Jul 16 05:10:02.131540 np0000005225 nova-scheduler[96349]: DEBUG cotyledon.oslo_config_glue [-] oslo_messaging_notifications.retry = -1 {{(pid=96349) log_opt_values /opt/stack/data/venv/lib/python3.12/site-packages/oslo_config/cfg.py:3253}}
Jul 16 05:10:02.131540 np0000005225 nova-scheduler[96349]: DEBUG cotyledon.oslo_config_glue [-] oslo_messaging_notifications.topics = ['notifications'] {{(pid=96349) log_opt_values /opt/stack/data/venv/lib/python3.12/site-packages/oslo_config/cfg.py:3253}}
Jul 16 05:10:02.131719 np0000005225 nova-scheduler[96349]: DEBUG cotyledon.oslo_config_glue [-] oslo_messaging_notifications.transport_url = **** {{(pid=96349) log_opt_values /opt/stack/data/venv/lib/python3.12/site-packages/oslo_config/cfg.py:3253}}
Jul 16 05:10:02.131719 np0000005225 nova-scheduler[96349]: DEBUG cotyledon.oslo_config_glue [-] oslo_limit.auth_section = None {{(pid=96349) log_opt_values /opt/stack/data/venv/lib/python3.12/site-packages/oslo_config/cfg.py:3253}}
Jul 16 05:10:02.131719 np0000005225 nova-scheduler[96349]: DEBUG cotyledon.oslo_config_glue [-] oslo_limit.auth_type = None {{(pid=96349) log_opt_values /opt/stack/data/venv/lib/python3.12/site-packages/oslo_config/cfg.py:3253}}
Jul 16 05:10:02.131719 np0000005225 nova-scheduler[96349]: DEBUG cotyledon.oslo_config_glue [-] oslo_limit.cafile = None {{(pid=96349) log_opt_values /opt/stack/data/venv/lib/python3.12/site-packages/oslo_config/cfg.py:3253}}
Jul 16 05:10:02.131719 np0000005225 nova-scheduler[96349]: DEBUG cotyledon.oslo_config_glue [-] oslo_limit.certfile = None {{(pid=96349) log_opt_values /opt/stack/data/venv/lib/python3.12/site-packages/oslo_config/cfg.py:3253}}
Jul 16 05:10:02.131719 np0000005225 nova-scheduler[96349]: DEBUG cotyledon.oslo_config_glue [-] oslo_limit.collect_timing = False {{(pid=96349) log_opt_values /opt/stack/data/venv/lib/python3.12/site-packages/oslo_config/cfg.py:3253}}
Jul 16 05:10:02.131719 np0000005225 nova-scheduler[96349]: DEBUG cotyledon.oslo_config_glue [-] oslo_limit.connect_retries = None {{(pid=96349) log_opt_values /opt/stack/data/venv/lib/python3.12/site-packages/oslo_config/cfg.py:3253}}
Jul 16 05:10:02.131719 np0000005225 nova-scheduler[96349]: DEBUG cotyledon.oslo_config_glue [-] oslo_limit.connect_retry_delay = None {{(pid=96349) log_opt_values /opt/stack/data/venv/lib/python3.12/site-packages/oslo_config/cfg.py:3253}}
Jul 16 05:10:02.131719 np0000005225 nova-scheduler[96349]: DEBUG cotyledon.oslo_config_glue [-] oslo_limit.endpoint_id = None {{(pid=96349) log_opt_values /opt/stack/data/venv/lib/python3.12/site-packages/oslo_config/cfg.py:3253}}
Jul 16 05:10:02.131886 np0000005225 nova-scheduler[96349]: DEBUG cotyledon.oslo_config_glue [-] oslo_limit.endpoint_interface = public {{(pid=96349) log_opt_values /opt/stack/data/venv/lib/python3.12/site-packages/oslo_config/cfg.py:3253}}
Jul 16 05:10:02.131886 np0000005225 nova-scheduler[96349]: DEBUG cotyledon.oslo_config_glue [-] oslo_limit.endpoint_override = None {{(pid=96349) log_opt_values /opt/stack/data/venv/lib/python3.12/site-packages/oslo_config/cfg.py:3253}}
Jul 16 05:10:02.131886 np0000005225 nova-scheduler[96349]: DEBUG cotyledon.oslo_config_glue [-] oslo_limit.endpoint_region_name = None {{(pid=96349) log_opt_values /opt/stack/data/venv/lib/python3.12/site-packages/oslo_config/cfg.py:3253}}
Jul 16 05:10:02.131886 np0000005225 nova-scheduler[96349]: DEBUG cotyledon.oslo_config_glue [-] oslo_limit.endpoint_service_name = None {{(pid=96349) log_opt_values /opt/stack/data/venv/lib/python3.12/site-packages/oslo_config/cfg.py:3253}}
Jul 16 05:10:02.131886 np0000005225 nova-scheduler[96349]: DEBUG cotyledon.oslo_config_glue [-] oslo_limit.endpoint_service_type = None {{(pid=96349) log_opt_values /opt/stack/data/venv/lib/python3.12/site-packages/oslo_config/cfg.py:3253}}
Jul 16 05:10:02.131886 np0000005225 nova-scheduler[96349]: DEBUG cotyledon.oslo_config_glue [-] oslo_limit.insecure = False {{(pid=96349) log_opt_values /opt/stack/data/venv/lib/python3.12/site-packages/oslo_config/cfg.py:3253}}
Jul 16 05:10:02.131886 np0000005225 nova-scheduler[96349]: DEBUG cotyledon.oslo_config_glue [-] oslo_limit.keyfile = None {{(pid=96349) log_opt_values /opt/stack/data/venv/lib/python3.12/site-packages/oslo_config/cfg.py:3253}}
Jul 16 05:10:02.131886 np0000005225 nova-scheduler[96349]: DEBUG cotyledon.oslo_config_glue [-] oslo_limit.max_version = None {{(pid=96349) log_opt_values /opt/stack/data/venv/lib/python3.12/site-packages/oslo_config/cfg.py:3253}}
Jul 16 05:10:02.131886 np0000005225 nova-scheduler[96349]: DEBUG cotyledon.oslo_config_glue [-] oslo_limit.min_version = None {{(pid=96349) log_opt_values /opt/stack/data/venv/lib/python3.12/site-packages/oslo_config/cfg.py:3253}}
Jul 16 05:10:02.132090 np0000005225 nova-scheduler[96349]: DEBUG cotyledon.oslo_config_glue [-] oslo_limit.region_name = None {{(pid=96349) log_opt_values /opt/stack/data/venv/lib/python3.12/site-packages/oslo_config/cfg.py:3253}}
Jul 16 05:10:02.132090 np0000005225 nova-scheduler[96349]: DEBUG cotyledon.oslo_config_glue [-] oslo_limit.retriable_status_codes = None {{(pid=96349) log_opt_values /opt/stack/data/venv/lib/python3.12/site-packages/oslo_config/cfg.py:3253}}
Jul 16 05:10:02.132090 np0000005225 nova-scheduler[96349]: DEBUG cotyledon.oslo_config_glue [-] oslo_limit.service_name = None {{(pid=96349) log_opt_values /opt/stack/data/venv/lib/python3.12/site-packages/oslo_config/cfg.py:3253}}
Jul 16 05:10:02.132090 np0000005225 nova-scheduler[96349]: DEBUG cotyledon.oslo_config_glue [-] oslo_limit.service_type = None {{(pid=96349) log_opt_values /opt/stack/data/venv/lib/python3.12/site-packages/oslo_config/cfg.py:3253}}
Jul 16 05:10:02.132090 np0000005225 nova-scheduler[96349]: DEBUG cotyledon.oslo_config_glue [-] oslo_limit.split_loggers = False {{(pid=96349) log_opt_values /opt/stack/data/venv/lib/python3.12/site-packages/oslo_config/cfg.py:3253}}
Jul 16 05:10:02.132090 np0000005225 nova-scheduler[96349]: DEBUG cotyledon.oslo_config_glue [-] oslo_limit.status_code_retries = None {{(pid=96349) log_opt_values /opt/stack/data/venv/lib/python3.12/site-packages/oslo_config/cfg.py:3253}}
Jul 16 05:10:02.132090 np0000005225 nova-scheduler[96349]: DEBUG cotyledon.oslo_config_glue [-] oslo_limit.status_code_retry_delay = None {{(pid=96349) log_opt_values /opt/stack/data/venv/lib/python3.12/site-packages/oslo_config/cfg.py:3253}}
Jul 16 05:10:02.132090 np0000005225 nova-scheduler[96349]: DEBUG cotyledon.oslo_config_glue [-] oslo_limit.timeout = None {{(pid=96349) log_opt_values /opt/stack/data/venv/lib/python3.12/site-packages/oslo_config/cfg.py:3253}}
Jul 16 05:10:02.132090 np0000005225 nova-scheduler[96349]: DEBUG cotyledon.oslo_config_glue [-] oslo_limit.valid_interfaces = None {{(pid=96349) log_opt_values /opt/stack/data/venv/lib/python3.12/site-packages/oslo_config/cfg.py:3253}}
Jul 16 05:10:02.132264 np0000005225 nova-scheduler[96349]: DEBUG cotyledon.oslo_config_glue [-] oslo_limit.version = None {{(pid=96349) log_opt_values /opt/stack/data/venv/lib/python3.12/site-packages/oslo_config/cfg.py:3253}}
Jul 16 05:10:02.132264 np0000005225 nova-scheduler[96349]: DEBUG cotyledon.oslo_config_glue [-] oslo_reports.file_event_handler = None {{(pid=96349) log_opt_values /opt/stack/data/venv/lib/python3.12/site-packages/oslo_config/cfg.py:3253}}
Jul 16 05:10:02.132264 np0000005225 nova-scheduler[96349]: DEBUG cotyledon.oslo_config_glue [-] oslo_reports.file_event_handler_interval = 1 {{(pid=96349) log_opt_values /opt/stack/data/venv/lib/python3.12/site-packages/oslo_config/cfg.py:3253}}
Jul 16 05:10:02.132264 np0000005225 nova-scheduler[96349]: DEBUG cotyledon.oslo_config_glue [-] oslo_reports.log_dir = None {{(pid=96349) log_opt_values /opt/stack/data/venv/lib/python3.12/site-packages/oslo_config/cfg.py:3253}}
Jul 16 05:10:02.132264 np0000005225 nova-scheduler[96349]: DEBUG cotyledon.oslo_config_glue [-] ******************************************************************************** {{(pid=96349) log_opt_values /opt/stack/data/venv/lib/python3.12/site-packages/oslo_config/cfg.py:3260}}
Jul 16 05:10:02.132264 np0000005225 nova-scheduler[96349]: DEBUG cotyledon._service_worker [-] Run service ServiceWrapper(3) [96349] {{(pid=96349) wait_forever /opt/stack/data/venv/lib/python3.12/site-packages/cotyledon/_service_worker.py:218}}
Jul 16 05:10:02.132426 np0000005225 nova-scheduler[96345]: DEBUG dbcounter [-] [96345] Writer thread running {{(pid=96345) stat_writer /opt/stack/data/venv/lib/python3.12/site-packages/dbcounter.py:102}}
Jul 16 05:10:02.132472 np0000005225 nova-scheduler[96349]: INFO nova.service [-] Starting scheduler node (version 33.1.0)
Jul 16 05:10:02.132472 np0000005225 nova-scheduler[96349]: INFO dbcounter [None req-33eb2eb4-6ec3-4b40-b459-f7861add654b None None] Registered counter for database nova_cell0
Jul 16 05:10:02.132532 np0000005225 nova-scheduler[96345]: DEBUG nova.service [None req-3eb50e4f-c951-4c65-8688-fd243530a3e2 None None] Creating RPC server for service: nova-scheduler on topic: scheduler {{(pid=96345) start /opt/stack/nova/nova/service.py:196}}
Jul 16 05:10:02.132578 np0000005225 nova-scheduler[96343]: DEBUG oslo_db.sqlalchemy.engines [None req-ac77e5f5-5b69-4241-a509-5b525d4bc790 None None] MySQL server mode set to STRICT_TRANS_TABLES,STRICT_ALL_TABLES,NO_ZERO_IN_DATE,NO_ZERO_DATE,ERROR_FOR_DIVISION_BY_ZERO,TRADITIONAL,NO_ENGINE_SUBSTITUTION {{(pid=96343) _check_effective_sql_mode /opt/stack/data/venv/lib/python3.12/site-packages/oslo_db/sqlalchemy/engines.py:325}}
Jul 16 05:10:02.132619 np0000005225 nova-scheduler[96347]: DEBUG oslo_db.sqlalchemy.engines [None req-f4def6d3-acbb-40d2-ad69-49d938b18643 None None] MySQL server mode set to STRICT_TRANS_TABLES,STRICT_ALL_TABLES,NO_ZERO_IN_DATE,NO_ZERO_DATE,ERROR_FOR_DIVISION_BY_ZERO,TRADITIONAL,NO_ENGINE_SUBSTITUTION {{(pid=96347) _check_effective_sql_mode /opt/stack/data/venv/lib/python3.12/site-packages/oslo_db/sqlalchemy/engines.py:325}}
Jul 16 05:10:02.132657 np0000005225 nova-scheduler[96343]: DEBUG dbcounter [-] [96343] Writer thread running {{(pid=96343) stat_writer /opt/stack/data/venv/lib/python3.12/site-packages/dbcounter.py:102}}
Jul 16 05:10:02.132657 np0000005225 nova-scheduler[96343]: DEBUG nova.service [None req-ac77e5f5-5b69-4241-a509-5b525d4bc790 None None] Creating RPC server for service: nova-scheduler on topic: scheduler {{(pid=96343) start /opt/stack/nova/nova/service.py:196}}
Jul 16 05:10:02.132722 np0000005225 nova-scheduler[96347]: DEBUG dbcounter [-] [96347] Writer thread running {{(pid=96347) stat_writer /opt/stack/data/venv/lib/python3.12/site-packages/dbcounter.py:102}}
Jul 16 05:10:02.132722 np0000005225 nova-scheduler[96347]: DEBUG nova.service [None req-f4def6d3-acbb-40d2-ad69-49d938b18643 None None] Creating RPC server for service: nova-scheduler on topic: scheduler {{(pid=96347) start /opt/stack/nova/nova/service.py:196}}
Jul 16 05:10:02.138112 np0000005225 nova-scheduler[96349]: DEBUG oslo_db.sqlalchemy.engines [None req-33eb2eb4-6ec3-4b40-b459-f7861add654b None None] MySQL server mode set to STRICT_TRANS_TABLES,STRICT_ALL_TABLES,NO_ZERO_IN_DATE,NO_ZERO_DATE,ERROR_FOR_DIVISION_BY_ZERO,TRADITIONAL,NO_ENGINE_SUBSTITUTION {{(pid=96349) _check_effective_sql_mode /opt/stack/data/venv/lib/python3.12/site-packages/oslo_db/sqlalchemy/engines.py:325}}
Jul 16 05:10:02.144979 np0000005225 nova-scheduler[96345]: DEBUG nova.service [None req-3eb50e4f-c951-4c65-8688-fd243530a3e2 None None] Join ServiceGroup membership for this service scheduler {{(pid=96345) start /opt/stack/nova/nova/service.py:222}}
Jul 16 05:10:02.144979 np0000005225 nova-scheduler[96345]: DEBUG nova.servicegroup.drivers.db [None req-3eb50e4f-c951-4c65-8688-fd243530a3e2 None None] DB_Driver: join new ServiceGroup member np0000005225 to the scheduler group, service = {{(pid=96345) join /opt/stack/nova/nova/servicegroup/drivers/db.py:44}}
Jul 16 05:10:02.150753 np0000005225 nova-scheduler[96343]: DEBUG nova.service [None req-ac77e5f5-5b69-4241-a509-5b525d4bc790 None None] Join ServiceGroup membership for this service scheduler {{(pid=96343) start /opt/stack/nova/nova/service.py:222}}
Jul 16 05:10:02.150908 np0000005225 nova-scheduler[96349]: DEBUG dbcounter [-] [96349] Writer thread running {{(pid=96349) stat_writer /opt/stack/data/venv/lib/python3.12/site-packages/dbcounter.py:102}}
Jul 16 05:10:02.150984 np0000005225 nova-scheduler[96343]: DEBUG nova.servicegroup.drivers.db [None req-ac77e5f5-5b69-4241-a509-5b525d4bc790 None None] DB_Driver: join new ServiceGroup member np0000005225 to the scheduler group, service = {{(pid=96343) join /opt/stack/nova/nova/servicegroup/drivers/db.py:44}}
Jul 16 05:10:02.151547 np0000005225 nova-scheduler[96347]: DEBUG nova.service [None req-f4def6d3-acbb-40d2-ad69-49d938b18643 None None] Join ServiceGroup membership for this service scheduler {{(pid=96347) start /opt/stack/nova/nova/service.py:222}}
Jul 16 05:10:02.151767 np0000005225 nova-scheduler[96347]: DEBUG nova.servicegroup.drivers.db [None req-f4def6d3-acbb-40d2-ad69-49d938b18643 None None] DB_Driver: join new ServiceGroup member np0000005225 to the scheduler group, service = {{(pid=96347) join /opt/stack/nova/nova/servicegroup/drivers/db.py:44}}
Jul 16 05:10:02.155107 np0000005225 nova-scheduler[96349]: DEBUG nova.service [None req-33eb2eb4-6ec3-4b40-b459-f7861add654b None None] Creating RPC server for service: nova-scheduler on topic: scheduler {{(pid=96349) start /opt/stack/nova/nova/service.py:196}}
Jul 16 05:10:02.185799 np0000005225 nova-scheduler[96349]: DEBUG nova.service [None req-33eb2eb4-6ec3-4b40-b459-f7861add654b None None] Join ServiceGroup membership for this service scheduler {{(pid=96349) start /opt/stack/nova/nova/service.py:222}}
Jul 16 05:10:02.186054 np0000005225 nova-scheduler[96349]: DEBUG nova.servicegroup.drivers.db [None req-33eb2eb4-6ec3-4b40-b459-f7861add654b None None] DB_Driver: join new ServiceGroup member np0000005225 to the scheduler group, service = {{(pid=96349) join /opt/stack/nova/nova/servicegroup/drivers/db.py:44}}
Jul 16 05:10:07.157697 np0000005225 nova-scheduler[96345]: DEBUG oslo.service.backend._threading.loopingcall [-] Fixed interval looping call 'nova.servicegroup.drivers.db.DbDriver._report_state' sleeping for 119.99 seconds {{(pid=96345) _run_loop /opt/stack/data/venv/lib/python3.12/site-packages/oslo_service/backend/_threading/loopingcall.py:125}}
Jul 16 05:10:07.161751 np0000005225 nova-scheduler[96343]: DEBUG oslo.service.backend._threading.loopingcall [-] Fixed interval looping call 'nova.servicegroup.drivers.db.DbDriver._report_state' sleeping for 119.99 seconds {{(pid=96343) _run_loop /opt/stack/data/venv/lib/python3.12/site-packages/oslo_service/backend/_threading/loopingcall.py:125}}
Jul 16 05:10:07.162706 np0000005225 nova-scheduler[96347]: DEBUG oslo.service.backend._threading.loopingcall [-] Fixed interval looping call 'nova.servicegroup.drivers.db.DbDriver._report_state' sleeping for 119.99 seconds {{(pid=96347) _run_loop /opt/stack/data/venv/lib/python3.12/site-packages/oslo_service/backend/_threading/loopingcall.py:125}}
Jul 16 05:10:07.196502 np0000005225 nova-scheduler[96349]: DEBUG oslo.service.backend._threading.loopingcall [-] Fixed interval looping call 'nova.servicegroup.drivers.db.DbDriver._report_state' sleeping for 119.99 seconds {{(pid=96349) _run_loop /opt/stack/data/venv/lib/python3.12/site-packages/oslo_service/backend/_threading/loopingcall.py:125}}
Jul 16 05:10:10.674049 np0000005225 nova-scheduler[95124]: DEBUG dbcounter [-] [95124] Writing DB stats nova_api:SELECT=3 {{(pid=95124) stat_writer /opt/stack/data/venv/lib/python3.12/site-packages/dbcounter.py:115}}
Jul 16 05:10:10.800573 np0000005225 nova-scheduler[95124]: DEBUG dbcounter [-] [95124] Writing DB stats nova_cell1:SELECT=1 {{(pid=95124) stat_writer /opt/stack/data/venv/lib/python3.12/site-packages/dbcounter.py:115}}
Jul 16 05:10:10.802920 np0000005225 nova-scheduler[95124]: DEBUG dbcounter [-] [95124] Writing DB stats nova_cell0:SELECT=1 {{(pid=95124) stat_writer /opt/stack/data/venv/lib/python3.12/site-packages/dbcounter.py:115}}
Jul 16 05:10:12.146488 np0000005225 nova-scheduler[96345]: DEBUG oslo.service.backend._threading.loopingcall [None req-41a9ff26-b103-4b49-aefc-a580c4c77e4e None None] Dynamic interval looping call 'nova.service.Service.periodic_tasks' sleeping for 60.00 seconds {{(pid=96345) _run_loop /opt/stack/data/venv/lib/python3.12/site-packages/oslo_service/backend/_threading/loopingcall.py:125}}
Jul 16 05:10:12.188753 np0000005225 nova-scheduler[96349]: DEBUG oslo.service.backend._threading.loopingcall [None req-fb4b3274-8b81-4c0c-ac8f-8874153f5c57 None None] Dynamic interval looping call 'nova.service.Service.periodic_tasks' sleeping for 60.00 seconds {{(pid=96349) _run_loop /opt/stack/data/venv/lib/python3.12/site-packages/oslo_service/backend/_threading/loopingcall.py:125}}
Jul 16 05:10:17.154491 np0000005225 nova-scheduler[96345]: DEBUG dbcounter [-] [96345] Writing DB stats nova_cell0:SELECT=4,nova_cell0:INSERT=1,nova_cell0:UPDATE=1 {{(pid=96345) stat_writer /opt/stack/data/venv/lib/python3.12/site-packages/dbcounter.py:115}}
Jul 16 05:10:17.159260 np0000005225 nova-scheduler[96343]: DEBUG dbcounter [-] [96343] Writing DB stats nova_cell0:SELECT=3 {{(pid=96343) stat_writer /opt/stack/data/venv/lib/python3.12/site-packages/dbcounter.py:115}}
Jul 16 05:10:17.160018 np0000005225 nova-scheduler[96347]: DEBUG dbcounter [-] [96347] Writing DB stats nova_cell0:SELECT=3 {{(pid=96347) stat_writer /opt/stack/data/venv/lib/python3.12/site-packages/dbcounter.py:115}}
Jul 16 05:10:17.194167 np0000005225 nova-scheduler[96349]: DEBUG dbcounter [-] [96349] Writing DB stats nova_cell0:SELECT=3 {{(pid=96349) stat_writer /opt/stack/data/venv/lib/python3.12/site-packages/dbcounter.py:115}}
Jul 16 05:10:28.153773 np0000005225 nova-scheduler[96347]: DEBUG oslo.service.backend._threading.loopingcall [None req-68be6fd8-0ad0-4178-8cd4-815b04715516 None None] Dynamic interval looping call 'nova.service.Service.periodic_tasks' sleeping for 60.00 seconds {{(pid=96347) _run_loop /opt/stack/data/venv/lib/python3.12/site-packages/oslo_service/backend/_threading/loopingcall.py:125}}
Jul 16 05:10:31.153075 np0000005225 nova-scheduler[96343]: DEBUG oslo.service.backend._threading.loopingcall [None req-fe72e0d9-bcbc-4293-af5e-83c285040ef7 None None] Dynamic interval looping call 'nova.service.Service.periodic_tasks' sleeping for 60.00 seconds {{(pid=96343) _run_loop /opt/stack/data/venv/lib/python3.12/site-packages/oslo_service/backend/_threading/loopingcall.py:125}}
Jul 16 05:11:12.147110 np0000005225 nova-scheduler[96345]: DEBUG oslo.service.backend._threading.loopingcall [None req-41a9ff26-b103-4b49-aefc-a580c4c77e4e None None] Dynamic interval looping call 'nova.service.Service.periodic_tasks' sleeping for 60.00 seconds {{(pid=96345) _run_loop /opt/stack/data/venv/lib/python3.12/site-packages/oslo_service/backend/_threading/loopingcall.py:125}}
Jul 16 05:11:12.189175 np0000005225 nova-scheduler[96349]: DEBUG oslo.service.backend._threading.loopingcall [None req-fb4b3274-8b81-4c0c-ac8f-8874153f5c57 None None] Dynamic interval looping call 'nova.service.Service.periodic_tasks' sleeping for 60.00 seconds {{(pid=96349) _run_loop /opt/stack/data/venv/lib/python3.12/site-packages/oslo_service/backend/_threading/loopingcall.py:125}}
Jul 16 05:11:28.154306 np0000005225 nova-scheduler[96347]: DEBUG oslo.service.backend._threading.loopingcall [None req-68be6fd8-0ad0-4178-8cd4-815b04715516 None None] Dynamic interval looping call 'nova.service.Service.periodic_tasks' sleeping for 60.00 seconds {{(pid=96347) _run_loop /opt/stack/data/venv/lib/python3.12/site-packages/oslo_service/backend/_threading/loopingcall.py:125}}
Jul 16 05:11:31.153601 np0000005225 nova-scheduler[96343]: DEBUG oslo.service.backend._threading.loopingcall [None req-fe72e0d9-bcbc-4293-af5e-83c285040ef7 None None] Dynamic interval looping call 'nova.service.Service.periodic_tasks' sleeping for 60.00 seconds {{(pid=96343) _run_loop /opt/stack/data/venv/lib/python3.12/site-packages/oslo_service/backend/_threading/loopingcall.py:125}}
Jul 16 05:12:07.158463 np0000005225 nova-scheduler[96345]: DEBUG oslo.service.backend._threading.loopingcall [-] Fixed interval looping call 'nova.servicegroup.drivers.db.DbDriver._report_state' sleeping for 119.99 seconds {{(pid=96345) _run_loop /opt/stack/data/venv/lib/python3.12/site-packages/oslo_service/backend/_threading/loopingcall.py:125}}
Jul 16 05:12:07.158949 np0000005225 nova-scheduler[96343]: DEBUG oslo.service.backend._threading.loopingcall [-] Fixed interval looping call 'nova.servicegroup.drivers.db.DbDriver._report_state' sleeping for 119.99 seconds {{(pid=96343) _run_loop /opt/stack/data/venv/lib/python3.12/site-packages/oslo_service/backend/_threading/loopingcall.py:125}}
Jul 16 05:12:07.161066 np0000005225 nova-scheduler[96347]: DEBUG oslo.service.backend._threading.loopingcall [-] Fixed interval looping call 'nova.servicegroup.drivers.db.DbDriver._report_state' sleeping for 119.99 seconds {{(pid=96347) _run_loop /opt/stack/data/venv/lib/python3.12/site-packages/oslo_service/backend/_threading/loopingcall.py:125}}
Jul 16 05:12:07.190862 np0000005225 nova-scheduler[96349]: DEBUG oslo.service.backend._threading.loopingcall [-] Fixed interval looping call 'nova.servicegroup.drivers.db.DbDriver._report_state' sleeping for 120.00 seconds {{(pid=96349) _run_loop /opt/stack/data/venv/lib/python3.12/site-packages/oslo_service/backend/_threading/loopingcall.py:125}}
Jul 16 05:12:12.148807 np0000005225 nova-scheduler[96345]: DEBUG oslo.service.backend._threading.loopingcall [None req-41a9ff26-b103-4b49-aefc-a580c4c77e4e None None] Dynamic interval looping call 'nova.service.Service.periodic_tasks' sleeping for 60.00 seconds {{(pid=96345) _run_loop /opt/stack/data/venv/lib/python3.12/site-packages/oslo_service/backend/_threading/loopingcall.py:125}}
Jul 16 05:12:12.189848 np0000005225 nova-scheduler[96349]: DEBUG oslo.service.backend._threading.loopingcall [None req-fb4b3274-8b81-4c0c-ac8f-8874153f5c57 None None] Dynamic interval looping call 'nova.service.Service.periodic_tasks' sleeping for 60.00 seconds {{(pid=96349) _run_loop /opt/stack/data/venv/lib/python3.12/site-packages/oslo_service/backend/_threading/loopingcall.py:125}}
Jul 16 05:12:17.153894 np0000005225 nova-scheduler[96345]: DEBUG dbcounter [-] [96345] Writing DB stats nova_cell0:SELECT=1,nova_cell0:UPDATE=1 {{(pid=96345) stat_writer /opt/stack/data/venv/lib/python3.12/site-packages/dbcounter.py:115}}
Jul 16 05:12:17.157286 np0000005225 nova-scheduler[96343]: DEBUG dbcounter [-] [96343] Writing DB stats nova_cell0:SELECT=1,nova_cell0:UPDATE=1 {{(pid=96343) stat_writer /opt/stack/data/venv/lib/python3.12/site-packages/dbcounter.py:115}}
Jul 16 05:12:17.159975 np0000005225 nova-scheduler[96347]: DEBUG dbcounter [-] [96347] Writing DB stats nova_cell0:SELECT=1,nova_cell0:UPDATE=1 {{(pid=96347) stat_writer /opt/stack/data/venv/lib/python3.12/site-packages/dbcounter.py:115}}
Jul 16 05:12:17.188615 np0000005225 nova-scheduler[96349]: DEBUG dbcounter [-] [96349] Writing DB stats nova_cell0:SELECT=1 {{(pid=96349) stat_writer /opt/stack/data/venv/lib/python3.12/site-packages/dbcounter.py:115}}
Jul 16 05:12:23.098484 np0000005225 nova-scheduler[96345]: DEBUG nova.scheduler.manager [None req-f84fef99-5113-4abd-b75b-3fd4ea66df25 tempest-AttachVolumeNegativeTest-2144208863 tempest-AttachVolumeNegativeTest-2144208863-project-member] Starting to schedule for instances: ['2c6edf71-b6e2-4cbf-b6ba-874b945169c0'] {{(pid=96345) select_destinations /opt/stack/nova/nova/scheduler/manager.py:209}}
Jul 16 05:12:23.099224 np0000005225 nova-scheduler[96345]: DEBUG nova.scheduler.request_filter [None req-f84fef99-5113-4abd-b75b-3fd4ea66df25 tempest-AttachVolumeNegativeTest-2144208863 tempest-AttachVolumeNegativeTest-2144208863-project-member] compute_status_filter request filter added forbidden trait COMPUTE_STATUS_DISABLED {{(pid=96345) compute_status_filter /opt/stack/nova/nova/scheduler/request_filter.py:253}}
Jul 16 05:12:23.099341 np0000005225 nova-scheduler[96345]: DEBUG nova.scheduler.request_filter [None req-f84fef99-5113-4abd-b75b-3fd4ea66df25 tempest-AttachVolumeNegativeTest-2144208863 tempest-AttachVolumeNegativeTest-2144208863-project-member] Request filter 'compute_status_filter' took 0.0 seconds {{(pid=96345) wrapper /opt/stack/nova/nova/scheduler/request_filter.py:46}}
Jul 16 05:12:23.099560 np0000005225 nova-scheduler[96345]: DEBUG nova.scheduler.request_filter [None req-f84fef99-5113-4abd-b75b-3fd4ea66df25 tempest-AttachVolumeNegativeTest-2144208863 tempest-AttachVolumeNegativeTest-2144208863-project-member] Request filter 'accelerators_filter' took 0.0 seconds {{(pid=96345) wrapper /opt/stack/nova/nova/scheduler/request_filter.py:46}}
Jul 16 05:12:23.100178 np0000005225 nova-scheduler[96345]: DEBUG nova.scheduler.request_filter [None req-f84fef99-5113-4abd-b75b-3fd4ea66df25 tempest-AttachVolumeNegativeTest-2144208863 tempest-AttachVolumeNegativeTest-2144208863-project-member] Request filter 'packed_virtqueue_filter' took 0.0 seconds {{(pid=96345) wrapper /opt/stack/nova/nova/scheduler/request_filter.py:46}}
Jul 16 05:12:23.100178 np0000005225 nova-scheduler[96345]: DEBUG nova.scheduler.request_filter [None req-f84fef99-5113-4abd-b75b-3fd4ea66df25 tempest-AttachVolumeNegativeTest-2144208863 tempest-AttachVolumeNegativeTest-2144208863-project-member] Request filter 'remote_managed_ports_filter' took 0.0 seconds {{(pid=96345) wrapper /opt/stack/nova/nova/scheduler/request_filter.py:46}}
Jul 16 05:12:23.100321 np0000005225 nova-scheduler[96345]: DEBUG nova.scheduler.request_filter [None req-f84fef99-5113-4abd-b75b-3fd4ea66df25 tempest-AttachVolumeNegativeTest-2144208863 tempest-AttachVolumeNegativeTest-2144208863-project-member] ephemeral_encryption_filter skipped {{(pid=96345) ephemeral_encryption_filter /opt/stack/nova/nova/scheduler/request_filter.py:426}}
Jul 16 05:12:23.100487 np0000005225 nova-scheduler[96345]: DEBUG nova.scheduler.request_filter [None req-f84fef99-5113-4abd-b75b-3fd4ea66df25 tempest-AttachVolumeNegativeTest-2144208863 tempest-AttachVolumeNegativeTest-2144208863-project-member] virtio_sound_filter skipped {{(pid=96345) virtio_sound_filter /opt/stack/nova/nova/scheduler/request_filter.py:460}}
Jul 16 05:12:23.100735 np0000005225 nova-scheduler[96345]: DEBUG nova.scheduler.request_filter [None req-f84fef99-5113-4abd-b75b-3fd4ea66df25 tempest-AttachVolumeNegativeTest-2144208863 tempest-AttachVolumeNegativeTest-2144208863-project-member] tpm_secret_security_filter skipped {{(pid=96345) tpm_secret_security_filter /opt/stack/nova/nova/scheduler/request_filter.py:477}}
Jul 16 05:12:23.767383 np0000005225 nova-scheduler[96343]: DEBUG nova.scheduler.manager [None req-24c21d25-a4a6-4800-9b79-8e5b55f0f67f tempest-ServerActionsTestOtherA-299825008 tempest-ServerActionsTestOtherA-299825008-project-member] Starting to schedule for instances: ['a02c5ee8-9684-4981-aace-eda1a5f2b3b2'] {{(pid=96343) select_destinations /opt/stack/nova/nova/scheduler/manager.py:209}}
Jul 16 05:12:23.768150 np0000005225 nova-scheduler[96343]: DEBUG nova.scheduler.request_filter [None req-24c21d25-a4a6-4800-9b79-8e5b55f0f67f tempest-ServerActionsTestOtherA-299825008 tempest-ServerActionsTestOtherA-299825008-project-member] compute_status_filter request filter added forbidden trait COMPUTE_STATUS_DISABLED {{(pid=96343) compute_status_filter /opt/stack/nova/nova/scheduler/request_filter.py:253}}
Jul 16 05:12:23.768322 np0000005225 nova-scheduler[96343]: DEBUG nova.scheduler.request_filter [None req-24c21d25-a4a6-4800-9b79-8e5b55f0f67f tempest-ServerActionsTestOtherA-299825008 tempest-ServerActionsTestOtherA-299825008-project-member] Request filter 'compute_status_filter' took 0.0 seconds {{(pid=96343) wrapper /opt/stack/nova/nova/scheduler/request_filter.py:46}}
Jul 16 05:12:23.769571 np0000005225 nova-scheduler[96343]: DEBUG nova.scheduler.request_filter [None req-24c21d25-a4a6-4800-9b79-8e5b55f0f67f tempest-ServerActionsTestOtherA-299825008 tempest-ServerActionsTestOtherA-299825008-project-member] Request filter 'accelerators_filter' took 0.0 seconds {{(pid=96343) wrapper /opt/stack/nova/nova/scheduler/request_filter.py:46}}
Jul 16 05:12:23.770169 np0000005225 nova-scheduler[96343]: DEBUG nova.scheduler.request_filter [None req-24c21d25-a4a6-4800-9b79-8e5b55f0f67f tempest-ServerActionsTestOtherA-299825008 tempest-ServerActionsTestOtherA-299825008-project-member] Request filter 'packed_virtqueue_filter' took 0.0 seconds {{(pid=96343) wrapper /opt/stack/nova/nova/scheduler/request_filter.py:46}}
Jul 16 05:12:23.770169 np0000005225 nova-scheduler[96343]: DEBUG nova.scheduler.request_filter [None req-24c21d25-a4a6-4800-9b79-8e5b55f0f67f tempest-ServerActionsTestOtherA-299825008 tempest-ServerActionsTestOtherA-299825008-project-member] Request filter 'remote_managed_ports_filter' took 0.0 seconds {{(pid=96343) wrapper /opt/stack/nova/nova/scheduler/request_filter.py:46}}
