Jul 22 22:25:54.641618 np0000005663 devstack@g-api.service[99756]: DEBUG glance_store.location [-] Registering scheme swift+https with {'store': , 'location_class': , 'store_entry': 'swift'} {{(pid=99756) register_scheme_map /opt/stack/data/venv/lib/python3.12/site-packages/glance_store/location.py:146}}
Jul 22 22:25:54.641682 np0000005663 devstack@g-api.service[99756]: DEBUG glance_store.location [-] Registering scheme swift+https with {'store': , 'location_class': , 'store_entry': 'swift'} {{(pid=99756) register_scheme_map /opt/stack/data/venv/lib/python3.12/site-packages/glance_store/location.py:146}}
Jul 22 22:25:54.641718 np0000005663 devstack@g-api.service[99756]: DEBUG glance_store.location [-] Registering scheme swift with {'store': , 'location_class': , 'store_entry': 'swift'} {{(pid=99756) register_scheme_map /opt/stack/data/venv/lib/python3.12/site-packages/glance_store/location.py:146}}
Jul 22 22:25:54.641756 np0000005663 devstack@g-api.service[99756]: DEBUG glance_store.location [-] Registering scheme swift+https with {'store': , 'location_class': , 'store_entry': 'swift'} {{(pid=99756) register_scheme_map /opt/stack/data/venv/lib/python3.12/site-packages/glance_store/location.py:146}}
Jul 22 22:25:54.641791 np0000005663 devstack@g-api.service[99757]: DEBUG glance.sqlite_migration [-] SQLite caching database not located, skipping migration {{(pid=99757) get_db_path /opt/stack/glance/glance/sqlite_migration.py:68}}
Jul 22 22:25:54.641834 np0000005663 devstack@g-api.service[99756]: DEBUG glance_store.location [-] Registering scheme swift with {'store': , 'location_class': , 'store_entry': 'swift'} {{(pid=99756) register_scheme_map /opt/stack/data/venv/lib/python3.12/site-packages/glance_store/location.py:146}}
Jul 22 22:25:54.641889 np0000005663 devstack@g-api.service[99756]: DEBUG glance_store.location [-] Registering scheme swift+http with {'store': , 'location_class': , 'store_entry': 'swift'} {{(pid=99756) register_scheme_map /opt/stack/data/venv/lib/python3.12/site-packages/glance_store/location.py:146}}
Jul 22 22:25:54.641926 np0000005663 devstack@g-api.service[99756]: DEBUG glance_store.location [-] Registering scheme swift+https with {'store': , 'location_class': , 'store_entry': 'swift'} {{(pid=99756) register_scheme_map /opt/stack/data/venv/lib/python3.12/site-packages/glance_store/location.py:146}}
Jul 22 22:25:54.641961 np0000005663 devstack@g-api.service[99757]: WARNING glance.common.wsgi_app [-] Import methods are enabled but staging directory /tmp/staging/ does not exist; Imports will fail!
Jul 22 22:25:54.641996 np0000005663 devstack@g-api.service[99756]: DEBUG glance_store.location [-] Registering scheme swift with {'store': , 'location_class': , 'store_entry': 'swift'} {{(pid=99756) register_scheme_map /opt/stack/data/venv/lib/python3.12/site-packages/glance_store/location.py:146}}
Jul 22 22:25:54.642032 np0000005663 devstack@g-api.service[99756]: DEBUG glance_store.location [-] Registering scheme swift+http with {'store': , 'location_class': , 'store_entry': 'swift'} {{(pid=99756) register_scheme_map /opt/stack/data/venv/lib/python3.12/site-packages/glance_store/location.py:146}}
Jul 22 22:25:54.642067 np0000005663 devstack@g-api.service[99756]: DEBUG glance_store.location [-] Registering scheme swift+config with {'store': , 'location_class': , 'store_entry': 'swift'} {{(pid=99756) register_scheme_map /opt/stack/data/venv/lib/python3.12/site-packages/glance_store/location.py:146}}
Jul 22 22:25:54.642227 np0000005663 devstack@g-api.service[99755]: DEBUG glance_store.capabilities [-] Store glance_store._drivers.swift.store.SingleTenantStore doesn't support updating dynamic storage capabilities. Please overwrite 'update_capabilities' method of the store to implement updating logics if needed. {{(pid=99755) update_capabilities /opt/stack/data/venv/lib/python3.12/site-packages/glance_store/capabilities.py:91}}
Jul 22 22:25:54.642275 np0000005663 devstack@g-api.service[99755]: DEBUG glance_store.driver [-] Late loading location class glance_store._drivers.swift.store.StoreLocation {{(pid=99755) get_store_location_class /opt/stack/data/venv/lib/python3.12/site-packages/glance_store/driver.py:134}}
Jul 22 22:25:54.642312 np0000005663 devstack@g-api.service[99756]: DEBUG glance.sqlite_migration [-] SQLite caching database not located, skipping migration {{(pid=99756) get_db_path /opt/stack/glance/glance/sqlite_migration.py:68}}
Jul 22 22:25:54.642350 np0000005663 devstack@g-api.service[99755]: DEBUG glance_store.location [-] Registering scheme swift+https with {'store': , 'location_class': , 'store_entry': 'swift'} {{(pid=99755) register_scheme_map /opt/stack/data/venv/lib/python3.12/site-packages/glance_store/location.py:146}}
Jul 22 22:25:54.642414 np0000005663 devstack@g-api.service[99755]: DEBUG glance_store.location [-] Registering scheme swift+https with {'store': , 'location_class': , 'store_entry': 'swift'} {{(pid=99755) register_scheme_map /opt/stack/data/venv/lib/python3.12/site-packages/glance_store/location.py:146}}
Jul 22 22:25:54.642474 np0000005663 devstack@g-api.service[99755]: DEBUG glance_store.location [-] Registering scheme swift with {'store': , 'location_class': , 'store_entry': 'swift'} {{(pid=99755) register_scheme_map /opt/stack/data/venv/lib/python3.12/site-packages/glance_store/location.py:146}}
Jul 22 22:25:54.642511 np0000005663 devstack@g-api.service[99756]: WARNING glance.common.wsgi_app [-] Import methods are enabled but staging directory /tmp/staging/ does not exist; Imports will fail!
Jul 22 22:25:54.642551 np0000005663 devstack@g-api.service[99755]: DEBUG glance_store.location [-] Registering scheme swift+https with {'store': , 'location_class': , 'store_entry': 'swift'} {{(pid=99755) register_scheme_map /opt/stack/data/venv/lib/python3.12/site-packages/glance_store/location.py:146}}
Jul 22 22:25:54.642587 np0000005663 devstack@g-api.service[99755]: DEBUG glance_store.location [-] Registering scheme swift with {'store': , 'location_class': , 'store_entry': 'swift'} {{(pid=99755) register_scheme_map /opt/stack/data/venv/lib/python3.12/site-packages/glance_store/location.py:146}}
Jul 22 22:25:54.642625 np0000005663 devstack@g-api.service[99755]: DEBUG glance_store.location [-] Registering scheme swift+http with {'store': , 'location_class': , 'store_entry': 'swift'} {{(pid=99755) register_scheme_map /opt/stack/data/venv/lib/python3.12/site-packages/glance_store/location.py:146}}
Jul 22 22:25:54.642669 np0000005663 devstack@g-api.service[99755]: DEBUG glance_store.location [-] Registering scheme swift+https with {'store': , 'location_class': , 'store_entry': 'swift'} {{(pid=99755) register_scheme_map /opt/stack/data/venv/lib/python3.12/site-packages/glance_store/location.py:146}}
Jul 22 22:25:54.642708 np0000005663 devstack@g-api.service[99755]: DEBUG glance_store.location [-] Registering scheme swift with {'store': , 'location_class': , 'store_entry': 'swift'} {{(pid=99755) register_scheme_map /opt/stack/data/venv/lib/python3.12/site-packages/glance_store/location.py:146}}
Jul 22 22:25:54.642761 np0000005663 devstack@g-api.service[99755]: DEBUG glance_store.location [-] Registering scheme swift+http with {'store': , 'location_class': , 'store_entry': 'swift'} {{(pid=99755) register_scheme_map /opt/stack/data/venv/lib/python3.12/site-packages/glance_store/location.py:146}}
Jul 22 22:25:54.642827 np0000005663 devstack@g-api.service[99755]: DEBUG glance_store.location [-] Registering scheme swift+config with {'store': , 'location_class': , 'store_entry': 'swift'} {{(pid=99755) register_scheme_map /opt/stack/data/venv/lib/python3.12/site-packages/glance_store/location.py:146}}
Jul 22 22:25:54.643104 np0000005663 devstack@g-api.service[99755]: DEBUG glance.sqlite_migration [-] SQLite caching database not located, skipping migration {{(pid=99755) get_db_path /opt/stack/glance/glance/sqlite_migration.py:68}}
Jul 22 22:25:54.643286 np0000005663 devstack@g-api.service[99755]: WARNING glance.common.wsgi_app [-] Import methods are enabled but staging directory /tmp/staging/ does not exist; Imports will fail!
Jul 22 22:25:54.763583 np0000005663 devstack@g-api.service[99757]: DEBUG glance.common.config [None req-ad1c3ac0-ea40-4e85-ac90-975dd26ce068 None None] Loading glance-api-keystone+cachemanagement from /etc/glance/glance-api-paste.ini {{(pid=99757) load_paste_app /opt/stack/glance/glance/common/config.py:765}}
Jul 22 22:25:54.767240 np0000005663 devstack@g-api.service[99756]: DEBUG glance.common.config [None req-4455b128-7aa9-499f-b80b-019f3677c772 None None] Loading glance-api-keystone+cachemanagement from /etc/glance/glance-api-paste.ini {{(pid=99756) load_paste_app /opt/stack/glance/glance/common/config.py:765}}
Jul 22 22:25:54.770911 np0000005663 devstack@g-api.service[99755]: DEBUG glance.common.config [None req-d2886457-8964-460c-9980-9929c278999b None None] Loading glance-api-keystone+cachemanagement from /etc/glance/glance-api-paste.ini {{(pid=99755) load_paste_app /opt/stack/glance/glance/common/config.py:765}}
Jul 22 22:25:55.353192 np0000005663 devstack@g-api.service[99756]: INFO glance.image_cache [None req-4455b128-7aa9-499f-b80b-019f3677c772 None None] Image cache loaded driver 'centralized_db'.
Jul 22 22:25:55.353953 np0000005663 devstack@g-api.service[99757]: INFO glance.image_cache [None req-ad1c3ac0-ea40-4e85-ac90-975dd26ce068 None None] Image cache loaded driver 'centralized_db'.
Jul 22 22:25:55.358730 np0000005663 devstack@g-api.service[99755]: INFO glance.image_cache [None req-d2886457-8964-460c-9980-9929c278999b None None] Image cache loaded driver 'centralized_db'.
Jul 22 22:25:55.398075 np0000005663 devstack@g-api.service[99756]: INFO dbcounter [None req-4455b128-7aa9-499f-b80b-019f3677c772 None None] Registered counter for database glance
Jul 22 22:25:55.401558 np0000005663 devstack@g-api.service[99757]: INFO dbcounter [None req-ad1c3ac0-ea40-4e85-ac90-975dd26ce068 None None] Registered counter for database glance
Jul 22 22:25:55.405499 np0000005663 devstack@g-api.service[99755]: INFO dbcounter [None req-d2886457-8964-460c-9980-9929c278999b None None] Registered counter for database glance
Jul 22 22:25:55.438053 np0000005663 devstack@g-api.service[99756]: DEBUG oslo_db.sqlalchemy.engines [None req-4455b128-7aa9-499f-b80b-019f3677c772 None None] MySQL server mode set to STRICT_TRANS_TABLES,STRICT_ALL_TABLES,NO_ZERO_IN_DATE,NO_ZERO_DATE,ERROR_FOR_DIVISION_BY_ZERO,TRADITIONAL,NO_ENGINE_SUBSTITUTION {{(pid=99756) _check_effective_sql_mode /opt/stack/data/venv/lib/python3.12/site-packages/oslo_db/sqlalchemy/engines.py:325}}
Jul 22 22:25:55.442639 np0000005663 devstack@g-api.service[99757]: DEBUG oslo_db.sqlalchemy.engines [None req-ad1c3ac0-ea40-4e85-ac90-975dd26ce068 None None] MySQL server mode set to STRICT_TRANS_TABLES,STRICT_ALL_TABLES,NO_ZERO_IN_DATE,NO_ZERO_DATE,ERROR_FOR_DIVISION_BY_ZERO,TRADITIONAL,NO_ENGINE_SUBSTITUTION {{(pid=99757) _check_effective_sql_mode /opt/stack/data/venv/lib/python3.12/site-packages/oslo_db/sqlalchemy/engines.py:325}}
Jul 22 22:25:55.448805 np0000005663 devstack@g-api.service[99755]: DEBUG oslo_db.sqlalchemy.engines [None req-d2886457-8964-460c-9980-9929c278999b None None] MySQL server mode set to STRICT_TRANS_TABLES,STRICT_ALL_TABLES,NO_ZERO_IN_DATE,NO_ZERO_DATE,ERROR_FOR_DIVISION_BY_ZERO,TRADITIONAL,NO_ENGINE_SUBSTITUTION {{(pid=99755) _check_effective_sql_mode /opt/stack/data/venv/lib/python3.12/site-packages/oslo_db/sqlalchemy/engines.py:325}}
Jul 22 22:25:55.458830 np0000005663 devstack@g-api.service[99756]: DEBUG dbcounter [-] [99756] Writer thread running {{(pid=99756) stat_writer /opt/stack/data/venv/lib/python3.12/site-packages/dbcounter.py:102}}
Jul 22 22:25:55.470681 np0000005663 devstack@g-api.service[99757]: DEBUG dbcounter [-] [99757] Writer thread running {{(pid=99757) stat_writer /opt/stack/data/venv/lib/python3.12/site-packages/dbcounter.py:102}}
Jul 22 22:25:55.473656 np0000005663 devstack@g-api.service[99757]: DEBUG glance.image_cache.drivers.centralized_db [None req-ad1c3ac0-ea40-4e85-ac90-975dd26ce068 None None] Node reference is already recorded, ignoring it {{(pid=99757) configure /opt/stack/glance/glance/image_cache/drivers/centralized_db.py:71}}
Jul 22 22:25:55.476960 np0000005663 devstack@g-api.service[99755]: DEBUG dbcounter [-] [99755] Writer thread running {{(pid=99755) stat_writer /opt/stack/data/venv/lib/python3.12/site-packages/dbcounter.py:102}}
Jul 22 22:25:55.479600 np0000005663 devstack@g-api.service[99755]: DEBUG glance.image_cache.drivers.centralized_db [None req-d2886457-8964-460c-9980-9929c278999b None None] Node reference is already recorded, ignoring it {{(pid=99755) configure /opt/stack/glance/glance/image_cache/drivers/centralized_db.py:71}}
Jul 22 22:25:55.488536 np0000005663 devstack@g-api.service[99755]: INFO glance.image_cache [None req-d2886457-8964-460c-9980-9929c278999b None None] Image cache loaded driver 'centralized_db'.
Jul 22 22:25:55.561265 np0000005663 devstack@g-api.service[99756]: INFO glance.image_cache [None req-4455b128-7aa9-499f-b80b-019f3677c772 None None] Image cache loaded driver 'centralized_db'.
Jul 22 22:25:55.568911 np0000005663 devstack@g-api.service[99756]: DEBUG glance.image_cache.drivers.centralized_db [None req-4455b128-7aa9-499f-b80b-019f3677c772 None None] Node reference is already recorded, ignoring it {{(pid=99756) configure /opt/stack/glance/glance/image_cache/drivers/centralized_db.py:71}}
Jul 22 22:25:55.573737 np0000005663 devstack@g-api.service[99756]: DEBUG glance.api.v2.cached_images [None req-4455b128-7aa9-499f-b80b-019f3677c772 None None] Started cache worker thread {{(pid=99756) __init__ /opt/stack/glance/glance/api/v2/cached_images.py:71}}
Jul 22 22:25:55.574508 np0000005663 devstack@g-api.service[99756]: INFO glance.image_cache [None req-4455b128-7aa9-499f-b80b-019f3677c772 None None] Image cache loaded driver 'centralized_db'.
Jul 22 22:25:55.580871 np0000005663 devstack@g-api.service[99757]: INFO glance.image_cache [None req-ad1c3ac0-ea40-4e85-ac90-975dd26ce068 None None] Image cache loaded driver 'centralized_db'.
Jul 22 22:25:55.581595 np0000005663 devstack@g-api.service[99756]: DEBUG glance.image_cache.drivers.centralized_db [None req-4455b128-7aa9-499f-b80b-019f3677c772 None None] Node reference is already recorded, ignoring it {{(pid=99756) configure /opt/stack/glance/glance/image_cache/drivers/centralized_db.py:71}}
Jul 22 22:25:55.586271 np0000005663 devstack@g-api.service[99756]: INFO glance.api.middleware.cache_manage [None req-4455b128-7aa9-499f-b80b-019f3677c772 None None] Initialized image cache management middleware
Jul 22 22:25:55.586466 np0000005663 devstack@g-api.service[99756]: INFO glance.image_cache [None req-4455b128-7aa9-499f-b80b-019f3677c772 None None] Image cache loaded driver 'centralized_db'.
Jul 22 22:25:55.590000 np0000005663 devstack@g-api.service[99757]: DEBUG glance.image_cache.drivers.centralized_db [None req-ad1c3ac0-ea40-4e85-ac90-975dd26ce068 None None] Node reference is already recorded, ignoring it {{(pid=99757) configure /opt/stack/glance/glance/image_cache/drivers/centralized_db.py:71}}
Jul 22 22:25:55.590895 np0000005663 devstack@g-api.service[99755]: DEBUG glance.image_cache.drivers.centralized_db [None req-d2886457-8964-460c-9980-9929c278999b None None] Node reference is already recorded, ignoring it {{(pid=99755) configure /opt/stack/glance/glance/image_cache/drivers/centralized_db.py:71}}
Jul 22 22:25:55.593047 np0000005663 devstack@g-api.service[99756]: DEBUG glance.image_cache.drivers.centralized_db [None req-4455b128-7aa9-499f-b80b-019f3677c772 None None] Node reference is already recorded, ignoring it {{(pid=99756) configure /opt/stack/glance/glance/image_cache/drivers/centralized_db.py:71}}
Jul 22 22:25:55.594868 np0000005663 devstack@g-api.service[99757]: DEBUG glance.api.v2.cached_images [None req-ad1c3ac0-ea40-4e85-ac90-975dd26ce068 None None] Started cache worker thread {{(pid=99757) __init__ /opt/stack/glance/glance/api/v2/cached_images.py:71}}
Jul 22 22:25:55.595639 np0000005663 devstack@g-api.service[99757]: INFO glance.image_cache [None req-ad1c3ac0-ea40-4e85-ac90-975dd26ce068 None None] Image cache loaded driver 'centralized_db'.
Jul 22 22:25:55.595678 np0000005663 devstack@g-api.service[99755]: DEBUG glance.api.v2.cached_images [None req-d2886457-8964-460c-9980-9929c278999b None None] Started cache worker thread {{(pid=99755) __init__ /opt/stack/glance/glance/api/v2/cached_images.py:71}}
Jul 22 22:25:55.596276 np0000005663 devstack@g-api.service[99755]: INFO glance.image_cache [None req-d2886457-8964-460c-9980-9929c278999b None None] Image cache loaded driver 'centralized_db'.
Jul 22 22:25:55.597678 np0000005663 devstack@g-api.service[99756]: INFO glance.api.middleware.cache [None req-4455b128-7aa9-499f-b80b-019f3677c772 None None] Initialized image cache middleware
Jul 22 22:25:55.602268 np0000005663 devstack@g-api.service[99757]: DEBUG glance.image_cache.drivers.centralized_db [None req-ad1c3ac0-ea40-4e85-ac90-975dd26ce068 None None] Node reference is already recorded, ignoring it {{(pid=99757) configure /opt/stack/glance/glance/image_cache/drivers/centralized_db.py:71}}
Jul 22 22:25:55.604126 np0000005663 devstack@g-api.service[99755]: DEBUG glance.image_cache.drivers.centralized_db [None req-d2886457-8964-460c-9980-9929c278999b None None] Node reference is already recorded, ignoring it {{(pid=99755) configure /opt/stack/glance/glance/image_cache/drivers/centralized_db.py:71}}
Jul 22 22:25:55.606870 np0000005663 devstack@g-api.service[99757]: INFO glance.api.middleware.cache_manage [None req-ad1c3ac0-ea40-4e85-ac90-975dd26ce068 None None] Initialized image cache management middleware
Jul 22 22:25:55.607016 np0000005663 devstack@g-api.service[99757]: INFO glance.image_cache [None req-ad1c3ac0-ea40-4e85-ac90-975dd26ce068 None None] Image cache loaded driver 'centralized_db'.
Jul 22 22:25:55.608190 np0000005663 devstack@g-api.service[99756]: DEBUG glance.common.config [None req-4455b128-7aa9-499f-b80b-019f3677c772 None None] ******************************************************************************** {{(pid=99756) log_opt_values /opt/stack/data/venv/lib/python3.12/site-packages/oslo_config/cfg.py:3226}}
Jul 22 22:25:55.608285 np0000005663 devstack@g-api.service[99756]: DEBUG glance.common.config [None req-4455b128-7aa9-499f-b80b-019f3677c772 None None] Configuration options gathered from: {{(pid=99756) log_opt_values /opt/stack/data/venv/lib/python3.12/site-packages/oslo_config/cfg.py:3227}}
Jul 22 22:25:55.608416 np0000005663 devstack@g-api.service[99755]: INFO glance.api.middleware.cache_manage [None req-d2886457-8964-460c-9980-9929c278999b None None] Initialized image cache management middleware
Jul 22 22:25:55.608568 np0000005663 devstack@g-api.service[99755]: INFO glance.image_cache [None req-d2886457-8964-460c-9980-9929c278999b None None] Image cache loaded driver 'centralized_db'.
Jul 22 22:25:55.608602 np0000005663 devstack@g-api.service[99756]: DEBUG glance.common.config [None req-4455b128-7aa9-499f-b80b-019f3677c772 None None] command line args: [] {{(pid=99756) log_opt_values /opt/stack/data/venv/lib/python3.12/site-packages/oslo_config/cfg.py:3228}}
Jul 22 22:25:55.608715 np0000005663 devstack@g-api.service[99756]: DEBUG glance.common.config [None req-4455b128-7aa9-499f-b80b-019f3677c772 None None] config files: ['/etc/glance/glance-image-import.conf', '/etc/glance/glance-api.conf'] {{(pid=99756) log_opt_values /opt/stack/data/venv/lib/python3.12/site-packages/oslo_config/cfg.py:3229}}
Jul 22 22:25:55.608788 np0000005663 devstack@g-api.service[99756]: DEBUG glance.common.config [None req-4455b128-7aa9-499f-b80b-019f3677c772 None None] ================================================================================ {{(pid=99756) log_opt_values /opt/stack/data/venv/lib/python3.12/site-packages/oslo_config/cfg.py:3234}}
Jul 22 22:25:55.608922 np0000005663 devstack@g-api.service[99756]: DEBUG glance.common.config [None req-4455b128-7aa9-499f-b80b-019f3677c772 None None] allow_anonymous_access = False {{(pid=99756) log_opt_values /opt/stack/data/venv/lib/python3.12/site-packages/oslo_config/cfg.py:3242}}
Jul 22 22:25:55.609015 np0000005663 devstack@g-api.service[99756]: DEBUG glance.common.config [None req-4455b128-7aa9-499f-b80b-019f3677c772 None None] api_limit_max = 1000 {{(pid=99756) log_opt_values /opt/stack/data/venv/lib/python3.12/site-packages/oslo_config/cfg.py:3242}}
Jul 22 22:25:55.609125 np0000005663 devstack@g-api.service[99756]: DEBUG glance.common.config [None req-4455b128-7aa9-499f-b80b-019f3677c772 None None] config_dir = [] {{(pid=99756) log_opt_values /opt/stack/data/venv/lib/python3.12/site-packages/oslo_config/cfg.py:3242}}
Jul 22 22:25:55.609214 np0000005663 devstack@g-api.service[99756]: DEBUG glance.common.config [None req-4455b128-7aa9-499f-b80b-019f3677c772 None None] config_file = ['/etc/glance/glance-image-import.conf', '/etc/glance/glance-api.conf'] {{(pid=99756) log_opt_values /opt/stack/data/venv/lib/python3.12/site-packages/oslo_config/cfg.py:3242}}
Jul 22 22:25:55.609314 np0000005663 devstack@g-api.service[99756]: DEBUG glance.common.config [None req-4455b128-7aa9-499f-b80b-019f3677c772 None None] config_source = [] {{(pid=99756) log_opt_values /opt/stack/data/venv/lib/python3.12/site-packages/oslo_config/cfg.py:3242}}
Jul 22 22:25:55.609459 np0000005663 devstack@g-api.service[99756]: DEBUG glance.common.config [None req-4455b128-7aa9-499f-b80b-019f3677c772 None None] control_exchange = glance {{(pid=99756) log_opt_values /opt/stack/data/venv/lib/python3.12/site-packages/oslo_config/cfg.py:3242}}
Jul 22 22:25:55.609518 np0000005663 devstack@g-api.service[99756]: DEBUG glance.common.config [None req-4455b128-7aa9-499f-b80b-019f3677c772 None None] debug = True {{(pid=99756) log_opt_values /opt/stack/data/venv/lib/python3.12/site-packages/oslo_config/cfg.py:3242}}
Jul 22 22:25:55.609677 np0000005663 devstack@g-api.service[99756]: DEBUG glance.common.config [None req-4455b128-7aa9-499f-b80b-019f3677c772 None None] default_log_levels = ['amqp=WARN', 'boto=WARN', 'sqlalchemy=WARN', 'suds=INFO', 'oslo.messaging=INFO', 'oslo_messaging=INFO', 'iso8601=WARN', 'requests.packages.urllib3.connectionpool=WARN', 'urllib3.connectionpool=WARN', 'websocket=WARN', 'requests.packages.urllib3.util.retry=WARN', 'urllib3.util.retry=WARN', 'keystonemiddleware=WARN', 'routes.middleware=WARN', 'stevedore=WARN', 'taskflow=WARN', 'keystoneauth=WARN', 'oslo.cache=INFO', 'oslo_policy=INFO', 'dogpile.core.dogpile=INFO'] {{(pid=99756) log_opt_values /opt/stack/data/venv/lib/python3.12/site-packages/oslo_config/cfg.py:3242}}
Jul 22 22:25:55.609769 np0000005663 devstack@g-api.service[99756]: DEBUG glance.common.config [None req-4455b128-7aa9-499f-b80b-019f3677c772 None None] default_publisher_id = image.localhost {{(pid=99756) log_opt_values /opt/stack/data/venv/lib/python3.12/site-packages/oslo_config/cfg.py:3242}}
Jul 22 22:25:55.609874 np0000005663 devstack@g-api.service[99756]: DEBUG glance.common.config [None req-4455b128-7aa9-499f-b80b-019f3677c772 None None] delayed_delete = False {{(pid=99756) log_opt_values /opt/stack/data/venv/lib/python3.12/site-packages/oslo_config/cfg.py:3242}}
Jul 22 22:25:55.609997 np0000005663 devstack@g-api.service[99756]: DEBUG glance.common.config [None req-4455b128-7aa9-499f-b80b-019f3677c772 None None] digest_algorithm = sha256 {{(pid=99756) log_opt_values /opt/stack/data/venv/lib/python3.12/site-packages/oslo_config/cfg.py:3242}}
Jul 22 22:25:55.610088 np0000005663 devstack@g-api.service[99756]: DEBUG glance.common.config [None req-4455b128-7aa9-499f-b80b-019f3677c772 None None] disabled_notifications = [] {{(pid=99756) log_opt_values /opt/stack/data/venv/lib/python3.12/site-packages/oslo_config/cfg.py:3242}}
Jul 22 22:25:55.610191 np0000005663 devstack@g-api.service[99756]: DEBUG glance.common.config [None req-4455b128-7aa9-499f-b80b-019f3677c772 None None] do_secure_hash = True {{(pid=99756) log_opt_values /opt/stack/data/venv/lib/python3.12/site-packages/oslo_config/cfg.py:3242}}
Jul 22 22:25:55.610295 np0000005663 devstack@g-api.service[99756]: DEBUG glance.common.config [None req-4455b128-7aa9-499f-b80b-019f3677c772 None None] enabled_backends = None {{(pid=99756) log_opt_values /opt/stack/data/venv/lib/python3.12/site-packages/oslo_config/cfg.py:3242}}
Jul 22 22:25:55.610401 np0000005663 devstack@g-api.service[99756]: DEBUG glance.common.config [None req-4455b128-7aa9-499f-b80b-019f3677c772 None None] enabled_import_methods = ['glance-direct', 'web-download', 'copy-image'] {{(pid=99756) log_opt_values /opt/stack/data/venv/lib/python3.12/site-packages/oslo_config/cfg.py:3242}}
Jul 22 22:25:55.610501 np0000005663 devstack@g-api.service[99756]: DEBUG glance.common.config [None req-4455b128-7aa9-499f-b80b-019f3677c772 None None] fatal_deprecations = False {{(pid=99756) log_opt_values /opt/stack/data/venv/lib/python3.12/site-packages/oslo_config/cfg.py:3242}}
Jul 22 22:25:55.610623 np0000005663 devstack@g-api.service[99756]: DEBUG glance.common.config [None req-4455b128-7aa9-499f-b80b-019f3677c772 None None] hashing_algorithm = sha512 {{(pid=99756) log_opt_values /opt/stack/data/venv/lib/python3.12/site-packages/oslo_config/cfg.py:3242}}
Jul 22 22:25:55.610714 np0000005663 devstack@g-api.service[99756]: DEBUG glance.common.config [None req-4455b128-7aa9-499f-b80b-019f3677c772 None None] http_retries = 3 {{(pid=99756) log_opt_values /opt/stack/data/venv/lib/python3.12/site-packages/oslo_config/cfg.py:3242}}
Jul 22 22:25:55.610808 np0000005663 devstack@g-api.service[99756]: DEBUG glance.common.config [None req-4455b128-7aa9-499f-b80b-019f3677c772 None None] image_cache_dir = /opt/stack/data/glance/cache/ {{(pid=99756) log_opt_values /opt/stack/data/venv/lib/python3.12/site-packages/oslo_config/cfg.py:3242}}
Jul 22 22:25:55.610919 np0000005663 devstack@g-api.service[99756]: DEBUG glance.common.config [None req-4455b128-7aa9-499f-b80b-019f3677c772 None None] image_cache_driver = centralized_db {{(pid=99756) log_opt_values /opt/stack/data/venv/lib/python3.12/site-packages/oslo_config/cfg.py:3242}}
Jul 22 22:25:55.611003 np0000005663 devstack@g-api.service[99756]: DEBUG glance.common.config [None req-4455b128-7aa9-499f-b80b-019f3677c772 None None] image_cache_max_size = 10737418240 {{(pid=99756) log_opt_values /opt/stack/data/venv/lib/python3.12/site-packages/oslo_config/cfg.py:3242}}
Jul 22 22:25:55.611094 np0000005663 devstack@g-api.service[99756]: DEBUG glance.common.config [None req-4455b128-7aa9-499f-b80b-019f3677c772 None None] image_cache_sqlite_db = cache.db {{(pid=99756) log_opt_values /opt/stack/data/venv/lib/python3.12/site-packages/oslo_config/cfg.py:3242}}
Jul 22 22:25:55.611194 np0000005663 devstack@g-api.service[99756]: DEBUG glance.common.config [None req-4455b128-7aa9-499f-b80b-019f3677c772 None None] image_cache_stall_time = 86400 {{(pid=99756) log_opt_values /opt/stack/data/venv/lib/python3.12/site-packages/oslo_config/cfg.py:3242}}
Jul 22 22:25:55.611300 np0000005663 devstack@g-api.service[99756]: DEBUG glance.common.config [None req-4455b128-7aa9-499f-b80b-019f3677c772 None None] image_location_quota = 10 {{(pid=99756) log_opt_values /opt/stack/data/venv/lib/python3.12/site-packages/oslo_config/cfg.py:3242}}
Jul 22 22:25:55.611414 np0000005663 devstack@g-api.service[99756]: DEBUG glance.common.config [None req-4455b128-7aa9-499f-b80b-019f3677c772 None None] image_member_quota = 128 {{(pid=99756) log_opt_values /opt/stack/data/venv/lib/python3.12/site-packages/oslo_config/cfg.py:3242}}
Jul 22 22:25:55.611517 np0000005663 devstack@g-api.service[99756]: DEBUG glance.common.config [None req-4455b128-7aa9-499f-b80b-019f3677c772 None None] image_property_quota = 128 {{(pid=99756) log_opt_values /opt/stack/data/venv/lib/python3.12/site-packages/oslo_config/cfg.py:3242}}
Jul 22 22:25:55.611609 np0000005663 devstack@g-api.service[99756]: DEBUG glance.common.config [None req-4455b128-7aa9-499f-b80b-019f3677c772 None None] image_size_cap = 1099511627776 {{(pid=99756) log_opt_values /opt/stack/data/venv/lib/python3.12/site-packages/oslo_config/cfg.py:3242}}
Jul 22 22:25:55.611693 np0000005663 devstack@g-api.service[99756]: DEBUG glance.common.config [None req-4455b128-7aa9-499f-b80b-019f3677c772 None None] image_tag_quota = 128 {{(pid=99756) log_opt_values /opt/stack/data/venv/lib/python3.12/site-packages/oslo_config/cfg.py:3242}}
Jul 22 22:25:55.611780 np0000005663 devstack@g-api.service[99756]: DEBUG glance.common.config [None req-4455b128-7aa9-499f-b80b-019f3677c772 None None] instance_format = [instance: %(uuid)s] {{(pid=99756) log_opt_values /opt/stack/data/venv/lib/python3.12/site-packages/oslo_config/cfg.py:3242}}
Jul 22 22:25:55.611889 np0000005663 devstack@g-api.service[99756]: DEBUG glance.common.config [None req-4455b128-7aa9-499f-b80b-019f3677c772 None None] instance_uuid_format = [instance: %(uuid)s] {{(pid=99756) log_opt_values /opt/stack/data/venv/lib/python3.12/site-packages/oslo_config/cfg.py:3242}}
Jul 22 22:25:55.611978 np0000005663 devstack@g-api.service[99756]: DEBUG glance.common.config [None req-4455b128-7aa9-499f-b80b-019f3677c772 None None] limit_param_default = 25 {{(pid=99756) log_opt_values /opt/stack/data/venv/lib/python3.12/site-packages/oslo_config/cfg.py:3242}}
Jul 22 22:25:55.612067 np0000005663 devstack@g-api.service[99756]: DEBUG glance.common.config [None req-4455b128-7aa9-499f-b80b-019f3677c772 None None] log_color = False {{(pid=99756) log_opt_values /opt/stack/data/venv/lib/python3.12/site-packages/oslo_config/cfg.py:3242}}
Jul 22 22:25:55.612168 np0000005663 devstack@g-api.service[99756]: DEBUG glance.common.config [None req-4455b128-7aa9-499f-b80b-019f3677c772 None None] log_config_append = None {{(pid=99756) log_opt_values /opt/stack/data/venv/lib/python3.12/site-packages/oslo_config/cfg.py:3242}}
Jul 22 22:25:55.612283 np0000005663 devstack@g-api.service[99756]: DEBUG glance.common.config [None req-4455b128-7aa9-499f-b80b-019f3677c772 None None] log_date_format = %Y-%m-%d %H:%M:%S {{(pid=99756) log_opt_values /opt/stack/data/venv/lib/python3.12/site-packages/oslo_config/cfg.py:3242}}
Jul 22 22:25:55.612370 np0000005663 devstack@g-api.service[99756]: DEBUG glance.common.config [None req-4455b128-7aa9-499f-b80b-019f3677c772 None None] log_dir = None {{(pid=99756) log_opt_values /opt/stack/data/venv/lib/python3.12/site-packages/oslo_config/cfg.py:3242}}
Jul 22 22:25:55.612470 np0000005663 devstack@g-api.service[99756]: DEBUG glance.common.config [None req-4455b128-7aa9-499f-b80b-019f3677c772 None None] log_file = None {{(pid=99756) log_opt_values /opt/stack/data/venv/lib/python3.12/site-packages/oslo_config/cfg.py:3242}}
Jul 22 22:25:55.612567 np0000005663 devstack@g-api.service[99756]: DEBUG glance.common.config [None req-4455b128-7aa9-499f-b80b-019f3677c772 None None] log_rotate_interval = 1 {{(pid=99756) log_opt_values /opt/stack/data/venv/lib/python3.12/site-packages/oslo_config/cfg.py:3242}}
Jul 22 22:25:55.612674 np0000005663 devstack@g-api.service[99756]: DEBUG glance.common.config [None req-4455b128-7aa9-499f-b80b-019f3677c772 None None] log_rotate_interval_type = days {{(pid=99756) log_opt_values /opt/stack/data/venv/lib/python3.12/site-packages/oslo_config/cfg.py:3242}}
Jul 22 22:25:55.612793 np0000005663 devstack@g-api.service[99756]: DEBUG glance.common.config [None req-4455b128-7aa9-499f-b80b-019f3677c772 None None] log_rotation_type = none {{(pid=99756) log_opt_values /opt/stack/data/venv/lib/python3.12/site-packages/oslo_config/cfg.py:3242}}
Jul 22 22:25:55.612881 np0000005663 devstack@g-api.service[99756]: DEBUG glance.common.config [None req-4455b128-7aa9-499f-b80b-019f3677c772 None None] logging_context_format_string = %(color)s%(levelname)s %(name)s [%(global_request_id)s %(request_id)s %(project_name)s %(user_name)s%(color)s] %(instance)s%(color)s%(message)s {{(pid=99756) log_opt_values /opt/stack/data/venv/lib/python3.12/site-packages/oslo_config/cfg.py:3242}}
Jul 22 22:25:55.612946 np0000005663 devstack@g-api.service[99756]: DEBUG glance.common.config [None req-4455b128-7aa9-499f-b80b-019f3677c772 None None] logging_debug_format_suffix = {{(pid=%(process)d) %(funcName)s %(pathname)s:%(lineno)d}} {{(pid=99756) log_opt_values /opt/stack/data/venv/lib/python3.12/site-packages/oslo_config/cfg.py:3242}}
Jul 22 22:25:55.613041 np0000005663 devstack@g-api.service[99756]: DEBUG glance.common.config [None req-4455b128-7aa9-499f-b80b-019f3677c772 None None] logging_default_format_string = %(color)s%(levelname)s %(name)s [-%(color)s] %(instance)s%(color)s%(message)s {{(pid=99756) log_opt_values /opt/stack/data/venv/lib/python3.12/site-packages/oslo_config/cfg.py:3242}}
Jul 22 22:25:55.613153 np0000005663 devstack@g-api.service[99756]: DEBUG glance.common.config [None req-4455b128-7aa9-499f-b80b-019f3677c772 None None] logging_exception_prefix = ERROR %(name)s %(instance)s {{(pid=99756) log_opt_values /opt/stack/data/venv/lib/python3.12/site-packages/oslo_config/cfg.py:3242}}
Jul 22 22:25:55.613237 np0000005663 devstack@g-api.service[99756]: DEBUG glance.common.config [None req-4455b128-7aa9-499f-b80b-019f3677c772 None None] logging_user_identity_format = %(user)s %(project)s %(domain)s %(system_scope)s %(user_domain)s %(project_domain)s {{(pid=99756) log_opt_values /opt/stack/data/venv/lib/python3.12/site-packages/oslo_config/cfg.py:3242}}
Jul 22 22:25:55.613359 np0000005663 devstack@g-api.service[99756]: DEBUG glance.common.config [None req-4455b128-7aa9-499f-b80b-019f3677c772 None None] max_logfile_count = 30 {{(pid=99756) log_opt_values /opt/stack/data/venv/lib/python3.12/site-packages/oslo_config/cfg.py:3242}}
Jul 22 22:25:55.613474 np0000005663 devstack@g-api.service[99756]: DEBUG glance.common.config [None req-4455b128-7aa9-499f-b80b-019f3677c772 None None] max_logfile_size_mb = 200 {{(pid=99756) log_opt_values /opt/stack/data/venv/lib/python3.12/site-packages/oslo_config/cfg.py:3242}}
Jul 22 22:25:55.613540 np0000005663 devstack@g-api.service[99757]: DEBUG glance.image_cache.drivers.centralized_db [None req-ad1c3ac0-ea40-4e85-ac90-975dd26ce068 None None] Node reference is already recorded, ignoring it {{(pid=99757) configure /opt/stack/glance/glance/image_cache/drivers/centralized_db.py:71}}
Jul 22 22:25:55.613586 np0000005663 devstack@g-api.service[99756]: DEBUG glance.common.config [None req-4455b128-7aa9-499f-b80b-019f3677c772 None None] max_request_id_length = 64 {{(pid=99756) log_opt_values /opt/stack/data/venv/lib/python3.12/site-packages/oslo_config/cfg.py:3242}}
Jul 22 22:25:55.613643 np0000005663 devstack@g-api.service[99756]: DEBUG glance.common.config [None req-4455b128-7aa9-499f-b80b-019f3677c772 None None] metadata_encryption_key = **** {{(pid=99756) log_opt_values /opt/stack/data/venv/lib/python3.12/site-packages/oslo_config/cfg.py:3242}}
Jul 22 22:25:55.613738 np0000005663 devstack@g-api.service[99756]: DEBUG glance.common.config [None req-4455b128-7aa9-499f-b80b-019f3677c772 None None] node_staging_uri = file:///tmp/staging/ {{(pid=99756) log_opt_values /opt/stack/data/venv/lib/python3.12/site-packages/oslo_config/cfg.py:3242}}
Jul 22 22:25:55.613837 np0000005663 devstack@g-api.service[99756]: DEBUG glance.common.config [None req-4455b128-7aa9-499f-b80b-019f3677c772 None None] property_protection_file = None {{(pid=99756) log_opt_values /opt/stack/data/venv/lib/python3.12/site-packages/oslo_config/cfg.py:3242}}
Jul 22 22:25:55.613952 np0000005663 devstack@g-api.service[99756]: DEBUG glance.common.config [None req-4455b128-7aa9-499f-b80b-019f3677c772 None None] property_protection_rule_format = roles {{(pid=99756) log_opt_values /opt/stack/data/venv/lib/python3.12/site-packages/oslo_config/cfg.py:3242}}
Jul 22 22:25:55.614044 np0000005663 devstack@g-api.service[99756]: DEBUG glance.common.config [None req-4455b128-7aa9-499f-b80b-019f3677c772 None None] public_endpoint = https://10.4.3.218/image {{(pid=99756) log_opt_values /opt/stack/data/venv/lib/python3.12/site-packages/oslo_config/cfg.py:3242}}
Jul 22 22:25:55.614239 np0000005663 devstack@g-api.service[99756]: DEBUG glance.common.config [None req-4455b128-7aa9-499f-b80b-019f3677c772 None None] publish_errors = False {{(pid=99756) log_opt_values /opt/stack/data/venv/lib/python3.12/site-packages/oslo_config/cfg.py:3242}}
Jul 22 22:25:55.614281 np0000005663 devstack@g-api.service[99756]: DEBUG glance.common.config [None req-4455b128-7aa9-499f-b80b-019f3677c772 None None] pydev_worker_debug_host = None {{(pid=99756) log_opt_values /opt/stack/data/venv/lib/python3.12/site-packages/oslo_config/cfg.py:3242}}
Jul 22 22:25:55.614370 np0000005663 devstack@g-api.service[99756]: DEBUG glance.common.config [None req-4455b128-7aa9-499f-b80b-019f3677c772 None None] pydev_worker_debug_port = 5678 {{(pid=99756) log_opt_values /opt/stack/data/venv/lib/python3.12/site-packages/oslo_config/cfg.py:3242}}
Jul 22 22:25:55.614470 np0000005663 devstack@g-api.service[99756]: DEBUG glance.common.config [None req-4455b128-7aa9-499f-b80b-019f3677c772 None None] rate_limit_burst = 0 {{(pid=99756) log_opt_values /opt/stack/data/venv/lib/python3.12/site-packages/oslo_config/cfg.py:3242}}
Jul 22 22:25:55.614590 np0000005663 devstack@g-api.service[99756]: DEBUG glance.common.config [None req-4455b128-7aa9-499f-b80b-019f3677c772 None None] rate_limit_except_level = CRITICAL {{(pid=99756) log_opt_values /opt/stack/data/venv/lib/python3.12/site-packages/oslo_config/cfg.py:3242}}
Jul 22 22:25:55.614678 np0000005663 devstack@g-api.service[99756]: DEBUG glance.common.config [None req-4455b128-7aa9-499f-b80b-019f3677c772 None None] rate_limit_interval = 0 {{(pid=99756) log_opt_values /opt/stack/data/venv/lib/python3.12/site-packages/oslo_config/cfg.py:3242}}
Jul 22 22:25:55.614791 np0000005663 devstack@g-api.service[99756]: DEBUG glance.common.config [None req-4455b128-7aa9-499f-b80b-019f3677c772 None None] scrub_pool_size = 1 {{(pid=99756) log_opt_values /opt/stack/data/venv/lib/python3.12/site-packages/oslo_config/cfg.py:3242}}
Jul 22 22:25:55.614900 np0000005663 devstack@g-api.service[99756]: DEBUG glance.common.config [None req-4455b128-7aa9-499f-b80b-019f3677c772 None None] scrub_time = 0 {{(pid=99756) log_opt_values /opt/stack/data/venv/lib/python3.12/site-packages/oslo_config/cfg.py:3242}}
Jul 22 22:25:55.614983 np0000005663 devstack@g-api.service[99756]: DEBUG glance.common.config [None req-4455b128-7aa9-499f-b80b-019f3677c772 None None] shell_completion = None {{(pid=99756) log_opt_values /opt/stack/data/venv/lib/python3.12/site-packages/oslo_config/cfg.py:3242}}
Jul 22 22:25:55.615073 np0000005663 devstack@g-api.service[99756]: DEBUG glance.common.config [None req-4455b128-7aa9-499f-b80b-019f3677c772 None None] show_image_direct_url = False {{(pid=99756) log_opt_values /opt/stack/data/venv/lib/python3.12/site-packages/oslo_config/cfg.py:3242}}
Jul 22 22:25:55.615293 np0000005663 devstack@g-api.service[99756]: WARNING oslo_config.cfg [None req-4455b128-7aa9-499f-b80b-019f3677c772 None None] Deprecated: Option "show_multiple_locations" from group "DEFAULT" is deprecated for removal (Use of this option, deprecated since Newton, is a security risk and will be removed once we figure out a way to satisfy those use cases that currently require it. An earlier announcement that the same functionality can be achieved with greater granularity by using policies is incorrect. You cannot work around this option via policy configuration at the present time, though that is the direction we believe the fix will take. Please keep an eye on the Glance release notes to stay up to date on progress in addressing this issue.). Its value may be silently ignored in the future.
Jul 22 22:25:55.615427 np0000005663 devstack@g-api.service[99756]: DEBUG glance.common.config [None req-4455b128-7aa9-499f-b80b-019f3677c772 None None] show_multiple_locations = False {{(pid=99756) log_opt_values /opt/stack/data/venv/lib/python3.12/site-packages/oslo_config/cfg.py:3242}}
Jul 22 22:25:55.615541 np0000005663 devstack@g-api.service[99756]: DEBUG glance.common.config [None req-4455b128-7aa9-499f-b80b-019f3677c772 None None] syslog_log_facility = LOG_USER {{(pid=99756) log_opt_values /opt/stack/data/venv/lib/python3.12/site-packages/oslo_config/cfg.py:3242}}
Jul 22 22:25:55.615572 np0000005663 devstack@g-api.service[99755]: DEBUG glance.image_cache.drivers.centralized_db [None req-d2886457-8964-460c-9980-9929c278999b None None] Node reference is already recorded, ignoring it {{(pid=99755) configure /opt/stack/glance/glance/image_cache/drivers/centralized_db.py:71}}
Jul 22 22:25:55.615634 np0000005663 devstack@g-api.service[99756]: DEBUG glance.common.config [None req-4455b128-7aa9-499f-b80b-019f3677c772 None None] transport_url = **** {{(pid=99756) log_opt_values /opt/stack/data/venv/lib/python3.12/site-packages/oslo_config/cfg.py:3242}}
Jul 22 22:25:55.615718 np0000005663 devstack@g-api.service[99756]: DEBUG glance.common.config [None req-4455b128-7aa9-499f-b80b-019f3677c772 None None] use_journal = False {{(pid=99756) log_opt_values /opt/stack/data/venv/lib/python3.12/site-packages/oslo_config/cfg.py:3242}}
Jul 22 22:25:55.615819 np0000005663 devstack@g-api.service[99756]: DEBUG glance.common.config [None req-4455b128-7aa9-499f-b80b-019f3677c772 None None] use_json = False {{(pid=99756) log_opt_values /opt/stack/data/venv/lib/python3.12/site-packages/oslo_config/cfg.py:3242}}
Jul 22 22:25:55.615931 np0000005663 devstack@g-api.service[99756]: DEBUG glance.common.config [None req-4455b128-7aa9-499f-b80b-019f3677c772 None None] use_keystone_limits = True {{(pid=99756) log_opt_values /opt/stack/data/venv/lib/python3.12/site-packages/oslo_config/cfg.py:3242}}
Jul 22 22:25:55.616043 np0000005663 devstack@g-api.service[99756]: DEBUG glance.common.config [None req-4455b128-7aa9-499f-b80b-019f3677c772 None None] use_stderr = False {{(pid=99756) log_opt_values /opt/stack/data/venv/lib/python3.12/site-packages/oslo_config/cfg.py:3242}}
Jul 22 22:25:55.616163 np0000005663 devstack@g-api.service[99756]: DEBUG glance.common.config [None req-4455b128-7aa9-499f-b80b-019f3677c772 None None] use_syslog = False {{(pid=99756) log_opt_values /opt/stack/data/venv/lib/python3.12/site-packages/oslo_config/cfg.py:3242}}
Jul 22 22:25:55.616279 np0000005663 devstack@g-api.service[99756]: DEBUG glance.common.config [None req-4455b128-7aa9-499f-b80b-019f3677c772 None None] user_storage_quota = 0 {{(pid=99756) log_opt_values /opt/stack/data/venv/lib/python3.12/site-packages/oslo_config/cfg.py:3242}}
Jul 22 22:25:55.616387 np0000005663 devstack@g-api.service[99756]: DEBUG glance.common.config [None req-4455b128-7aa9-499f-b80b-019f3677c772 None None] worker_self_reference_url = http://127.0.0.1:60999 {{(pid=99756) log_opt_values /opt/stack/data/venv/lib/python3.12/site-packages/oslo_config/cfg.py:3242}}
Jul 22 22:25:55.616501 np0000005663 devstack@g-api.service[99756]: DEBUG glance.common.config [None req-4455b128-7aa9-499f-b80b-019f3677c772 None None] oslo_concurrency.disable_process_locking = False {{(pid=99756) log_opt_values /opt/stack/data/venv/lib/python3.12/site-packages/oslo_config/cfg.py:3253}}
Jul 22 22:25:55.616623 np0000005663 devstack@g-api.service[99756]: DEBUG glance.common.config [None req-4455b128-7aa9-499f-b80b-019f3677c772 None None] oslo_concurrency.lock_path = /opt/stack/data/glance/locks {{(pid=99756) log_opt_values /opt/stack/data/venv/lib/python3.12/site-packages/oslo_config/cfg.py:3253}}
Jul 22 22:25:55.616764 np0000005663 devstack@g-api.service[99756]: DEBUG glance.common.config [None req-4455b128-7aa9-499f-b80b-019f3677c772 None None] oslo_middleware.enable_proxy_headers_parsing = False {{(pid=99756) log_opt_values /opt/stack/data/venv/lib/python3.12/site-packages/oslo_config/cfg.py:3253}}
Jul 22 22:25:55.616890 np0000005663 devstack@g-api.service[99756]: DEBUG glance.common.config [None req-4455b128-7aa9-499f-b80b-019f3677c772 None None] oslo_middleware.http_basic_auth_user_file = /etc/htpasswd {{(pid=99756) log_opt_values /opt/stack/data/venv/lib/python3.12/site-packages/oslo_config/cfg.py:3253}}
Jul 22 22:25:55.616985 np0000005663 devstack@g-api.service[99756]: DEBUG glance.common.config [None req-4455b128-7aa9-499f-b80b-019f3677c772 None None] paste_deploy.config_file = None {{(pid=99756) log_opt_values /opt/stack/data/venv/lib/python3.12/site-packages/oslo_config/cfg.py:3253}}
Jul 22 22:25:55.617080 np0000005663 devstack@g-api.service[99756]: DEBUG glance.common.config [None req-4455b128-7aa9-499f-b80b-019f3677c772 None None] paste_deploy.flavor = keystone+cachemanagement {{(pid=99756) log_opt_values /opt/stack/data/venv/lib/python3.12/site-packages/oslo_config/cfg.py:3253}}
Jul 22 22:25:55.617205 np0000005663 devstack@g-api.service[99756]: DEBUG glance.common.config [None req-4455b128-7aa9-499f-b80b-019f3677c772 None None] image_format.container_formats = ['ami', 'ari', 'aki', 'bare', 'ovf', 'ova', 'docker', 'compressed'] {{(pid=99756) log_opt_values /opt/stack/data/venv/lib/python3.12/site-packages/oslo_config/cfg.py:3253}}
Jul 22 22:25:55.617363 np0000005663 devstack@g-api.service[99756]: DEBUG glance.common.config [None req-4455b128-7aa9-499f-b80b-019f3677c772 None None] image_format.disk_formats = ['ami', 'ari', 'aki', 'vhd', 'vhdx', 'vmdk', 'raw', 'qcow2', 'vdi', 'iso', 'ploop'] {{(pid=99756) log_opt_values /opt/stack/data/venv/lib/python3.12/site-packages/oslo_config/cfg.py:3253}}
Jul 22 22:25:55.617501 np0000005663 devstack@g-api.service[99756]: DEBUG glance.common.config [None req-4455b128-7aa9-499f-b80b-019f3677c772 None None] image_format.gpt_safety_checks_nonfatal = [] {{(pid=99756) log_opt_values /opt/stack/data/venv/lib/python3.12/site-packages/oslo_config/cfg.py:3253}}
Jul 22 22:25:55.617604 np0000005663 devstack@g-api.service[99756]: DEBUG glance.common.config [None req-4455b128-7aa9-499f-b80b-019f3677c772 None None] image_format.require_image_format_match = True {{(pid=99756) log_opt_values /opt/stack/data/venv/lib/python3.12/site-packages/oslo_config/cfg.py:3253}}
Jul 22 22:25:55.617705 np0000005663 devstack@g-api.service[99756]: DEBUG glance.common.config [None req-4455b128-7aa9-499f-b80b-019f3677c772 None None] image_format.vmdk_allowed_types = ['streamOptimized', 'monolithicSparse'] {{(pid=99756) log_opt_values /opt/stack/data/venv/lib/python3.12/site-packages/oslo_config/cfg.py:3253}}
Jul 22 22:25:55.617822 np0000005663 devstack@g-api.service[99756]: DEBUG glance.common.config [None req-4455b128-7aa9-499f-b80b-019f3677c772 None None] task.task_executor = taskflow {{(pid=99756) log_opt_values /opt/stack/data/venv/lib/python3.12/site-packages/oslo_config/cfg.py:3253}}
Jul 22 22:25:55.617927 np0000005663 devstack@g-api.service[99757]: INFO glance.api.middleware.cache [None req-ad1c3ac0-ea40-4e85-ac90-975dd26ce068 None None] Initialized image cache middleware
Jul 22 22:25:55.617958 np0000005663 devstack@g-api.service[99756]: DEBUG glance.common.config [None req-4455b128-7aa9-499f-b80b-019f3677c772 None None] task.task_time_to_live = 48 {{(pid=99756) log_opt_values /opt/stack/data/venv/lib/python3.12/site-packages/oslo_config/cfg.py:3253}}
Jul 22 22:25:55.618037 np0000005663 devstack@g-api.service[99756]: DEBUG glance.common.config [None req-4455b128-7aa9-499f-b80b-019f3677c772 None None] task.work_dir = None {{(pid=99756) log_opt_values /opt/stack/data/venv/lib/python3.12/site-packages/oslo_config/cfg.py:3253}}
Jul 22 22:25:55.618161 np0000005663 devstack@g-api.service[99756]: DEBUG glance.common.config [None req-4455b128-7aa9-499f-b80b-019f3677c772 None None] wsgi.python_interpreter = /opt/stack/data/venv/bin/python3 {{(pid=99756) log_opt_values /opt/stack/data/venv/lib/python3.12/site-packages/oslo_config/cfg.py:3253}}
Jul 22 22:25:55.618278 np0000005663 devstack@g-api.service[99756]: DEBUG glance.common.config [None req-4455b128-7aa9-499f-b80b-019f3677c772 None None] wsgi.task_pool_threads = 16 {{(pid=99756) log_opt_values /opt/stack/data/venv/lib/python3.12/site-packages/oslo_config/cfg.py:3253}}
Jul 22 22:25:55.618401 np0000005663 devstack@g-api.service[99756]: DEBUG glance.common.config [None req-4455b128-7aa9-499f-b80b-019f3677c772 None None] import_filtering_opts.allowed_hosts = [] {{(pid=99756) log_opt_values /opt/stack/data/venv/lib/python3.12/site-packages/oslo_config/cfg.py:3253}}
Jul 22 22:25:55.618511 np0000005663 devstack@g-api.service[99756]: DEBUG glance.common.config [None req-4455b128-7aa9-499f-b80b-019f3677c772 None None] import_filtering_opts.allowed_ports = [80, 443] {{(pid=99756) log_opt_values /opt/stack/data/venv/lib/python3.12/site-packages/oslo_config/cfg.py:3253}}
Jul 22 22:25:55.618638 np0000005663 devstack@g-api.service[99756]: DEBUG glance.common.config [None req-4455b128-7aa9-499f-b80b-019f3677c772 None None] import_filtering_opts.allowed_schemes = ['http', 'https'] {{(pid=99756) log_opt_values /opt/stack/data/venv/lib/python3.12/site-packages/oslo_config/cfg.py:3253}}
Jul 22 22:25:55.618728 np0000005663 devstack@g-api.service[99756]: DEBUG glance.common.config [None req-4455b128-7aa9-499f-b80b-019f3677c772 None None] import_filtering_opts.disallowed_hosts = [] {{(pid=99756) log_opt_values /opt/stack/data/venv/lib/python3.12/site-packages/oslo_config/cfg.py:3253}}
Jul 22 22:25:55.618755 np0000005663 devstack@g-api.service[99755]: INFO glance.api.middleware.cache [None req-d2886457-8964-460c-9980-9929c278999b None None] Initialized image cache middleware
Jul 22 22:25:55.618838 np0000005663 devstack@g-api.service[99756]: DEBUG glance.common.config [None req-4455b128-7aa9-499f-b80b-019f3677c772 None None] import_filtering_opts.disallowed_ports = [] {{(pid=99756) log_opt_values /opt/stack/data/venv/lib/python3.12/site-packages/oslo_config/cfg.py:3253}}
Jul 22 22:25:55.618960 np0000005663 devstack@g-api.service[99756]: DEBUG glance.common.config [None req-4455b128-7aa9-499f-b80b-019f3677c772 None None] import_filtering_opts.disallowed_schemes = [] {{(pid=99756) log_opt_values /opt/stack/data/venv/lib/python3.12/site-packages/oslo_config/cfg.py:3253}}
