Jul 22 22:32:14.253386 np0000005663 devstack@g-api.service[99755]: DEBUG swiftclient [None req-e2eb7f3c-d372-43c6-a91d-0b174421021a tempest-VolumesActionsTest-1546988021 tempest-VolumesActionsTest-1546988021-project-member] RESP HEADERS: {'Date': 'Wed, 22 Jul 2026 22:32:14 GMT', 'Server': 'Apache/2.4.58 (Ubuntu)', 'Content-Type': 'text/html; charset=UTF-8', 'Content-Length': '0', 'Etag': 'eda9a9889837ac4bc81d6387d92c1bec', 'Last-Modified': 'Wed, 22 Jul 2026 22:32:12 GMT', 'X-Trans-Id': 'txb1eb94c23c304510a028f-006a6144eb', 'X-Openstack-Request-Id': 'txb1eb94c23c304510a028f-006a6144eb', 'Connection': 'close'} {{(pid=99755) http_log /opt/stack/data/venv/lib/python3.12/site-packages/swiftclient/client.py:162}}
Jul 22 22:32:14.253512 np0000005663 devstack@g-api.service[99755]: DEBUG glance_store._drivers.swift.store [None req-e2eb7f3c-d372-43c6-a91d-0b174421021a tempest-VolumesActionsTest-1546988021 tempest-VolumesActionsTest-1546988021-project-member] Wrote chunk eb8c02fe-551e-424d-890d-051892fb0464-00001 (1/?) of length 204800000 to Swift returning MD5 of content: eda9a9889837ac4bc81d6387d92c1bec {{(pid=99755) add /opt/stack/data/venv/lib/python3.12/site-packages/glance_store/_drivers/swift/store.py:1059}}
Jul 22 22:32:14.487452 np0000005663 devstack@g-api.service[99757]: DEBUG glance.api.middleware.version_negotiation [None req-21121827-86c4-4b10-be82-5b6ad1ab0204 tempest-VolumesActionsTest-1546988021 tempest-VolumesActionsTest-1546988021-project-member] Determining version of request: GET /v2/images/eb8c02fe-551e-424d-890d-051892fb0464 Accept: application/json {{(pid=99757) process_request /opt/stack/glance/glance/api/middleware/version_negotiation.py:44}}
Jul 22 22:32:14.487452 np0000005663 devstack@g-api.service[99757]: DEBUG glance.api.middleware.version_negotiation [None req-21121827-86c4-4b10-be82-5b6ad1ab0204 tempest-VolumesActionsTest-1546988021 tempest-VolumesActionsTest-1546988021-project-member] Using url versioning {{(pid=99757) process_request /opt/stack/glance/glance/api/middleware/version_negotiation.py:57}}
Jul 22 22:32:14.488228 np0000005663 devstack@g-api.service[99757]: DEBUG glance.api.middleware.version_negotiation [None req-21121827-86c4-4b10-be82-5b6ad1ab0204 tempest-VolumesActionsTest-1546988021 tempest-VolumesActionsTest-1546988021-project-member] Matched version: v2 {{(pid=99757) process_request /opt/stack/glance/glance/api/middleware/version_negotiation.py:69}}
Jul 22 22:32:14.488228 np0000005663 devstack@g-api.service[99757]: DEBUG glance.api.middleware.version_negotiation [None req-21121827-86c4-4b10-be82-5b6ad1ab0204 tempest-VolumesActionsTest-1546988021 tempest-VolumesActionsTest-1546988021-project-member] new path /v2/images/eb8c02fe-551e-424d-890d-051892fb0464 {{(pid=99757) process_request /opt/stack/glance/glance/api/middleware/version_negotiation.py:70}}
Jul 22 22:32:14.501911 np0000005663 devstack@g-api.service[99757]: [pid: 99757|app: 0|req: 131/399] 127.0.0.1 () {40 vars in 838 bytes} [Wed Jul 22 22:32:14 2026] GET /v2/images/eb8c02fe-551e-424d-890d-051892fb0464 => generated 649 bytes in 15 msecs (HTTP/1.1 200) 4 headers in 157 bytes (1 switches on core 0)
Jul 22 22:32:15.509884 np0000005663 devstack@g-api.service[99756]: DEBUG glance.api.middleware.version_negotiation [None req-09871019-93f2-4b9a-94d0-50a509eacd5a tempest-VolumesActionsTest-1546988021 tempest-VolumesActionsTest-1546988021-project-member] Determining version of request: GET /v2/images/eb8c02fe-551e-424d-890d-051892fb0464 Accept: application/json {{(pid=99756) process_request /opt/stack/glance/glance/api/middleware/version_negotiation.py:44}}
Jul 22 22:32:15.510476 np0000005663 devstack@g-api.service[99756]: DEBUG glance.api.middleware.version_negotiation [None req-09871019-93f2-4b9a-94d0-50a509eacd5a tempest-VolumesActionsTest-1546988021 tempest-VolumesActionsTest-1546988021-project-member] Using url versioning {{(pid=99756) process_request /opt/stack/glance/glance/api/middleware/version_negotiation.py:57}}
Jul 22 22:32:15.510476 np0000005663 devstack@g-api.service[99756]: DEBUG glance.api.middleware.version_negotiation [None req-09871019-93f2-4b9a-94d0-50a509eacd5a tempest-VolumesActionsTest-1546988021 tempest-VolumesActionsTest-1546988021-project-member] Matched version: v2 {{(pid=99756) process_request /opt/stack/glance/glance/api/middleware/version_negotiation.py:69}}
Jul 22 22:32:15.510476 np0000005663 devstack@g-api.service[99756]: DEBUG glance.api.middleware.version_negotiation [None req-09871019-93f2-4b9a-94d0-50a509eacd5a tempest-VolumesActionsTest-1546988021 tempest-VolumesActionsTest-1546988021-project-member] new path /v2/images/eb8c02fe-551e-424d-890d-051892fb0464 {{(pid=99756) process_request /opt/stack/glance/glance/api/middleware/version_negotiation.py:70}}
Jul 22 22:32:15.525707 np0000005663 devstack@g-api.service[99756]: [pid: 99756|app: 0|req: 136/400] 127.0.0.1 () {40 vars in 838 bytes} [Wed Jul 22 22:32:15 2026] GET /v2/images/eb8c02fe-551e-424d-890d-051892fb0464 => generated 649 bytes in 16 msecs (HTTP/1.1 200) 4 headers in 157 bytes (1 switches on core 0)
Jul 22 22:32:16.386289 np0000005663 devstack@g-api.service[99755]: DEBUG swiftclient [None req-e2eb7f3c-d372-43c6-a91d-0b174421021a tempest-VolumesActionsTest-1546988021 tempest-VolumesActionsTest-1546988021-project-member] REQ: curl -i https://10.4.3.218:8080/v1/AUTH_5b76777a923048178d7baad259722e6f/glance/eb8c02fe-551e-424d-890d-051892fb0464-00002 -X PUT -H "X-Auth-Token: gAAAAABqYUTrg1HC..." {{(pid=99755) http_log /opt/stack/data/venv/lib/python3.12/site-packages/swiftclient/client.py:160}}
Jul 22 22:32:16.386585 np0000005663 devstack@g-api.service[99755]: DEBUG swiftclient [None req-e2eb7f3c-d372-43c6-a91d-0b174421021a tempest-VolumesActionsTest-1546988021 tempest-VolumesActionsTest-1546988021-project-member] RESP STATUS: 201 Created {{(pid=99755) http_log /opt/stack/data/venv/lib/python3.12/site-packages/swiftclient/client.py:161}}
Jul 22 22:32:16.386711 np0000005663 devstack@g-api.service[99755]: DEBUG swiftclient [None req-e2eb7f3c-d372-43c6-a91d-0b174421021a tempest-VolumesActionsTest-1546988021 tempest-VolumesActionsTest-1546988021-project-member] RESP HEADERS: {'Date': 'Wed, 22 Jul 2026 22:32:16 GMT', 'Server': 'Apache/2.4.58 (Ubuntu)', 'Content-Type': 'text/html; charset=UTF-8', 'Content-Length': '0', 'Etag': 'eda9a9889837ac4bc81d6387d92c1bec', 'Last-Modified': 'Wed, 22 Jul 2026 22:32:15 GMT', 'X-Trans-Id': 'tx56f51bff6fae48af9f5c9-006a6144ee', 'X-Openstack-Request-Id': 'tx56f51bff6fae48af9f5c9-006a6144ee', 'Connection': 'close'} {{(pid=99755) http_log /opt/stack/data/venv/lib/python3.12/site-packages/swiftclient/client.py:162}}
Jul 22 22:32:16.386863 np0000005663 devstack@g-api.service[99755]: DEBUG glance_store._drivers.swift.store [None req-e2eb7f3c-d372-43c6-a91d-0b174421021a tempest-VolumesActionsTest-1546988021 tempest-VolumesActionsTest-1546988021-project-member] Wrote chunk eb8c02fe-551e-424d-890d-051892fb0464-00002 (2/?) of length 204800000 to Swift returning MD5 of content: eda9a9889837ac4bc81d6387d92c1bec {{(pid=99755) add /opt/stack/data/venv/lib/python3.12/site-packages/glance_store/_drivers/swift/store.py:1059}}
Jul 22 22:32:16.539416 np0000005663 devstack@g-api.service[99757]: DEBUG glance.api.middleware.version_negotiation [None req-ee477586-b23e-4638-bfc2-c0fc5a3708b5 tempest-VolumesActionsTest-1546988021 tempest-VolumesActionsTest-1546988021-project-member] Determining version of request: GET /v2/images/eb8c02fe-551e-424d-890d-051892fb0464 Accept: application/json {{(pid=99757) process_request /opt/stack/glance/glance/api/middleware/version_negotiation.py:44}}
Jul 22 22:32:16.539978 np0000005663 devstack@g-api.service[99757]: DEBUG glance.api.middleware.version_negotiation [None req-ee477586-b23e-4638-bfc2-c0fc5a3708b5 tempest-VolumesActionsTest-1546988021 tempest-VolumesActionsTest-1546988021-project-member] Using url versioning {{(pid=99757) process_request /opt/stack/glance/glance/api/middleware/version_negotiation.py:57}}
Jul 22 22:32:16.539978 np0000005663 devstack@g-api.service[99757]: DEBUG glance.api.middleware.version_negotiation [None req-ee477586-b23e-4638-bfc2-c0fc5a3708b5 tempest-VolumesActionsTest-1546988021 tempest-VolumesActionsTest-1546988021-project-member] Matched version: v2 {{(pid=99757) process_request /opt/stack/glance/glance/api/middleware/version_negotiation.py:69}}
Jul 22 22:32:16.540660 np0000005663 devstack@g-api.service[99757]: DEBUG glance.api.middleware.version_negotiation [None req-ee477586-b23e-4638-bfc2-c0fc5a3708b5 tempest-VolumesActionsTest-1546988021 tempest-VolumesActionsTest-1546988021-project-member] new path /v2/images/eb8c02fe-551e-424d-890d-051892fb0464 {{(pid=99757) process_request /opt/stack/glance/glance/api/middleware/version_negotiation.py:70}}
Jul 22 22:32:16.563593 np0000005663 devstack@g-api.service[99757]: [pid: 99757|app: 0|req: 132/401] 127.0.0.1 () {40 vars in 838 bytes} [Wed Jul 22 22:32:16 2026] GET /v2/images/eb8c02fe-551e-424d-890d-051892fb0464 => generated 649 bytes in 24 msecs (HTTP/1.1 200) 4 headers in 157 bytes (1 switches on core 0)
Jul 22 22:32:17.572995 np0000005663 devstack@g-api.service[99756]: DEBUG glance.api.middleware.version_negotiation [None req-15b6ba2b-30fc-43c4-8ac2-073b7d4f5b76 tempest-VolumesActionsTest-1546988021 tempest-VolumesActionsTest-1546988021-project-member] Determining version of request: GET /v2/images/eb8c02fe-551e-424d-890d-051892fb0464 Accept: application/json {{(pid=99756) process_request /opt/stack/glance/glance/api/middleware/version_negotiation.py:44}}
Jul 22 22:32:17.573456 np0000005663 devstack@g-api.service[99756]: DEBUG glance.api.middleware.version_negotiation [None req-15b6ba2b-30fc-43c4-8ac2-073b7d4f5b76 tempest-VolumesActionsTest-1546988021 tempest-VolumesActionsTest-1546988021-project-member] Using url versioning {{(pid=99756) process_request /opt/stack/glance/glance/api/middleware/version_negotiation.py:57}}
Jul 22 22:32:17.573456 np0000005663 devstack@g-api.service[99756]: DEBUG glance.api.middleware.version_negotiation [None req-15b6ba2b-30fc-43c4-8ac2-073b7d4f5b76 tempest-VolumesActionsTest-1546988021 tempest-VolumesActionsTest-1546988021-project-member] Matched version: v2 {{(pid=99756) process_request /opt/stack/glance/glance/api/middleware/version_negotiation.py:69}}
Jul 22 22:32:17.573561 np0000005663 devstack@g-api.service[99756]: DEBUG glance.api.middleware.version_negotiation [None req-15b6ba2b-30fc-43c4-8ac2-073b7d4f5b76 tempest-VolumesActionsTest-1546988021 tempest-VolumesActionsTest-1546988021-project-member] new path /v2/images/eb8c02fe-551e-424d-890d-051892fb0464 {{(pid=99756) process_request /opt/stack/glance/glance/api/middleware/version_negotiation.py:70}}
Jul 22 22:32:17.590352 np0000005663 devstack@g-api.service[99756]: [pid: 99756|app: 0|req: 137/402] 127.0.0.1 () {40 vars in 838 bytes} [Wed Jul 22 22:32:17 2026] GET /v2/images/eb8c02fe-551e-424d-890d-051892fb0464 => generated 649 bytes in 16 msecs (HTTP/1.1 200) 4 headers in 157 bytes (1 switches on core 0)
Jul 22 22:32:18.433871 np0000005663 devstack@g-api.service[99755]: DEBUG swiftclient [None req-e2eb7f3c-d372-43c6-a91d-0b174421021a tempest-VolumesActionsTest-1546988021 tempest-VolumesActionsTest-1546988021-project-member] REQ: curl -i https://10.4.3.218:8080/v1/AUTH_5b76777a923048178d7baad259722e6f/glance/eb8c02fe-551e-424d-890d-051892fb0464-00003 -X PUT -H "X-Auth-Token: gAAAAABqYUTrg1HC..." {{(pid=99755) http_log /opt/stack/data/venv/lib/python3.12/site-packages/swiftclient/client.py:160}}
Jul 22 22:32:18.434155 np0000005663 devstack@g-api.service[99755]: DEBUG swiftclient [None req-e2eb7f3c-d372-43c6-a91d-0b174421021a tempest-VolumesActionsTest-1546988021 tempest-VolumesActionsTest-1546988021-project-member] RESP STATUS: 201 Created {{(pid=99755) http_log /opt/stack/data/venv/lib/python3.12/site-packages/swiftclient/client.py:161}}
Jul 22 22:32:18.434155 np0000005663 devstack@g-api.service[99755]: DEBUG swiftclient [None req-e2eb7f3c-d372-43c6-a91d-0b174421021a tempest-VolumesActionsTest-1546988021 tempest-VolumesActionsTest-1546988021-project-member] RESP HEADERS: {'Date': 'Wed, 22 Jul 2026 22:32:18 GMT', 'Server': 'Apache/2.4.58 (Ubuntu)', 'Content-Type': 'text/html; charset=UTF-8', 'Content-Length': '0', 'Etag': 'eda9a9889837ac4bc81d6387d92c1bec', 'Last-Modified': 'Wed, 22 Jul 2026 22:32:17 GMT', 'X-Trans-Id': 'tx85e062f94eef4d0b822bb-006a6144f0', 'X-Openstack-Request-Id': 'tx85e062f94eef4d0b822bb-006a6144f0', 'Connection': 'close'} {{(pid=99755) http_log /opt/stack/data/venv/lib/python3.12/site-packages/swiftclient/client.py:162}}
Jul 22 22:32:18.434260 np0000005663 devstack@g-api.service[99755]: DEBUG glance_store._drivers.swift.store [None req-e2eb7f3c-d372-43c6-a91d-0b174421021a tempest-VolumesActionsTest-1546988021 tempest-VolumesActionsTest-1546988021-project-member] Wrote chunk eb8c02fe-551e-424d-890d-051892fb0464-00003 (3/?) of length 204800000 to Swift returning MD5 of content: eda9a9889837ac4bc81d6387d92c1bec {{(pid=99755) add /opt/stack/data/venv/lib/python3.12/site-packages/glance_store/_drivers/swift/store.py:1059}}
Jul 22 22:32:18.599378 np0000005663 devstack@g-api.service[99757]: DEBUG glance.api.middleware.version_negotiation [None req-49094b2e-7ffb-4361-861a-d66f4c9f1891 tempest-VolumesActionsTest-1546988021 tempest-VolumesActionsTest-1546988021-project-member] Determining version of request: GET /v2/images/eb8c02fe-551e-424d-890d-051892fb0464 Accept: application/json {{(pid=99757) process_request /opt/stack/glance/glance/api/middleware/version_negotiation.py:44}}
Jul 22 22:32:18.599996 np0000005663 devstack@g-api.service[99757]: DEBUG glance.api.middleware.version_negotiation [None req-49094b2e-7ffb-4361-861a-d66f4c9f1891 tempest-VolumesActionsTest-1546988021 tempest-VolumesActionsTest-1546988021-project-member] Using url versioning {{(pid=99757) process_request /opt/stack/glance/glance/api/middleware/version_negotiation.py:57}}
Jul 22 22:32:18.599996 np0000005663 devstack@g-api.service[99757]: DEBUG glance.api.middleware.version_negotiation [None req-49094b2e-7ffb-4361-861a-d66f4c9f1891 tempest-VolumesActionsTest-1546988021 tempest-VolumesActionsTest-1546988021-project-member] Matched version: v2 {{(pid=99757) process_request /opt/stack/glance/glance/api/middleware/version_negotiation.py:69}}
Jul 22 22:32:18.599996 np0000005663 devstack@g-api.service[99757]: DEBUG glance.api.middleware.version_negotiation [None req-49094b2e-7ffb-4361-861a-d66f4c9f1891 tempest-VolumesActionsTest-1546988021 tempest-VolumesActionsTest-1546988021-project-member] new path /v2/images/eb8c02fe-551e-424d-890d-051892fb0464 {{(pid=99757) process_request /opt/stack/glance/glance/api/middleware/version_negotiation.py:70}}
Jul 22 22:32:18.614045 np0000005663 devstack@g-api.service[99757]: [pid: 99757|app: 0|req: 133/403] 127.0.0.1 () {40 vars in 838 bytes} [Wed Jul 22 22:32:18 2026] GET /v2/images/eb8c02fe-551e-424d-890d-051892fb0464 => generated 649 bytes in 15 msecs (HTTP/1.1 200) 4 headers in 157 bytes (1 switches on core 0)
Jul 22 22:32:19.627104 np0000005663 devstack@g-api.service[99756]: DEBUG glance.api.middleware.version_negotiation [None req-3d6ddbac-9fcd-4280-b5dc-fb931435b067 tempest-VolumesActionsTest-1546988021 tempest-VolumesActionsTest-1546988021-project-member] Determining version of request: GET /v2/images/eb8c02fe-551e-424d-890d-051892fb0464 Accept: application/json {{(pid=99756) process_request /opt/stack/glance/glance/api/middleware/version_negotiation.py:44}}
Jul 22 22:32:19.627627 np0000005663 devstack@g-api.service[99756]: DEBUG glance.api.middleware.version_negotiation [None req-3d6ddbac-9fcd-4280-b5dc-fb931435b067 tempest-VolumesActionsTest-1546988021 tempest-VolumesActionsTest-1546988021-project-member] Using url versioning {{(pid=99756) process_request /opt/stack/glance/glance/api/middleware/version_negotiation.py:57}}
Jul 22 22:32:19.628224 np0000005663 devstack@g-api.service[99756]: DEBUG glance.api.middleware.version_negotiation [None req-3d6ddbac-9fcd-4280-b5dc-fb931435b067 tempest-VolumesActionsTest-1546988021 tempest-VolumesActionsTest-1546988021-project-member] Matched version: v2 {{(pid=99756) process_request /opt/stack/glance/glance/api/middleware/version_negotiation.py:69}}
Jul 22 22:32:19.628824 np0000005663 devstack@g-api.service[99756]: DEBUG glance.api.middleware.version_negotiation [None req-3d6ddbac-9fcd-4280-b5dc-fb931435b067 tempest-VolumesActionsTest-1546988021 tempest-VolumesActionsTest-1546988021-project-member] new path /v2/images/eb8c02fe-551e-424d-890d-051892fb0464 {{(pid=99756) process_request /opt/stack/glance/glance/api/middleware/version_negotiation.py:70}}
Jul 22 22:32:19.642888 np0000005663 devstack@g-api.service[99756]: [pid: 99756|app: 0|req: 138/404] 127.0.0.1 () {40 vars in 838 bytes} [Wed Jul 22 22:32:19 2026] GET /v2/images/eb8c02fe-551e-424d-890d-051892fb0464 => generated 649 bytes in 16 msecs (HTTP/1.1 200) 4 headers in 157 bytes (1 switches on core 0)
Jul 22 22:32:20.598810 np0000005663 devstack@g-api.service[99755]: DEBUG swiftclient [None req-e2eb7f3c-d372-43c6-a91d-0b174421021a tempest-VolumesActionsTest-1546988021 tempest-VolumesActionsTest-1546988021-project-member] REQ: curl -i https://10.4.3.218:8080/v1/AUTH_5b76777a923048178d7baad259722e6f/glance/eb8c02fe-551e-424d-890d-051892fb0464-00004 -X PUT -H "X-Auth-Token: gAAAAABqYUTrg1HC..." {{(pid=99755) http_log /opt/stack/data/venv/lib/python3.12/site-packages/swiftclient/client.py:160}}
Jul 22 22:32:20.599265 np0000005663 devstack@g-api.service[99755]: DEBUG swiftclient [None req-e2eb7f3c-d372-43c6-a91d-0b174421021a tempest-VolumesActionsTest-1546988021 tempest-VolumesActionsTest-1546988021-project-member] RESP STATUS: 201 Created {{(pid=99755) http_log /opt/stack/data/venv/lib/python3.12/site-packages/swiftclient/client.py:161}}
Jul 22 22:32:20.599265 np0000005663 devstack@g-api.service[99755]: DEBUG swiftclient [None req-e2eb7f3c-d372-43c6-a91d-0b174421021a tempest-VolumesActionsTest-1546988021 tempest-VolumesActionsTest-1546988021-project-member] RESP HEADERS: {'Date': 'Wed, 22 Jul 2026 22:32:20 GMT', 'Server': 'Apache/2.4.58 (Ubuntu)', 'Content-Type': 'text/html; charset=UTF-8', 'Content-Length': '0', 'Etag': 'eda9a9889837ac4bc81d6387d92c1bec', 'Last-Modified': 'Wed, 22 Jul 2026 22:32:19 GMT', 'X-Trans-Id': 'txb6cf8b6891924e0a84901-006a6144f2', 'X-Openstack-Request-Id': 'txb6cf8b6891924e0a84901-006a6144f2', 'Connection': 'close'} {{(pid=99755) http_log /opt/stack/data/venv/lib/python3.12/site-packages/swiftclient/client.py:162}}
Jul 22 22:32:20.599403 np0000005663 devstack@g-api.service[99755]: DEBUG glance_store._drivers.swift.store [None req-e2eb7f3c-d372-43c6-a91d-0b174421021a tempest-VolumesActionsTest-1546988021 tempest-VolumesActionsTest-1546988021-project-member] Wrote chunk eb8c02fe-551e-424d-890d-051892fb0464-00004 (4/?) of length 204800000 to Swift returning MD5 of content: eda9a9889837ac4bc81d6387d92c1bec {{(pid=99755) add /opt/stack/data/venv/lib/python3.12/site-packages/glance_store/_drivers/swift/store.py:1059}}
Jul 22 22:32:20.657608 np0000005663 devstack@g-api.service[99757]: DEBUG glance.api.middleware.version_negotiation [None req-12edee15-ce0c-4ea3-bb90-20683febb448 tempest-VolumesActionsTest-1546988021 tempest-VolumesActionsTest-1546988021-project-member] Determining version of request: GET /v2/images/eb8c02fe-551e-424d-890d-051892fb0464 Accept: application/json {{(pid=99757) process_request /opt/stack/glance/glance/api/middleware/version_negotiation.py:44}}
Jul 22 22:32:20.657608 np0000005663 devstack@g-api.service[99757]: DEBUG glance.api.middleware.version_negotiation [None req-12edee15-ce0c-4ea3-bb90-20683febb448 tempest-VolumesActionsTest-1546988021 tempest-VolumesActionsTest-1546988021-project-member] Using url versioning {{(pid=99757) process_request /opt/stack/glance/glance/api/middleware/version_negotiation.py:57}}
Jul 22 22:32:20.657608 np0000005663 devstack@g-api.service[99757]: DEBUG glance.api.middleware.version_negotiation [None req-12edee15-ce0c-4ea3-bb90-20683febb448 tempest-VolumesActionsTest-1546988021 tempest-VolumesActionsTest-1546988021-project-member] Matched version: v2 {{(pid=99757) process_request /opt/stack/glance/glance/api/middleware/version_negotiation.py:69}}
Jul 22 22:32:20.657608 np0000005663 devstack@g-api.service[99757]: DEBUG glance.api.middleware.version_negotiation [None req-12edee15-ce0c-4ea3-bb90-20683febb448 tempest-VolumesActionsTest-1546988021 tempest-VolumesActionsTest-1546988021-project-member] new path /v2/images/eb8c02fe-551e-424d-890d-051892fb0464 {{(pid=99757) process_request /opt/stack/glance/glance/api/middleware/version_negotiation.py:70}}
Jul 22 22:32:20.671348 np0000005663 devstack@g-api.service[99757]: [pid: 99757|app: 0|req: 134/405] 127.0.0.1 () {40 vars in 838 bytes} [Wed Jul 22 22:32:20 2026] GET /v2/images/eb8c02fe-551e-424d-890d-051892fb0464 => generated 649 bytes in 14 msecs (HTTP/1.1 200) 4 headers in 157 bytes (1 switches on core 0)
Jul 22 22:32:21.620293 np0000005663 devstack@g-api.service[99755]: DEBUG dbcounter [-] [99755] Writing DB stats glance:SELECT=16,glance:INSERT=1,glance:UPDATE=1 {{(pid=99755) stat_writer /opt/stack/data/venv/lib/python3.12/site-packages/dbcounter.py:115}}
Jul 22 22:32:21.681600 np0000005663 devstack@g-api.service[99756]: DEBUG glance.api.middleware.version_negotiation [None req-bbde2be3-2662-45df-bc9f-4cf47b6ee84e tempest-VolumesActionsTest-1546988021 tempest-VolumesActionsTest-1546988021-project-member] Determining version of request: GET /v2/images/eb8c02fe-551e-424d-890d-051892fb0464 Accept: application/json {{(pid=99756) process_request /opt/stack/glance/glance/api/middleware/version_negotiation.py:44}}
Jul 22 22:32:21.682400 np0000005663 devstack@g-api.service[99756]: DEBUG glance.api.middleware.version_negotiation [None req-bbde2be3-2662-45df-bc9f-4cf47b6ee84e tempest-VolumesActionsTest-1546988021 tempest-VolumesActionsTest-1546988021-project-member] Using url versioning {{(pid=99756) process_request /opt/stack/glance/glance/api/middleware/version_negotiation.py:57}}
Jul 22 22:32:21.682400 np0000005663 devstack@g-api.service[99756]: DEBUG glance.api.middleware.version_negotiation [None req-bbde2be3-2662-45df-bc9f-4cf47b6ee84e tempest-VolumesActionsTest-1546988021 tempest-VolumesActionsTest-1546988021-project-member] Matched version: v2 {{(pid=99756) process_request /opt/stack/glance/glance/api/middleware/version_negotiation.py:69}}
Jul 22 22:32:21.682400 np0000005663 devstack@g-api.service[99756]: DEBUG glance.api.middleware.version_negotiation [None req-bbde2be3-2662-45df-bc9f-4cf47b6ee84e tempest-VolumesActionsTest-1546988021 tempest-VolumesActionsTest-1546988021-project-member] new path /v2/images/eb8c02fe-551e-424d-890d-051892fb0464 {{(pid=99756) process_request /opt/stack/glance/glance/api/middleware/version_negotiation.py:70}}
Jul 22 22:32:21.696782 np0000005663 devstack@g-api.service[99756]: [pid: 99756|app: 0|req: 139/406] 127.0.0.1 () {40 vars in 838 bytes} [Wed Jul 22 22:32:21 2026] GET /v2/images/eb8c02fe-551e-424d-890d-051892fb0464 => generated 649 bytes in 14 msecs (HTTP/1.1 200) 4 headers in 157 bytes (1 switches on core 0)
Jul 22 22:32:22.708154 np0000005663 devstack@g-api.service[99757]: DEBUG glance.api.middleware.version_negotiation [None req-53285c3d-1fb5-4c88-bb10-491f21fb184c tempest-VolumesActionsTest-1546988021 tempest-VolumesActionsTest-1546988021-project-member] Determining version of request: GET /v2/images/eb8c02fe-551e-424d-890d-051892fb0464 Accept: application/json {{(pid=99757) process_request /opt/stack/glance/glance/api/middleware/version_negotiation.py:44}}
Jul 22 22:32:22.708154 np0000005663 devstack@g-api.service[99757]: DEBUG glance.api.middleware.version_negotiation [None req-53285c3d-1fb5-4c88-bb10-491f21fb184c tempest-VolumesActionsTest-1546988021 tempest-VolumesActionsTest-1546988021-project-member] Using url versioning {{(pid=99757) process_request /opt/stack/glance/glance/api/middleware/version_negotiation.py:57}}
Jul 22 22:32:22.708154 np0000005663 devstack@g-api.service[99757]: DEBUG glance.api.middleware.version_negotiation [None req-53285c3d-1fb5-4c88-bb10-491f21fb184c tempest-VolumesActionsTest-1546988021 tempest-VolumesActionsTest-1546988021-project-member] Matched version: v2 {{(pid=99757) process_request /opt/stack/glance/glance/api/middleware/version_negotiation.py:69}}
Jul 22 22:32:22.708944 np0000005663 devstack@g-api.service[99757]: DEBUG glance.api.middleware.version_negotiation [None req-53285c3d-1fb5-4c88-bb10-491f21fb184c tempest-VolumesActionsTest-1546988021 tempest-VolumesActionsTest-1546988021-project-member] new path /v2/images/eb8c02fe-551e-424d-890d-051892fb0464 {{(pid=99757) process_request /opt/stack/glance/glance/api/middleware/version_negotiation.py:70}}
Jul 22 22:32:22.727656 np0000005663 devstack@g-api.service[99757]: [pid: 99757|app: 0|req: 135/407] 127.0.0.1 () {40 vars in 838 bytes} [Wed Jul 22 22:32:22 2026] GET /v2/images/eb8c02fe-551e-424d-890d-051892fb0464 => generated 649 bytes in 21 msecs (HTTP/1.1 200) 4 headers in 157 bytes (1 switches on core 0)
Jul 22 22:32:23.278226 np0000005663 devstack@g-api.service[99755]: DEBUG swiftclient [None req-e2eb7f3c-d372-43c6-a91d-0b174421021a tempest-VolumesActionsTest-1546988021 tempest-VolumesActionsTest-1546988021-project-member] REQ: curl -i https://10.4.3.218:8080/v1/AUTH_5b76777a923048178d7baad259722e6f/glance/eb8c02fe-551e-424d-890d-051892fb0464-00005 -X PUT -H "X-Auth-Token: gAAAAABqYUTrg1HC..." {{(pid=99755) http_log /opt/stack/data/venv/lib/python3.12/site-packages/swiftclient/client.py:160}}
Jul 22 22:32:23.278506 np0000005663 devstack@g-api.service[99755]: DEBUG swiftclient [None req-e2eb7f3c-d372-43c6-a91d-0b174421021a tempest-VolumesActionsTest-1546988021 tempest-VolumesActionsTest-1546988021-project-member] RESP STATUS: 201 Created {{(pid=99755) http_log /opt/stack/data/venv/lib/python3.12/site-packages/swiftclient/client.py:161}}
Jul 22 22:32:23.278506 np0000005663 devstack@g-api.service[99755]: DEBUG swiftclient [None req-e2eb7f3c-d372-43c6-a91d-0b174421021a tempest-VolumesActionsTest-1546988021 tempest-VolumesActionsTest-1546988021-project-member] RESP HEADERS: {'Date': 'Wed, 22 Jul 2026 22:32:23 GMT', 'Server': 'Apache/2.4.58 (Ubuntu)', 'Content-Type': 'text/html; charset=UTF-8', 'Content-Length': '0', 'Etag': 'eda9a9889837ac4bc81d6387d92c1bec', 'Last-Modified': 'Wed, 22 Jul 2026 22:32:21 GMT', 'X-Trans-Id': 'tx938edb9a13e84518908e9-006a6144f4', 'X-Openstack-Request-Id': 'tx938edb9a13e84518908e9-006a6144f4', 'Connection': 'close'} {{(pid=99755) http_log /opt/stack/data/venv/lib/python3.12/site-packages/swiftclient/client.py:162}}
Jul 22 22:32:23.278602 np0000005663 devstack@g-api.service[99755]: DEBUG glance_store._drivers.swift.store [None req-e2eb7f3c-d372-43c6-a91d-0b174421021a tempest-VolumesActionsTest-1546988021 tempest-VolumesActionsTest-1546988021-project-member] Wrote chunk eb8c02fe-551e-424d-890d-051892fb0464-00005 (5/?) of length 204800000 to Swift returning MD5 of content: eda9a9889837ac4bc81d6387d92c1bec {{(pid=99755) add /opt/stack/data/venv/lib/python3.12/site-packages/glance_store/_drivers/swift/store.py:1059}}
Jul 22 22:32:23.741875 np0000005663 devstack@g-api.service[99756]: DEBUG glance.api.middleware.version_negotiation [None req-5ffa4c3d-4786-4e75-8dae-d768ed0e58a6 tempest-VolumesActionsTest-1546988021 tempest-VolumesActionsTest-1546988021-project-member] Determining version of request: GET /v2/images/eb8c02fe-551e-424d-890d-051892fb0464 Accept: application/json {{(pid=99756) process_request /opt/stack/glance/glance/api/middleware/version_negotiation.py:44}}
Jul 22 22:32:23.742323 np0000005663 devstack@g-api.service[99756]: DEBUG glance.api.middleware.version_negotiation [None req-5ffa4c3d-4786-4e75-8dae-d768ed0e58a6 tempest-VolumesActionsTest-1546988021 tempest-VolumesActionsTest-1546988021-project-member] Using url versioning {{(pid=99756) process_request /opt/stack/glance/glance/api/middleware/version_negotiation.py:57}}
Jul 22 22:32:23.742479 np0000005663 devstack@g-api.service[99756]: DEBUG glance.api.middleware.version_negotiation [None req-5ffa4c3d-4786-4e75-8dae-d768ed0e58a6 tempest-VolumesActionsTest-1546988021 tempest-VolumesActionsTest-1546988021-project-member] Matched version: v2 {{(pid=99756) process_request /opt/stack/glance/glance/api/middleware/version_negotiation.py:69}}
Jul 22 22:32:23.742737 np0000005663 devstack@g-api.service[99756]: DEBUG glance.api.middleware.version_negotiation [None req-5ffa4c3d-4786-4e75-8dae-d768ed0e58a6 tempest-VolumesActionsTest-1546988021 tempest-VolumesActionsTest-1546988021-project-member] new path /v2/images/eb8c02fe-551e-424d-890d-051892fb0464 {{(pid=99756) process_request /opt/stack/glance/glance/api/middleware/version_negotiation.py:70}}
Jul 22 22:32:23.763306 np0000005663 devstack@g-api.service[99756]: [pid: 99756|app: 0|req: 140/408] 127.0.0.1 () {40 vars in 838 bytes} [Wed Jul 22 22:32:23 2026] GET /v2/images/eb8c02fe-551e-424d-890d-051892fb0464 => generated 649 bytes in 21 msecs (HTTP/1.1 200) 4 headers in 157 bytes (1 switches on core 0)
Jul 22 22:32:23.857029 np0000005663 devstack@g-api.service[99755]: DEBUG swiftclient [None req-e2eb7f3c-d372-43c6-a91d-0b174421021a tempest-VolumesActionsTest-1546988021 tempest-VolumesActionsTest-1546988021-project-member] REQ: curl -i https://10.4.3.218:8080/v1/AUTH_5b76777a923048178d7baad259722e6f/glance/eb8c02fe-551e-424d-890d-051892fb0464-00006 -X PUT -H "X-Auth-Token: gAAAAABqYUTrg1HC..." {{(pid=99755) http_log /opt/stack/data/venv/lib/python3.12/site-packages/swiftclient/client.py:160}}
Jul 22 22:32:23.857172 np0000005663 devstack@g-api.service[99755]: DEBUG swiftclient [None req-e2eb7f3c-d372-43c6-a91d-0b174421021a tempest-VolumesActionsTest-1546988021 tempest-VolumesActionsTest-1546988021-project-member] RESP STATUS: 201 Created {{(pid=99755) http_log /opt/stack/data/venv/lib/python3.12/site-packages/swiftclient/client.py:161}}
Jul 22 22:32:23.857505 np0000005663 devstack@g-api.service[99755]: DEBUG swiftclient [None req-e2eb7f3c-d372-43c6-a91d-0b174421021a tempest-VolumesActionsTest-1546988021 tempest-VolumesActionsTest-1546988021-project-member] RESP HEADERS: {'Date': 'Wed, 22 Jul 2026 22:32:23 GMT', 'Server': 'Apache/2.4.58 (Ubuntu)', 'Content-Type': 'text/html; charset=UTF-8', 'Content-Length': '0', 'Etag': '708761f3b8777ec77058e63da08eeeb6', 'Last-Modified': 'Wed, 22 Jul 2026 22:32:24 GMT', 'X-Trans-Id': 'tx044d20bc2103495388d68-006a6144f7', 'X-Openstack-Request-Id': 'tx044d20bc2103495388d68-006a6144f7', 'Connection': 'close'} {{(pid=99755) http_log /opt/stack/data/venv/lib/python3.12/site-packages/swiftclient/client.py:162}}
Jul 22 22:32:23.857851 np0000005663 devstack@g-api.service[99755]: DEBUG glance_store._drivers.swift.store [None req-e2eb7f3c-d372-43c6-a91d-0b174421021a tempest-VolumesActionsTest-1546988021 tempest-VolumesActionsTest-1546988021-project-member] Wrote chunk eb8c02fe-551e-424d-890d-051892fb0464-00006 (6/?) of length 49741824 to Swift returning MD5 of content: 708761f3b8777ec77058e63da08eeeb6 {{(pid=99755) add /opt/stack/data/venv/lib/python3.12/site-packages/glance_store/_drivers/swift/store.py:1059}}
Jul 22 22:32:23.857990 np0000005663 devstack@g-api.service[99755]: DEBUG glance_store._drivers.swift.store [None req-e2eb7f3c-d372-43c6-a91d-0b174421021a tempest-VolumesActionsTest-1546988021 tempest-VolumesActionsTest-1546988021-project-member] Not writing zero-length chunk. {{(pid=99755) add /opt/stack/data/venv/lib/python3.12/site-packages/glance_store/_drivers/swift/store.py:1028}}
Jul 22 22:32:23.889638 np0000005663 devstack@g-api.service[99755]: DEBUG swiftclient [None req-e2eb7f3c-d372-43c6-a91d-0b174421021a tempest-VolumesActionsTest-1546988021 tempest-VolumesActionsTest-1546988021-project-member] REQ: curl -i https://10.4.3.218:8080/v1/AUTH_5b76777a923048178d7baad259722e6f/glance/eb8c02fe-551e-424d-890d-051892fb0464 -X PUT -H "X-Object-Manifest: glance/eb8c02fe-551e-424d-890d-051892fb0464-" -H "X-Auth-Token: gAAAAABqYUTrg1HC..." -H "Content-Length: 0" {{(pid=99755) http_log /opt/stack/data/venv/lib/python3.12/site-packages/swiftclient/client.py:160}}
Jul 22 22:32:23.889833 np0000005663 devstack@g-api.service[99755]: DEBUG swiftclient [None req-e2eb7f3c-d372-43c6-a91d-0b174421021a tempest-VolumesActionsTest-1546988021 tempest-VolumesActionsTest-1546988021-project-member] RESP STATUS: 201 Created {{(pid=99755) http_log /opt/stack/data/venv/lib/python3.12/site-packages/swiftclient/client.py:161}}
Jul 22 22:32:23.889978 np0000005663 devstack@g-api.service[99755]: DEBUG swiftclient [None req-e2eb7f3c-d372-43c6-a91d-0b174421021a tempest-VolumesActionsTest-1546988021 tempest-VolumesActionsTest-1546988021-project-member] RESP HEADERS: {'Date': 'Wed, 22 Jul 2026 22:32:23 GMT', 'Server': 'Apache/2.4.58 (Ubuntu)', 'Content-Type': 'text/html; charset=UTF-8', 'Content-Length': '0', 'Etag': 'd41d8cd98f00b204e9800998ecf8427e', 'Last-Modified': 'Wed, 22 Jul 2026 22:32:24 GMT', 'X-Trans-Id': 'tx679081f37eaf4d07a98b1-006a6144f7', 'X-Openstack-Request-Id': 'tx679081f37eaf4d07a98b1-006a6144f7', 'Connection': 'close'} {{(pid=99755) http_log /opt/stack/data/venv/lib/python3.12/site-packages/swiftclient/client.py:162}}
Jul 22 22:32:23.890560 np0000005663 devstack@g-api.service[99755]: INFO glance.location [None req-e2eb7f3c-d372-43c6-a91d-0b174421021a tempest-VolumesActionsTest-1546988021 tempest-VolumesActionsTest-1546988021-project-member] Image format matched and virtual size computed: 1073741824
Jul 22 22:32:23.935102 np0000005663 devstack@g-api.service[99755]: DEBUG glance_store.backend [None req-e2eb7f3c-d372-43c6-a91d-0b174421021a tempest-VolumesActionsTest-1546988021 tempest-VolumesActionsTest-1546988021-project-member] Attempting to import store swift {{(pid=99755) _load_store /opt/stack/data/venv/lib/python3.12/site-packages/glance_store/backend.py:215}}
Jul 22 22:32:23.936798 np0000005663 devstack@g-api.service[99755]: DEBUG glance_store.capabilities [None req-e2eb7f3c-d372-43c6-a91d-0b174421021a tempest-VolumesActionsTest-1546988021 tempest-VolumesActionsTest-1546988021-project-member] Store glance_store._drivers.swift.store.SingleTenantStore doesn't support updating dynamic storage capabilities. Please overwrite 'update_capabilities' method of the store to implement updating logics if needed. {{(pid=99755) update_capabilities /opt/stack/data/venv/lib/python3.12/site-packages/glance_store/capabilities.py:91}}
Jul 22 22:32:23.937018 np0000005663 devstack@g-api.service[99755]: DEBUG glance_store.driver [None req-e2eb7f3c-d372-43c6-a91d-0b174421021a tempest-VolumesActionsTest-1546988021 tempest-VolumesActionsTest-1546988021-project-member] Late loading location class glance_store._drivers.swift.store.StoreLocation {{(pid=99755) get_store_location_class /opt/stack/data/venv/lib/python3.12/site-packages/glance_store/driver.py:134}}
Jul 22 22:32:23.937216 np0000005663 devstack@g-api.service[99755]: DEBUG glance_store.location [None req-e2eb7f3c-d372-43c6-a91d-0b174421021a tempest-VolumesActionsTest-1546988021 tempest-VolumesActionsTest-1546988021-project-member] Registering scheme swift+https with {'store': , 'location_class': , 'store_entry': 'swift'} {{(pid=99755) register_scheme_map /opt/stack/data/venv/lib/python3.12/site-packages/glance_store/location.py:146}}
Jul 22 22:32:23.937317 np0000005663 devstack@g-api.service[99755]: DEBUG glance_store.location [None req-e2eb7f3c-d372-43c6-a91d-0b174421021a tempest-VolumesActionsTest-1546988021 tempest-VolumesActionsTest-1546988021-project-member] Registering scheme swift+https with {'store': , 'location_class': , 'store_entry': 'swift'} {{(pid=99755) register_scheme_map /opt/stack/data/venv/lib/python3.12/site-packages/glance_store/location.py:146}}
Jul 22 22:32:23.937414 np0000005663 devstack@g-api.service[99755]: DEBUG glance_store.location [None req-e2eb7f3c-d372-43c6-a91d-0b174421021a tempest-VolumesActionsTest-1546988021 tempest-VolumesActionsTest-1546988021-project-member] Registering scheme swift with {'store': , 'location_class': , 'store_entry': 'swift'} {{(pid=99755) register_scheme_map /opt/stack/data/venv/lib/python3.12/site-packages/glance_store/location.py:146}}
Jul 22 22:32:23.937520 np0000005663 devstack@g-api.service[99755]: DEBUG glance_store.location [None req-e2eb7f3c-d372-43c6-a91d-0b174421021a tempest-VolumesActionsTest-1546988021 tempest-VolumesActionsTest-1546988021-project-member] Registering scheme swift+https with {'store': , 'location_class': , 'store_entry': 'swift'} {{(pid=99755) register_scheme_map /opt/stack/data/venv/lib/python3.12/site-packages/glance_store/location.py:146}}
Jul 22 22:32:23.937691 np0000005663 devstack@g-api.service[99755]: DEBUG glance_store.location [None req-e2eb7f3c-d372-43c6-a91d-0b174421021a tempest-VolumesActionsTest-1546988021 tempest-VolumesActionsTest-1546988021-project-member] Registering scheme swift with {'store': , 'location_class': , 'store_entry': 'swift'} {{(pid=99755) register_scheme_map /opt/stack/data/venv/lib/python3.12/site-packages/glance_store/location.py:146}}
Jul 22 22:32:23.937853 np0000005663 devstack@g-api.service[99755]: DEBUG glance_store.location [None req-e2eb7f3c-d372-43c6-a91d-0b174421021a tempest-VolumesActionsTest-1546988021 tempest-VolumesActionsTest-1546988021-project-member] Registering scheme swift+http with {'store': , 'location_class': , 'store_entry': 'swift'} {{(pid=99755) register_scheme_map /opt/stack/data/venv/lib/python3.12/site-packages/glance_store/location.py:146}}
Jul 22 22:32:23.937961 np0000005663 devstack@g-api.service[99755]: DEBUG glance_store.location [None req-e2eb7f3c-d372-43c6-a91d-0b174421021a tempest-VolumesActionsTest-1546988021 tempest-VolumesActionsTest-1546988021-project-member] Registering scheme swift+https with {'store': , 'location_class': , 'store_entry': 'swift'} {{(pid=99755) register_scheme_map /opt/stack/data/venv/lib/python3.12/site-packages/glance_store/location.py:146}}
Jul 22 22:32:23.938061 np0000005663 devstack@g-api.service[99755]: DEBUG glance_store.location [None req-e2eb7f3c-d372-43c6-a91d-0b174421021a tempest-VolumesActionsTest-1546988021 tempest-VolumesActionsTest-1546988021-project-member] Registering scheme swift with {'store': , 'location_class': , 'store_entry': 'swift'} {{(pid=99755) register_scheme_map /opt/stack/data/venv/lib/python3.12/site-packages/glance_store/location.py:146}}
Jul 22 22:32:23.938161 np0000005663 devstack@g-api.service[99755]: DEBUG glance_store.location [None req-e2eb7f3c-d372-43c6-a91d-0b174421021a tempest-VolumesActionsTest-1546988021 tempest-VolumesActionsTest-1546988021-project-member] Registering scheme swift+http with {'store': , 'location_class': , 'store_entry': 'swift'} {{(pid=99755) register_scheme_map /opt/stack/data/venv/lib/python3.12/site-packages/glance_store/location.py:146}}
Jul 22 22:32:23.938258 np0000005663 devstack@g-api.service[99755]: DEBUG glance_store.location [None req-e2eb7f3c-d372-43c6-a91d-0b174421021a tempest-VolumesActionsTest-1546988021 tempest-VolumesActionsTest-1546988021-project-member] Registering scheme swift+config with {'store': , 'location_class': , 'store_entry': 'swift'} {{(pid=99755) register_scheme_map /opt/stack/data/venv/lib/python3.12/site-packages/glance_store/location.py:146}}
Jul 22 22:32:23.938376 np0000005663 devstack@g-api.service[99755]: DEBUG glance_store.backend [None req-e2eb7f3c-d372-43c6-a91d-0b174421021a tempest-VolumesActionsTest-1546988021 tempest-VolumesActionsTest-1546988021-project-member] Skipping store.set_acls... not implemented. {{(pid=99755) set_acls /opt/stack/data/venv/lib/python3.12/site-packages/glance_store/backend.py:507}}
Jul 22 22:32:23.940410 np0000005663 devstack@g-api.service[99755]: [pid: 99755|app: 0|req: 134/409] 127.0.0.1 () {46 vars in 1158 bytes} [Wed Jul 22 22:32:10 2026] PUT /v2/images/eb8c02fe-551e-424d-890d-051892fb0464/file => generated 0 bytes in 13254 msecs (HTTP/1.1 204) 4 headers in 171 bytes (1 switches on core 0)
Jul 22 22:32:23.950158 np0000005663 devstack@g-api.service[99757]: DEBUG glance.api.middleware.version_negotiation [None req-00436195-2e63-40c2-9336-ac7a7024accc tempest-VolumesActionsTest-1546988021 tempest-VolumesActionsTest-1546988021-project-member] Determining version of request: GET /v2/images/eb8c02fe-551e-424d-890d-051892fb0464 Accept: */* {{(pid=99757) process_request /opt/stack/glance/glance/api/middleware/version_negotiation.py:44}}
Jul 22 22:32:23.950508 np0000005663 devstack@g-api.service[99757]: DEBUG glance.api.middleware.version_negotiation [None req-00436195-2e63-40c2-9336-ac7a7024accc tempest-VolumesActionsTest-1546988021 tempest-VolumesActionsTest-1546988021-project-member] Using url versioning {{(pid=99757) process_request /opt/stack/glance/glance/api/middleware/version_negotiation.py:57}}
Jul 22 22:32:23.950508 np0000005663 devstack@g-api.service[99757]: DEBUG glance.api.middleware.version_negotiation [None req-00436195-2e63-40c2-9336-ac7a7024accc tempest-VolumesActionsTest-1546988021 tempest-VolumesActionsTest-1546988021-project-member] Matched version: v2 {{(pid=99757) process_request /opt/stack/glance/glance/api/middleware/version_negotiation.py:69}}
Jul 22 22:32:23.950634 np0000005663 devstack@g-api.service[99757]: DEBUG glance.api.middleware.version_negotiation [None req-00436195-2e63-40c2-9336-ac7a7024accc tempest-VolumesActionsTest-1546988021 tempest-VolumesActionsTest-1546988021-project-member] new path /v2/images/eb8c02fe-551e-424d-890d-051892fb0464 {{(pid=99757) process_request /opt/stack/glance/glance/api/middleware/version_negotiation.py:70}}
Jul 22 22:32:23.967281 np0000005663 devstack@g-api.service[99757]: [pid: 99757|app: 0|req: 136/410] 127.0.0.1 () {44 vars in 1115 bytes} [Wed Jul 22 22:32:23 2026] GET /v2/images/eb8c02fe-551e-424d-890d-051892fb0464 => generated 821 bytes in 17 msecs (HTTP/1.1 200) 4 headers in 157 bytes (1 switches on core 0)
Jul 22 22:32:23.975634 np0000005663 devstack@g-api.service[99756]: DEBUG glance.api.middleware.version_negotiation [None req-684ca64a-2dc6-482d-8025-8395a9b95f2f tempest-VolumesActionsTest-1546988021 tempest-VolumesActionsTest-1546988021-project-member] Determining version of request: GET /v2/schemas/image Accept: */* {{(pid=99756) process_request /opt/stack/glance/glance/api/middleware/version_negotiation.py:44}}
Jul 22 22:32:23.976235 np0000005663 devstack@g-api.service[99756]: DEBUG glance.api.middleware.version_negotiation [None req-684ca64a-2dc6-482d-8025-8395a9b95f2f tempest-VolumesActionsTest-1546988021 tempest-VolumesActionsTest-1546988021-project-member] Using url versioning {{(pid=99756) process_request /opt/stack/glance/glance/api/middleware/version_negotiation.py:57}}
Jul 22 22:32:23.976451 np0000005663 devstack@g-api.service[99756]: DEBUG glance.api.middleware.version_negotiation [None req-684ca64a-2dc6-482d-8025-8395a9b95f2f tempest-VolumesActionsTest-1546988021 tempest-VolumesActionsTest-1546988021-project-member] Matched version: v2 {{(pid=99756) process_request /opt/stack/glance/glance/api/middleware/version_negotiation.py:69}}
Jul 22 22:32:23.976748 np0000005663 devstack@g-api.service[99756]: DEBUG glance.api.middleware.version_negotiation [None req-684ca64a-2dc6-482d-8025-8395a9b95f2f tempest-VolumesActionsTest-1546988021 tempest-VolumesActionsTest-1546988021-project-member] new path /v2/schemas/image {{(pid=99756) process_request /opt/stack/glance/glance/api/middleware/version_negotiation.py:70}}
Jul 22 22:32:23.979821 np0000005663 devstack@g-api.service[99756]: [pid: 99756|app: 0|req: 141/411] 127.0.0.1 () {44 vars in 1055 bytes} [Wed Jul 22 22:32:23 2026] GET /v2/schemas/image => generated 6083 bytes in 4 msecs (HTTP/1.1 200) 4 headers in 158 bytes (1 switches on core 0)
Jul 22 22:32:23.990494 np0000005663 devstack@g-api.service[99755]: DEBUG glance.api.middleware.version_negotiation [None req-e2eb7f3c-d372-43c6-a91d-0b174421021a tempest-VolumesActionsTest-1546988021 tempest-VolumesActionsTest-1546988021-project-member] Determining version of request: GET /v2/schemas/image Accept: */* {{(pid=99755) process_request /opt/stack/glance/glance/api/middleware/version_negotiation.py:44}}
Jul 22 22:32:23.990696 np0000005663 devstack@g-api.service[99755]: DEBUG glance.api.middleware.version_negotiation [None req-e2eb7f3c-d372-43c6-a91d-0b174421021a tempest-VolumesActionsTest-1546988021 tempest-VolumesActionsTest-1546988021-project-member] Using url versioning {{(pid=99755) process_request /opt/stack/glance/glance/api/middleware/version_negotiation.py:57}}
Jul 22 22:32:23.990798 np0000005663 devstack@g-api.service[99755]: DEBUG glance.api.middleware.version_negotiation [None req-e2eb7f3c-d372-43c6-a91d-0b174421021a tempest-VolumesActionsTest-1546988021 tempest-VolumesActionsTest-1546988021-project-member] Matched version: v2 {{(pid=99755) process_request /opt/stack/glance/glance/api/middleware/version_negotiation.py:69}}
Jul 22 22:32:23.990940 np0000005663 devstack@g-api.service[99755]: DEBUG glance.api.middleware.version_negotiation [None req-e2eb7f3c-d372-43c6-a91d-0b174421021a tempest-VolumesActionsTest-1546988021 tempest-VolumesActionsTest-1546988021-project-member] new path /v2/schemas/image {{(pid=99755) process_request /opt/stack/glance/glance/api/middleware/version_negotiation.py:70}}
Jul 22 22:32:23.993307 np0000005663 devstack@g-api.service[99755]: [pid: 99755|app: 0|req: 135/412] 127.0.0.1 () {44 vars in 1055 bytes} [Wed Jul 22 22:32:23 2026] GET /v2/schemas/image => generated 6083 bytes in 3 msecs (HTTP/1.1 200) 4 headers in 158 bytes (1 switches on core 0)
Jul 22 22:32:24.771879 np0000005663 devstack@g-api.service[99757]: DEBUG glance.api.middleware.version_negotiation [None req-e2eb7f3c-d372-43c6-a91d-0b174421021a tempest-VolumesActionsTest-1546988021 tempest-VolumesActionsTest-1546988021-project-member] Determining version of request: GET /v2/images/eb8c02fe-551e-424d-890d-051892fb0464 Accept: application/json {{(pid=99757) process_request /opt/stack/glance/glance/api/middleware/version_negotiation.py:44}}
Jul 22 22:32:24.772095 np0000005663 devstack@g-api.service[99757]: DEBUG glance.api.middleware.version_negotiation [None req-e2eb7f3c-d372-43c6-a91d-0b174421021a tempest-VolumesActionsTest-1546988021 tempest-VolumesActionsTest-1546988021-project-member] Using url versioning {{(pid=99757) process_request /opt/stack/glance/glance/api/middleware/version_negotiation.py:57}}
Jul 22 22:32:24.772271 np0000005663 devstack@g-api.service[99757]: DEBUG glance.api.middleware.version_negotiation [None req-e2eb7f3c-d372-43c6-a91d-0b174421021a tempest-VolumesActionsTest-1546988021 tempest-VolumesActionsTest-1546988021-project-member] Matched version: v2 {{(pid=99757) process_request /opt/stack/glance/glance/api/middleware/version_negotiation.py:69}}
Jul 22 22:32:24.772429 np0000005663 devstack@g-api.service[99757]: DEBUG glance.api.middleware.version_negotiation [None req-e2eb7f3c-d372-43c6-a91d-0b174421021a tempest-VolumesActionsTest-1546988021 tempest-VolumesActionsTest-1546988021-project-member] new path /v2/images/eb8c02fe-551e-424d-890d-051892fb0464 {{(pid=99757) process_request /opt/stack/glance/glance/api/middleware/version_negotiation.py:70}}
Jul 22 22:32:24.785209 np0000005663 devstack@g-api.service[99757]: [pid: 99757|app: 0|req: 137/413] 127.0.0.1 () {40 vars in 838 bytes} [Wed Jul 22 22:32:24 2026] GET /v2/images/eb8c02fe-551e-424d-890d-051892fb0464 => generated 821 bytes in 13 msecs (HTTP/1.1 200) 4 headers in 157 bytes (1 switches on core 0)
Jul 22 22:32:24.839050 np0000005663 devstack@g-api.service[99756]: DEBUG glance.api.middleware.version_negotiation [None req-e2eb7f3c-d372-43c6-a91d-0b174421021a tempest-VolumesActionsTest-1546988021 tempest-VolumesActionsTest-1546988021-project-member] Determining version of request: GET /v2/images/eb8c02fe-551e-424d-890d-051892fb0464 Accept: application/json {{(pid=99756) process_request /opt/stack/glance/glance/api/middleware/version_negotiation.py:44}}
Jul 22 22:32:24.839485 np0000005663 devstack@g-api.service[99756]: DEBUG glance.api.middleware.version_negotiation [None req-e2eb7f3c-d372-43c6-a91d-0b174421021a tempest-VolumesActionsTest-1546988021 tempest-VolumesActionsTest-1546988021-project-member] Using url versioning {{(pid=99756) process_request /opt/stack/glance/glance/api/middleware/version_negotiation.py:57}}
Jul 22 22:32:24.839485 np0000005663 devstack@g-api.service[99756]: DEBUG glance.api.middleware.version_negotiation [None req-e2eb7f3c-d372-43c6-a91d-0b174421021a tempest-VolumesActionsTest-1546988021 tempest-VolumesActionsTest-1546988021-project-member] Matched version: v2 {{(pid=99756) process_request /opt/stack/glance/glance/api/middleware/version_negotiation.py:69}}
Jul 22 22:32:24.839558 np0000005663 devstack@g-api.service[99756]: DEBUG glance.api.middleware.version_negotiation [None req-e2eb7f3c-d372-43c6-a91d-0b174421021a tempest-VolumesActionsTest-1546988021 tempest-VolumesActionsTest-1546988021-project-member] new path /v2/images/eb8c02fe-551e-424d-890d-051892fb0464 {{(pid=99756) process_request /opt/stack/glance/glance/api/middleware/version_negotiation.py:70}}
Jul 22 22:32:24.849146 np0000005663 devstack@g-api.service[99756]: [pid: 99756|app: 0|req: 142/414] 127.0.0.1 () {40 vars in 838 bytes} [Wed Jul 22 22:32:24 2026] GET /v2/images/eb8c02fe-551e-424d-890d-051892fb0464 => generated 821 bytes in 10 msecs (HTTP/1.1 200) 4 headers in 157 bytes (1 switches on core 0)
Jul 22 22:32:24.898996 np0000005663 devstack@g-api.service[99755]: DEBUG glance.api.middleware.version_negotiation [None req-e2eb7f3c-d372-43c6-a91d-0b174421021a tempest-VolumesActionsTest-1546988021 tempest-VolumesActionsTest-1546988021-project-member] Determining version of request: GET /v2/schemas/image Accept: */* {{(pid=99755) process_request /opt/stack/glance/glance/api/middleware/version_negotiation.py:44}}
