May 22 13:10:25.722300 np0000001268 nova-scheduler[95747]: DEBUG cotyledon.oslo_config_glue [-] oslo_limit.cafile = None {{(pid=95747) log_opt_values /opt/stack/data/venv/lib/python3.12/site-packages/oslo_config/cfg.py:3256}}
May 22 13:10:25.722300 np0000001268 nova-scheduler[95747]: DEBUG cotyledon.oslo_config_glue [-] oslo_limit.certfile = None {{(pid=95747) log_opt_values /opt/stack/data/venv/lib/python3.12/site-packages/oslo_config/cfg.py:3256}}
May 22 13:10:25.722300 np0000001268 nova-scheduler[95747]: DEBUG cotyledon.oslo_config_glue [-] oslo_limit.collect_timing = False {{(pid=95747) log_opt_values /opt/stack/data/venv/lib/python3.12/site-packages/oslo_config/cfg.py:3256}}
May 22 13:10:25.722300 np0000001268 nova-scheduler[95747]: DEBUG cotyledon.oslo_config_glue [-] oslo_limit.connect_retries = None {{(pid=95747) log_opt_values /opt/stack/data/venv/lib/python3.12/site-packages/oslo_config/cfg.py:3256}}
May 22 13:10:25.722300 np0000001268 nova-scheduler[95747]: DEBUG cotyledon.oslo_config_glue [-] oslo_limit.connect_retry_delay = None {{(pid=95747) log_opt_values /opt/stack/data/venv/lib/python3.12/site-packages/oslo_config/cfg.py:3256}}
May 22 13:10:25.722300 np0000001268 nova-scheduler[95747]: DEBUG cotyledon.oslo_config_glue [-] oslo_limit.endpoint_id = None {{(pid=95747) log_opt_values /opt/stack/data/venv/lib/python3.12/site-packages/oslo_config/cfg.py:3256}}
May 22 13:10:25.722300 np0000001268 nova-scheduler[95747]: DEBUG cotyledon.oslo_config_glue [-] oslo_limit.endpoint_interface = public {{(pid=95747) log_opt_values /opt/stack/data/venv/lib/python3.12/site-packages/oslo_config/cfg.py:3256}}
May 22 13:10:25.722578 np0000001268 nova-scheduler[95747]: DEBUG cotyledon.oslo_config_glue [-] oslo_limit.endpoint_override = None {{(pid=95747) log_opt_values /opt/stack/data/venv/lib/python3.12/site-packages/oslo_config/cfg.py:3256}}
May 22 13:10:25.722578 np0000001268 nova-scheduler[95747]: DEBUG cotyledon.oslo_config_glue [-] oslo_limit.endpoint_region_name = None {{(pid=95747) log_opt_values /opt/stack/data/venv/lib/python3.12/site-packages/oslo_config/cfg.py:3256}}
May 22 13:10:25.722578 np0000001268 nova-scheduler[95747]: DEBUG cotyledon.oslo_config_glue [-] oslo_limit.endpoint_service_name = None {{(pid=95747) log_opt_values /opt/stack/data/venv/lib/python3.12/site-packages/oslo_config/cfg.py:3256}}
May 22 13:10:25.722578 np0000001268 nova-scheduler[95747]: DEBUG cotyledon.oslo_config_glue [-] oslo_limit.endpoint_service_type = None {{(pid=95747) log_opt_values /opt/stack/data/venv/lib/python3.12/site-packages/oslo_config/cfg.py:3256}}
May 22 13:10:25.722578 np0000001268 nova-scheduler[95747]: DEBUG cotyledon.oslo_config_glue [-] oslo_limit.insecure = False {{(pid=95747) log_opt_values /opt/stack/data/venv/lib/python3.12/site-packages/oslo_config/cfg.py:3256}}
May 22 13:10:25.722578 np0000001268 nova-scheduler[95747]: DEBUG cotyledon.oslo_config_glue [-] oslo_limit.keyfile = None {{(pid=95747) log_opt_values /opt/stack/data/venv/lib/python3.12/site-packages/oslo_config/cfg.py:3256}}
May 22 13:10:25.722578 np0000001268 nova-scheduler[95747]: DEBUG cotyledon.oslo_config_glue [-] oslo_limit.max_version = None {{(pid=95747) log_opt_values /opt/stack/data/venv/lib/python3.12/site-packages/oslo_config/cfg.py:3256}}
May 22 13:10:25.722578 np0000001268 nova-scheduler[95747]: DEBUG cotyledon.oslo_config_glue [-] oslo_limit.min_version = None {{(pid=95747) log_opt_values /opt/stack/data/venv/lib/python3.12/site-packages/oslo_config/cfg.py:3256}}
May 22 13:10:25.722578 np0000001268 nova-scheduler[95747]: DEBUG cotyledon.oslo_config_glue [-] oslo_limit.region_name = None {{(pid=95747) log_opt_values /opt/stack/data/venv/lib/python3.12/site-packages/oslo_config/cfg.py:3256}}
May 22 13:10:25.722836 np0000001268 nova-scheduler[95747]: DEBUG cotyledon.oslo_config_glue [-] oslo_limit.retriable_status_codes = None {{(pid=95747) log_opt_values /opt/stack/data/venv/lib/python3.12/site-packages/oslo_config/cfg.py:3256}}
May 22 13:10:25.722836 np0000001268 nova-scheduler[95747]: DEBUG cotyledon.oslo_config_glue [-] oslo_limit.service_name = None {{(pid=95747) log_opt_values /opt/stack/data/venv/lib/python3.12/site-packages/oslo_config/cfg.py:3256}}
May 22 13:10:25.722836 np0000001268 nova-scheduler[95747]: DEBUG cotyledon.oslo_config_glue [-] oslo_limit.service_type = None {{(pid=95747) log_opt_values /opt/stack/data/venv/lib/python3.12/site-packages/oslo_config/cfg.py:3256}}
May 22 13:10:25.722836 np0000001268 nova-scheduler[95747]: DEBUG cotyledon.oslo_config_glue [-] oslo_limit.split_loggers = False {{(pid=95747) log_opt_values /opt/stack/data/venv/lib/python3.12/site-packages/oslo_config/cfg.py:3256}}
May 22 13:10:25.722836 np0000001268 nova-scheduler[95747]: DEBUG cotyledon.oslo_config_glue [-] oslo_limit.status_code_retries = None {{(pid=95747) log_opt_values /opt/stack/data/venv/lib/python3.12/site-packages/oslo_config/cfg.py:3256}}
May 22 13:10:25.722836 np0000001268 nova-scheduler[95747]: DEBUG cotyledon.oslo_config_glue [-] oslo_limit.status_code_retry_delay = None {{(pid=95747) log_opt_values /opt/stack/data/venv/lib/python3.12/site-packages/oslo_config/cfg.py:3256}}
May 22 13:10:25.722836 np0000001268 nova-scheduler[95747]: DEBUG cotyledon.oslo_config_glue [-] oslo_limit.timeout = None {{(pid=95747) log_opt_values /opt/stack/data/venv/lib/python3.12/site-packages/oslo_config/cfg.py:3256}}
May 22 13:10:25.722836 np0000001268 nova-scheduler[95747]: DEBUG cotyledon.oslo_config_glue [-] oslo_limit.valid_interfaces = None {{(pid=95747) log_opt_values /opt/stack/data/venv/lib/python3.12/site-packages/oslo_config/cfg.py:3256}}
May 22 13:10:25.722836 np0000001268 nova-scheduler[95747]: DEBUG cotyledon.oslo_config_glue [-] oslo_limit.version = None {{(pid=95747) log_opt_values /opt/stack/data/venv/lib/python3.12/site-packages/oslo_config/cfg.py:3256}}
May 22 13:10:25.723089 np0000001268 nova-scheduler[95747]: DEBUG cotyledon.oslo_config_glue [-] oslo_reports.file_event_handler = None {{(pid=95747) log_opt_values /opt/stack/data/venv/lib/python3.12/site-packages/oslo_config/cfg.py:3256}}
May 22 13:10:25.723089 np0000001268 nova-scheduler[95747]: DEBUG cotyledon.oslo_config_glue [-] oslo_reports.file_event_handler_interval = 1 {{(pid=95747) log_opt_values /opt/stack/data/venv/lib/python3.12/site-packages/oslo_config/cfg.py:3256}}
May 22 13:10:25.723089 np0000001268 nova-scheduler[95747]: DEBUG cotyledon.oslo_config_glue [-] oslo_reports.log_dir = None {{(pid=95747) log_opt_values /opt/stack/data/venv/lib/python3.12/site-packages/oslo_config/cfg.py:3256}}
May 22 13:10:25.723089 np0000001268 nova-scheduler[95747]: DEBUG cotyledon.oslo_config_glue [-] ******************************************************************************** {{(pid=95747) log_opt_values /opt/stack/data/venv/lib/python3.12/site-packages/oslo_config/cfg.py:3263}}
May 22 13:10:25.723089 np0000001268 nova-scheduler[95747]: DEBUG cotyledon._service_worker [-] Run service ServiceWrapper(2) [95747] {{(pid=95747) wait_forever /opt/stack/data/venv/lib/python3.12/site-packages/cotyledon/_service_worker.py:218}}
May 22 13:10:25.723089 np0000001268 nova-scheduler[95747]: INFO nova.service [-] Starting scheduler node (version 33.1.0)
May 22 13:10:25.723256 np0000001268 nova-scheduler[95698]: INFO dbcounter [None req-482ce20d-bc7a-4760-992b-32cdcacdc105 None None] Registered counter for database nova_cell0
May 22 13:10:25.723291 np0000001268 nova-scheduler[95747]: INFO dbcounter [None req-d5425833-951e-4132-95fe-b8adbab09918 None None] Registered counter for database nova_cell0
May 22 13:10:25.723389 np0000001268 nova-scheduler[95728]: DEBUG dbcounter [-] [95728] Writer thread running {{(pid=95728) stat_writer /opt/stack/data/venv/lib/python3.12/site-packages/dbcounter.py:102}}
May 22 13:10:25.723428 np0000001268 nova-scheduler[95698]: DEBUG oslo_db.sqlalchemy.engines [None req-482ce20d-bc7a-4760-992b-32cdcacdc105 None None] MySQL server mode set to STRICT_TRANS_TABLES,STRICT_ALL_TABLES,NO_ZERO_IN_DATE,NO_ZERO_DATE,ERROR_FOR_DIVISION_BY_ZERO,TRADITIONAL,NO_ENGINE_SUBSTITUTION {{(pid=95698) _check_effective_sql_mode /opt/stack/data/venv/lib/python3.12/site-packages/oslo_db/sqlalchemy/engines.py:325}}
May 22 13:10:25.723469 np0000001268 nova-scheduler[95747]: DEBUG oslo_db.sqlalchemy.engines [None req-d5425833-951e-4132-95fe-b8adbab09918 None None] MySQL server mode set to STRICT_TRANS_TABLES,STRICT_ALL_TABLES,NO_ZERO_IN_DATE,NO_ZERO_DATE,ERROR_FOR_DIVISION_BY_ZERO,TRADITIONAL,NO_ENGINE_SUBSTITUTION {{(pid=95747) _check_effective_sql_mode /opt/stack/data/venv/lib/python3.12/site-packages/oslo_db/sqlalchemy/engines.py:325}}
May 22 13:10:25.723469 np0000001268 nova-scheduler[95747]: DEBUG dbcounter [-] [95747] Writer thread running {{(pid=95747) stat_writer /opt/stack/data/venv/lib/python3.12/site-packages/dbcounter.py:102}}
May 22 13:10:25.723545 np0000001268 nova-scheduler[95728]: DEBUG nova.service [None req-a9cd21eb-a7c7-4cb9-96b7-98dd0bf9b5d2 None None] Creating RPC server for service: nova-scheduler on topic: scheduler {{(pid=95728) start /opt/stack/nova/nova/service.py:195}}
May 22 13:10:25.723580 np0000001268 nova-scheduler[95747]: DEBUG nova.service [None req-d5425833-951e-4132-95fe-b8adbab09918 None None] Creating RPC server for service: nova-scheduler on topic: scheduler {{(pid=95747) start /opt/stack/nova/nova/service.py:195}}
May 22 13:10:25.733544 np0000001268 nova-scheduler[95698]: DEBUG dbcounter [-] [95698] Writer thread running {{(pid=95698) stat_writer /opt/stack/data/venv/lib/python3.12/site-packages/dbcounter.py:102}}
May 22 13:10:25.736003 np0000001268 nova-scheduler[95698]: DEBUG nova.service [None req-482ce20d-bc7a-4760-992b-32cdcacdc105 None None] Creating RPC server for service: nova-scheduler on topic: scheduler {{(pid=95698) start /opt/stack/nova/nova/service.py:195}}
May 22 13:10:25.774456 np0000001268 nova-scheduler[95698]: DEBUG nova.service [None req-482ce20d-bc7a-4760-992b-32cdcacdc105 None None] Join ServiceGroup membership for this service scheduler {{(pid=95698) start /opt/stack/nova/nova/service.py:221}}
May 22 13:10:25.774816 np0000001268 nova-scheduler[95698]: DEBUG nova.servicegroup.drivers.db [None req-482ce20d-bc7a-4760-992b-32cdcacdc105 None None] DB_Driver: join new ServiceGroup member np0000001268 to the scheduler group, service = {{(pid=95698) join /opt/stack/nova/nova/servicegroup/drivers/db.py:44}}
May 22 13:10:25.781166 np0000001268 nova-scheduler[95747]: DEBUG nova.service [None req-d5425833-951e-4132-95fe-b8adbab09918 None None] Join ServiceGroup membership for this service scheduler {{(pid=95747) start /opt/stack/nova/nova/service.py:221}}
May 22 13:10:25.781455 np0000001268 nova-scheduler[95747]: DEBUG nova.servicegroup.drivers.db [None req-d5425833-951e-4132-95fe-b8adbab09918 None None] DB_Driver: join new ServiceGroup member np0000001268 to the scheduler group, service = {{(pid=95747) join /opt/stack/nova/nova/servicegroup/drivers/db.py:44}}
May 22 13:10:25.785219 np0000001268 nova-scheduler[95728]: DEBUG nova.service [None req-a9cd21eb-a7c7-4cb9-96b7-98dd0bf9b5d2 None None] Join ServiceGroup membership for this service scheduler {{(pid=95728) start /opt/stack/nova/nova/service.py:221}}
May 22 13:10:25.785675 np0000001268 nova-scheduler[95728]: DEBUG nova.servicegroup.drivers.db [None req-a9cd21eb-a7c7-4cb9-96b7-98dd0bf9b5d2 None None] DB_Driver: join new ServiceGroup member np0000001268 to the scheduler group, service = {{(pid=95728) join /opt/stack/nova/nova/servicegroup/drivers/db.py:44}}
May 22 13:10:30.801256 np0000001268 nova-scheduler[95698]: DEBUG oslo.service.backend._threading.loopingcall [-] Fixed interval looping call 'nova.servicegroup.drivers.db.DbDriver._report_state' sleeping for 119.98 seconds {{(pid=95698) _run_loop /opt/stack/data/venv/lib/python3.12/site-packages/oslo_service/backend/_threading/loopingcall.py:125}}
May 22 13:10:30.804416 np0000001268 nova-scheduler[95728]: DEBUG oslo.service.backend._threading.loopingcall [-] Fixed interval looping call 'nova.servicegroup.drivers.db.DbDriver._report_state' sleeping for 119.99 seconds {{(pid=95728) _run_loop /opt/stack/data/venv/lib/python3.12/site-packages/oslo_service/backend/_threading/loopingcall.py:125}}
May 22 13:10:30.805179 np0000001268 nova-scheduler[95747]: DEBUG oslo.service.backend._threading.loopingcall [-] Fixed interval looping call 'nova.servicegroup.drivers.db.DbDriver._report_state' sleeping for 119.98 seconds {{(pid=95747) _run_loop /opt/stack/data/venv/lib/python3.12/site-packages/oslo_service/backend/_threading/loopingcall.py:125}}
May 22 13:10:34.349147 np0000001268 nova-scheduler[94494]: DEBUG dbcounter [-] [94494] Writing DB stats nova_api:SELECT=3 {{(pid=94494) stat_writer /opt/stack/data/venv/lib/python3.12/site-packages/dbcounter.py:115}}
May 22 13:10:34.447887 np0000001268 nova-scheduler[94494]: DEBUG dbcounter [-] [94494] Writing DB stats nova_cell0:SELECT=1 {{(pid=94494) stat_writer /opt/stack/data/venv/lib/python3.12/site-packages/dbcounter.py:115}}
May 22 13:10:34.452268 np0000001268 nova-scheduler[94494]: DEBUG dbcounter [-] [94494] Writing DB stats nova_cell1:SELECT=1 {{(pid=94494) stat_writer /opt/stack/data/venv/lib/python3.12/site-packages/dbcounter.py:115}}
May 22 13:10:34.777782 np0000001268 nova-scheduler[95698]: DEBUG oslo.service.backend._threading.loopingcall [None req-29cba72f-5a23-4fb1-a85a-958da17e1fad None None] Dynamic interval looping call 'nova.service.Service.periodic_tasks' sleeping for 60.00 seconds {{(pid=95698) _run_loop /opt/stack/data/venv/lib/python3.12/site-packages/oslo_service/backend/_threading/loopingcall.py:125}}
May 22 13:10:40.790788 np0000001268 nova-scheduler[95698]: DEBUG dbcounter [-] [95698] Writing DB stats nova_cell0:SELECT=3,nova_cell0:UPDATE=1 {{(pid=95698) stat_writer /opt/stack/data/venv/lib/python3.12/site-packages/dbcounter.py:115}}
May 22 13:10:40.799800 np0000001268 nova-scheduler[95728]: DEBUG dbcounter [-] [95728] Writing DB stats nova_cell0:SELECT=4,nova_cell0:INSERT=1,nova_cell0:UPDATE=1 {{(pid=95728) stat_writer /opt/stack/data/venv/lib/python3.12/site-packages/dbcounter.py:115}}
May 22 13:10:40.803308 np0000001268 nova-scheduler[95747]: DEBUG dbcounter [-] [95747] Writing DB stats nova_cell0:SELECT=3,nova_cell0:UPDATE=1 {{(pid=95747) stat_writer /opt/stack/data/venv/lib/python3.12/site-packages/dbcounter.py:115}}
May 22 13:10:48.784849 np0000001268 nova-scheduler[95747]: DEBUG oslo.service.backend._threading.loopingcall [None req-49470fac-403e-4507-a594-7d6633b9d7f8 None None] Dynamic interval looping call 'nova.service.Service.periodic_tasks' sleeping for 60.00 seconds {{(pid=95747) _run_loop /opt/stack/data/venv/lib/python3.12/site-packages/oslo_service/backend/_threading/loopingcall.py:125}}
May 22 13:10:49.787513 np0000001268 nova-scheduler[95728]: DEBUG oslo.service.backend._threading.loopingcall [None req-691ca315-cab2-42fe-8fdb-60d5f48765dc None None] Dynamic interval looping call 'nova.service.Service.periodic_tasks' sleeping for 60.00 seconds {{(pid=95728) _run_loop /opt/stack/data/venv/lib/python3.12/site-packages/oslo_service/backend/_threading/loopingcall.py:125}}
May 22 13:11:34.778280 np0000001268 nova-scheduler[95698]: DEBUG oslo.service.backend._threading.loopingcall [None req-29cba72f-5a23-4fb1-a85a-958da17e1fad None None] Dynamic interval looping call 'nova.service.Service.periodic_tasks' sleeping for 60.00 seconds {{(pid=95698) _run_loop /opt/stack/data/venv/lib/python3.12/site-packages/oslo_service/backend/_threading/loopingcall.py:125}}
May 22 13:11:48.785318 np0000001268 nova-scheduler[95747]: DEBUG oslo.service.backend._threading.loopingcall [None req-49470fac-403e-4507-a594-7d6633b9d7f8 None None] Dynamic interval looping call 'nova.service.Service.periodic_tasks' sleeping for 60.00 seconds {{(pid=95747) _run_loop /opt/stack/data/venv/lib/python3.12/site-packages/oslo_service/backend/_threading/loopingcall.py:125}}
May 22 13:11:49.787987 np0000001268 nova-scheduler[95728]: DEBUG oslo.service.backend._threading.loopingcall [None req-691ca315-cab2-42fe-8fdb-60d5f48765dc None None] Dynamic interval looping call 'nova.service.Service.periodic_tasks' sleeping for 60.00 seconds {{(pid=95728) _run_loop /opt/stack/data/venv/lib/python3.12/site-packages/oslo_service/backend/_threading/loopingcall.py:125}}
May 22 13:12:30.789838 np0000001268 nova-scheduler[95698]: DEBUG oslo.service.backend._threading.loopingcall [-] Fixed interval looping call 'nova.servicegroup.drivers.db.DbDriver._report_state' sleeping for 119.99 seconds {{(pid=95698) _run_loop /opt/stack/data/venv/lib/python3.12/site-packages/oslo_service/backend/_threading/loopingcall.py:125}}
May 22 13:12:30.790658 np0000001268 nova-scheduler[95747]: DEBUG oslo.service.backend._threading.loopingcall [-] Fixed interval looping call 'nova.servicegroup.drivers.db.DbDriver._report_state' sleeping for 120.00 seconds {{(pid=95747) _run_loop /opt/stack/data/venv/lib/python3.12/site-packages/oslo_service/backend/_threading/loopingcall.py:125}}
May 22 13:12:30.797902 np0000001268 nova-scheduler[95728]: DEBUG oslo.service.backend._threading.loopingcall [-] Fixed interval looping call 'nova.servicegroup.drivers.db.DbDriver._report_state' sleeping for 120.00 seconds {{(pid=95728) _run_loop /opt/stack/data/venv/lib/python3.12/site-packages/oslo_service/backend/_threading/loopingcall.py:125}}
May 22 13:12:34.778740 np0000001268 nova-scheduler[95698]: DEBUG oslo.service.backend._threading.loopingcall [None req-29cba72f-5a23-4fb1-a85a-958da17e1fad None None] Dynamic interval looping call 'nova.service.Service.periodic_tasks' sleeping for 60.00 seconds {{(pid=95698) _run_loop /opt/stack/data/venv/lib/python3.12/site-packages/oslo_service/backend/_threading/loopingcall.py:125}}
May 22 13:12:40.784480 np0000001268 nova-scheduler[95698]: DEBUG dbcounter [-] [95698] Writing DB stats nova_cell0:SELECT=1,nova_cell0:UPDATE=1 {{(pid=95698) stat_writer /opt/stack/data/venv/lib/python3.12/site-packages/dbcounter.py:115}}
May 22 13:12:40.789332 np0000001268 nova-scheduler[95747]: DEBUG dbcounter [-] [95747] Writing DB stats nova_cell0:SELECT=1,nova_cell0:UPDATE=1 {{(pid=95747) stat_writer /opt/stack/data/venv/lib/python3.12/site-packages/dbcounter.py:115}}
May 22 13:12:40.796145 np0000001268 nova-scheduler[95728]: DEBUG dbcounter [-] [95728] Writing DB stats nova_cell0:SELECT=1 {{(pid=95728) stat_writer /opt/stack/data/venv/lib/python3.12/site-packages/dbcounter.py:115}}
May 22 13:12:48.785932 np0000001268 nova-scheduler[95747]: DEBUG oslo.service.backend._threading.loopingcall [None req-49470fac-403e-4507-a594-7d6633b9d7f8 None None] Dynamic interval looping call 'nova.service.Service.periodic_tasks' sleeping for 60.00 seconds {{(pid=95747) _run_loop /opt/stack/data/venv/lib/python3.12/site-packages/oslo_service/backend/_threading/loopingcall.py:125}}
May 22 13:12:49.789203 np0000001268 nova-scheduler[95728]: DEBUG oslo.service.backend._threading.loopingcall [None req-691ca315-cab2-42fe-8fdb-60d5f48765dc None None] Dynamic interval looping call 'nova.service.Service.periodic_tasks' sleeping for 60.00 seconds {{(pid=95728) _run_loop /opt/stack/data/venv/lib/python3.12/site-packages/oslo_service/backend/_threading/loopingcall.py:125}}
May 22 13:13:08.507833 np0000001268 nova-scheduler[95698]: DEBUG nova.scheduler.manager [None req-b771a698-0ed2-4284-8ed8-1ec1b4dd8283 tempest-DeleteServersTestJSON-475907176 tempest-DeleteServersTestJSON-475907176-project-member] Starting to schedule for instances: ['91cb1637-6d95-4f36-9e31-ae15435a614b'] {{(pid=95698) select_destinations /opt/stack/nova/nova/scheduler/manager.py:210}}
May 22 13:13:08.508643 np0000001268 nova-scheduler[95698]: DEBUG nova.scheduler.request_filter [None req-b771a698-0ed2-4284-8ed8-1ec1b4dd8283 tempest-DeleteServersTestJSON-475907176 tempest-DeleteServersTestJSON-475907176-project-member] compute_status_filter request filter added forbidden trait COMPUTE_STATUS_DISABLED {{(pid=95698) compute_status_filter /opt/stack/nova/nova/scheduler/request_filter.py:253}}
May 22 13:13:08.508799 np0000001268 nova-scheduler[95698]: DEBUG nova.scheduler.request_filter [None req-b771a698-0ed2-4284-8ed8-1ec1b4dd8283 tempest-DeleteServersTestJSON-475907176 tempest-DeleteServersTestJSON-475907176-project-member] Request filter 'compute_status_filter' took 0.0 seconds {{(pid=95698) wrapper /opt/stack/nova/nova/scheduler/request_filter.py:46}}
May 22 13:13:08.509064 np0000001268 nova-scheduler[95698]: DEBUG nova.scheduler.request_filter [None req-b771a698-0ed2-4284-8ed8-1ec1b4dd8283 tempest-DeleteServersTestJSON-475907176 tempest-DeleteServersTestJSON-475907176-project-member] Request filter 'accelerators_filter' took 0.0 seconds {{(pid=95698) wrapper /opt/stack/nova/nova/scheduler/request_filter.py:46}}
May 22 13:13:08.509270 np0000001268 nova-scheduler[95698]: DEBUG nova.scheduler.request_filter [None req-b771a698-0ed2-4284-8ed8-1ec1b4dd8283 tempest-DeleteServersTestJSON-475907176 tempest-DeleteServersTestJSON-475907176-project-member] Request filter 'packed_virtqueue_filter' took 0.0 seconds {{(pid=95698) wrapper /opt/stack/nova/nova/scheduler/request_filter.py:46}}
May 22 13:13:08.510058 np0000001268 nova-scheduler[95698]: DEBUG nova.scheduler.request_filter [None req-b771a698-0ed2-4284-8ed8-1ec1b4dd8283 tempest-DeleteServersTestJSON-475907176 tempest-DeleteServersTestJSON-475907176-project-member] Request filter 'remote_managed_ports_filter' took 0.0 seconds {{(pid=95698) wrapper /opt/stack/nova/nova/scheduler/request_filter.py:46}}
May 22 13:13:08.510238 np0000001268 nova-scheduler[95698]: DEBUG nova.scheduler.request_filter [None req-b771a698-0ed2-4284-8ed8-1ec1b4dd8283 tempest-DeleteServersTestJSON-475907176 tempest-DeleteServersTestJSON-475907176-project-member] ephemeral_encryption_filter skipped {{(pid=95698) ephemeral_encryption_filter /opt/stack/nova/nova/scheduler/request_filter.py:426}}
May 22 13:13:08.510681 np0000001268 nova-scheduler[95698]: DEBUG nova.scheduler.request_filter [None req-b771a698-0ed2-4284-8ed8-1ec1b4dd8283 tempest-DeleteServersTestJSON-475907176 tempest-DeleteServersTestJSON-475907176-project-member] virtio_sound_filter skipped {{(pid=95698) virtio_sound_filter /opt/stack/nova/nova/scheduler/request_filter.py:460}}
May 22 13:13:08.510851 np0000001268 nova-scheduler[95698]: DEBUG nova.scheduler.request_filter [None req-b771a698-0ed2-4284-8ed8-1ec1b4dd8283 tempest-DeleteServersTestJSON-475907176 tempest-DeleteServersTestJSON-475907176-project-member] tpm_secret_security_filter skipped {{(pid=95698) tpm_secret_security_filter /opt/stack/nova/nova/scheduler/request_filter.py:477}}
May 22 13:13:08.981881 np0000001268 nova-scheduler[95698]: INFO nova.utils [None req-b771a698-0ed2-4284-8ed8-1ec1b4dd8283 tempest-DeleteServersTestJSON-475907176 tempest-DeleteServersTestJSON-475907176-project-member] The cell worker thread pool ForkProcess-1.cell_worker is initialized
May 22 13:13:08.982196 np0000001268 nova-scheduler[95698]: DEBUG oslo_concurrency.lockutils [None req-b771a698-0ed2-4284-8ed8-1ec1b4dd8283 tempest-DeleteServersTestJSON-475907176 tempest-DeleteServersTestJSON-475907176-project-member] Acquiring lock "bab87263-4b71-4edd-ab64-e1c33b29559b" by "nova.context.set_target_cell..get_or_set_cached_cell_and_set_connections" {{(pid=95698) inner /opt/stack/data/venv/lib/python3.12/site-packages/oslo_concurrency/lockutils.py:511}}
May 22 13:13:08.982550 np0000001268 nova-scheduler[95698]: DEBUG oslo_concurrency.lockutils [None req-b771a698-0ed2-4284-8ed8-1ec1b4dd8283 tempest-DeleteServersTestJSON-475907176 tempest-DeleteServersTestJSON-475907176-project-member] Lock "bab87263-4b71-4edd-ab64-e1c33b29559b" acquired by "nova.context.set_target_cell..get_or_set_cached_cell_and_set_connections" :: waited 0.000s {{(pid=95698) inner /opt/stack/data/venv/lib/python3.12/site-packages/oslo_concurrency/lockutils.py:524}}
May 22 13:13:08.983701 np0000001268 nova-scheduler[95698]: DEBUG oslo_concurrency.lockutils [None req-b771a698-0ed2-4284-8ed8-1ec1b4dd8283 tempest-DeleteServersTestJSON-475907176 tempest-DeleteServersTestJSON-475907176-project-member] Lock "bab87263-4b71-4edd-ab64-e1c33b29559b" "released" by "nova.context.set_target_cell..get_or_set_cached_cell_and_set_connections" :: held 0.001s {{(pid=95698) inner /opt/stack/data/venv/lib/python3.12/site-packages/oslo_concurrency/lockutils.py:543}}
May 22 13:13:08.985203 np0000001268 nova-scheduler[95698]: INFO dbcounter [None req-b771a698-0ed2-4284-8ed8-1ec1b4dd8283 tempest-DeleteServersTestJSON-475907176 tempest-DeleteServersTestJSON-475907176-project-member] Registered counter for database nova_cell1
May 22 13:13:08.990990 np0000001268 nova-scheduler[95698]: DEBUG oslo_db.sqlalchemy.engines [None req-b771a698-0ed2-4284-8ed8-1ec1b4dd8283 tempest-DeleteServersTestJSON-475907176 tempest-DeleteServersTestJSON-475907176-project-member] MySQL server mode set to STRICT_TRANS_TABLES,STRICT_ALL_TABLES,NO_ZERO_IN_DATE,NO_ZERO_DATE,ERROR_FOR_DIVISION_BY_ZERO,TRADITIONAL,NO_ENGINE_SUBSTITUTION {{(pid=95698) _check_effective_sql_mode /opt/stack/data/venv/lib/python3.12/site-packages/oslo_db/sqlalchemy/engines.py:325}}
May 22 13:13:08.995196 np0000001268 nova-scheduler[95698]: DEBUG dbcounter [-] [95698] Writer thread running {{(pid=95698) stat_writer /opt/stack/data/venv/lib/python3.12/site-packages/dbcounter.py:102}}
May 22 13:13:09.009010 np0000001268 nova-scheduler[95698]: DEBUG oslo_db.sqlalchemy.engines [None req-b771a698-0ed2-4284-8ed8-1ec1b4dd8283 tempest-DeleteServersTestJSON-475907176 tempest-DeleteServersTestJSON-475907176-project-member] Parent process 94494 forked (95698) with an open database connection, which is being discarded and recreated. {{(pid=95698) checkout /opt/stack/data/venv/lib/python3.12/site-packages/oslo_db/sqlalchemy/engines.py:402}}
May 22 13:13:09.014182 np0000001268 nova-scheduler[95698]: DEBUG dbcounter [-] [95698] Writer thread running {{(pid=95698) stat_writer /opt/stack/data/venv/lib/python3.12/site-packages/dbcounter.py:102}}
May 22 13:13:09.016341 np0000001268 nova-scheduler[95698]: DEBUG oslo_concurrency.lockutils [None req-b771a698-0ed2-4284-8ed8-1ec1b4dd8283 tempest-DeleteServersTestJSON-475907176 tempest-DeleteServersTestJSON-475907176-project-member] Acquiring lock "bab87263-4b71-4edd-ab64-e1c33b29559b" by "nova.context.set_target_cell..get_or_set_cached_cell_and_set_connections" {{(pid=95698) inner /opt/stack/data/venv/lib/python3.12/site-packages/oslo_concurrency/lockutils.py:511}}
May 22 13:13:09.016527 np0000001268 nova-scheduler[95698]: DEBUG oslo_concurrency.lockutils [None req-b771a698-0ed2-4284-8ed8-1ec1b4dd8283 tempest-DeleteServersTestJSON-475907176 tempest-DeleteServersTestJSON-475907176-project-member] Lock "bab87263-4b71-4edd-ab64-e1c33b29559b" acquired by "nova.context.set_target_cell..get_or_set_cached_cell_and_set_connections" :: waited 0.000s {{(pid=95698) inner /opt/stack/data/venv/lib/python3.12/site-packages/oslo_concurrency/lockutils.py:524}}
May 22 13:13:09.016630 np0000001268 nova-scheduler[95698]: DEBUG oslo_concurrency.lockutils [None req-b771a698-0ed2-4284-8ed8-1ec1b4dd8283 tempest-DeleteServersTestJSON-475907176 tempest-DeleteServersTestJSON-475907176-project-member] Lock "bab87263-4b71-4edd-ab64-e1c33b29559b" "released" by "nova.context.set_target_cell..get_or_set_cached_cell_and_set_connections" :: held 0.000s {{(pid=95698) inner /opt/stack/data/venv/lib/python3.12/site-packages/oslo_concurrency/lockutils.py:543}}
May 22 13:13:09.019295 np0000001268 nova-scheduler[95698]: DEBUG oslo_concurrency.lockutils [None req-b771a698-0ed2-4284-8ed8-1ec1b4dd8283 tempest-DeleteServersTestJSON-475907176 tempest-DeleteServersTestJSON-475907176-project-member] Acquiring lock "('np0000001268', 'np0000001268')" by "nova.scheduler.host_manager.HostState.update.._locked_update" {{(pid=95698) inner /opt/stack/data/venv/lib/python3.12/site-packages/oslo_concurrency/lockutils.py:511}}
May 22 13:13:09.019505 np0000001268 nova-scheduler[95698]: DEBUG oslo_concurrency.lockutils [None req-b771a698-0ed2-4284-8ed8-1ec1b4dd8283 tempest-DeleteServersTestJSON-475907176 tempest-DeleteServersTestJSON-475907176-project-member] Lock "('np0000001268', 'np0000001268')" acquired by "nova.scheduler.host_manager.HostState.update.._locked_update" :: waited 0.000s {{(pid=95698) inner /opt/stack/data/venv/lib/python3.12/site-packages/oslo_concurrency/lockutils.py:524}}
May 22 13:13:09.020898 np0000001268 nova-scheduler[95698]: DEBUG nova.scheduler.host_manager [None req-b771a698-0ed2-4284-8ed8-1ec1b4dd8283 tempest-DeleteServersTestJSON-475907176 tempest-DeleteServersTestJSON-475907176-project-member] Update host state from compute node: ComputeNode(cpu_allocation_ratio=4.0,cpu_info='{"arch": "x86_64", "model": "EPYC-Milan", "vendor": "AMD", "topology": {"cells": 1, "sockets": 12, "cores": 1, "threads": 1}, "maxphysaddr": {"mode": "emulate", "bits": 40}, "features": ["pat", "pae", "smep", "3dnowprefetch", "lahf_lm", "aes", "skip-l1dfl-vmentry", "vgif", "xsaves", "nrip-save", "sse", "fxsr", "mds-no", "pni", "xgetbv1", "fsgsbase", "topoext", "mca", "lm", "wbnoinvd", "clwb", "fpu", "ssbd", "tsc_adjust", "x2apic", "amd-psfd", "osvw", "amd-stibp", "smap", "gds-no", "vaes", "pause-filter", "stibp-always-on", "adx", "svme-addr-chk", "fma", "mce", "clflushopt", "pge", "sha-ni", "tsc", "clzero", "cx8", "invpcid", "mmxext", "null-sel-clr-base", "xsaveopt", "misalignsse", "sse2", "ibrs", "abm", "clflush", "sse4.1", "de", "umip", "vme", "pse", "vmcb-clean", "apic", "vpclmulqdq", "bmi2", "sep", "v-vmsave-vmload", "f16c", "pdpe1gb", "pcid", "amd-ssbd", "erms", "virt-ssbd", "svm", "avx2", "arch-capabilities", "nx", "no-nested-data-bp", "avx", "rdtscp", "movbe", "stibp", "pschange-mc-no", "tsc-deadline", "perfctr_core", "fxsr_opt", "mmx", "pku", "syscall", "pfthreshold", "xsaveerptr", "fsrm", "flushbyasid", "rdctl-no", "pse36", "spec-ctrl", "xsavec", "lfence-always-serializing", "rdseed", "xsave", "rdpid", "tsc-scale", "popcnt", "hypervisor", "npt", "ibpb", "cr8legacy", "msr", "ssse3", "sse4a", "cmov", "mtrr", "lbrv", "bmi1", "sse4.2", "arat", "rdrand", "pclmuldq", "cx16", "cmp_legacy"]}',created_at=2026-05-22T13:10:51Z,current_workload=0,deleted=False,deleted_at=None,disk_allocation_ratio=1.0,disk_available_least=74,free_disk_gb=95,free_ram_mb=23518,host='np0000001268',host_ip=10.4.3.45,hypervisor_hostname='np0000001268',hypervisor_type='QEMU',hypervisor_version=8002002,id=1,local_gb=95,local_gb_used=0,mapped=1,memory_mb=24030,memory_mb_used=512,metrics='[]',numa_topology='{"nova_object.name": "NUMATopology", "nova_object.namespace": "nova", "nova_object.version": "1.2", "nova_object.data": {"cells": [{"nova_object.name": "NUMACell", "nova_object.namespace": "nova", "nova_object.version": "1.5", "nova_object.data": {"id": 0, "cpuset": [0, 1, 2, 3, 4, 5, 6, 7, 8, 9, 10, 11], "pcpuset": [0, 1, 2, 3, 4, 5, 6, 7, 8, 9, 10, 11], "memory": 24030, "cpu_usage": 0, "memory_usage": 0, "pinned_cpus": [], "siblings": [[6], [2], [5], [11], [8], [4], [1], [7], [10], [0], [3], [9]], "mempages": [{"nova_object.name": "NUMAPagesTopology", "nova_object.namespace": "nova", "nova_object.version": "1.1", "nova_object.data": {"size_kb": 4, "total": 6151798, "used": 0, "reserved": 0}, "nova_object.changes": ["size_kb", "total", "used", "reserved"]}, {"nova_object.name": "NUMAPagesTopology", "nova_object.namespace": "nova", "nova_object.version": "1.1", "nova_object.data": {"size_kb": 2048, "total": 0, "used": 0, "reserved": 0}, "nova_object.changes": ["size_kb", "total", "used", "reserved"]}, {"nova_object.name": "NUMAPagesTopology", "nova_object.namespace": "nova", "nova_object.version": "1.1", "nova_object.data": {"size_kb": 1048576, "total": 0, "used": 0, "reserved": 0}, "nova_object.changes": ["size_kb", "total", "used", "reserved"]}], "network_metadata": {"nova_object.name": "NetworkMetadata", "nova_object.namespace": "nova", "nova_object.version": "1.0", "nova_object.data": {"physnets": [], "tunneled": false}, "nova_object.changes": ["tunneled", "physnets"]}, "socket": null}, "nova_object.changes": ["pcpuset", "id", "network_metadata", "siblings", "cpuset", "cpu_usage", "mempages", "pinned_cpus", "memory", "socket", "memory_usage"]}]}, "nova_object.changes": ["cells"]}',pci_device_pools=PciDevicePoolList,ram_allocation_ratio=1.0,running_vms=0,service_id=2,stats={failed_builds='0',uptime=' 13:12:36 up 24 min, 2 users, load average: 1.01, 1.22, 0.74
May 22 13:13:09.020898 np0000001268 nova-scheduler[95698]: '},supported_hv_specs=[HVSpec,HVSpec,HVSpec,HVSpec,HVSpec,HVSpec,HVSpec,HVSpec,HVSpec,HVSpec,HVSpec,HVSpec,HVSpec,HVSpec,HVSpec,HVSpec,HVSpec,HVSpec,HVSpec,HVSpec,HVSpec,HVSpec,HVSpec,HVSpec,HVSpec],updated_at=2026-05-22T13:12:38Z,uuid=d43e7e30-a643-437c-a126-e1aed57b8bf7,vcpus=12,vcpus_used=0) {{(pid=95698) _locked_update /opt/stack/nova/nova/scheduler/host_manager.py:168}}
May 22 13:13:09.021760 np0000001268 nova-scheduler[95698]: DEBUG nova.scheduler.host_manager [None req-b771a698-0ed2-4284-8ed8-1ec1b4dd8283 tempest-DeleteServersTestJSON-475907176 tempest-DeleteServersTestJSON-475907176-project-member] Update host state with aggregates: [] {{(pid=95698) _locked_update /opt/stack/nova/nova/scheduler/host_manager.py:171}}
May 22 13:13:09.021894 np0000001268 nova-scheduler[95698]: DEBUG nova.scheduler.host_manager [None req-b771a698-0ed2-4284-8ed8-1ec1b4dd8283 tempest-DeleteServersTestJSON-475907176 tempest-DeleteServersTestJSON-475907176-project-member] Update host state with service dict: {'id': 2, 'uuid': 'f15c53c2-5a40-4466-8fa5-1e1d3cf869f6', 'host': 'np0000001268', 'binary': 'nova-compute', 'topic': 'compute', 'report_count': 2, 'disabled': False, 'disabled_reason': None, 'last_seen_up': datetime.datetime(2026, 5, 22, 13, 13, tzinfo=datetime.timezone.utc), 'forced_down': False, 'version': 72, 'created_at': datetime.datetime(2026, 5, 22, 13, 10, 49, tzinfo=datetime.timezone.utc), 'updated_at': datetime.datetime(2026, 5, 22, 13, 13, tzinfo=datetime.timezone.utc), 'deleted_at': None, 'deleted': False} {{(pid=95698) _locked_update /opt/stack/nova/nova/scheduler/host_manager.py:174}}
May 22 13:13:09.022009 np0000001268 nova-scheduler[95698]: DEBUG nova.scheduler.host_manager [None req-b771a698-0ed2-4284-8ed8-1ec1b4dd8283 tempest-DeleteServersTestJSON-475907176 tempest-DeleteServersTestJSON-475907176-project-member] Update host state with instances: [] {{(pid=95698) _locked_update /opt/stack/nova/nova/scheduler/host_manager.py:177}}
May 22 13:13:09.022128 np0000001268 nova-scheduler[95698]: DEBUG oslo_concurrency.lockutils [None req-b771a698-0ed2-4284-8ed8-1ec1b4dd8283 tempest-DeleteServersTestJSON-475907176 tempest-DeleteServersTestJSON-475907176-project-member] Lock "('np0000001268', 'np0000001268')" "released" by "nova.scheduler.host_manager.HostState.update.._locked_update" :: held 0.003s {{(pid=95698) inner /opt/stack/data/venv/lib/python3.12/site-packages/oslo_concurrency/lockutils.py:543}}
May 22 13:13:09.022994 np0000001268 nova-scheduler[95698]: DEBUG nova.filters [None req-b771a698-0ed2-4284-8ed8-1ec1b4dd8283 tempest-DeleteServersTestJSON-475907176 tempest-DeleteServersTestJSON-475907176-project-member] Starting with 1 host(s) {{(pid=95698) get_filtered_objects /opt/stack/nova/nova/filters.py:70}}
May 22 13:13:09.022994 np0000001268 nova-scheduler[95698]: DEBUG nova.filters [None req-b771a698-0ed2-4284-8ed8-1ec1b4dd8283 tempest-DeleteServersTestJSON-475907176 tempest-DeleteServersTestJSON-475907176-project-member] Filter ComputeFilter returned 1 host(s) {{(pid=95698) get_filtered_objects /opt/stack/nova/nova/filters.py:102}}
May 22 13:13:09.023101 np0000001268 nova-scheduler[95698]: DEBUG nova.filters [None req-b771a698-0ed2-4284-8ed8-1ec1b4dd8283 tempest-DeleteServersTestJSON-475907176 tempest-DeleteServersTestJSON-475907176-project-member] Filter ComputeCapabilitiesFilter returned 1 host(s) {{(pid=95698) get_filtered_objects /opt/stack/nova/nova/filters.py:102}}
May 22 13:13:09.023285 np0000001268 nova-scheduler[95698]: DEBUG nova.filters [None req-b771a698-0ed2-4284-8ed8-1ec1b4dd8283 tempest-DeleteServersTestJSON-475907176 tempest-DeleteServersTestJSON-475907176-project-member] Filter ImagePropertiesFilter returned 1 host(s) {{(pid=95698) get_filtered_objects /opt/stack/nova/nova/filters.py:102}}
May 22 13:13:09.023426 np0000001268 nova-scheduler[95698]: DEBUG nova.filters [None req-b771a698-0ed2-4284-8ed8-1ec1b4dd8283 tempest-DeleteServersTestJSON-475907176 tempest-DeleteServersTestJSON-475907176-project-member] Filter ServerGroupAntiAffinityFilter returned 1 host(s) {{(pid=95698) get_filtered_objects /opt/stack/nova/nova/filters.py:102}}
May 22 13:13:09.023551 np0000001268 nova-scheduler[95698]: DEBUG nova.filters [None req-b771a698-0ed2-4284-8ed8-1ec1b4dd8283 tempest-DeleteServersTestJSON-475907176 tempest-DeleteServersTestJSON-475907176-project-member] Filter ServerGroupAffinityFilter returned 1 host(s) {{(pid=95698) get_filtered_objects /opt/stack/nova/nova/filters.py:102}}
May 22 13:13:09.023717 np0000001268 nova-scheduler[95698]: DEBUG nova.filters [None req-b771a698-0ed2-4284-8ed8-1ec1b4dd8283 tempest-DeleteServersTestJSON-475907176 tempest-DeleteServersTestJSON-475907176-project-member] Filter SameHostFilter returned 1 host(s) {{(pid=95698) get_filtered_objects /opt/stack/nova/nova/filters.py:102}}
May 22 13:13:09.023771 np0000001268 nova-scheduler[95698]: DEBUG nova.filters [None req-b771a698-0ed2-4284-8ed8-1ec1b4dd8283 tempest-DeleteServersTestJSON-475907176 tempest-DeleteServersTestJSON-475907176-project-member] Filter DifferentHostFilter returned 1 host(s) {{(pid=95698) get_filtered_objects /opt/stack/nova/nova/filters.py:102}}
May 22 13:13:09.023902 np0000001268 nova-scheduler[95698]: DEBUG nova.scheduler.manager [None req-b771a698-0ed2-4284-8ed8-1ec1b4dd8283 tempest-DeleteServersTestJSON-475907176 tempest-DeleteServersTestJSON-475907176-project-member] Filtered [(np0000001268, np0000001268) ram: 23518MB disk: 75776MB io_ops: 0 instances: 0, allocation_candidates: 1] {{(pid=95698) _get_sorted_hosts /opt/stack/nova/nova/scheduler/manager.py:743}}
May 22 13:13:09.024085 np0000001268 nova-scheduler[95698]: DEBUG nova.scheduler.manager [None req-b771a698-0ed2-4284-8ed8-1ec1b4dd8283 tempest-DeleteServersTestJSON-475907176 tempest-DeleteServersTestJSON-475907176-project-member] Weighed [WeighedHost [host: (np0000001268, np0000001268) ram: 23518MB disk: 75776MB io_ops: 0 instances: 0, allocation_candidates: 1, weight: 0.0]] {{(pid=95698) _get_sorted_hosts /opt/stack/nova/nova/scheduler/manager.py:765}}
May 22 13:13:09.024256 np0000001268 nova-scheduler[95698]: DEBUG nova.scheduler.utils [None req-b771a698-0ed2-4284-8ed8-1ec1b4dd8283 tempest-DeleteServersTestJSON-475907176 tempest-DeleteServersTestJSON-475907176-project-member] Attempting to claim resources in the placement API for instance 91cb1637-6d95-4f36-9e31-ae15435a614b {{(pid=95698) claim_resources /opt/stack/nova/nova/scheduler/utils.py:1304}}
May 22 13:13:09.159819 np0000001268 nova-scheduler[95698]: DEBUG nova.scheduler.manager [None req-b771a698-0ed2-4284-8ed8-1ec1b4dd8283 tempest-DeleteServersTestJSON-475907176 tempest-DeleteServersTestJSON-475907176-project-member] [instance: 91cb1637-6d95-4f36-9e31-ae15435a614b] Selected host: (np0000001268, np0000001268) ram: 23518MB disk: 75776MB io_ops: 0 instances: 0, allocation_candidates: 1 {{(pid=95698) _consume_selected_host /opt/stack/nova/nova/scheduler/manager.py:625}}
May 22 13:13:09.160093 np0000001268 nova-scheduler[95698]: DEBUG oslo_concurrency.lockutils [None req-b771a698-0ed2-4284-8ed8-1ec1b4dd8283 tempest-DeleteServersTestJSON-475907176 tempest-DeleteServersTestJSON-475907176-project-member] Acquiring lock "('np0000001268', 'np0000001268')" by "nova.scheduler.host_manager.HostState.consume_from_request.._locked" {{(pid=95698) inner /opt/stack/data/venv/lib/python3.12/site-packages/oslo_concurrency/lockutils.py:511}}
May 22 13:13:09.160257 np0000001268 nova-scheduler[95698]: DEBUG oslo_concurrency.lockutils [None req-b771a698-0ed2-4284-8ed8-1ec1b4dd8283 tempest-DeleteServersTestJSON-475907176 tempest-DeleteServersTestJSON-475907176-project-member] Lock "('np0000001268', 'np0000001268')" acquired by "nova.scheduler.host_manager.HostState.consume_from_request.._locked" :: waited 0.000s {{(pid=95698) inner /opt/stack/data/venv/lib/python3.12/site-packages/oslo_concurrency/lockutils.py:524}}
May 22 13:13:09.160441 np0000001268 nova-scheduler[95698]: DEBUG oslo_concurrency.lockutils [None req-b771a698-0ed2-4284-8ed8-1ec1b4dd8283 tempest-DeleteServersTestJSON-475907176 tempest-DeleteServersTestJSON-475907176-project-member] Lock "('np0000001268', 'np0000001268')" "released" by "nova.scheduler.host_manager.HostState.consume_from_request.._locked" :: held 0.000s {{(pid=95698) inner /opt/stack/data/venv/lib/python3.12/site-packages/oslo_concurrency/lockutils.py:543}}
May 22 13:13:12.034401 np0000001268 nova-scheduler[95747]: DEBUG nova.scheduler.manager [None req-96c7df56-2860-4cea-8f39-aa84c17716d1 tempest-AttachVolumeTestJSON-1750562099 tempest-AttachVolumeTestJSON-1750562099-project-member] Starting to schedule for instances: ['3b2882eb-9357-494f-aae7-1c0f806098b0'] {{(pid=95747) select_destinations /opt/stack/nova/nova/scheduler/manager.py:210}}
May 22 13:13:12.035139 np0000001268 nova-scheduler[95747]: DEBUG nova.scheduler.request_filter [None req-96c7df56-2860-4cea-8f39-aa84c17716d1 tempest-AttachVolumeTestJSON-1750562099 tempest-AttachVolumeTestJSON-1750562099-project-member] compute_status_filter request filter added forbidden trait COMPUTE_STATUS_DISABLED {{(pid=95747) compute_status_filter /opt/stack/nova/nova/scheduler/request_filter.py:253}}
May 22 13:13:12.035139 np0000001268 nova-scheduler[95747]: DEBUG nova.scheduler.request_filter [None req-96c7df56-2860-4cea-8f39-aa84c17716d1 tempest-AttachVolumeTestJSON-1750562099 tempest-AttachVolumeTestJSON-1750562099-project-member] Request filter 'compute_status_filter' took 0.0 seconds {{(pid=95747) wrapper /opt/stack/nova/nova/scheduler/request_filter.py:46}}
May 22 13:13:12.035322 np0000001268 nova-scheduler[95747]: DEBUG nova.scheduler.request_filter [None req-96c7df56-2860-4cea-8f39-aa84c17716d1 tempest-AttachVolumeTestJSON-1750562099 tempest-AttachVolumeTestJSON-1750562099-project-member] Request filter 'accelerators_filter' took 0.0 seconds {{(pid=95747) wrapper /opt/stack/nova/nova/scheduler/request_filter.py:46}}
May 22 13:13:12.035551 np0000001268 nova-scheduler[95747]: DEBUG nova.scheduler.request_filter [None req-96c7df56-2860-4cea-8f39-aa84c17716d1 tempest-AttachVolumeTestJSON-1750562099 tempest-AttachVolumeTestJSON-1750562099-project-member] Request filter 'packed_virtqueue_filter' took 0.0 seconds {{(pid=95747) wrapper /opt/stack/nova/nova/scheduler/request_filter.py:46}}
May 22 13:13:12.035930 np0000001268 nova-scheduler[95747]: DEBUG nova.scheduler.request_filter [None req-96c7df56-2860-4cea-8f39-aa84c17716d1 tempest-AttachVolumeTestJSON-1750562099 tempest-AttachVolumeTestJSON-1750562099-project-member] Request filter 'remote_managed_ports_filter' took 0.0 seconds {{(pid=95747) wrapper /opt/stack/nova/nova/scheduler/request_filter.py:46}}
May 22 13:13:12.036039 np0000001268 nova-scheduler[95747]: DEBUG nova.scheduler.request_filter [None req-96c7df56-2860-4cea-8f39-aa84c17716d1 tempest-AttachVolumeTestJSON-1750562099 tempest-AttachVolumeTestJSON-1750562099-project-member] ephemeral_encryption_filter skipped {{(pid=95747) ephemeral_encryption_filter /opt/stack/nova/nova/scheduler/request_filter.py:426}}
May 22 13:13:12.036535 np0000001268 nova-scheduler[95747]: DEBUG nova.scheduler.request_filter [None req-96c7df56-2860-4cea-8f39-aa84c17716d1 tempest-AttachVolumeTestJSON-1750562099 tempest-AttachVolumeTestJSON-1750562099-project-member] virtio_sound_filter skipped {{(pid=95747) virtio_sound_filter /opt/stack/nova/nova/scheduler/request_filter.py:460}}
May 22 13:13:12.036535 np0000001268 nova-scheduler[95747]: DEBUG nova.scheduler.request_filter [None req-96c7df56-2860-4cea-8f39-aa84c17716d1 tempest-AttachVolumeTestJSON-1750562099 tempest-AttachVolumeTestJSON-1750562099-project-member] tpm_secret_security_filter skipped {{(pid=95747) tpm_secret_security_filter /opt/stack/nova/nova/scheduler/request_filter.py:477}}
May 22 13:13:12.149507 np0000001268 nova-scheduler[95747]: INFO nova.utils [None req-96c7df56-2860-4cea-8f39-aa84c17716d1 tempest-AttachVolumeTestJSON-1750562099 tempest-AttachVolumeTestJSON-1750562099-project-member] The cell worker thread pool ForkProcess-3.cell_worker is initialized
May 22 13:13:12.149507 np0000001268 nova-scheduler[95747]: DEBUG oslo_concurrency.lockutils [None req-96c7df56-2860-4cea-8f39-aa84c17716d1 tempest-AttachVolumeTestJSON-1750562099 tempest-AttachVolumeTestJSON-1750562099-project-member] Acquiring lock "bab87263-4b71-4edd-ab64-e1c33b29559b" by "nova.context.set_target_cell..get_or_set_cached_cell_and_set_connections" {{(pid=95747) inner /opt/stack/data/venv/lib/python3.12/site-packages/oslo_concurrency/lockutils.py:511}}
May 22 13:13:12.149507 np0000001268 nova-scheduler[95747]: DEBUG oslo_concurrency.lockutils [None req-96c7df56-2860-4cea-8f39-aa84c17716d1 tempest-AttachVolumeTestJSON-1750562099 tempest-AttachVolumeTestJSON-1750562099-project-member] Lock "bab87263-4b71-4edd-ab64-e1c33b29559b" acquired by "nova.context.set_target_cell..get_or_set_cached_cell_and_set_connections" :: waited 0.000s {{(pid=95747) inner /opt/stack/data/venv/lib/python3.12/site-packages/oslo_concurrency/lockutils.py:524}}
May 22 13:13:12.149928 np0000001268 nova-scheduler[95747]: DEBUG oslo_concurrency.lockutils [None req-96c7df56-2860-4cea-8f39-aa84c17716d1 tempest-AttachVolumeTestJSON-1750562099 tempest-AttachVolumeTestJSON-1750562099-project-member] Lock "bab87263-4b71-4edd-ab64-e1c33b29559b" "released" by "nova.context.set_target_cell..get_or_set_cached_cell_and_set_connections" :: held 0.002s {{(pid=95747) inner /opt/stack/data/venv/lib/python3.12/site-packages/oslo_concurrency/lockutils.py:543}}
May 22 13:13:12.151449 np0000001268 nova-scheduler[95747]: INFO dbcounter [None req-96c7df56-2860-4cea-8f39-aa84c17716d1 tempest-AttachVolumeTestJSON-1750562099 tempest-AttachVolumeTestJSON-1750562099-project-member] Registered counter for database nova_cell1
May 22 13:13:12.164212 np0000001268 nova-scheduler[95747]: DEBUG oslo_db.sqlalchemy.engines [None req-96c7df56-2860-4cea-8f39-aa84c17716d1 tempest-AttachVolumeTestJSON-1750562099 tempest-AttachVolumeTestJSON-1750562099-project-member] MySQL server mode set to STRICT_TRANS_TABLES,STRICT_ALL_TABLES,NO_ZERO_IN_DATE,NO_ZERO_DATE,ERROR_FOR_DIVISION_BY_ZERO,TRADITIONAL,NO_ENGINE_SUBSTITUTION {{(pid=95747) _check_effective_sql_mode /opt/stack/data/venv/lib/python3.12/site-packages/oslo_db/sqlalchemy/engines.py:325}}
May 22 13:13:12.171022 np0000001268 nova-scheduler[95747]: DEBUG dbcounter [-] [95747] Writer thread running {{(pid=95747) stat_writer /opt/stack/data/venv/lib/python3.12/site-packages/dbcounter.py:102}}
May 22 13:13:12.199369 np0000001268 nova-scheduler[95747]: DEBUG dbcounter [-] [95747] Writer thread running {{(pid=95747) stat_writer /opt/stack/data/venv/lib/python3.12/site-packages/dbcounter.py:102}}
May 22 13:13:12.203956 np0000001268 nova-scheduler[95747]: DEBUG oslo_concurrency.lockutils [None req-96c7df56-2860-4cea-8f39-aa84c17716d1 tempest-AttachVolumeTestJSON-1750562099 tempest-AttachVolumeTestJSON-1750562099-project-member] Acquiring lock "bab87263-4b71-4edd-ab64-e1c33b29559b" by "nova.context.set_target_cell..get_or_set_cached_cell_and_set_connections" {{(pid=95747) inner /opt/stack/data/venv/lib/python3.12/site-packages/oslo_concurrency/lockutils.py:511}}
May 22 13:13:12.203956 np0000001268 nova-scheduler[95747]: DEBUG oslo_concurrency.lockutils [None req-96c7df56-2860-4cea-8f39-aa84c17716d1 tempest-AttachVolumeTestJSON-1750562099 tempest-AttachVolumeTestJSON-1750562099-project-member] Lock "bab87263-4b71-4edd-ab64-e1c33b29559b" acquired by "nova.context.set_target_cell..get_or_set_cached_cell_and_set_connections" :: waited 0.000s {{(pid=95747) inner /opt/stack/data/venv/lib/python3.12/site-packages/oslo_concurrency/lockutils.py:524}}
May 22 13:13:12.203956 np0000001268 nova-scheduler[95747]: DEBUG oslo_concurrency.lockutils [None req-96c7df56-2860-4cea-8f39-aa84c17716d1 tempest-AttachVolumeTestJSON-1750562099 tempest-AttachVolumeTestJSON-1750562099-project-member] Lock "bab87263-4b71-4edd-ab64-e1c33b29559b" "released" by "nova.context.set_target_cell..get_or_set_cached_cell_and_set_connections" :: held 0.000s {{(pid=95747) inner /opt/stack/data/venv/lib/python3.12/site-packages/oslo_concurrency/lockutils.py:543}}
May 22 13:13:12.206825 np0000001268 nova-scheduler[95747]: DEBUG oslo_concurrency.lockutils [None req-96c7df56-2860-4cea-8f39-aa84c17716d1 tempest-AttachVolumeTestJSON-1750562099 tempest-AttachVolumeTestJSON-1750562099-project-member] Acquiring lock "('np0000001268', 'np0000001268')" by "nova.scheduler.host_manager.HostState.update.._locked_update" {{(pid=95747) inner /opt/stack/data/venv/lib/python3.12/site-packages/oslo_concurrency/lockutils.py:511}}
May 22 13:13:12.206952 np0000001268 nova-scheduler[95747]: DEBUG oslo_concurrency.lockutils [None req-96c7df56-2860-4cea-8f39-aa84c17716d1 tempest-AttachVolumeTestJSON-1750562099 tempest-AttachVolumeTestJSON-1750562099-project-member] Lock "('np0000001268', 'np0000001268')" acquired by "nova.scheduler.host_manager.HostState.update.._locked_update" :: waited 0.000s {{(pid=95747) inner /opt/stack/data/venv/lib/python3.12/site-packages/oslo_concurrency/lockutils.py:524}}
