Aug 18 21:43:44.495582 np0000007706 nova-conductor[95874]: DEBUG cotyledon.oslo_config_glue [-] oslo_messaging_rabbit.rabbit_login_method = AMQPLAIN {{(pid=95874) log_opt_values /opt/stack/data/venv/lib/python3.12/site-packages/oslo_config/cfg.py:3560}}
Aug 18 21:43:44.495582 np0000007706 nova-conductor[95874]: DEBUG cotyledon.oslo_config_glue [-] oslo_messaging_rabbit.rabbit_qos_prefetch_count = 0 {{(pid=95874) log_opt_values /opt/stack/data/venv/lib/python3.12/site-packages/oslo_config/cfg.py:3560}}
Aug 18 21:43:44.495582 np0000007706 nova-conductor[95874]: DEBUG cotyledon.oslo_config_glue [-] oslo_messaging_rabbit.rabbit_quorum_delivery_limit = 0 {{(pid=95874) log_opt_values /opt/stack/data/venv/lib/python3.12/site-packages/oslo_config/cfg.py:3560}}
Aug 18 21:43:44.495582 np0000007706 nova-conductor[95874]: DEBUG cotyledon.oslo_config_glue [-] oslo_messaging_rabbit.rabbit_quorum_max_memory_bytes = 0 {{(pid=95874) log_opt_values /opt/stack/data/venv/lib/python3.12/site-packages/oslo_config/cfg.py:3560}}
Aug 18 21:43:44.495582 np0000007706 nova-conductor[95874]: DEBUG cotyledon.oslo_config_glue [-] oslo_messaging_rabbit.rabbit_quorum_max_memory_length = 0 {{(pid=95874) log_opt_values /opt/stack/data/venv/lib/python3.12/site-packages/oslo_config/cfg.py:3560}}
Aug 18 21:43:44.495582 np0000007706 nova-conductor[95874]: DEBUG cotyledon.oslo_config_glue [-] oslo_messaging_rabbit.rabbit_quorum_queue = False {{(pid=95874) log_opt_values /opt/stack/data/venv/lib/python3.12/site-packages/oslo_config/cfg.py:3560}}
Aug 18 21:43:44.495755 np0000007706 nova-conductor[95874]: DEBUG cotyledon.oslo_config_glue [-] oslo_messaging_rabbit.rabbit_retry_backoff = 2 {{(pid=95874) log_opt_values /opt/stack/data/venv/lib/python3.12/site-packages/oslo_config/cfg.py:3560}}
Aug 18 21:43:44.495755 np0000007706 nova-conductor[95874]: DEBUG cotyledon.oslo_config_glue [-] oslo_messaging_rabbit.rabbit_retry_interval = 1 {{(pid=95874) log_opt_values /opt/stack/data/venv/lib/python3.12/site-packages/oslo_config/cfg.py:3560}}
Aug 18 21:43:44.495755 np0000007706 nova-conductor[95874]: DEBUG cotyledon.oslo_config_glue [-] oslo_messaging_rabbit.rabbit_stream_fanout = False {{(pid=95874) log_opt_values /opt/stack/data/venv/lib/python3.12/site-packages/oslo_config/cfg.py:3560}}
Aug 18 21:43:44.495755 np0000007706 nova-conductor[95874]: DEBUG cotyledon.oslo_config_glue [-] oslo_messaging_rabbit.rabbit_transient_queues_ttl = 1800 {{(pid=95874) log_opt_values /opt/stack/data/venv/lib/python3.12/site-packages/oslo_config/cfg.py:3560}}
Aug 18 21:43:44.495755 np0000007706 nova-conductor[95874]: DEBUG cotyledon.oslo_config_glue [-] oslo_messaging_rabbit.rabbit_transient_quorum_queue = False {{(pid=95874) log_opt_values /opt/stack/data/venv/lib/python3.12/site-packages/oslo_config/cfg.py:3560}}
Aug 18 21:43:44.495755 np0000007706 nova-conductor[95874]: DEBUG cotyledon.oslo_config_glue [-] oslo_messaging_rabbit.rpc_conn_pool_size = 30 {{(pid=95874) log_opt_values /opt/stack/data/venv/lib/python3.12/site-packages/oslo_config/cfg.py:3560}}
Aug 18 21:43:44.495755 np0000007706 nova-conductor[95874]: DEBUG cotyledon.oslo_config_glue [-] oslo_messaging_rabbit.ssl = False {{(pid=95874) log_opt_values /opt/stack/data/venv/lib/python3.12/site-packages/oslo_config/cfg.py:3560}}
Aug 18 21:43:44.495755 np0000007706 nova-conductor[95874]: DEBUG cotyledon.oslo_config_glue [-] oslo_messaging_rabbit.ssl_ca_file = {{(pid=95874) log_opt_values /opt/stack/data/venv/lib/python3.12/site-packages/oslo_config/cfg.py:3560}}
Aug 18 21:43:44.495755 np0000007706 nova-conductor[95874]: DEBUG cotyledon.oslo_config_glue [-] oslo_messaging_rabbit.ssl_cert_file = {{(pid=95874) log_opt_values /opt/stack/data/venv/lib/python3.12/site-packages/oslo_config/cfg.py:3560}}
Aug 18 21:43:44.495918 np0000007706 nova-conductor[95874]: DEBUG cotyledon.oslo_config_glue [-] oslo_messaging_rabbit.ssl_enforce_fips_mode = False {{(pid=95874) log_opt_values /opt/stack/data/venv/lib/python3.12/site-packages/oslo_config/cfg.py:3560}}
Aug 18 21:43:44.495918 np0000007706 nova-conductor[95874]: DEBUG cotyledon.oslo_config_glue [-] oslo_messaging_rabbit.ssl_enforce_hostname_verification = True {{(pid=95874) log_opt_values /opt/stack/data/venv/lib/python3.12/site-packages/oslo_config/cfg.py:3560}}
Aug 18 21:43:44.495918 np0000007706 nova-conductor[95874]: DEBUG cotyledon.oslo_config_glue [-] oslo_messaging_rabbit.ssl_key_file = {{(pid=95874) log_opt_values /opt/stack/data/venv/lib/python3.12/site-packages/oslo_config/cfg.py:3560}}
Aug 18 21:43:44.495918 np0000007706 nova-conductor[95874]: DEBUG cotyledon.oslo_config_glue [-] oslo_messaging_rabbit.ssl_version = {{(pid=95874) log_opt_values /opt/stack/data/venv/lib/python3.12/site-packages/oslo_config/cfg.py:3560}}
Aug 18 21:43:44.495918 np0000007706 nova-conductor[95874]: DEBUG cotyledon.oslo_config_glue [-] oslo_messaging_rabbit.use_queue_manager = False {{(pid=95874) log_opt_values /opt/stack/data/venv/lib/python3.12/site-packages/oslo_config/cfg.py:3560}}
Aug 18 21:43:44.495918 np0000007706 nova-conductor[95874]: DEBUG cotyledon.oslo_config_glue [-] oslo_messaging_notifications.driver = ['messagingv2'] {{(pid=95874) log_opt_values /opt/stack/data/venv/lib/python3.12/site-packages/oslo_config/cfg.py:3560}}
Aug 18 21:43:44.495918 np0000007706 nova-conductor[95874]: DEBUG cotyledon.oslo_config_glue [-] oslo_messaging_notifications.retry = -1 {{(pid=95874) log_opt_values /opt/stack/data/venv/lib/python3.12/site-packages/oslo_config/cfg.py:3560}}
Aug 18 21:43:44.495918 np0000007706 nova-conductor[95874]: DEBUG cotyledon.oslo_config_glue [-] oslo_messaging_notifications.topics = ['notifications'] {{(pid=95874) log_opt_values /opt/stack/data/venv/lib/python3.12/site-packages/oslo_config/cfg.py:3560}}
Aug 18 21:43:44.495918 np0000007706 nova-conductor[95874]: DEBUG cotyledon.oslo_config_glue [-] oslo_messaging_notifications.transport_url = **** {{(pid=95874) log_opt_values /opt/stack/data/venv/lib/python3.12/site-packages/oslo_config/cfg.py:3560}}
Aug 18 21:43:44.496081 np0000007706 nova-conductor[95874]: DEBUG cotyledon.oslo_config_glue [-] oslo_limit.auth_section = None {{(pid=95874) log_opt_values /opt/stack/data/venv/lib/python3.12/site-packages/oslo_config/cfg.py:3560}}
Aug 18 21:43:44.496081 np0000007706 nova-conductor[95874]: DEBUG cotyledon.oslo_config_glue [-] oslo_limit.auth_type = None {{(pid=95874) log_opt_values /opt/stack/data/venv/lib/python3.12/site-packages/oslo_config/cfg.py:3560}}
Aug 18 21:43:44.496081 np0000007706 nova-conductor[95874]: DEBUG cotyledon.oslo_config_glue [-] oslo_limit.cafile = None {{(pid=95874) log_opt_values /opt/stack/data/venv/lib/python3.12/site-packages/oslo_config/cfg.py:3560}}
Aug 18 21:43:44.496081 np0000007706 nova-conductor[95874]: DEBUG cotyledon.oslo_config_glue [-] oslo_limit.certfile = None {{(pid=95874) log_opt_values /opt/stack/data/venv/lib/python3.12/site-packages/oslo_config/cfg.py:3560}}
Aug 18 21:43:44.496081 np0000007706 nova-conductor[95874]: DEBUG cotyledon.oslo_config_glue [-] oslo_limit.collect_timing = False {{(pid=95874) log_opt_values /opt/stack/data/venv/lib/python3.12/site-packages/oslo_config/cfg.py:3560}}
Aug 18 21:43:44.496081 np0000007706 nova-conductor[95874]: DEBUG cotyledon.oslo_config_glue [-] oslo_limit.connect_retries = None {{(pid=95874) log_opt_values /opt/stack/data/venv/lib/python3.12/site-packages/oslo_config/cfg.py:3560}}
Aug 18 21:43:44.496081 np0000007706 nova-conductor[95874]: DEBUG cotyledon.oslo_config_glue [-] oslo_limit.connect_retry_delay = None {{(pid=95874) log_opt_values /opt/stack/data/venv/lib/python3.12/site-packages/oslo_config/cfg.py:3560}}
Aug 18 21:43:44.496081 np0000007706 nova-conductor[95874]: DEBUG cotyledon.oslo_config_glue [-] oslo_limit.endpoint_id = None {{(pid=95874) log_opt_values /opt/stack/data/venv/lib/python3.12/site-packages/oslo_config/cfg.py:3560}}
Aug 18 21:43:44.496081 np0000007706 nova-conductor[95874]: DEBUG cotyledon.oslo_config_glue [-] oslo_limit.endpoint_interface = public {{(pid=95874) log_opt_values /opt/stack/data/venv/lib/python3.12/site-packages/oslo_config/cfg.py:3560}}
Aug 18 21:43:44.496272 np0000007706 nova-conductor[95874]: DEBUG cotyledon.oslo_config_glue [-] oslo_limit.endpoint_override = None {{(pid=95874) log_opt_values /opt/stack/data/venv/lib/python3.12/site-packages/oslo_config/cfg.py:3560}}
Aug 18 21:43:44.496272 np0000007706 nova-conductor[95874]: DEBUG cotyledon.oslo_config_glue [-] oslo_limit.endpoint_region_name = None {{(pid=95874) log_opt_values /opt/stack/data/venv/lib/python3.12/site-packages/oslo_config/cfg.py:3560}}
Aug 18 21:43:44.496272 np0000007706 nova-conductor[95874]: DEBUG cotyledon.oslo_config_glue [-] oslo_limit.endpoint_service_name = None {{(pid=95874) log_opt_values /opt/stack/data/venv/lib/python3.12/site-packages/oslo_config/cfg.py:3560}}
Aug 18 21:43:44.496272 np0000007706 nova-conductor[95874]: DEBUG cotyledon.oslo_config_glue [-] oslo_limit.endpoint_service_type = None {{(pid=95874) log_opt_values /opt/stack/data/venv/lib/python3.12/site-packages/oslo_config/cfg.py:3560}}
Aug 18 21:43:44.496272 np0000007706 nova-conductor[95874]: DEBUG cotyledon.oslo_config_glue [-] oslo_limit.insecure = False {{(pid=95874) log_opt_values /opt/stack/data/venv/lib/python3.12/site-packages/oslo_config/cfg.py:3560}}
Aug 18 21:43:44.496272 np0000007706 nova-conductor[95874]: DEBUG cotyledon.oslo_config_glue [-] oslo_limit.keyfile = None {{(pid=95874) log_opt_values /opt/stack/data/venv/lib/python3.12/site-packages/oslo_config/cfg.py:3560}}
Aug 18 21:43:44.496272 np0000007706 nova-conductor[95874]: DEBUG cotyledon.oslo_config_glue [-] oslo_limit.max_version = None {{(pid=95874) log_opt_values /opt/stack/data/venv/lib/python3.12/site-packages/oslo_config/cfg.py:3560}}
Aug 18 21:43:44.496272 np0000007706 nova-conductor[95874]: DEBUG cotyledon.oslo_config_glue [-] oslo_limit.min_version = None {{(pid=95874) log_opt_values /opt/stack/data/venv/lib/python3.12/site-packages/oslo_config/cfg.py:3560}}
Aug 18 21:43:44.496272 np0000007706 nova-conductor[95874]: DEBUG cotyledon.oslo_config_glue [-] oslo_limit.region_name = None {{(pid=95874) log_opt_values /opt/stack/data/venv/lib/python3.12/site-packages/oslo_config/cfg.py:3560}}
Aug 18 21:43:44.496514 np0000007706 nova-conductor[95874]: DEBUG cotyledon.oslo_config_glue [-] oslo_limit.retriable_status_codes = None {{(pid=95874) log_opt_values /opt/stack/data/venv/lib/python3.12/site-packages/oslo_config/cfg.py:3560}}
Aug 18 21:43:44.496514 np0000007706 nova-conductor[95874]: DEBUG cotyledon.oslo_config_glue [-] oslo_limit.service_name = None {{(pid=95874) log_opt_values /opt/stack/data/venv/lib/python3.12/site-packages/oslo_config/cfg.py:3560}}
Aug 18 21:43:44.496514 np0000007706 nova-conductor[95874]: DEBUG cotyledon.oslo_config_glue [-] oslo_limit.service_type = None {{(pid=95874) log_opt_values /opt/stack/data/venv/lib/python3.12/site-packages/oslo_config/cfg.py:3560}}
Aug 18 21:43:44.496514 np0000007706 nova-conductor[95874]: DEBUG cotyledon.oslo_config_glue [-] oslo_limit.split_loggers = False {{(pid=95874) log_opt_values /opt/stack/data/venv/lib/python3.12/site-packages/oslo_config/cfg.py:3560}}
Aug 18 21:43:44.496514 np0000007706 nova-conductor[95874]: DEBUG cotyledon.oslo_config_glue [-] oslo_limit.status_code_retries = None {{(pid=95874) log_opt_values /opt/stack/data/venv/lib/python3.12/site-packages/oslo_config/cfg.py:3560}}
Aug 18 21:43:44.496514 np0000007706 nova-conductor[95874]: DEBUG cotyledon.oslo_config_glue [-] oslo_limit.status_code_retry_delay = None {{(pid=95874) log_opt_values /opt/stack/data/venv/lib/python3.12/site-packages/oslo_config/cfg.py:3560}}
Aug 18 21:43:44.496514 np0000007706 nova-conductor[95874]: DEBUG cotyledon.oslo_config_glue [-] oslo_limit.timeout = None {{(pid=95874) log_opt_values /opt/stack/data/venv/lib/python3.12/site-packages/oslo_config/cfg.py:3560}}
Aug 18 21:43:44.496514 np0000007706 nova-conductor[95874]: DEBUG cotyledon.oslo_config_glue [-] oslo_limit.valid_interfaces = None {{(pid=95874) log_opt_values /opt/stack/data/venv/lib/python3.12/site-packages/oslo_config/cfg.py:3560}}
Aug 18 21:43:44.496514 np0000007706 nova-conductor[95874]: DEBUG cotyledon.oslo_config_glue [-] oslo_limit.version = None {{(pid=95874) log_opt_values /opt/stack/data/venv/lib/python3.12/site-packages/oslo_config/cfg.py:3560}}
Aug 18 21:43:44.496683 np0000007706 nova-conductor[95874]: DEBUG cotyledon.oslo_config_glue [-] oslo_reports.file_event_handler = None {{(pid=95874) log_opt_values /opt/stack/data/venv/lib/python3.12/site-packages/oslo_config/cfg.py:3560}}
Aug 18 21:43:44.496683 np0000007706 nova-conductor[95874]: DEBUG cotyledon.oslo_config_glue [-] oslo_reports.file_event_handler_interval = 1 {{(pid=95874) log_opt_values /opt/stack/data/venv/lib/python3.12/site-packages/oslo_config/cfg.py:3560}}
Aug 18 21:43:44.496683 np0000007706 nova-conductor[95874]: DEBUG cotyledon.oslo_config_glue [-] oslo_reports.log_dir = None {{(pid=95874) log_opt_values /opt/stack/data/venv/lib/python3.12/site-packages/oslo_config/cfg.py:3560}}
Aug 18 21:43:44.496683 np0000007706 nova-conductor[95874]: DEBUG cotyledon.oslo_config_glue [-] ******************************************************************************** {{(pid=95874) log_opt_values /opt/stack/data/venv/lib/python3.12/site-packages/oslo_config/cfg.py:3567}}
Aug 18 21:43:44.496683 np0000007706 nova-conductor[95874]: DEBUG cotyledon._service_worker [-] Run service ServiceWrapper(2) [95874] {{(pid=95874) wait_forever /opt/stack/data/venv/lib/python3.12/site-packages/cotyledon/_service_worker.py:218}}
Aug 18 21:43:44.496683 np0000007706 nova-conductor[95874]: INFO nova.service [-] Starting conductor node (version 33.1.0)
Aug 18 21:43:44.496683 np0000007706 nova-conductor[95874]: INFO dbcounter [None req-9f4e5a35-1f51-4dd7-bffd-102f5ae1350c None None] Registered counter for database nova_cell0
Aug 18 21:43:44.496817 np0000007706 nova-conductor[95862]: DEBUG oslo_db.sqlalchemy.engines [None req-d3acf339-0b87-4f47-9283-50e576d11c10 None None] MySQL server mode set to STRICT_TRANS_TABLES,STRICT_ALL_TABLES,NO_ZERO_IN_DATE,NO_ZERO_DATE,ERROR_FOR_DIVISION_BY_ZERO,TRADITIONAL,NO_ENGINE_SUBSTITUTION {{(pid=95862) _check_effective_sql_mode /opt/stack/data/venv/lib/python3.12/site-packages/oslo_db/sqlalchemy/engines.py:325}}
Aug 18 21:43:44.496817 np0000007706 nova-conductor[95862]: DEBUG dbcounter [-] [95862] Writer thread running {{(pid=95862) stat_writer /opt/stack/data/venv/lib/python3.12/site-packages/dbcounter.py:102}}
Aug 18 21:43:44.496866 np0000007706 nova-conductor[95869]: DEBUG oslo_db.sqlalchemy.engines [None req-4ed9f6a0-537f-4d9e-9dca-42cd971da852 None None] MySQL server mode set to STRICT_TRANS_TABLES,STRICT_ALL_TABLES,NO_ZERO_IN_DATE,NO_ZERO_DATE,ERROR_FOR_DIVISION_BY_ZERO,TRADITIONAL,NO_ENGINE_SUBSTITUTION {{(pid=95869) _check_effective_sql_mode /opt/stack/data/venv/lib/python3.12/site-packages/oslo_db/sqlalchemy/engines.py:325}}
Aug 18 21:43:44.498632 np0000007706 nova-conductor[95862]: DEBUG nova.service [None req-d3acf339-0b87-4f47-9283-50e576d11c10 None None] Creating RPC server for service: nova-conductor on topic: conductor {{(pid=95862) start /opt/stack/nova/nova/service.py:262}}
Aug 18 21:43:44.505916 np0000007706 nova-conductor[95874]: DEBUG oslo_db.sqlalchemy.engines [None req-9f4e5a35-1f51-4dd7-bffd-102f5ae1350c None None] MySQL server mode set to STRICT_TRANS_TABLES,STRICT_ALL_TABLES,NO_ZERO_IN_DATE,NO_ZERO_DATE,ERROR_FOR_DIVISION_BY_ZERO,TRADITIONAL,NO_ENGINE_SUBSTITUTION {{(pid=95874) _check_effective_sql_mode /opt/stack/data/venv/lib/python3.12/site-packages/oslo_db/sqlalchemy/engines.py:325}}
Aug 18 21:43:44.506852 np0000007706 nova-conductor[95869]: DEBUG dbcounter [-] [95869] Writer thread running {{(pid=95869) stat_writer /opt/stack/data/venv/lib/python3.12/site-packages/dbcounter.py:102}}
Aug 18 21:43:44.509843 np0000007706 nova-conductor[95869]: DEBUG nova.service [None req-4ed9f6a0-537f-4d9e-9dca-42cd971da852 None None] Creating RPC server for service: nova-conductor on topic: conductor {{(pid=95869) start /opt/stack/nova/nova/service.py:262}}
Aug 18 21:43:44.515668 np0000007706 nova-conductor[95874]: DEBUG dbcounter [-] [95874] Writer thread running {{(pid=95874) stat_writer /opt/stack/data/venv/lib/python3.12/site-packages/dbcounter.py:102}}
Aug 18 21:43:44.518222 np0000007706 nova-conductor[95874]: DEBUG nova.service [None req-9f4e5a35-1f51-4dd7-bffd-102f5ae1350c None None] Creating RPC server for service: nova-conductor on topic: conductor {{(pid=95874) start /opt/stack/nova/nova/service.py:262}}
Aug 18 21:43:44.520200 np0000007706 nova-conductor[95862]: DEBUG nova.service [None req-d3acf339-0b87-4f47-9283-50e576d11c10 None None] Join ServiceGroup membership for this service conductor {{(pid=95862) start /opt/stack/nova/nova/service.py:288}}
Aug 18 21:43:44.520409 np0000007706 nova-conductor[95862]: DEBUG nova.servicegroup.drivers.db [None req-d3acf339-0b87-4f47-9283-50e576d11c10 None None] DB_Driver: join new ServiceGroup member np0000007706 to the conductor group, service = {{(pid=95862) join /opt/stack/nova/nova/servicegroup/drivers/db.py:44}}
Aug 18 21:43:44.528330 np0000007706 nova-conductor[95869]: DEBUG nova.service [None req-4ed9f6a0-537f-4d9e-9dca-42cd971da852 None None] Join ServiceGroup membership for this service conductor {{(pid=95869) start /opt/stack/nova/nova/service.py:288}}
Aug 18 21:43:44.528521 np0000007706 nova-conductor[95869]: DEBUG nova.servicegroup.drivers.db [None req-4ed9f6a0-537f-4d9e-9dca-42cd971da852 None None] DB_Driver: join new ServiceGroup member np0000007706 to the conductor group, service = {{(pid=95869) join /opt/stack/nova/nova/servicegroup/drivers/db.py:44}}
Aug 18 21:43:44.534700 np0000007706 nova-conductor[95874]: DEBUG nova.service [None req-9f4e5a35-1f51-4dd7-bffd-102f5ae1350c None None] Join ServiceGroup membership for this service conductor {{(pid=95874) start /opt/stack/nova/nova/service.py:288}}
Aug 18 21:43:44.534850 np0000007706 nova-conductor[95874]: DEBUG nova.servicegroup.drivers.db [None req-9f4e5a35-1f51-4dd7-bffd-102f5ae1350c None None] DB_Driver: join new ServiceGroup member np0000007706 to the conductor group, service = {{(pid=95874) join /opt/stack/nova/nova/servicegroup/drivers/db.py:44}}
Aug 18 21:43:49.535143 np0000007706 nova-conductor[95862]: DEBUG oslo.service.backend._threading.loopingcall [-] Fixed interval looping call 'nova.servicegroup.drivers.db.DbDriver._report_state' sleeping for 119.99 seconds {{(pid=95862) _run_loop /opt/stack/data/venv/lib/python3.12/site-packages/oslo_service/backend/_threading/loopingcall.py:125}}
Aug 18 21:43:49.537852 np0000007706 nova-conductor[95874]: DEBUG oslo.service.backend._threading.loopingcall [None req-a4f6b670-c4d1-4484-8702-613d75eaf128 None None] Dynamic interval looping call 'nova.service.Service.periodic_tasks' sleeping for 60.00 seconds {{(pid=95874) _run_loop /opt/stack/data/venv/lib/python3.12/site-packages/oslo_service/backend/_threading/loopingcall.py:125}}
Aug 18 21:43:49.538526 np0000007706 nova-conductor[95869]: DEBUG oslo.service.backend._threading.loopingcall [-] Fixed interval looping call 'nova.servicegroup.drivers.db.DbDriver._report_state' sleeping for 119.99 seconds {{(pid=95869) _run_loop /opt/stack/data/venv/lib/python3.12/site-packages/oslo_service/backend/_threading/loopingcall.py:125}}
Aug 18 21:43:49.545746 np0000007706 nova-conductor[95874]: DEBUG oslo.service.backend._threading.loopingcall [-] Fixed interval looping call 'nova.servicegroup.drivers.db.DbDriver._report_state' sleeping for 119.99 seconds {{(pid=95874) _run_loop /opt/stack/data/venv/lib/python3.12/site-packages/oslo_service/backend/_threading/loopingcall.py:125}}
Aug 18 21:43:53.136663 np0000007706 nova-conductor[94365]: DEBUG dbcounter [-] [94365] Writing DB stats nova_api:SELECT=1 {{(pid=94365) stat_writer /opt/stack/data/venv/lib/python3.12/site-packages/dbcounter.py:115}}
Aug 18 21:43:53.261986 np0000007706 nova-conductor[94365]: DEBUG dbcounter [-] [94365] Writing DB stats nova_cell0:SELECT=1 {{(pid=94365) stat_writer /opt/stack/data/venv/lib/python3.12/site-packages/dbcounter.py:115}}
Aug 18 21:43:53.265821 np0000007706 nova-conductor[94365]: DEBUG dbcounter [-] [94365] Writing DB stats nova_cell1:SELECT=1 {{(pid=94365) stat_writer /opt/stack/data/venv/lib/python3.12/site-packages/dbcounter.py:115}}
Aug 18 21:43:56.521830 np0000007706 nova-conductor[95862]: DEBUG oslo.service.backend._threading.loopingcall [None req-c11909e4-3cd9-4bc1-a706-04f430ea4e20 None None] Dynamic interval looping call 'nova.service.Service.periodic_tasks' sleeping for 60.00 seconds {{(pid=95862) _run_loop /opt/stack/data/venv/lib/python3.12/site-packages/oslo_service/backend/_threading/loopingcall.py:125}}
Aug 18 21:43:56.532094 np0000007706 nova-conductor[95869]: DEBUG oslo.service.backend._threading.loopingcall [None req-8ae95e79-11a3-4d85-8f93-d50ddaad71c1 None None] Dynamic interval looping call 'nova.service.Service.periodic_tasks' sleeping for 60.00 seconds {{(pid=95869) _run_loop /opt/stack/data/venv/lib/python3.12/site-packages/oslo_service/backend/_threading/loopingcall.py:125}}
Aug 18 21:43:59.530878 np0000007706 nova-conductor[95862]: DEBUG dbcounter [-] [95862] Writing DB stats nova_cell0:SELECT=4,nova_cell0:INSERT=1,nova_cell0:UPDATE=1 {{(pid=95862) stat_writer /opt/stack/data/venv/lib/python3.12/site-packages/dbcounter.py:115}}
Aug 18 21:43:59.537394 np0000007706 nova-conductor[95869]: DEBUG dbcounter [-] [95869] Writing DB stats nova_cell0:SELECT=3 {{(pid=95869) stat_writer /opt/stack/data/venv/lib/python3.12/site-packages/dbcounter.py:115}}
Aug 18 21:43:59.542884 np0000007706 nova-conductor[95874]: DEBUG dbcounter [-] [95874] Writing DB stats nova_cell0:SELECT=3 {{(pid=95874) stat_writer /opt/stack/data/venv/lib/python3.12/site-packages/dbcounter.py:115}}
Aug 18 21:44:49.538440 np0000007706 nova-conductor[95874]: DEBUG oslo.service.backend._threading.loopingcall [None req-a4f6b670-c4d1-4484-8702-613d75eaf128 None None] Dynamic interval looping call 'nova.service.Service.periodic_tasks' sleeping for 60.00 seconds {{(pid=95874) _run_loop /opt/stack/data/venv/lib/python3.12/site-packages/oslo_service/backend/_threading/loopingcall.py:125}}
Aug 18 21:44:56.522480 np0000007706 nova-conductor[95862]: DEBUG oslo.service.backend._threading.loopingcall [None req-c11909e4-3cd9-4bc1-a706-04f430ea4e20 None None] Dynamic interval looping call 'nova.service.Service.periodic_tasks' sleeping for 60.00 seconds {{(pid=95862) _run_loop /opt/stack/data/venv/lib/python3.12/site-packages/oslo_service/backend/_threading/loopingcall.py:125}}
Aug 18 21:44:56.532559 np0000007706 nova-conductor[95869]: DEBUG oslo.service.backend._threading.loopingcall [None req-8ae95e79-11a3-4d85-8f93-d50ddaad71c1 None None] Dynamic interval looping call 'nova.service.Service.periodic_tasks' sleeping for 60.00 seconds {{(pid=95869) _run_loop /opt/stack/data/venv/lib/python3.12/site-packages/oslo_service/backend/_threading/loopingcall.py:125}}
Aug 18 21:45:49.530243 np0000007706 nova-conductor[95862]: DEBUG oslo.service.backend._threading.loopingcall [-] Fixed interval looping call 'nova.servicegroup.drivers.db.DbDriver._report_state' sleeping for 119.99 seconds {{(pid=95862) _run_loop /opt/stack/data/venv/lib/python3.12/site-packages/oslo_service/backend/_threading/loopingcall.py:125}}
Aug 18 21:45:49.531866 np0000007706 nova-conductor[95869]: DEBUG oslo.service.backend._threading.loopingcall [-] Fixed interval looping call 'nova.servicegroup.drivers.db.DbDriver._report_state' sleeping for 120.00 seconds {{(pid=95869) _run_loop /opt/stack/data/venv/lib/python3.12/site-packages/oslo_service/backend/_threading/loopingcall.py:125}}
Aug 18 21:45:49.538831 np0000007706 nova-conductor[95874]: DEBUG oslo.service.backend._threading.loopingcall [None req-a4f6b670-c4d1-4484-8702-613d75eaf128 None None] Dynamic interval looping call 'nova.service.Service.periodic_tasks' sleeping for 60.00 seconds {{(pid=95874) _run_loop /opt/stack/data/venv/lib/python3.12/site-packages/oslo_service/backend/_threading/loopingcall.py:125}}
Aug 18 21:45:49.539598 np0000007706 nova-conductor[95874]: DEBUG oslo.service.backend._threading.loopingcall [-] Fixed interval looping call 'nova.servicegroup.drivers.db.DbDriver._report_state' sleeping for 120.00 seconds {{(pid=95874) _run_loop /opt/stack/data/venv/lib/python3.12/site-packages/oslo_service/backend/_threading/loopingcall.py:125}}
Aug 18 21:45:56.523031 np0000007706 nova-conductor[95862]: DEBUG oslo.service.backend._threading.loopingcall [None req-c11909e4-3cd9-4bc1-a706-04f430ea4e20 None None] Dynamic interval looping call 'nova.service.Service.periodic_tasks' sleeping for 60.00 seconds {{(pid=95862) _run_loop /opt/stack/data/venv/lib/python3.12/site-packages/oslo_service/backend/_threading/loopingcall.py:125}}
Aug 18 21:45:56.533087 np0000007706 nova-conductor[95869]: DEBUG oslo.service.backend._threading.loopingcall [None req-8ae95e79-11a3-4d85-8f93-d50ddaad71c1 None None] Dynamic interval looping call 'nova.service.Service.periodic_tasks' sleeping for 60.00 seconds {{(pid=95869) _run_loop /opt/stack/data/venv/lib/python3.12/site-packages/oslo_service/backend/_threading/loopingcall.py:125}}
Aug 18 21:45:59.528767 np0000007706 nova-conductor[95862]: DEBUG dbcounter [-] [95862] Writing DB stats nova_cell0:SELECT=1,nova_cell0:UPDATE=1 {{(pid=95862) stat_writer /opt/stack/data/venv/lib/python3.12/site-packages/dbcounter.py:115}}
Aug 18 21:45:59.530577 np0000007706 nova-conductor[95869]: DEBUG dbcounter [-] [95869] Writing DB stats nova_cell0:SELECT=1 {{(pid=95869) stat_writer /opt/stack/data/venv/lib/python3.12/site-packages/dbcounter.py:115}}
Aug 18 21:45:59.540793 np0000007706 nova-conductor[95874]: DEBUG dbcounter [-] [95874] Writing DB stats nova_cell0:SELECT=1 {{(pid=95874) stat_writer /opt/stack/data/venv/lib/python3.12/site-packages/dbcounter.py:115}}
Aug 18 21:46:04.030407 np0000007706 nova-conductor[95862]: DEBUG oslo_db.sqlalchemy.engines [None req-c59901b8-5fdd-4685-be4b-2c17acc56f66 tempest-AttachVolumeTestJSON-1698362110 tempest-AttachVolumeTestJSON-1698362110-project-member] Parent process 94365 forked (95862) with an open database connection, which is being discarded and recreated. {{(pid=95862) checkout /opt/stack/data/venv/lib/python3.12/site-packages/oslo_db/sqlalchemy/engines.py:402}}
Aug 18 21:46:04.068820 np0000007706 nova-conductor[95862]: DEBUG dbcounter [-] [95862] Writer thread running {{(pid=95862) stat_writer /opt/stack/data/venv/lib/python3.12/site-packages/dbcounter.py:102}}
Aug 18 21:46:04.938767 np0000007706 nova-conductor[95862]: DEBUG nova.conductor.manager [None req-c59901b8-5fdd-4685-be4b-2c17acc56f66 tempest-AttachVolumeTestJSON-1698362110 tempest-AttachVolumeTestJSON-1698362110-project-member] Took 0.87 seconds to select destinations for 1 instance(s). {{(pid=95862) _schedule_instances /opt/stack/nova/nova/conductor/manager.py:956}}
Aug 18 21:46:04.962433 np0000007706 nova-conductor[95862]: DEBUG oslo_concurrency.lockutils [None req-c59901b8-5fdd-4685-be4b-2c17acc56f66 tempest-AttachVolumeTestJSON-1698362110 tempest-AttachVolumeTestJSON-1698362110-project-member] Acquiring lock "f9706d44-5101-4e06-8611-6ebb6c3d26fc" by "nova.context.set_target_cell..get_or_set_cached_cell_and_set_connections" {{(pid=95862) inner /opt/stack/data/venv/lib/python3.12/site-packages/oslo_concurrency/lockutils.py:512}}
Aug 18 21:46:04.962604 np0000007706 nova-conductor[95862]: DEBUG oslo_concurrency.lockutils [None req-c59901b8-5fdd-4685-be4b-2c17acc56f66 tempest-AttachVolumeTestJSON-1698362110 tempest-AttachVolumeTestJSON-1698362110-project-member] Lock "f9706d44-5101-4e06-8611-6ebb6c3d26fc" acquired by "nova.context.set_target_cell..get_or_set_cached_cell_and_set_connections" :: waited 0.000s {{(pid=95862) inner /opt/stack/data/venv/lib/python3.12/site-packages/oslo_concurrency/lockutils.py:525}}
Aug 18 21:46:04.963890 np0000007706 nova-conductor[95862]: DEBUG oslo_concurrency.lockutils [None req-c59901b8-5fdd-4685-be4b-2c17acc56f66 tempest-AttachVolumeTestJSON-1698362110 tempest-AttachVolumeTestJSON-1698362110-project-member] Lock "f9706d44-5101-4e06-8611-6ebb6c3d26fc" "released" by "nova.context.set_target_cell..get_or_set_cached_cell_and_set_connections" :: held 0.001s {{(pid=95862) inner /opt/stack/data/venv/lib/python3.12/site-packages/oslo_concurrency/lockutils.py:544}}
Aug 18 21:46:04.965837 np0000007706 nova-conductor[95862]: INFO dbcounter [None req-c59901b8-5fdd-4685-be4b-2c17acc56f66 tempest-AttachVolumeTestJSON-1698362110 tempest-AttachVolumeTestJSON-1698362110-project-member] Registered counter for database nova_cell1
Aug 18 21:46:04.995938 np0000007706 nova-conductor[95862]: DEBUG oslo_db.sqlalchemy.engines [None req-c59901b8-5fdd-4685-be4b-2c17acc56f66 tempest-AttachVolumeTestJSON-1698362110 tempest-AttachVolumeTestJSON-1698362110-project-member] MySQL server mode set to STRICT_TRANS_TABLES,STRICT_ALL_TABLES,NO_ZERO_IN_DATE,NO_ZERO_DATE,ERROR_FOR_DIVISION_BY_ZERO,TRADITIONAL,NO_ENGINE_SUBSTITUTION {{(pid=95862) _check_effective_sql_mode /opt/stack/data/venv/lib/python3.12/site-packages/oslo_db/sqlalchemy/engines.py:325}}
Aug 18 21:46:05.002288 np0000007706 nova-conductor[95862]: DEBUG dbcounter [-] [95862] Writer thread running {{(pid=95862) stat_writer /opt/stack/data/venv/lib/python3.12/site-packages/dbcounter.py:102}}
Aug 18 21:46:05.059442 np0000007706 nova-conductor[95862]: INFO nova.utils [None req-c59901b8-5fdd-4685-be4b-2c17acc56f66 tempest-AttachVolumeTestJSON-1698362110 tempest-AttachVolumeTestJSON-1698362110-project-member] The cell worker thread pool ForkProcess-1.cell_worker is initialized
Aug 18 21:46:05.059835 np0000007706 nova-conductor[95862]: DEBUG oslo_concurrency.lockutils [None req-c59901b8-5fdd-4685-be4b-2c17acc56f66 tempest-AttachVolumeTestJSON-1698362110 tempest-AttachVolumeTestJSON-1698362110-project-member] Acquiring lock "00000000-0000-0000-0000-000000000000" by "nova.context.set_target_cell..get_or_set_cached_cell_and_set_connections" {{(pid=95862) inner /opt/stack/data/venv/lib/python3.12/site-packages/oslo_concurrency/lockutils.py:512}}
Aug 18 21:46:05.059835 np0000007706 nova-conductor[95862]: DEBUG oslo_concurrency.lockutils [None req-c59901b8-5fdd-4685-be4b-2c17acc56f66 tempest-AttachVolumeTestJSON-1698362110 tempest-AttachVolumeTestJSON-1698362110-project-member] Lock "00000000-0000-0000-0000-000000000000" acquired by "nova.context.set_target_cell..get_or_set_cached_cell_and_set_connections" :: waited 0.000s {{(pid=95862) inner /opt/stack/data/venv/lib/python3.12/site-packages/oslo_concurrency/lockutils.py:525}}
Aug 18 21:46:05.060163 np0000007706 nova-conductor[95862]: DEBUG oslo_concurrency.lockutils [None req-c59901b8-5fdd-4685-be4b-2c17acc56f66 tempest-AttachVolumeTestJSON-1698362110 tempest-AttachVolumeTestJSON-1698362110-project-member] Lock "00000000-0000-0000-0000-000000000000" "released" by "nova.context.set_target_cell..get_or_set_cached_cell_and_set_connections" :: held 0.000s {{(pid=95862) inner /opt/stack/data/venv/lib/python3.12/site-packages/oslo_concurrency/lockutils.py:544}}
Aug 18 21:46:05.060837 np0000007706 nova-conductor[95862]: DEBUG oslo_concurrency.lockutils [None req-c59901b8-5fdd-4685-be4b-2c17acc56f66 tempest-AttachVolumeTestJSON-1698362110 tempest-AttachVolumeTestJSON-1698362110-project-member] Acquiring lock "f9706d44-5101-4e06-8611-6ebb6c3d26fc" by "nova.context.set_target_cell..get_or_set_cached_cell_and_set_connections" {{(pid=95862) inner /opt/stack/data/venv/lib/python3.12/site-packages/oslo_concurrency/lockutils.py:512}}
Aug 18 21:46:05.062196 np0000007706 nova-conductor[95862]: INFO dbcounter [None req-c59901b8-5fdd-4685-be4b-2c17acc56f66 tempest-AttachVolumeTestJSON-1698362110 tempest-AttachVolumeTestJSON-1698362110-project-member] Registered counter for database nova_cell0
Aug 18 21:46:05.063435 np0000007706 nova-conductor[95862]: DEBUG oslo_concurrency.lockutils [None req-c59901b8-5fdd-4685-be4b-2c17acc56f66 tempest-AttachVolumeTestJSON-1698362110 tempest-AttachVolumeTestJSON-1698362110-project-member] Lock "f9706d44-5101-4e06-8611-6ebb6c3d26fc" acquired by "nova.context.set_target_cell..get_or_set_cached_cell_and_set_connections" :: waited 0.001s {{(pid=95862) inner /opt/stack/data/venv/lib/python3.12/site-packages/oslo_concurrency/lockutils.py:525}}
Aug 18 21:46:05.063629 np0000007706 nova-conductor[95862]: DEBUG oslo_concurrency.lockutils [None req-c59901b8-5fdd-4685-be4b-2c17acc56f66 tempest-AttachVolumeTestJSON-1698362110 tempest-AttachVolumeTestJSON-1698362110-project-member] Lock "f9706d44-5101-4e06-8611-6ebb6c3d26fc" "released" by "nova.context.set_target_cell..get_or_set_cached_cell_and_set_connections" :: held 0.002s {{(pid=95862) inner /opt/stack/data/venv/lib/python3.12/site-packages/oslo_concurrency/lockutils.py:544}}
Aug 18 21:46:05.094686 np0000007706 nova-conductor[95862]: DEBUG oslo_db.sqlalchemy.engines [None req-c59901b8-5fdd-4685-be4b-2c17acc56f66 tempest-AttachVolumeTestJSON-1698362110 tempest-AttachVolumeTestJSON-1698362110-project-member] MySQL server mode set to STRICT_TRANS_TABLES,STRICT_ALL_TABLES,NO_ZERO_IN_DATE,NO_ZERO_DATE,ERROR_FOR_DIVISION_BY_ZERO,TRADITIONAL,NO_ENGINE_SUBSTITUTION {{(pid=95862) _check_effective_sql_mode /opt/stack/data/venv/lib/python3.12/site-packages/oslo_db/sqlalchemy/engines.py:325}}
Aug 18 21:46:05.100728 np0000007706 nova-conductor[95862]: DEBUG dbcounter [-] [95862] Writer thread running {{(pid=95862) stat_writer /opt/stack/data/venv/lib/python3.12/site-packages/dbcounter.py:102}}
Aug 18 21:46:05.111292 np0000007706 nova-conductor[95862]: DEBUG nova.quota [None req-c59901b8-5fdd-4685-be4b-2c17acc56f66 tempest-AttachVolumeTestJSON-1698362110 tempest-AttachVolumeTestJSON-1698362110-project-member] Getting quotas for project ed6a1a5504ae47ca95b7909e42badef9. Resources: {'cores', 'ram', 'instances'} {{(pid=95862) _get_quotas /opt/stack/nova/nova/quota.py:389}}
Aug 18 21:46:05.115525 np0000007706 nova-conductor[95862]: DEBUG nova.quota [None req-c59901b8-5fdd-4685-be4b-2c17acc56f66 tempest-AttachVolumeTestJSON-1698362110 tempest-AttachVolumeTestJSON-1698362110-project-member] Getting quotas for user da15f0b4216d42d4b930cd7c76e12b06 and project ed6a1a5504ae47ca95b7909e42badef9. Resources: {'cores', 'ram', 'instances'} {{(pid=95862) _get_quotas /opt/stack/nova/nova/quota.py:379}}
Aug 18 21:46:05.121531 np0000007706 nova-conductor[95862]: DEBUG nova.conductor.manager [None req-c59901b8-5fdd-4685-be4b-2c17acc56f66 tempest-AttachVolumeTestJSON-1698362110 tempest-AttachVolumeTestJSON-1698362110-project-member] [instance: dd02fc26-40de-46cf-a2ef-22564ed9e074] Selected host: np0000007706; Selected node: np0000007706; Alternates: [] {{(pid=95862) schedule_and_build_instances /opt/stack/nova/nova/conductor/manager.py:1772}}
Aug 18 21:46:05.122190 np0000007706 nova-conductor[95862]: DEBUG oslo_concurrency.lockutils [None req-c59901b8-5fdd-4685-be4b-2c17acc56f66 tempest-AttachVolumeTestJSON-1698362110 tempest-AttachVolumeTestJSON-1698362110-project-member] Acquiring lock "f9706d44-5101-4e06-8611-6ebb6c3d26fc" by "nova.context.set_target_cell..get_or_set_cached_cell_and_set_connections" {{(pid=95862) inner /opt/stack/data/venv/lib/python3.12/site-packages/oslo_concurrency/lockutils.py:512}}
Aug 18 21:46:05.122333 np0000007706 nova-conductor[95862]: DEBUG oslo_concurrency.lockutils [None req-c59901b8-5fdd-4685-be4b-2c17acc56f66 tempest-AttachVolumeTestJSON-1698362110 tempest-AttachVolumeTestJSON-1698362110-project-member] Lock "f9706d44-5101-4e06-8611-6ebb6c3d26fc" acquired by "nova.context.set_target_cell..get_or_set_cached_cell_and_set_connections" :: waited 0.000s {{(pid=95862) inner /opt/stack/data/venv/lib/python3.12/site-packages/oslo_concurrency/lockutils.py:525}}
Aug 18 21:46:05.122381 np0000007706 nova-conductor[95862]: DEBUG oslo_concurrency.lockutils [None req-c59901b8-5fdd-4685-be4b-2c17acc56f66 tempest-AttachVolumeTestJSON-1698362110 tempest-AttachVolumeTestJSON-1698362110-project-member] Lock "f9706d44-5101-4e06-8611-6ebb6c3d26fc" "released" by "nova.context.set_target_cell..get_or_set_cached_cell_and_set_connections" :: held 0.000s {{(pid=95862) inner /opt/stack/data/venv/lib/python3.12/site-packages/oslo_concurrency/lockutils.py:544}}
Aug 18 21:46:05.133700 np0000007706 nova-conductor[95862]: DEBUG nova.conductor.manager [None req-c59901b8-5fdd-4685-be4b-2c17acc56f66 tempest-AttachVolumeTestJSON-1698362110 tempest-AttachVolumeTestJSON-1698362110-project-member] [instance: dd02fc26-40de-46cf-a2ef-22564ed9e074] block_device_mapping [BlockDeviceMapping(attachment_id=,boot_index=0,connection_info=None,created_at=,delete_on_termination=True,deleted=,deleted_at=,destination_type='local',device_name=None,device_type='disk',disk_bus=None,encrypted=False,encryption_format=None,encryption_options=None,encryption_secret_uuid=None,guest_format=None,id=,image_id='18ac0f75-8e3e-4ff1-bbee-f70fc36d24ab',instance=,instance_uuid=,no_device=False,snapshot_id=None,source_type='image',tag=None,updated_at=,uuid=,volume_id=None,volume_size=None,volume_type=None)] {{(pid=95862) _create_block_device_mapping /opt/stack/nova/nova/conductor/manager.py:1517}}
Aug 18 21:46:05.135652 np0000007706 nova-conductor[95862]: DEBUG oslo_concurrency.lockutils [None req-c59901b8-5fdd-4685-be4b-2c17acc56f66 tempest-AttachVolumeTestJSON-1698362110 tempest-AttachVolumeTestJSON-1698362110-project-member] Acquiring lock "f9706d44-5101-4e06-8611-6ebb6c3d26fc" by "nova.context.set_target_cell..get_or_set_cached_cell_and_set_connections" {{(pid=95862) inner /opt/stack/data/venv/lib/python3.12/site-packages/oslo_concurrency/lockutils.py:512}}
Aug 18 21:46:05.135845 np0000007706 nova-conductor[95862]: DEBUG oslo_concurrency.lockutils [None req-c59901b8-5fdd-4685-be4b-2c17acc56f66 tempest-AttachVolumeTestJSON-1698362110 tempest-AttachVolumeTestJSON-1698362110-project-member] Lock "f9706d44-5101-4e06-8611-6ebb6c3d26fc" acquired by "nova.context.set_target_cell..get_or_set_cached_cell_and_set_connections" :: waited 0.000s {{(pid=95862) inner /opt/stack/data/venv/lib/python3.12/site-packages/oslo_concurrency/lockutils.py:525}}
Aug 18 21:46:05.136259 np0000007706 nova-conductor[95862]: DEBUG oslo_concurrency.lockutils [None req-c59901b8-5fdd-4685-be4b-2c17acc56f66 tempest-AttachVolumeTestJSON-1698362110 tempest-AttachVolumeTestJSON-1698362110-project-member] Lock "f9706d44-5101-4e06-8611-6ebb6c3d26fc" "released" by "nova.context.set_target_cell..get_or_set_cached_cell_and_set_connections" :: held 0.000s {{(pid=95862) inner /opt/stack/data/venv/lib/python3.12/site-packages/oslo_concurrency/lockutils.py:544}}
Aug 18 21:46:05.170200 np0000007706 nova-conductor[95862]: DEBUG oslo_concurrency.lockutils [None req-c59901b8-5fdd-4685-be4b-2c17acc56f66 tempest-AttachVolumeTestJSON-1698362110 tempest-AttachVolumeTestJSON-1698362110-project-member] Acquiring lock "f9706d44-5101-4e06-8611-6ebb6c3d26fc" by "nova.context.set_target_cell..get_or_set_cached_cell_and_set_connections" {{(pid=95862) inner /opt/stack/data/venv/lib/python3.12/site-packages/oslo_concurrency/lockutils.py:512}}
Aug 18 21:46:05.170376 np0000007706 nova-conductor[95862]: DEBUG oslo_concurrency.lockutils [None req-c59901b8-5fdd-4685-be4b-2c17acc56f66 tempest-AttachVolumeTestJSON-1698362110 tempest-AttachVolumeTestJSON-1698362110-project-member] Lock "f9706d44-5101-4e06-8611-6ebb6c3d26fc" acquired by "nova.context.set_target_cell..get_or_set_cached_cell_and_set_connections" :: waited 0.000s {{(pid=95862) inner /opt/stack/data/venv/lib/python3.12/site-packages/oslo_concurrency/lockutils.py:525}}
Aug 18 21:46:05.170489 np0000007706 nova-conductor[95862]: DEBUG oslo_concurrency.lockutils [None req-c59901b8-5fdd-4685-be4b-2c17acc56f66 tempest-AttachVolumeTestJSON-1698362110 tempest-AttachVolumeTestJSON-1698362110-project-member] Lock "f9706d44-5101-4e06-8611-6ebb6c3d26fc" "released" by "nova.context.set_target_cell..get_or_set_cached_cell_and_set_connections" :: held 0.000s {{(pid=95862) inner /opt/stack/data/venv/lib/python3.12/site-packages/oslo_concurrency/lockutils.py:544}}
Aug 18 21:46:05.170659 np0000007706 nova-conductor[95862]: DEBUG oslo_concurrency.lockutils [None req-c59901b8-5fdd-4685-be4b-2c17acc56f66 tempest-AttachVolumeTestJSON-1698362110 tempest-AttachVolumeTestJSON-1698362110-project-member] Acquiring lock "compute-rpcapi-router" {{(pid=95862) lock /opt/stack/data/venv/lib/python3.12/site-packages/oslo_concurrency/lockutils.py:396}}
Aug 18 21:46:05.170737 np0000007706 nova-conductor[95862]: DEBUG oslo_concurrency.lockutils [None req-c59901b8-5fdd-4685-be4b-2c17acc56f66 tempest-AttachVolumeTestJSON-1698362110 tempest-AttachVolumeTestJSON-1698362110-project-member] Acquired lock "compute-rpcapi-router" {{(pid=95862) lock /opt/stack/data/venv/lib/python3.12/site-packages/oslo_concurrency/lockutils.py:399}}
Aug 18 21:46:05.171180 np0000007706 nova-conductor[95862]: DEBUG oslo_concurrency.lockutils [None req-31ba9550-a128-4f56-83f3-18e89d40d997 None None] Acquiring lock "00000000-0000-0000-0000-000000000000" by "nova.context.set_target_cell..get_or_set_cached_cell_and_set_connections" {{(pid=95862) inner /opt/stack/data/venv/lib/python3.12/site-packages/oslo_concurrency/lockutils.py:512}}
Aug 18 21:46:05.171318 np0000007706 nova-conductor[95862]: DEBUG oslo_concurrency.lockutils [None req-31ba9550-a128-4f56-83f3-18e89d40d997 None None] Lock "00000000-0000-0000-0000-000000000000" acquired by "nova.context.set_target_cell..get_or_set_cached_cell_and_set_connections" :: waited 0.000s {{(pid=95862) inner /opt/stack/data/venv/lib/python3.12/site-packages/oslo_concurrency/lockutils.py:525}}
Aug 18 21:46:05.171413 np0000007706 nova-conductor[95862]: DEBUG oslo_concurrency.lockutils [None req-31ba9550-a128-4f56-83f3-18e89d40d997 None None] Lock "00000000-0000-0000-0000-000000000000" "released" by "nova.context.set_target_cell..get_or_set_cached_cell_and_set_connections" :: held 0.000s {{(pid=95862) inner /opt/stack/data/venv/lib/python3.12/site-packages/oslo_concurrency/lockutils.py:544}}
Aug 18 21:46:05.171957 np0000007706 nova-conductor[95862]: DEBUG oslo_concurrency.lockutils [None req-31ba9550-a128-4f56-83f3-18e89d40d997 None None] Acquiring lock "f9706d44-5101-4e06-8611-6ebb6c3d26fc" by "nova.context.set_target_cell..get_or_set_cached_cell_and_set_connections" {{(pid=95862) inner /opt/stack/data/venv/lib/python3.12/site-packages/oslo_concurrency/lockutils.py:512}}
Aug 18 21:46:05.172058 np0000007706 nova-conductor[95862]: DEBUG oslo_concurrency.lockutils [None req-31ba9550-a128-4f56-83f3-18e89d40d997 None None] Lock "f9706d44-5101-4e06-8611-6ebb6c3d26fc" acquired by "nova.context.set_target_cell..get_or_set_cached_cell_and_set_connections" :: waited 0.000s {{(pid=95862) inner /opt/stack/data/venv/lib/python3.12/site-packages/oslo_concurrency/lockutils.py:525}}
Aug 18 21:46:05.172228 np0000007706 nova-conductor[95862]: DEBUG oslo_concurrency.lockutils [None req-31ba9550-a128-4f56-83f3-18e89d40d997 None None] Lock "f9706d44-5101-4e06-8611-6ebb6c3d26fc" "released" by "nova.context.set_target_cell..get_or_set_cached_cell_and_set_connections" :: held 0.000s {{(pid=95862) inner /opt/stack/data/venv/lib/python3.12/site-packages/oslo_concurrency/lockutils.py:544}}
Aug 18 21:46:05.180943 np0000007706 nova-conductor[95862]: INFO nova.compute.rpcapi [None req-31ba9550-a128-4f56-83f3-18e89d40d997 None None] Automatically selected compute RPC version 6.5 from minimum service version 72
Aug 18 21:46:05.181375 np0000007706 nova-conductor[95862]: DEBUG oslo_concurrency.lockutils [None req-31ba9550-a128-4f56-83f3-18e89d40d997 None None] Releasing lock "compute-rpcapi-router" {{(pid=95862) lock /opt/stack/data/venv/lib/python3.12/site-packages/oslo_concurrency/lockutils.py:419}}
Aug 18 21:46:11.291225 np0000007706 nova-conductor[95869]: DEBUG dbcounter [-] [95869] Writer thread running {{(pid=95869) stat_writer /opt/stack/data/venv/lib/python3.12/site-packages/dbcounter.py:102}}
Aug 18 21:46:11.718270 np0000007706 nova-conductor[95869]: DEBUG nova.conductor.manager [None req-785c7b27-7cf0-4cb5-803f-902d582a6654 tempest-AttachSCSIVolumeTestJSON-201039256 tempest-AttachSCSIVolumeTestJSON-201039256-project-member] Took 0.43 seconds to select destinations for 1 instance(s). {{(pid=95869) _schedule_instances /opt/stack/nova/nova/conductor/manager.py:956}}
Aug 18 21:46:11.737068 np0000007706 nova-conductor[95869]: DEBUG oslo_concurrency.lockutils [None req-785c7b27-7cf0-4cb5-803f-902d582a6654 tempest-AttachSCSIVolumeTestJSON-201039256 tempest-AttachSCSIVolumeTestJSON-201039256-project-member] Acquiring lock "f9706d44-5101-4e06-8611-6ebb6c3d26fc" by "nova.context.set_target_cell..get_or_set_cached_cell_and_set_connections" {{(pid=95869) inner /opt/stack/data/venv/lib/python3.12/site-packages/oslo_concurrency/lockutils.py:512}}
Aug 18 21:46:11.737312 np0000007706 nova-conductor[95869]: DEBUG oslo_concurrency.lockutils [None req-785c7b27-7cf0-4cb5-803f-902d582a6654 tempest-AttachSCSIVolumeTestJSON-201039256 tempest-AttachSCSIVolumeTestJSON-201039256-project-member] Lock "f9706d44-5101-4e06-8611-6ebb6c3d26fc" acquired by "nova.context.set_target_cell..get_or_set_cached_cell_and_set_connections" :: waited 0.000s {{(pid=95869) inner /opt/stack/data/venv/lib/python3.12/site-packages/oslo_concurrency/lockutils.py:525}}
Aug 18 21:46:11.738469 np0000007706 nova-conductor[95869]: DEBUG oslo_concurrency.lockutils [None req-785c7b27-7cf0-4cb5-803f-902d582a6654 tempest-AttachSCSIVolumeTestJSON-201039256 tempest-AttachSCSIVolumeTestJSON-201039256-project-member] Lock "f9706d44-5101-4e06-8611-6ebb6c3d26fc" "released" by "nova.context.set_target_cell..get_or_set_cached_cell_and_set_connections" :: held 0.001s {{(pid=95869) inner /opt/stack/data/venv/lib/python3.12/site-packages/oslo_concurrency/lockutils.py:544}}
Aug 18 21:46:11.740011 np0000007706 nova-conductor[95869]: INFO dbcounter [None req-785c7b27-7cf0-4cb5-803f-902d582a6654 tempest-AttachSCSIVolumeTestJSON-201039256 tempest-AttachSCSIVolumeTestJSON-201039256-project-member] Registered counter for database nova_cell1
Aug 18 21:46:11.768178 np0000007706 nova-conductor[95869]: DEBUG oslo_db.sqlalchemy.engines [None req-785c7b27-7cf0-4cb5-803f-902d582a6654 tempest-AttachSCSIVolumeTestJSON-201039256 tempest-AttachSCSIVolumeTestJSON-201039256-project-member] MySQL server mode set to STRICT_TRANS_TABLES,STRICT_ALL_TABLES,NO_ZERO_IN_DATE,NO_ZERO_DATE,ERROR_FOR_DIVISION_BY_ZERO,TRADITIONAL,NO_ENGINE_SUBSTITUTION {{(pid=95869) _check_effective_sql_mode /opt/stack/data/venv/lib/python3.12/site-packages/oslo_db/sqlalchemy/engines.py:325}}
Aug 18 21:46:11.773330 np0000007706 nova-conductor[95869]: DEBUG dbcounter [-] [95869] Writer thread running {{(pid=95869) stat_writer /opt/stack/data/venv/lib/python3.12/site-packages/dbcounter.py:102}}
Aug 18 21:46:11.835470 np0000007706 nova-conductor[95869]: INFO nova.utils [None req-785c7b27-7cf0-4cb5-803f-902d582a6654 tempest-AttachSCSIVolumeTestJSON-201039256 tempest-AttachSCSIVolumeTestJSON-201039256-project-member] The cell worker thread pool ForkProcess-2.cell_worker is initialized
Aug 18 21:46:11.835791 np0000007706 nova-conductor[95869]: DEBUG oslo_concurrency.lockutils [None req-785c7b27-7cf0-4cb5-803f-902d582a6654 tempest-AttachSCSIVolumeTestJSON-201039256 tempest-AttachSCSIVolumeTestJSON-201039256-project-member] Acquiring lock "00000000-0000-0000-0000-000000000000" by "nova.context.set_target_cell..get_or_set_cached_cell_and_set_connections" {{(pid=95869) inner /opt/stack/data/venv/lib/python3.12/site-packages/oslo_concurrency/lockutils.py:512}}
Aug 18 21:46:11.835916 np0000007706 nova-conductor[95869]: DEBUG oslo_concurrency.lockutils [None req-785c7b27-7cf0-4cb5-803f-902d582a6654 tempest-AttachSCSIVolumeTestJSON-201039256 tempest-AttachSCSIVolumeTestJSON-201039256-project-member] Lock "00000000-0000-0000-0000-000000000000" acquired by "nova.context.set_target_cell..get_or_set_cached_cell_and_set_connections" :: waited 0.000s {{(pid=95869) inner /opt/stack/data/venv/lib/python3.12/site-packages/oslo_concurrency/lockutils.py:525}}
Aug 18 21:46:11.836278 np0000007706 nova-conductor[95869]: DEBUG oslo_concurrency.lockutils [None req-785c7b27-7cf0-4cb5-803f-902d582a6654 tempest-AttachSCSIVolumeTestJSON-201039256 tempest-AttachSCSIVolumeTestJSON-201039256-project-member] Lock "00000000-0000-0000-0000-000000000000" "released" by "nova.context.set_target_cell..get_or_set_cached_cell_and_set_connections" :: held 0.000s {{(pid=95869) inner /opt/stack/data/venv/lib/python3.12/site-packages/oslo_concurrency/lockutils.py:544}}
Aug 18 21:46:11.836860 np0000007706 nova-conductor[95869]: DEBUG oslo_concurrency.lockutils [None req-785c7b27-7cf0-4cb5-803f-902d582a6654 tempest-AttachSCSIVolumeTestJSON-201039256 tempest-AttachSCSIVolumeTestJSON-201039256-project-member] Acquiring lock "f9706d44-5101-4e06-8611-6ebb6c3d26fc" by "nova.context.set_target_cell..get_or_set_cached_cell_and_set_connections" {{(pid=95869) inner /opt/stack/data/venv/lib/python3.12/site-packages/oslo_concurrency/lockutils.py:512}}
Aug 18 21:46:11.836980 np0000007706 nova-conductor[95869]: DEBUG oslo_concurrency.lockutils [None req-785c7b27-7cf0-4cb5-803f-902d582a6654 tempest-AttachSCSIVolumeTestJSON-201039256 tempest-AttachSCSIVolumeTestJSON-201039256-project-member] Lock "f9706d44-5101-4e06-8611-6ebb6c3d26fc" acquired by "nova.context.set_target_cell..get_or_set_cached_cell_and_set_connections" :: waited 0.000s {{(pid=95869) inner /opt/stack/data/venv/lib/python3.12/site-packages/oslo_concurrency/lockutils.py:525}}
Aug 18 21:46:11.837077 np0000007706 nova-conductor[95869]: DEBUG oslo_concurrency.lockutils [None req-785c7b27-7cf0-4cb5-803f-902d582a6654 tempest-AttachSCSIVolumeTestJSON-201039256 tempest-AttachSCSIVolumeTestJSON-201039256-project-member] Lock "f9706d44-5101-4e06-8611-6ebb6c3d26fc" "released" by "nova.context.set_target_cell..get_or_set_cached_cell_and_set_connections" :: held 0.000s {{(pid=95869) inner /opt/stack/data/venv/lib/python3.12/site-packages/oslo_concurrency/lockutils.py:544}}
