Jul 27 11:26:18.672256 np0000005900 nova-scheduler[96729]: DEBUG cotyledon.oslo_config_glue [-] workarounds.never_download_image_if_on_rbd = False {{(pid=96729) log_opt_values /opt/stack/data/venv/lib/python3.12/site-packages/oslo_config/cfg.py:3253}}
Jul 27 11:26:18.672256 np0000005900 nova-scheduler[96729]: DEBUG cotyledon.oslo_config_glue [-] workarounds.qemu_monitor_announce_self_count = 3 {{(pid=96729) log_opt_values /opt/stack/data/venv/lib/python3.12/site-packages/oslo_config/cfg.py:3253}}
Jul 27 11:26:18.672256 np0000005900 nova-scheduler[96729]: DEBUG cotyledon.oslo_config_glue [-] workarounds.qemu_monitor_announce_self_interval = 1 {{(pid=96729) log_opt_values /opt/stack/data/venv/lib/python3.12/site-packages/oslo_config/cfg.py:3253}}
Jul 27 11:26:18.672256 np0000005900 nova-scheduler[96729]: DEBUG cotyledon.oslo_config_glue [-] workarounds.reserve_disk_resource_for_image_cache = False {{(pid=96729) log_opt_values /opt/stack/data/venv/lib/python3.12/site-packages/oslo_config/cfg.py:3253}}
Jul 27 11:26:18.672256 np0000005900 nova-scheduler[96729]: DEBUG cotyledon.oslo_config_glue [-] workarounds.skip_cpu_compare_at_startup = False {{(pid=96729) log_opt_values /opt/stack/data/venv/lib/python3.12/site-packages/oslo_config/cfg.py:3253}}
Jul 27 11:26:18.672256 np0000005900 nova-scheduler[96729]: DEBUG cotyledon.oslo_config_glue [-] workarounds.skip_cpu_compare_on_dest = False {{(pid=96729) log_opt_values /opt/stack/data/venv/lib/python3.12/site-packages/oslo_config/cfg.py:3253}}
Jul 27 11:26:18.672256 np0000005900 nova-scheduler[96729]: DEBUG cotyledon.oslo_config_glue [-] workarounds.skip_hypervisor_version_check_on_lm = False {{(pid=96729) log_opt_values /opt/stack/data/venv/lib/python3.12/site-packages/oslo_config/cfg.py:3253}}
Jul 27 11:26:18.672256 np0000005900 nova-scheduler[96729]: DEBUG cotyledon.oslo_config_glue [-] workarounds.skip_reserve_in_use_ironic_nodes = False {{(pid=96729) log_opt_values /opt/stack/data/venv/lib/python3.12/site-packages/oslo_config/cfg.py:3253}}
Jul 27 11:26:18.672528 np0000005900 nova-scheduler[96729]: DEBUG cotyledon.oslo_config_glue [-] workarounds.unified_limits_count_pcpu_as_vcpu = False {{(pid=96729) log_opt_values /opt/stack/data/venv/lib/python3.12/site-packages/oslo_config/cfg.py:3253}}
Jul 27 11:26:18.672528 np0000005900 nova-scheduler[96729]: DEBUG cotyledon.oslo_config_glue [-] workarounds.wait_for_vif_plugged_event_during_hard_reboot = [] {{(pid=96729) log_opt_values /opt/stack/data/venv/lib/python3.12/site-packages/oslo_config/cfg.py:3253}}
Jul 27 11:26:18.672528 np0000005900 nova-scheduler[96729]: DEBUG cotyledon.oslo_config_glue [-] wsgi.api_paste_config = /etc/nova/api-paste.ini {{(pid=96729) log_opt_values /opt/stack/data/venv/lib/python3.12/site-packages/oslo_config/cfg.py:3253}}
Jul 27 11:26:18.672528 np0000005900 nova-scheduler[96729]: DEBUG cotyledon.oslo_config_glue [-] wsgi.secure_proxy_ssl_header = None {{(pid=96729) log_opt_values /opt/stack/data/venv/lib/python3.12/site-packages/oslo_config/cfg.py:3253}}
Jul 27 11:26:18.672528 np0000005900 nova-scheduler[96729]: DEBUG cotyledon.oslo_config_glue [-] zvm.ca_file = None {{(pid=96729) log_opt_values /opt/stack/data/venv/lib/python3.12/site-packages/oslo_config/cfg.py:3253}}
Jul 27 11:26:18.672528 np0000005900 nova-scheduler[96729]: DEBUG cotyledon.oslo_config_glue [-] zvm.cloud_connector_url = None {{(pid=96729) log_opt_values /opt/stack/data/venv/lib/python3.12/site-packages/oslo_config/cfg.py:3253}}
Jul 27 11:26:18.672528 np0000005900 nova-scheduler[96729]: DEBUG cotyledon.oslo_config_glue [-] zvm.image_tmp_path = /opt/stack/data/nova/images {{(pid=96729) log_opt_values /opt/stack/data/venv/lib/python3.12/site-packages/oslo_config/cfg.py:3253}}
Jul 27 11:26:18.672528 np0000005900 nova-scheduler[96729]: DEBUG cotyledon.oslo_config_glue [-] zvm.reachable_timeout = 300 {{(pid=96729) log_opt_values /opt/stack/data/venv/lib/python3.12/site-packages/oslo_config/cfg.py:3253}}
Jul 27 11:26:18.672528 np0000005900 nova-scheduler[96729]: DEBUG cotyledon.oslo_config_glue [-] oslo_versionedobjects.fatal_exception_format_errors = False {{(pid=96729) log_opt_values /opt/stack/data/venv/lib/python3.12/site-packages/oslo_config/cfg.py:3253}}
Jul 27 11:26:18.672791 np0000005900 nova-scheduler[96729]: DEBUG cotyledon.oslo_config_glue [-] oslo_middleware.http_basic_auth_user_file = /etc/htpasswd {{(pid=96729) log_opt_values /opt/stack/data/venv/lib/python3.12/site-packages/oslo_config/cfg.py:3253}}
Jul 27 11:26:18.672791 np0000005900 nova-scheduler[96729]: DEBUG cotyledon.oslo_config_glue [-] oslo_messaging_metrics.metrics_buffer_size = 1000 {{(pid=96729) log_opt_values /opt/stack/data/venv/lib/python3.12/site-packages/oslo_config/cfg.py:3253}}
Jul 27 11:26:18.672791 np0000005900 nova-scheduler[96729]: DEBUG cotyledon.oslo_config_glue [-] oslo_messaging_metrics.metrics_enabled = False {{(pid=96729) log_opt_values /opt/stack/data/venv/lib/python3.12/site-packages/oslo_config/cfg.py:3253}}
Jul 27 11:26:18.672791 np0000005900 nova-scheduler[96729]: DEBUG cotyledon.oslo_config_glue [-] oslo_messaging_metrics.metrics_process_name = {{(pid=96729) log_opt_values /opt/stack/data/venv/lib/python3.12/site-packages/oslo_config/cfg.py:3253}}
Jul 27 11:26:18.672791 np0000005900 nova-scheduler[96729]: DEBUG cotyledon.oslo_config_glue [-] oslo_messaging_metrics.metrics_socket_file = /var/tmp/metrics_collector.sock {{(pid=96729) log_opt_values /opt/stack/data/venv/lib/python3.12/site-packages/oslo_config/cfg.py:3253}}
Jul 27 11:26:18.672791 np0000005900 nova-scheduler[96729]: DEBUG cotyledon.oslo_config_glue [-] oslo_messaging_metrics.metrics_thread_stop_timeout = 10 {{(pid=96729) log_opt_values /opt/stack/data/venv/lib/python3.12/site-packages/oslo_config/cfg.py:3253}}
Jul 27 11:26:18.672791 np0000005900 nova-scheduler[96729]: DEBUG cotyledon.oslo_config_glue [-] profiler.connection_string = messaging:// {{(pid=96729) log_opt_values /opt/stack/data/venv/lib/python3.12/site-packages/oslo_config/cfg.py:3253}}
Jul 27 11:26:18.672791 np0000005900 nova-scheduler[96729]: DEBUG cotyledon.oslo_config_glue [-] profiler.enabled = False {{(pid=96729) log_opt_values /opt/stack/data/venv/lib/python3.12/site-packages/oslo_config/cfg.py:3253}}
Jul 27 11:26:18.672791 np0000005900 nova-scheduler[96729]: DEBUG cotyledon.oslo_config_glue [-] profiler.es_doc_type = notification {{(pid=96729) log_opt_values /opt/stack/data/venv/lib/python3.12/site-packages/oslo_config/cfg.py:3253}}
Jul 27 11:26:18.673011 np0000005900 nova-scheduler[96729]: DEBUG cotyledon.oslo_config_glue [-] profiler.es_scroll_size = 10000 {{(pid=96729) log_opt_values /opt/stack/data/venv/lib/python3.12/site-packages/oslo_config/cfg.py:3253}}
Jul 27 11:26:18.673011 np0000005900 nova-scheduler[96729]: DEBUG cotyledon.oslo_config_glue [-] profiler.es_scroll_time = 2m {{(pid=96729) log_opt_values /opt/stack/data/venv/lib/python3.12/site-packages/oslo_config/cfg.py:3253}}
Jul 27 11:26:18.673011 np0000005900 nova-scheduler[96729]: DEBUG cotyledon.oslo_config_glue [-] profiler.filter_error_trace = False {{(pid=96729) log_opt_values /opt/stack/data/venv/lib/python3.12/site-packages/oslo_config/cfg.py:3253}}
Jul 27 11:26:18.673116 np0000005900 nova-scheduler[96727]: INFO nova.service [-] Starting scheduler node (version 33.1.0)
Jul 27 11:26:18.673166 np0000005900 nova-scheduler[96729]: DEBUG cotyledon.oslo_config_glue [-] profiler.hmac_keys = **** {{(pid=96729) log_opt_values /opt/stack/data/venv/lib/python3.12/site-packages/oslo_config/cfg.py:3253}}
Jul 27 11:26:18.673166 np0000005900 nova-scheduler[96729]: DEBUG cotyledon.oslo_config_glue [-] profiler.sentinel_service_name = mymaster {{(pid=96729) log_opt_values /opt/stack/data/venv/lib/python3.12/site-packages/oslo_config/cfg.py:3253}}
Jul 27 11:26:18.673166 np0000005900 nova-scheduler[96729]: DEBUG cotyledon.oslo_config_glue [-] profiler.socket_timeout = 0.1 {{(pid=96729) log_opt_values /opt/stack/data/venv/lib/python3.12/site-packages/oslo_config/cfg.py:3253}}
Jul 27 11:26:18.673166 np0000005900 nova-scheduler[96729]: DEBUG cotyledon.oslo_config_glue [-] profiler.trace_requests = False {{(pid=96729) log_opt_values /opt/stack/data/venv/lib/python3.12/site-packages/oslo_config/cfg.py:3253}}
Jul 27 11:26:18.673166 np0000005900 nova-scheduler[96729]: DEBUG cotyledon.oslo_config_glue [-] profiler.trace_sqlalchemy = False {{(pid=96729) log_opt_values /opt/stack/data/venv/lib/python3.12/site-packages/oslo_config/cfg.py:3253}}
Jul 27 11:26:18.673166 np0000005900 nova-scheduler[96729]: DEBUG cotyledon.oslo_config_glue [-] profiler_jaeger.process_tags = {} {{(pid=96729) log_opt_values /opt/stack/data/venv/lib/python3.12/site-packages/oslo_config/cfg.py:3253}}
Jul 27 11:26:18.673166 np0000005900 nova-scheduler[96729]: DEBUG cotyledon.oslo_config_glue [-] profiler_jaeger.service_name_prefix = None {{(pid=96729) log_opt_values /opt/stack/data/venv/lib/python3.12/site-packages/oslo_config/cfg.py:3253}}
Jul 27 11:26:18.673166 np0000005900 nova-scheduler[96729]: DEBUG cotyledon.oslo_config_glue [-] profiler_otlp.service_name_prefix = None {{(pid=96729) log_opt_values /opt/stack/data/venv/lib/python3.12/site-packages/oslo_config/cfg.py:3253}}
Jul 27 11:26:18.673166 np0000005900 nova-scheduler[96729]: DEBUG cotyledon.oslo_config_glue [-] oslo_messaging_rabbit.amqp_auto_delete = False {{(pid=96729) log_opt_values /opt/stack/data/venv/lib/python3.12/site-packages/oslo_config/cfg.py:3253}}
Jul 27 11:26:18.673366 np0000005900 nova-scheduler[96729]: DEBUG cotyledon.oslo_config_glue [-] oslo_messaging_rabbit.amqp_durable_queues = False {{(pid=96729) log_opt_values /opt/stack/data/venv/lib/python3.12/site-packages/oslo_config/cfg.py:3253}}
Jul 27 11:26:18.673366 np0000005900 nova-scheduler[96729]: DEBUG cotyledon.oslo_config_glue [-] oslo_messaging_rabbit.conn_pool_min_size = 2 {{(pid=96729) log_opt_values /opt/stack/data/venv/lib/python3.12/site-packages/oslo_config/cfg.py:3253}}
Jul 27 11:26:18.673366 np0000005900 nova-scheduler[96729]: DEBUG cotyledon.oslo_config_glue [-] oslo_messaging_rabbit.conn_pool_ttl = 1200 {{(pid=96729) log_opt_values /opt/stack/data/venv/lib/python3.12/site-packages/oslo_config/cfg.py:3253}}
Jul 27 11:26:18.673366 np0000005900 nova-scheduler[96729]: DEBUG cotyledon.oslo_config_glue [-] oslo_messaging_rabbit.direct_mandatory_flag = True {{(pid=96729) log_opt_values /opt/stack/data/venv/lib/python3.12/site-packages/oslo_config/cfg.py:3253}}
Jul 27 11:26:18.673366 np0000005900 nova-scheduler[96729]: DEBUG cotyledon.oslo_config_glue [-] oslo_messaging_rabbit.enable_cancel_on_failover = False {{(pid=96729) log_opt_values /opt/stack/data/venv/lib/python3.12/site-packages/oslo_config/cfg.py:3253}}
Jul 27 11:26:18.673366 np0000005900 nova-scheduler[96729]: DEBUG cotyledon.oslo_config_glue [-] oslo_messaging_rabbit.heartbeat_rate = 3 {{(pid=96729) log_opt_values /opt/stack/data/venv/lib/python3.12/site-packages/oslo_config/cfg.py:3253}}
Jul 27 11:26:18.673366 np0000005900 nova-scheduler[96729]: DEBUG cotyledon.oslo_config_glue [-] oslo_messaging_rabbit.heartbeat_timeout_threshold = 60 {{(pid=96729) log_opt_values /opt/stack/data/venv/lib/python3.12/site-packages/oslo_config/cfg.py:3253}}
Jul 27 11:26:18.673366 np0000005900 nova-scheduler[96729]: DEBUG cotyledon.oslo_config_glue [-] oslo_messaging_rabbit.hostname = np0000005900 {{(pid=96729) log_opt_values /opt/stack/data/venv/lib/python3.12/site-packages/oslo_config/cfg.py:3253}}
Jul 27 11:26:18.673366 np0000005900 nova-scheduler[96729]: DEBUG cotyledon.oslo_config_glue [-] oslo_messaging_rabbit.kombu_compression = None {{(pid=96729) log_opt_values /opt/stack/data/venv/lib/python3.12/site-packages/oslo_config/cfg.py:3253}}
Jul 27 11:26:18.673658 np0000005900 nova-scheduler[96729]: DEBUG cotyledon.oslo_config_glue [-] oslo_messaging_rabbit.kombu_failover_strategy = round-robin {{(pid=96729) log_opt_values /opt/stack/data/venv/lib/python3.12/site-packages/oslo_config/cfg.py:3253}}
Jul 27 11:26:18.673658 np0000005900 nova-scheduler[96729]: DEBUG cotyledon.oslo_config_glue [-] oslo_messaging_rabbit.kombu_missing_consumer_retry_timeout = 60 {{(pid=96729) log_opt_values /opt/stack/data/venv/lib/python3.12/site-packages/oslo_config/cfg.py:3253}}
Jul 27 11:26:18.673658 np0000005900 nova-scheduler[96729]: DEBUG cotyledon.oslo_config_glue [-] oslo_messaging_rabbit.kombu_reconnect_delay = 1.0 {{(pid=96729) log_opt_values /opt/stack/data/venv/lib/python3.12/site-packages/oslo_config/cfg.py:3253}}
Jul 27 11:26:18.673658 np0000005900 nova-scheduler[96729]: DEBUG cotyledon.oslo_config_glue [-] oslo_messaging_rabbit.kombu_reconnect_splay = 0.0 {{(pid=96729) log_opt_values /opt/stack/data/venv/lib/python3.12/site-packages/oslo_config/cfg.py:3253}}
Jul 27 11:26:18.673658 np0000005900 nova-scheduler[96729]: DEBUG cotyledon.oslo_config_glue [-] oslo_messaging_rabbit.processname = nova-scheduler {{(pid=96729) log_opt_values /opt/stack/data/venv/lib/python3.12/site-packages/oslo_config/cfg.py:3253}}
Jul 27 11:26:18.673658 np0000005900 nova-scheduler[96729]: DEBUG cotyledon.oslo_config_glue [-] oslo_messaging_rabbit.rabbit_ha_queues = False {{(pid=96729) log_opt_values /opt/stack/data/venv/lib/python3.12/site-packages/oslo_config/cfg.py:3253}}
Jul 27 11:26:18.673658 np0000005900 nova-scheduler[96729]: DEBUG cotyledon.oslo_config_glue [-] oslo_messaging_rabbit.rabbit_interval_max = 30 {{(pid=96729) log_opt_values /opt/stack/data/venv/lib/python3.12/site-packages/oslo_config/cfg.py:3253}}
Jul 27 11:26:18.673658 np0000005900 nova-scheduler[96729]: DEBUG cotyledon.oslo_config_glue [-] oslo_messaging_rabbit.rabbit_login_method = AMQPLAIN {{(pid=96729) log_opt_values /opt/stack/data/venv/lib/python3.12/site-packages/oslo_config/cfg.py:3253}}
Jul 27 11:26:18.673899 np0000005900 nova-scheduler[96729]: DEBUG cotyledon.oslo_config_glue [-] oslo_messaging_rabbit.rabbit_qos_prefetch_count = 0 {{(pid=96729) log_opt_values /opt/stack/data/venv/lib/python3.12/site-packages/oslo_config/cfg.py:3253}}
Jul 27 11:26:18.673899 np0000005900 nova-scheduler[96729]: DEBUG cotyledon.oslo_config_glue [-] oslo_messaging_rabbit.rabbit_quorum_delivery_limit = 0 {{(pid=96729) log_opt_values /opt/stack/data/venv/lib/python3.12/site-packages/oslo_config/cfg.py:3253}}
Jul 27 11:26:18.673899 np0000005900 nova-scheduler[96729]: DEBUG cotyledon.oslo_config_glue [-] oslo_messaging_rabbit.rabbit_quorum_max_memory_bytes = 0 {{(pid=96729) log_opt_values /opt/stack/data/venv/lib/python3.12/site-packages/oslo_config/cfg.py:3253}}
Jul 27 11:26:18.673899 np0000005900 nova-scheduler[96729]: DEBUG cotyledon.oslo_config_glue [-] oslo_messaging_rabbit.rabbit_quorum_max_memory_length = 0 {{(pid=96729) log_opt_values /opt/stack/data/venv/lib/python3.12/site-packages/oslo_config/cfg.py:3253}}
Jul 27 11:26:18.673899 np0000005900 nova-scheduler[96729]: DEBUG cotyledon.oslo_config_glue [-] oslo_messaging_rabbit.rabbit_quorum_queue = False {{(pid=96729) log_opt_values /opt/stack/data/venv/lib/python3.12/site-packages/oslo_config/cfg.py:3253}}
Jul 27 11:26:18.673899 np0000005900 nova-scheduler[96729]: DEBUG cotyledon.oslo_config_glue [-] oslo_messaging_rabbit.rabbit_retry_backoff = 2 {{(pid=96729) log_opt_values /opt/stack/data/venv/lib/python3.12/site-packages/oslo_config/cfg.py:3253}}
Jul 27 11:26:18.673899 np0000005900 nova-scheduler[96729]: DEBUG cotyledon.oslo_config_glue [-] oslo_messaging_rabbit.rabbit_retry_interval = 1 {{(pid=96729) log_opt_values /opt/stack/data/venv/lib/python3.12/site-packages/oslo_config/cfg.py:3253}}
Jul 27 11:26:18.673899 np0000005900 nova-scheduler[96729]: DEBUG cotyledon.oslo_config_glue [-] oslo_messaging_rabbit.rabbit_stream_fanout = False {{(pid=96729) log_opt_values /opt/stack/data/venv/lib/python3.12/site-packages/oslo_config/cfg.py:3253}}
Jul 27 11:26:18.674119 np0000005900 nova-scheduler[96729]: DEBUG cotyledon.oslo_config_glue [-] oslo_messaging_rabbit.rabbit_transient_queues_ttl = 1800 {{(pid=96729) log_opt_values /opt/stack/data/venv/lib/python3.12/site-packages/oslo_config/cfg.py:3253}}
Jul 27 11:26:18.674119 np0000005900 nova-scheduler[96729]: DEBUG cotyledon.oslo_config_glue [-] oslo_messaging_rabbit.rabbit_transient_quorum_queue = False {{(pid=96729) log_opt_values /opt/stack/data/venv/lib/python3.12/site-packages/oslo_config/cfg.py:3253}}
Jul 27 11:26:18.674119 np0000005900 nova-scheduler[96729]: DEBUG cotyledon.oslo_config_glue [-] oslo_messaging_rabbit.rpc_conn_pool_size = 30 {{(pid=96729) log_opt_values /opt/stack/data/venv/lib/python3.12/site-packages/oslo_config/cfg.py:3253}}
Jul 27 11:26:18.674119 np0000005900 nova-scheduler[96729]: DEBUG cotyledon.oslo_config_glue [-] oslo_messaging_rabbit.ssl = False {{(pid=96729) log_opt_values /opt/stack/data/venv/lib/python3.12/site-packages/oslo_config/cfg.py:3253}}
Jul 27 11:26:18.674119 np0000005900 nova-scheduler[96729]: DEBUG cotyledon.oslo_config_glue [-] oslo_messaging_rabbit.ssl_ca_file = {{(pid=96729) log_opt_values /opt/stack/data/venv/lib/python3.12/site-packages/oslo_config/cfg.py:3253}}
Jul 27 11:26:18.674119 np0000005900 nova-scheduler[96729]: DEBUG cotyledon.oslo_config_glue [-] oslo_messaging_rabbit.ssl_cert_file = {{(pid=96729) log_opt_values /opt/stack/data/venv/lib/python3.12/site-packages/oslo_config/cfg.py:3253}}
Jul 27 11:26:18.674119 np0000005900 nova-scheduler[96729]: DEBUG cotyledon.oslo_config_glue [-] oslo_messaging_rabbit.ssl_enforce_fips_mode = False {{(pid=96729) log_opt_values /opt/stack/data/venv/lib/python3.12/site-packages/oslo_config/cfg.py:3253}}
Jul 27 11:26:18.674119 np0000005900 nova-scheduler[96729]: DEBUG cotyledon.oslo_config_glue [-] oslo_messaging_rabbit.ssl_enforce_hostname_verification = True {{(pid=96729) log_opt_values /opt/stack/data/venv/lib/python3.12/site-packages/oslo_config/cfg.py:3253}}
Jul 27 11:26:18.674119 np0000005900 nova-scheduler[96729]: DEBUG cotyledon.oslo_config_glue [-] oslo_messaging_rabbit.ssl_key_file = {{(pid=96729) log_opt_values /opt/stack/data/venv/lib/python3.12/site-packages/oslo_config/cfg.py:3253}}
Jul 27 11:26:18.674406 np0000005900 nova-scheduler[96729]: DEBUG cotyledon.oslo_config_glue [-] oslo_messaging_rabbit.ssl_version = {{(pid=96729) log_opt_values /opt/stack/data/venv/lib/python3.12/site-packages/oslo_config/cfg.py:3253}}
Jul 27 11:26:18.674406 np0000005900 nova-scheduler[96729]: DEBUG cotyledon.oslo_config_glue [-] oslo_messaging_rabbit.use_queue_manager = False {{(pid=96729) log_opt_values /opt/stack/data/venv/lib/python3.12/site-packages/oslo_config/cfg.py:3253}}
Jul 27 11:26:18.674406 np0000005900 nova-scheduler[96729]: DEBUG cotyledon.oslo_config_glue [-] oslo_messaging_notifications.driver = ['messagingv2'] {{(pid=96729) log_opt_values /opt/stack/data/venv/lib/python3.12/site-packages/oslo_config/cfg.py:3253}}
Jul 27 11:26:18.674406 np0000005900 nova-scheduler[96729]: DEBUG cotyledon.oslo_config_glue [-] oslo_messaging_notifications.retry = -1 {{(pid=96729) log_opt_values /opt/stack/data/venv/lib/python3.12/site-packages/oslo_config/cfg.py:3253}}
Jul 27 11:26:18.674406 np0000005900 nova-scheduler[96729]: DEBUG cotyledon.oslo_config_glue [-] oslo_messaging_notifications.topics = ['notifications'] {{(pid=96729) log_opt_values /opt/stack/data/venv/lib/python3.12/site-packages/oslo_config/cfg.py:3253}}
Jul 27 11:26:18.674406 np0000005900 nova-scheduler[96729]: DEBUG cotyledon.oslo_config_glue [-] oslo_messaging_notifications.transport_url = **** {{(pid=96729) log_opt_values /opt/stack/data/venv/lib/python3.12/site-packages/oslo_config/cfg.py:3253}}
Jul 27 11:26:18.674406 np0000005900 nova-scheduler[96729]: DEBUG cotyledon.oslo_config_glue [-] oslo_limit.auth_section = None {{(pid=96729) log_opt_values /opt/stack/data/venv/lib/python3.12/site-packages/oslo_config/cfg.py:3253}}
Jul 27 11:26:18.674406 np0000005900 nova-scheduler[96729]: DEBUG cotyledon.oslo_config_glue [-] oslo_limit.auth_type = None {{(pid=96729) log_opt_values /opt/stack/data/venv/lib/python3.12/site-packages/oslo_config/cfg.py:3253}}
Jul 27 11:26:18.674406 np0000005900 nova-scheduler[96729]: DEBUG cotyledon.oslo_config_glue [-] oslo_limit.cafile = None {{(pid=96729) log_opt_values /opt/stack/data/venv/lib/python3.12/site-packages/oslo_config/cfg.py:3253}}
Jul 27 11:26:18.674724 np0000005900 nova-scheduler[96729]: DEBUG cotyledon.oslo_config_glue [-] oslo_limit.certfile = None {{(pid=96729) log_opt_values /opt/stack/data/venv/lib/python3.12/site-packages/oslo_config/cfg.py:3253}}
Jul 27 11:26:18.674724 np0000005900 nova-scheduler[96729]: DEBUG cotyledon.oslo_config_glue [-] oslo_limit.collect_timing = False {{(pid=96729) log_opt_values /opt/stack/data/venv/lib/python3.12/site-packages/oslo_config/cfg.py:3253}}
Jul 27 11:26:18.674724 np0000005900 nova-scheduler[96729]: DEBUG cotyledon.oslo_config_glue [-] oslo_limit.connect_retries = None {{(pid=96729) log_opt_values /opt/stack/data/venv/lib/python3.12/site-packages/oslo_config/cfg.py:3253}}
Jul 27 11:26:18.674724 np0000005900 nova-scheduler[96729]: DEBUG cotyledon.oslo_config_glue [-] oslo_limit.connect_retry_delay = None {{(pid=96729) log_opt_values /opt/stack/data/venv/lib/python3.12/site-packages/oslo_config/cfg.py:3253}}
Jul 27 11:26:18.674724 np0000005900 nova-scheduler[96729]: DEBUG cotyledon.oslo_config_glue [-] oslo_limit.endpoint_id = None {{(pid=96729) log_opt_values /opt/stack/data/venv/lib/python3.12/site-packages/oslo_config/cfg.py:3253}}
Jul 27 11:26:18.674724 np0000005900 nova-scheduler[96729]: DEBUG cotyledon.oslo_config_glue [-] oslo_limit.endpoint_interface = public {{(pid=96729) log_opt_values /opt/stack/data/venv/lib/python3.12/site-packages/oslo_config/cfg.py:3253}}
Jul 27 11:26:18.674724 np0000005900 nova-scheduler[96729]: DEBUG cotyledon.oslo_config_glue [-] oslo_limit.endpoint_override = None {{(pid=96729) log_opt_values /opt/stack/data/venv/lib/python3.12/site-packages/oslo_config/cfg.py:3253}}
Jul 27 11:26:18.674724 np0000005900 nova-scheduler[96729]: DEBUG cotyledon.oslo_config_glue [-] oslo_limit.endpoint_region_name = None {{(pid=96729) log_opt_values /opt/stack/data/venv/lib/python3.12/site-packages/oslo_config/cfg.py:3253}}
Jul 27 11:26:18.674724 np0000005900 nova-scheduler[96729]: DEBUG cotyledon.oslo_config_glue [-] oslo_limit.endpoint_service_name = None {{(pid=96729) log_opt_values /opt/stack/data/venv/lib/python3.12/site-packages/oslo_config/cfg.py:3253}}
Jul 27 11:26:18.675010 np0000005900 nova-scheduler[96729]: DEBUG cotyledon.oslo_config_glue [-] oslo_limit.endpoint_service_type = None {{(pid=96729) log_opt_values /opt/stack/data/venv/lib/python3.12/site-packages/oslo_config/cfg.py:3253}}
Jul 27 11:26:18.675010 np0000005900 nova-scheduler[96729]: DEBUG cotyledon.oslo_config_glue [-] oslo_limit.insecure = False {{(pid=96729) log_opt_values /opt/stack/data/venv/lib/python3.12/site-packages/oslo_config/cfg.py:3253}}
Jul 27 11:26:18.675010 np0000005900 nova-scheduler[96729]: DEBUG cotyledon.oslo_config_glue [-] oslo_limit.keyfile = None {{(pid=96729) log_opt_values /opt/stack/data/venv/lib/python3.12/site-packages/oslo_config/cfg.py:3253}}
Jul 27 11:26:18.675010 np0000005900 nova-scheduler[96729]: DEBUG cotyledon.oslo_config_glue [-] oslo_limit.max_version = None {{(pid=96729) log_opt_values /opt/stack/data/venv/lib/python3.12/site-packages/oslo_config/cfg.py:3253}}
Jul 27 11:26:18.675010 np0000005900 nova-scheduler[96729]: DEBUG cotyledon.oslo_config_glue [-] oslo_limit.min_version = None {{(pid=96729) log_opt_values /opt/stack/data/venv/lib/python3.12/site-packages/oslo_config/cfg.py:3253}}
Jul 27 11:26:18.675010 np0000005900 nova-scheduler[96729]: DEBUG cotyledon.oslo_config_glue [-] oslo_limit.region_name = None {{(pid=96729) log_opt_values /opt/stack/data/venv/lib/python3.12/site-packages/oslo_config/cfg.py:3253}}
Jul 27 11:26:18.675010 np0000005900 nova-scheduler[96729]: DEBUG cotyledon.oslo_config_glue [-] oslo_limit.retriable_status_codes = None {{(pid=96729) log_opt_values /opt/stack/data/venv/lib/python3.12/site-packages/oslo_config/cfg.py:3253}}
Jul 27 11:26:18.675010 np0000005900 nova-scheduler[96729]: DEBUG cotyledon.oslo_config_glue [-] oslo_limit.service_name = None {{(pid=96729) log_opt_values /opt/stack/data/venv/lib/python3.12/site-packages/oslo_config/cfg.py:3253}}
Jul 27 11:26:18.675010 np0000005900 nova-scheduler[96729]: DEBUG cotyledon.oslo_config_glue [-] oslo_limit.service_type = None {{(pid=96729) log_opt_values /opt/stack/data/venv/lib/python3.12/site-packages/oslo_config/cfg.py:3253}}
Jul 27 11:26:18.675312 np0000005900 nova-scheduler[96729]: DEBUG cotyledon.oslo_config_glue [-] oslo_limit.split_loggers = False {{(pid=96729) log_opt_values /opt/stack/data/venv/lib/python3.12/site-packages/oslo_config/cfg.py:3253}}
Jul 27 11:26:18.675312 np0000005900 nova-scheduler[96729]: DEBUG cotyledon.oslo_config_glue [-] oslo_limit.status_code_retries = None {{(pid=96729) log_opt_values /opt/stack/data/venv/lib/python3.12/site-packages/oslo_config/cfg.py:3253}}
Jul 27 11:26:18.675312 np0000005900 nova-scheduler[96729]: DEBUG cotyledon.oslo_config_glue [-] oslo_limit.status_code_retry_delay = None {{(pid=96729) log_opt_values /opt/stack/data/venv/lib/python3.12/site-packages/oslo_config/cfg.py:3253}}
Jul 27 11:26:18.675312 np0000005900 nova-scheduler[96729]: DEBUG cotyledon.oslo_config_glue [-] oslo_limit.timeout = None {{(pid=96729) log_opt_values /opt/stack/data/venv/lib/python3.12/site-packages/oslo_config/cfg.py:3253}}
Jul 27 11:26:18.675312 np0000005900 nova-scheduler[96729]: DEBUG cotyledon.oslo_config_glue [-] oslo_limit.valid_interfaces = None {{(pid=96729) log_opt_values /opt/stack/data/venv/lib/python3.12/site-packages/oslo_config/cfg.py:3253}}
Jul 27 11:26:18.675312 np0000005900 nova-scheduler[96729]: DEBUG cotyledon.oslo_config_glue [-] oslo_limit.version = None {{(pid=96729) log_opt_values /opt/stack/data/venv/lib/python3.12/site-packages/oslo_config/cfg.py:3253}}
Jul 27 11:26:18.675312 np0000005900 nova-scheduler[96729]: DEBUG cotyledon.oslo_config_glue [-] oslo_reports.file_event_handler = None {{(pid=96729) log_opt_values /opt/stack/data/venv/lib/python3.12/site-packages/oslo_config/cfg.py:3253}}
Jul 27 11:26:18.675312 np0000005900 nova-scheduler[96729]: DEBUG cotyledon.oslo_config_glue [-] oslo_reports.file_event_handler_interval = 1 {{(pid=96729) log_opt_values /opt/stack/data/venv/lib/python3.12/site-packages/oslo_config/cfg.py:3253}}
Jul 27 11:26:18.675312 np0000005900 nova-scheduler[96729]: DEBUG cotyledon.oslo_config_glue [-] oslo_reports.log_dir = None {{(pid=96729) log_opt_values /opt/stack/data/venv/lib/python3.12/site-packages/oslo_config/cfg.py:3253}}
Jul 27 11:26:18.675675 np0000005900 nova-scheduler[96729]: DEBUG cotyledon.oslo_config_glue [-] ******************************************************************************** {{(pid=96729) log_opt_values /opt/stack/data/venv/lib/python3.12/site-packages/oslo_config/cfg.py:3260}}
Jul 27 11:26:18.675675 np0000005900 nova-scheduler[96729]: DEBUG cotyledon._service_worker [-] Run service ServiceWrapper(3) [96729] {{(pid=96729) wait_forever /opt/stack/data/venv/lib/python3.12/site-packages/cotyledon/_service_worker.py:218}}
Jul 27 11:26:18.675742 np0000005900 nova-scheduler[96727]: INFO dbcounter [None req-9cba0831-1737-48a3-893b-2ff91ee859b3 None None] Registered counter for database nova_cell0
Jul 27 11:26:18.675779 np0000005900 nova-scheduler[96729]: INFO nova.service [-] Starting scheduler node (version 33.1.0)
Jul 27 11:26:18.675779 np0000005900 nova-scheduler[96729]: INFO dbcounter [None req-ef8352d8-11c0-47b7-a035-4fbbafb8c992 None None] Registered counter for database nova_cell0
Jul 27 11:26:18.675844 np0000005900 nova-scheduler[96720]: DEBUG oslo_db.sqlalchemy.engines [None req-9d2a352d-0e21-4a11-8a02-001f6066f0ea None None] MySQL server mode set to STRICT_TRANS_TABLES,STRICT_ALL_TABLES,NO_ZERO_IN_DATE,NO_ZERO_DATE,ERROR_FOR_DIVISION_BY_ZERO,TRADITIONAL,NO_ENGINE_SUBSTITUTION {{(pid=96720) _check_effective_sql_mode /opt/stack/data/venv/lib/python3.12/site-packages/oslo_db/sqlalchemy/engines.py:325}}
Jul 27 11:26:18.675844 np0000005900 nova-scheduler[96720]: DEBUG dbcounter [-] [96720] Writer thread running {{(pid=96720) stat_writer /opt/stack/data/venv/lib/python3.12/site-packages/dbcounter.py:102}}
Jul 27 11:26:18.684702 np0000005900 nova-scheduler[96725]: DEBUG oslo_db.sqlalchemy.engines [None req-b5e24478-d7e2-40b7-961d-d0bcc2cb7529 None None] MySQL server mode set to STRICT_TRANS_TABLES,STRICT_ALL_TABLES,NO_ZERO_IN_DATE,NO_ZERO_DATE,ERROR_FOR_DIVISION_BY_ZERO,TRADITIONAL,NO_ENGINE_SUBSTITUTION {{(pid=96725) _check_effective_sql_mode /opt/stack/data/venv/lib/python3.12/site-packages/oslo_db/sqlalchemy/engines.py:325}}
Jul 27 11:26:18.688526 np0000005900 nova-scheduler[96720]: DEBUG nova.service [None req-9d2a352d-0e21-4a11-8a02-001f6066f0ea None None] Creating RPC server for service: nova-scheduler on topic: scheduler {{(pid=96720) start /opt/stack/nova/nova/service.py:196}}
Jul 27 11:26:18.695420 np0000005900 nova-scheduler[96727]: DEBUG oslo_db.sqlalchemy.engines [None req-9cba0831-1737-48a3-893b-2ff91ee859b3 None None] MySQL server mode set to STRICT_TRANS_TABLES,STRICT_ALL_TABLES,NO_ZERO_IN_DATE,NO_ZERO_DATE,ERROR_FOR_DIVISION_BY_ZERO,TRADITIONAL,NO_ENGINE_SUBSTITUTION {{(pid=96727) _check_effective_sql_mode /opt/stack/data/venv/lib/python3.12/site-packages/oslo_db/sqlalchemy/engines.py:325}}
Jul 27 11:26:18.697721 np0000005900 nova-scheduler[96725]: DEBUG dbcounter [-] [96725] Writer thread running {{(pid=96725) stat_writer /opt/stack/data/venv/lib/python3.12/site-packages/dbcounter.py:102}}
Jul 27 11:26:18.701588 np0000005900 nova-scheduler[96725]: DEBUG nova.service [None req-b5e24478-d7e2-40b7-961d-d0bcc2cb7529 None None] Creating RPC server for service: nova-scheduler on topic: scheduler {{(pid=96725) start /opt/stack/nova/nova/service.py:196}}
Jul 27 11:26:18.705341 np0000005900 nova-scheduler[96729]: DEBUG oslo_db.sqlalchemy.engines [None req-ef8352d8-11c0-47b7-a035-4fbbafb8c992 None None] MySQL server mode set to STRICT_TRANS_TABLES,STRICT_ALL_TABLES,NO_ZERO_IN_DATE,NO_ZERO_DATE,ERROR_FOR_DIVISION_BY_ZERO,TRADITIONAL,NO_ENGINE_SUBSTITUTION {{(pid=96729) _check_effective_sql_mode /opt/stack/data/venv/lib/python3.12/site-packages/oslo_db/sqlalchemy/engines.py:325}}
Jul 27 11:26:18.708967 np0000005900 nova-scheduler[96727]: DEBUG dbcounter [-] [96727] Writer thread running {{(pid=96727) stat_writer /opt/stack/data/venv/lib/python3.12/site-packages/dbcounter.py:102}}
Jul 27 11:26:18.714261 np0000005900 nova-scheduler[96727]: DEBUG nova.service [None req-9cba0831-1737-48a3-893b-2ff91ee859b3 None None] Creating RPC server for service: nova-scheduler on topic: scheduler {{(pid=96727) start /opt/stack/nova/nova/service.py:196}}
Jul 27 11:26:18.715309 np0000005900 nova-scheduler[96729]: DEBUG dbcounter [-] [96729] Writer thread running {{(pid=96729) stat_writer /opt/stack/data/venv/lib/python3.12/site-packages/dbcounter.py:102}}
Jul 27 11:26:18.719621 np0000005900 nova-scheduler[96729]: DEBUG nova.service [None req-ef8352d8-11c0-47b7-a035-4fbbafb8c992 None None] Creating RPC server for service: nova-scheduler on topic: scheduler {{(pid=96729) start /opt/stack/nova/nova/service.py:196}}
Jul 27 11:26:18.726187 np0000005900 nova-scheduler[96720]: DEBUG nova.service [None req-9d2a352d-0e21-4a11-8a02-001f6066f0ea None None] Join ServiceGroup membership for this service scheduler {{(pid=96720) start /opt/stack/nova/nova/service.py:222}}
Jul 27 11:26:18.726322 np0000005900 nova-scheduler[96720]: DEBUG nova.servicegroup.drivers.db [None req-9d2a352d-0e21-4a11-8a02-001f6066f0ea None None] DB_Driver: join new ServiceGroup member np0000005900 to the scheduler group, service = {{(pid=96720) join /opt/stack/nova/nova/servicegroup/drivers/db.py:44}}
Jul 27 11:26:18.741936 np0000005900 nova-scheduler[96725]: DEBUG nova.service [None req-b5e24478-d7e2-40b7-961d-d0bcc2cb7529 None None] Join ServiceGroup membership for this service scheduler {{(pid=96725) start /opt/stack/nova/nova/service.py:222}}
Jul 27 11:26:18.741936 np0000005900 nova-scheduler[96725]: DEBUG nova.servicegroup.drivers.db [None req-b5e24478-d7e2-40b7-961d-d0bcc2cb7529 None None] DB_Driver: join new ServiceGroup member np0000005900 to the scheduler group, service = {{(pid=96725) join /opt/stack/nova/nova/servicegroup/drivers/db.py:44}}
Jul 27 11:26:18.747399 np0000005900 nova-scheduler[96727]: DEBUG nova.service [None req-9cba0831-1737-48a3-893b-2ff91ee859b3 None None] Join ServiceGroup membership for this service scheduler {{(pid=96727) start /opt/stack/nova/nova/service.py:222}}
Jul 27 11:26:18.747399 np0000005900 nova-scheduler[96727]: DEBUG nova.servicegroup.drivers.db [None req-9cba0831-1737-48a3-893b-2ff91ee859b3 None None] DB_Driver: join new ServiceGroup member np0000005900 to the scheduler group, service = {{(pid=96727) join /opt/stack/nova/nova/servicegroup/drivers/db.py:44}}
Jul 27 11:26:18.747605 np0000005900 nova-scheduler[96729]: DEBUG nova.service [None req-ef8352d8-11c0-47b7-a035-4fbbafb8c992 None None] Join ServiceGroup membership for this service scheduler {{(pid=96729) start /opt/stack/nova/nova/service.py:222}}
Jul 27 11:26:18.749344 np0000005900 nova-scheduler[96729]: DEBUG nova.servicegroup.drivers.db [None req-ef8352d8-11c0-47b7-a035-4fbbafb8c992 None None] DB_Driver: join new ServiceGroup member np0000005900 to the scheduler group, service = {{(pid=96729) join /opt/stack/nova/nova/servicegroup/drivers/db.py:44}}
Jul 27 11:26:23.744505 np0000005900 nova-scheduler[96720]: DEBUG oslo.service.backend._threading.loopingcall [-] Fixed interval looping call 'nova.servicegroup.drivers.db.DbDriver._report_state' sleeping for 119.98 seconds {{(pid=96720) _run_loop /opt/stack/data/venv/lib/python3.12/site-packages/oslo_service/backend/_threading/loopingcall.py:125}}
Jul 27 11:26:23.755429 np0000005900 nova-scheduler[96727]: DEBUG oslo.service.backend._threading.loopingcall [-] Fixed interval looping call 'nova.servicegroup.drivers.db.DbDriver._report_state' sleeping for 119.99 seconds {{(pid=96727) _run_loop /opt/stack/data/venv/lib/python3.12/site-packages/oslo_service/backend/_threading/loopingcall.py:125}}
Jul 27 11:26:23.758655 np0000005900 nova-scheduler[96725]: DEBUG oslo.service.backend._threading.loopingcall [-] Fixed interval looping call 'nova.servicegroup.drivers.db.DbDriver._report_state' sleeping for 119.99 seconds {{(pid=96725) _run_loop /opt/stack/data/venv/lib/python3.12/site-packages/oslo_service/backend/_threading/loopingcall.py:125}}
Jul 27 11:26:23.763559 np0000005900 nova-scheduler[96729]: DEBUG oslo.service.backend._threading.loopingcall [-] Fixed interval looping call 'nova.servicegroup.drivers.db.DbDriver._report_state' sleeping for 119.99 seconds {{(pid=96729) _run_loop /opt/stack/data/venv/lib/python3.12/site-packages/oslo_service/backend/_threading/loopingcall.py:125}}
Jul 27 11:26:27.226117 np0000005900 nova-scheduler[95531]: DEBUG dbcounter [-] [95531] Writing DB stats nova_api:SELECT=3 {{(pid=95531) stat_writer /opt/stack/data/venv/lib/python3.12/site-packages/dbcounter.py:115}}
Jul 27 11:26:27.363840 np0000005900 nova-scheduler[95531]: DEBUG dbcounter [-] [95531] Writing DB stats nova_cell1:SELECT=1 {{(pid=95531) stat_writer /opt/stack/data/venv/lib/python3.12/site-packages/dbcounter.py:115}}
Jul 27 11:26:27.367053 np0000005900 nova-scheduler[95531]: DEBUG dbcounter [-] [95531] Writing DB stats nova_cell0:SELECT=1 {{(pid=95531) stat_writer /opt/stack/data/venv/lib/python3.12/site-packages/dbcounter.py:115}}
Jul 27 11:26:33.737092 np0000005900 nova-scheduler[96720]: DEBUG dbcounter [-] [96720] Writing DB stats nova_cell0:SELECT=4,nova_cell0:INSERT=1,nova_cell0:UPDATE=1 {{(pid=96720) stat_writer /opt/stack/data/venv/lib/python3.12/site-packages/dbcounter.py:115}}
Jul 27 11:26:33.752171 np0000005900 nova-scheduler[96727]: DEBUG dbcounter [-] [96727] Writing DB stats nova_cell0:SELECT=3 {{(pid=96727) stat_writer /opt/stack/data/venv/lib/python3.12/site-packages/dbcounter.py:115}}
Jul 27 11:26:33.752806 np0000005900 nova-scheduler[96725]: DEBUG dbcounter [-] [96725] Writing DB stats nova_cell0:SELECT=3 {{(pid=96725) stat_writer /opt/stack/data/venv/lib/python3.12/site-packages/dbcounter.py:115}}
Jul 27 11:26:33.760225 np0000005900 nova-scheduler[96729]: DEBUG dbcounter [-] [96729] Writing DB stats nova_cell0:SELECT=3 {{(pid=96729) stat_writer /opt/stack/data/venv/lib/python3.12/site-packages/dbcounter.py:115}}
Jul 27 11:26:37.746104 np0000005900 nova-scheduler[96727]: DEBUG oslo.service.backend._threading.loopingcall [None req-dd40aa22-0748-4532-a980-c8a97f48017a None None] Dynamic interval looping call 'nova.service.Service.periodic_tasks' sleeping for 60.00 seconds {{(pid=96727) _run_loop /opt/stack/data/venv/lib/python3.12/site-packages/oslo_service/backend/_threading/loopingcall.py:125}}
Jul 27 11:26:39.750027 np0000005900 nova-scheduler[96729]: DEBUG oslo.service.backend._threading.loopingcall [None req-b2b78ab0-c8a9-4151-b337-09cd31e0d4b7 None None] Dynamic interval looping call 'nova.service.Service.periodic_tasks' sleeping for 60.00 seconds {{(pid=96729) _run_loop /opt/stack/data/venv/lib/python3.12/site-packages/oslo_service/backend/_threading/loopingcall.py:125}}
Jul 27 11:26:59.729660 np0000005900 nova-scheduler[96720]: DEBUG oslo.service.backend._threading.loopingcall [None req-62ddff5b-d69b-4908-8c7d-432ca7b5cad0 None None] Dynamic interval looping call 'nova.service.Service.periodic_tasks' sleeping for 60.00 seconds {{(pid=96720) _run_loop /opt/stack/data/venv/lib/python3.12/site-packages/oslo_service/backend/_threading/loopingcall.py:125}}
Jul 27 11:27:04.743692 np0000005900 nova-scheduler[96725]: DEBUG oslo.service.backend._threading.loopingcall [None req-e24c9eda-72b2-4446-8c67-e64cb68fe3dc None None] Dynamic interval looping call 'nova.service.Service.periodic_tasks' sleeping for 60.00 seconds {{(pid=96725) _run_loop /opt/stack/data/venv/lib/python3.12/site-packages/oslo_service/backend/_threading/loopingcall.py:125}}
Jul 27 11:27:37.746737 np0000005900 nova-scheduler[96727]: DEBUG oslo.service.backend._threading.loopingcall [None req-dd40aa22-0748-4532-a980-c8a97f48017a None None] Dynamic interval looping call 'nova.service.Service.periodic_tasks' sleeping for 60.00 seconds {{(pid=96727) _run_loop /opt/stack/data/venv/lib/python3.12/site-packages/oslo_service/backend/_threading/loopingcall.py:125}}
Jul 27 11:27:39.750419 np0000005900 nova-scheduler[96729]: DEBUG oslo.service.backend._threading.loopingcall [None req-b2b78ab0-c8a9-4151-b337-09cd31e0d4b7 None None] Dynamic interval looping call 'nova.service.Service.periodic_tasks' sleeping for 60.00 seconds {{(pid=96729) _run_loop /opt/stack/data/venv/lib/python3.12/site-packages/oslo_service/backend/_threading/loopingcall.py:125}}
Jul 27 11:27:59.730207 np0000005900 nova-scheduler[96720]: DEBUG oslo.service.backend._threading.loopingcall [None req-62ddff5b-d69b-4908-8c7d-432ca7b5cad0 None None] Dynamic interval looping call 'nova.service.Service.periodic_tasks' sleeping for 60.00 seconds {{(pid=96720) _run_loop /opt/stack/data/venv/lib/python3.12/site-packages/oslo_service/backend/_threading/loopingcall.py:125}}
Jul 27 11:28:04.744246 np0000005900 nova-scheduler[96725]: DEBUG oslo.service.backend._threading.loopingcall [None req-e24c9eda-72b2-4446-8c67-e64cb68fe3dc None None] Dynamic interval looping call 'nova.service.Service.periodic_tasks' sleeping for 60.00 seconds {{(pid=96725) _run_loop /opt/stack/data/venv/lib/python3.12/site-packages/oslo_service/backend/_threading/loopingcall.py:125}}
Jul 27 11:28:23.734746 np0000005900 nova-scheduler[96720]: DEBUG oslo.service.backend._threading.loopingcall [-] Fixed interval looping call 'nova.servicegroup.drivers.db.DbDriver._report_state' sleeping for 119.99 seconds {{(pid=96720) _run_loop /opt/stack/data/venv/lib/python3.12/site-packages/oslo_service/backend/_threading/loopingcall.py:125}}
Jul 27 11:28:23.750075 np0000005900 nova-scheduler[96727]: DEBUG oslo.service.backend._threading.loopingcall [-] Fixed interval looping call 'nova.servicegroup.drivers.db.DbDriver._report_state' sleeping for 120.00 seconds {{(pid=96727) _run_loop /opt/stack/data/venv/lib/python3.12/site-packages/oslo_service/backend/_threading/loopingcall.py:125}}
Jul 27 11:28:23.753180 np0000005900 nova-scheduler[96725]: DEBUG oslo.service.backend._threading.loopingcall [-] Fixed interval looping call 'nova.servicegroup.drivers.db.DbDriver._report_state' sleeping for 120.00 seconds {{(pid=96725) _run_loop /opt/stack/data/venv/lib/python3.12/site-packages/oslo_service/backend/_threading/loopingcall.py:125}}
Jul 27 11:28:23.758186 np0000005900 nova-scheduler[96729]: DEBUG oslo.service.backend._threading.loopingcall [-] Fixed interval looping call 'nova.servicegroup.drivers.db.DbDriver._report_state' sleeping for 120.00 seconds {{(pid=96729) _run_loop /opt/stack/data/venv/lib/python3.12/site-packages/oslo_service/backend/_threading/loopingcall.py:125}}
Jul 27 11:28:33.727890 np0000005900 nova-scheduler[96720]: DEBUG dbcounter [-] [96720] Writing DB stats nova_cell0:SELECT=1,nova_cell0:UPDATE=1 {{(pid=96720) stat_writer /opt/stack/data/venv/lib/python3.12/site-packages/dbcounter.py:115}}
Jul 27 11:28:33.747688 np0000005900 nova-scheduler[96727]: DEBUG dbcounter [-] [96727] Writing DB stats nova_cell0:SELECT=1 {{(pid=96727) stat_writer /opt/stack/data/venv/lib/python3.12/site-packages/dbcounter.py:115}}
Jul 27 11:28:33.750918 np0000005900 nova-scheduler[96725]: DEBUG dbcounter [-] [96725] Writing DB stats nova_cell0:SELECT=1 {{(pid=96725) stat_writer /opt/stack/data/venv/lib/python3.12/site-packages/dbcounter.py:115}}
Jul 27 11:28:33.756040 np0000005900 nova-scheduler[96729]: DEBUG dbcounter [-] [96729] Writing DB stats nova_cell0:SELECT=1 {{(pid=96729) stat_writer /opt/stack/data/venv/lib/python3.12/site-packages/dbcounter.py:115}}
Jul 27 11:28:37.747300 np0000005900 nova-scheduler[96727]: DEBUG oslo.service.backend._threading.loopingcall [None req-dd40aa22-0748-4532-a980-c8a97f48017a None None] Dynamic interval looping call 'nova.service.Service.periodic_tasks' sleeping for 60.00 seconds {{(pid=96727) _run_loop /opt/stack/data/venv/lib/python3.12/site-packages/oslo_service/backend/_threading/loopingcall.py:125}}
Jul 27 11:28:39.751006 np0000005900 nova-scheduler[96729]: DEBUG oslo.service.backend._threading.loopingcall [None req-b2b78ab0-c8a9-4151-b337-09cd31e0d4b7 None None] Dynamic interval looping call 'nova.service.Service.periodic_tasks' sleeping for 60.00 seconds {{(pid=96729) _run_loop /opt/stack/data/venv/lib/python3.12/site-packages/oslo_service/backend/_threading/loopingcall.py:125}}
Jul 27 11:28:58.938661 np0000005900 nova-scheduler[96720]: DEBUG nova.scheduler.manager [None req-64c27ea9-f2fa-44ea-ba4f-005bb7cc9dd1 tempest-DeleteServersTestJSON-1626495015 tempest-DeleteServersTestJSON-1626495015-project-member] Starting to schedule for instances: ['4dce1c17-f1c1-4d64-9afc-5bf596c5ff71'] {{(pid=96720) select_destinations /opt/stack/nova/nova/scheduler/manager.py:209}}
Jul 27 11:28:58.938661 np0000005900 nova-scheduler[96720]: DEBUG nova.scheduler.request_filter [None req-64c27ea9-f2fa-44ea-ba4f-005bb7cc9dd1 tempest-DeleteServersTestJSON-1626495015 tempest-DeleteServersTestJSON-1626495015-project-member] compute_status_filter request filter added forbidden trait COMPUTE_STATUS_DISABLED {{(pid=96720) compute_status_filter /opt/stack/nova/nova/scheduler/request_filter.py:253}}
Jul 27 11:28:58.938661 np0000005900 nova-scheduler[96720]: DEBUG nova.scheduler.request_filter [None req-64c27ea9-f2fa-44ea-ba4f-005bb7cc9dd1 tempest-DeleteServersTestJSON-1626495015 tempest-DeleteServersTestJSON-1626495015-project-member] Request filter 'compute_status_filter' took 0.0 seconds {{(pid=96720) wrapper /opt/stack/nova/nova/scheduler/request_filter.py:46}}
Jul 27 11:28:58.942401 np0000005900 nova-scheduler[96720]: DEBUG nova.scheduler.request_filter [None req-64c27ea9-f2fa-44ea-ba4f-005bb7cc9dd1 tempest-DeleteServersTestJSON-1626495015 tempest-DeleteServersTestJSON-1626495015-project-member] Request filter 'accelerators_filter' took 0.0 seconds {{(pid=96720) wrapper /opt/stack/nova/nova/scheduler/request_filter.py:46}}
Jul 27 11:28:58.942401 np0000005900 nova-scheduler[96720]: DEBUG nova.scheduler.request_filter [None req-64c27ea9-f2fa-44ea-ba4f-005bb7cc9dd1 tempest-DeleteServersTestJSON-1626495015 tempest-DeleteServersTestJSON-1626495015-project-member] Request filter 'packed_virtqueue_filter' took 0.0 seconds {{(pid=96720) wrapper /opt/stack/nova/nova/scheduler/request_filter.py:46}}
Jul 27 11:28:58.942401 np0000005900 nova-scheduler[96720]: DEBUG nova.scheduler.request_filter [None req-64c27ea9-f2fa-44ea-ba4f-005bb7cc9dd1 tempest-DeleteServersTestJSON-1626495015 tempest-DeleteServersTestJSON-1626495015-project-member] Request filter 'remote_managed_ports_filter' took 0.0 seconds {{(pid=96720) wrapper /opt/stack/nova/nova/scheduler/request_filter.py:46}}
Jul 27 11:28:58.942401 np0000005900 nova-scheduler[96720]: DEBUG nova.scheduler.request_filter [None req-64c27ea9-f2fa-44ea-ba4f-005bb7cc9dd1 tempest-DeleteServersTestJSON-1626495015 tempest-DeleteServersTestJSON-1626495015-project-member] ephemeral_encryption_filter skipped {{(pid=96720) ephemeral_encryption_filter /opt/stack/nova/nova/scheduler/request_filter.py:426}}
Jul 27 11:28:58.942401 np0000005900 nova-scheduler[96720]: DEBUG nova.scheduler.request_filter [None req-64c27ea9-f2fa-44ea-ba4f-005bb7cc9dd1 tempest-DeleteServersTestJSON-1626495015 tempest-DeleteServersTestJSON-1626495015-project-member] virtio_sound_filter skipped {{(pid=96720) virtio_sound_filter /opt/stack/nova/nova/scheduler/request_filter.py:460}}
Jul 27 11:28:58.942742 np0000005900 nova-scheduler[96720]: DEBUG nova.scheduler.request_filter [None req-64c27ea9-f2fa-44ea-ba4f-005bb7cc9dd1 tempest-DeleteServersTestJSON-1626495015 tempest-DeleteServersTestJSON-1626495015-project-member] tpm_secret_security_filter skipped {{(pid=96720) tpm_secret_security_filter /opt/stack/nova/nova/scheduler/request_filter.py:477}}
Jul 27 11:28:59.587845 np0000005900 nova-scheduler[96720]: INFO nova.utils [None req-64c27ea9-f2fa-44ea-ba4f-005bb7cc9dd1 tempest-DeleteServersTestJSON-1626495015 tempest-DeleteServersTestJSON-1626495015-project-member] The cell worker thread pool ForkProcess-1.cell_worker is initialized
Jul 27 11:28:59.588199 np0000005900 nova-scheduler[96720]: DEBUG oslo_concurrency.lockutils [None req-64c27ea9-f2fa-44ea-ba4f-005bb7cc9dd1 tempest-DeleteServersTestJSON-1626495015 tempest-DeleteServersTestJSON-1626495015-project-member] Acquiring lock "3d22e249-f21a-4211-baaf-6976ce8b293d" by "nova.context.set_target_cell..get_or_set_cached_cell_and_set_connections" {{(pid=96720) inner /opt/stack/data/venv/lib/python3.12/site-packages/oslo_concurrency/lockutils.py:512}}
Jul 27 11:28:59.588392 np0000005900 nova-scheduler[96720]: DEBUG oslo_concurrency.lockutils [None req-64c27ea9-f2fa-44ea-ba4f-005bb7cc9dd1 tempest-DeleteServersTestJSON-1626495015 tempest-DeleteServersTestJSON-1626495015-project-member] Lock "3d22e249-f21a-4211-baaf-6976ce8b293d" acquired by "nova.context.set_target_cell..get_or_set_cached_cell_and_set_connections" :: waited 0.000s {{(pid=96720) inner /opt/stack/data/venv/lib/python3.12/site-packages/oslo_concurrency/lockutils.py:525}}
Jul 27 11:28:59.589771 np0000005900 nova-scheduler[96720]: DEBUG oslo_concurrency.lockutils [None req-64c27ea9-f2fa-44ea-ba4f-005bb7cc9dd1 tempest-DeleteServersTestJSON-1626495015 tempest-DeleteServersTestJSON-1626495015-project-member] Lock "3d22e249-f21a-4211-baaf-6976ce8b293d" "released" by "nova.context.set_target_cell..get_or_set_cached_cell_and_set_connections" :: held 0.001s {{(pid=96720) inner /opt/stack/data/venv/lib/python3.12/site-packages/oslo_concurrency/lockutils.py:544}}
Jul 27 11:28:59.592100 np0000005900 nova-scheduler[96720]: INFO dbcounter [None req-64c27ea9-f2fa-44ea-ba4f-005bb7cc9dd1 tempest-DeleteServersTestJSON-1626495015 tempest-DeleteServersTestJSON-1626495015-project-member] Registered counter for database nova_cell1
Jul 27 11:28:59.649093 np0000005900 nova-scheduler[96720]: DEBUG oslo_db.sqlalchemy.engines [None req-64c27ea9-f2fa-44ea-ba4f-005bb7cc9dd1 tempest-DeleteServersTestJSON-1626495015 tempest-DeleteServersTestJSON-1626495015-project-member] MySQL server mode set to STRICT_TRANS_TABLES,STRICT_ALL_TABLES,NO_ZERO_IN_DATE,NO_ZERO_DATE,ERROR_FOR_DIVISION_BY_ZERO,TRADITIONAL,NO_ENGINE_SUBSTITUTION {{(pid=96720) _check_effective_sql_mode /opt/stack/data/venv/lib/python3.12/site-packages/oslo_db/sqlalchemy/engines.py:325}}
Jul 27 11:28:59.656627 np0000005900 nova-scheduler[96720]: DEBUG dbcounter [-] [96720] Writer thread running {{(pid=96720) stat_writer /opt/stack/data/venv/lib/python3.12/site-packages/dbcounter.py:102}}
Jul 27 11:28:59.669823 np0000005900 nova-scheduler[96720]: DEBUG oslo_db.sqlalchemy.engines [None req-64c27ea9-f2fa-44ea-ba4f-005bb7cc9dd1 tempest-DeleteServersTestJSON-1626495015 tempest-DeleteServersTestJSON-1626495015-project-member] Parent process 95531 forked (96720) with an open database connection, which is being discarded and recreated. {{(pid=96720) checkout /opt/stack/data/venv/lib/python3.12/site-packages/oslo_db/sqlalchemy/engines.py:402}}
Jul 27 11:28:59.722630 np0000005900 nova-scheduler[96720]: DEBUG dbcounter [-] [96720] Writer thread running {{(pid=96720) stat_writer /opt/stack/data/venv/lib/python3.12/site-packages/dbcounter.py:102}}
Jul 27 11:28:59.725126 np0000005900 nova-scheduler[96720]: DEBUG oslo_concurrency.lockutils [None req-64c27ea9-f2fa-44ea-ba4f-005bb7cc9dd1 tempest-DeleteServersTestJSON-1626495015 tempest-DeleteServersTestJSON-1626495015-project-member] Acquiring lock "3d22e249-f21a-4211-baaf-6976ce8b293d" by "nova.context.set_target_cell..get_or_set_cached_cell_and_set_connections" {{(pid=96720) inner /opt/stack/data/venv/lib/python3.12/site-packages/oslo_concurrency/lockutils.py:512}}
