Jul 27 11:35:33.554982 np0000005900 devstack@placement-api.service[93352]: [pid: 93352|app: 0|req: 241/957] 10.4.3.192 () {68 vars in 1499 bytes} [Mon Jul 27 11:35:33 2026] GET /placement/allocations/2413107e-248b-4995-8c68-0c134a0039d4 => generated 244 bytes in 16 msecs (HTTP/1.1 200) 8 headers in 296 bytes (1 switches on core 0)
Jul 27 11:35:33.620368 np0000005900 devstack@placement-api.service[93354]: DEBUG placement.requestlog [req-8e9ed524-6b20-41ea-8a04-0a68bbf7b969 req-e3202ef1-664d-448e-87ee-236a3bbbfd0f None None] Starting request: 10.4.3.192 "GET /placement/allocations/c017f459-f74a-4801-81a7-04a03aee6a79" {{(pid=93354) __call__ /opt/stack/placement/placement/requestlog.py:55}}
Jul 27 11:35:33.630025 np0000005900 devstack@placement-api.service[93354]: INFO placement.requestlog [req-8e9ed524-6b20-41ea-8a04-0a68bbf7b969 req-e3202ef1-664d-448e-87ee-236a3bbbfd0f service nova] 10.4.3.192 "GET /placement/allocations/c017f459-f74a-4801-81a7-04a03aee6a79" status: 200 len: 258 microversion: 1.28
Jul 27 11:35:33.631258 np0000005900 devstack@placement-api.service[93354]: [pid: 93354|app: 0|req: 239/958] 10.4.3.192 () {68 vars in 1499 bytes} [Mon Jul 27 11:35:33 2026] GET /placement/allocations/c017f459-f74a-4801-81a7-04a03aee6a79 => generated 258 bytes in 10 msecs (HTTP/1.1 200) 8 headers in 296 bytes (1 switches on core 0)
Jul 27 11:35:33.691068 np0000005900 devstack@placement-api.service[93353]: DEBUG placement.requestlog [req-8e9ed524-6b20-41ea-8a04-0a68bbf7b969 req-9f6bf026-b47e-453f-8471-b26822c73b4f None None] Starting request: 10.4.3.192 "GET /placement/allocations/f3ec0cd0-73d2-415a-9316-652d81d39ce9" {{(pid=93353) __call__ /opt/stack/placement/placement/requestlog.py:55}}
Jul 27 11:35:33.699036 np0000005900 devstack@placement-api.service[93353]: INFO placement.requestlog [req-8e9ed524-6b20-41ea-8a04-0a68bbf7b969 req-9f6bf026-b47e-453f-8471-b26822c73b4f service nova] 10.4.3.192 "GET /placement/allocations/f3ec0cd0-73d2-415a-9316-652d81d39ce9" status: 200 len: 258 microversion: 1.28
Jul 27 11:35:33.699273 np0000005900 devstack@placement-api.service[93353]: [pid: 93353|app: 0|req: 240/959] 10.4.3.192 () {68 vars in 1499 bytes} [Mon Jul 27 11:35:33 2026] GET /placement/allocations/f3ec0cd0-73d2-415a-9316-652d81d39ce9 => generated 258 bytes in 9 msecs (HTTP/1.1 200) 8 headers in 296 bytes (1 switches on core 0)
Jul 27 11:35:33.836460 np0000005900 devstack@placement-api.service[93351]: DEBUG placement.requestlog [req-8e9ed524-6b20-41ea-8a04-0a68bbf7b969 req-12432679-4cd0-47f7-99a3-c547152af0d6 None None] Starting request: 10.4.3.192 "DELETE /placement/allocations/e4a923ef-b022-4b2b-9df1-d0e7f193a5a3" {{(pid=93351) __call__ /opt/stack/placement/placement/requestlog.py:55}}
Jul 27 11:35:33.896371 np0000005900 devstack@placement-api.service[93351]: DEBUG placement.handlers.allocation [req-8e9ed524-6b20-41ea-8a04-0a68bbf7b969 req-12432679-4cd0-47f7-99a3-c547152af0d6 service nova] Successfully deleted allocations [, , ] {{(pid=93351) delete_allocations /opt/stack/placement/placement/handlers/allocation.py:627}}
Jul 27 11:35:33.896580 np0000005900 devstack@placement-api.service[93351]: INFO placement.requestlog [req-8e9ed524-6b20-41ea-8a04-0a68bbf7b969 req-12432679-4cd0-47f7-99a3-c547152af0d6 service nova] 10.4.3.192 "DELETE /placement/allocations/e4a923ef-b022-4b2b-9df1-d0e7f193a5a3" status: 204 len: 0 microversion: 1.0
Jul 27 11:35:33.896804 np0000005900 devstack@placement-api.service[93351]: [pid: 93351|app: 0|req: 240/960] 10.4.3.192 () {68 vars in 1477 bytes} [Mon Jul 27 11:35:33 2026] DELETE /placement/allocations/e4a923ef-b022-4b2b-9df1-d0e7f193a5a3 => generated 0 bytes in 61 msecs (HTTP/1.1 204) 5 headers in 198 bytes (1 switches on core 0)
Jul 27 11:35:34.472147 np0000005900 devstack@placement-api.service[93352]: DEBUG placement.requestlog [req-36b2311b-3000-4958-9dd2-41bf4a9df19d req-ebed6430-d667-4625-a312-a84cb8766e79 None None] Starting request: 10.4.3.192 "GET /placement/resource_providers/4b199c74-db84-4ef0-bb1f-68ef95b7fb51/allocations" {{(pid=93352) __call__ /opt/stack/placement/placement/requestlog.py:55}}
Jul 27 11:35:34.495451 np0000005900 devstack@placement-api.service[93352]: INFO placement.requestlog [req-36b2311b-3000-4958-9dd2-41bf4a9df19d req-ebed6430-d667-4625-a312-a84cb8766e79 service nova] 10.4.3.192 "GET /placement/resource_providers/4b199c74-db84-4ef0-bb1f-68ef95b7fb51/allocations" status: 200 len: 925 microversion: 1.0
Jul 27 11:35:34.495830 np0000005900 devstack@placement-api.service[93352]: [pid: 93352|app: 0|req: 242/961] 10.4.3.192 () {66 vars in 1512 bytes} [Mon Jul 27 11:35:34 2026] GET /placement/resource_providers/4b199c74-db84-4ef0-bb1f-68ef95b7fb51/allocations => generated 925 bytes in 24 msecs (HTTP/1.1 200) 6 headers in 224 bytes (1 switches on core 0)
Jul 27 11:35:34.543371 np0000005900 devstack@placement-api.service[93354]: DEBUG placement.requestlog [req-36b2311b-3000-4958-9dd2-41bf4a9df19d req-4340dce7-22af-4938-8cd6-a8abc899cc75 None None] Starting request: 10.4.3.192 "GET /placement/allocations/4a731762-3343-43f7-a019-d245b8c70c21" {{(pid=93354) __call__ /opt/stack/placement/placement/requestlog.py:55}}
Jul 27 11:35:34.612037 np0000005900 devstack@placement-api.service[93354]: INFO placement.requestlog [req-36b2311b-3000-4958-9dd2-41bf4a9df19d req-4340dce7-22af-4938-8cd6-a8abc899cc75 service nova] 10.4.3.192 "GET /placement/allocations/4a731762-3343-43f7-a019-d245b8c70c21" status: 200 len: 258 microversion: 1.28
Jul 27 11:35:34.612269 np0000005900 devstack@placement-api.service[93354]: [pid: 93354|app: 0|req: 240/962] 10.4.3.192 () {68 vars in 1499 bytes} [Mon Jul 27 11:35:34 2026] GET /placement/allocations/4a731762-3343-43f7-a019-d245b8c70c21 => generated 258 bytes in 69 msecs (HTTP/1.1 200) 8 headers in 296 bytes (1 switches on core 0)
Jul 27 11:35:34.650966 np0000005900 devstack@placement-api.service[93353]: DEBUG placement.requestlog [req-36b2311b-3000-4958-9dd2-41bf4a9df19d req-a258f0c9-10a2-4f74-83a8-86f84c1c6635 None None] Starting request: 10.4.3.192 "GET /placement/allocations/d0044f9b-2493-4882-996d-b777d647fb75" {{(pid=93353) __call__ /opt/stack/placement/placement/requestlog.py:55}}
Jul 27 11:35:34.664297 np0000005900 devstack@placement-api.service[93353]: INFO placement.requestlog [req-36b2311b-3000-4958-9dd2-41bf4a9df19d req-a258f0c9-10a2-4f74-83a8-86f84c1c6635 service nova] 10.4.3.192 "GET /placement/allocations/d0044f9b-2493-4882-996d-b777d647fb75" status: 200 len: 258 microversion: 1.28
Jul 27 11:35:34.664623 np0000005900 devstack@placement-api.service[93353]: [pid: 93353|app: 0|req: 241/963] 10.4.3.192 () {68 vars in 1499 bytes} [Mon Jul 27 11:35:34 2026] GET /placement/allocations/d0044f9b-2493-4882-996d-b777d647fb75 => generated 258 bytes in 14 msecs (HTTP/1.1 200) 8 headers in 296 bytes (1 switches on core 0)
Jul 27 11:35:34.706121 np0000005900 devstack@placement-api.service[93351]: DEBUG placement.requestlog [req-36b2311b-3000-4958-9dd2-41bf4a9df19d req-dedc9ad3-3627-4833-a00f-849e4382bf9f None None] Starting request: 10.4.3.192 "GET /placement/allocations/fe8f3c47-9e31-4e88-8814-f5c693e34e9f" {{(pid=93351) __call__ /opt/stack/placement/placement/requestlog.py:55}}
Jul 27 11:35:34.718418 np0000005900 devstack@placement-api.service[93351]: INFO placement.requestlog [req-36b2311b-3000-4958-9dd2-41bf4a9df19d req-dedc9ad3-3627-4833-a00f-849e4382bf9f service nova] 10.4.3.192 "GET /placement/allocations/fe8f3c47-9e31-4e88-8814-f5c693e34e9f" status: 200 len: 258 microversion: 1.28
Jul 27 11:35:34.718657 np0000005900 devstack@placement-api.service[93351]: [pid: 93351|app: 0|req: 241/964] 10.4.3.192 () {68 vars in 1499 bytes} [Mon Jul 27 11:35:34 2026] GET /placement/allocations/fe8f3c47-9e31-4e88-8814-f5c693e34e9f => generated 258 bytes in 13 msecs (HTTP/1.1 200) 8 headers in 296 bytes (1 switches on core 0)
Jul 27 11:35:34.757237 np0000005900 devstack@placement-api.service[93352]: DEBUG placement.requestlog [req-36b2311b-3000-4958-9dd2-41bf4a9df19d req-142428fc-563a-46b1-9528-81baa8ce825c None None] Starting request: 10.4.3.192 "GET /placement/allocations/95744f7f-9a4e-49d2-a7b7-7b547ceec0f1" {{(pid=93352) __call__ /opt/stack/placement/placement/requestlog.py:55}}
Jul 27 11:35:34.764361 np0000005900 devstack@placement-api.service[93352]: INFO placement.requestlog [req-36b2311b-3000-4958-9dd2-41bf4a9df19d req-142428fc-563a-46b1-9528-81baa8ce825c service nova] 10.4.3.192 "GET /placement/allocations/95744f7f-9a4e-49d2-a7b7-7b547ceec0f1" status: 200 len: 258 microversion: 1.28
Jul 27 11:35:34.764578 np0000005900 devstack@placement-api.service[93352]: [pid: 93352|app: 0|req: 243/965] 10.4.3.192 () {68 vars in 1499 bytes} [Mon Jul 27 11:35:34 2026] GET /placement/allocations/95744f7f-9a4e-49d2-a7b7-7b547ceec0f1 => generated 258 bytes in 7 msecs (HTTP/1.1 200) 8 headers in 296 bytes (1 switches on core 0)
Jul 27 11:35:34.803378 np0000005900 devstack@placement-api.service[93354]: DEBUG placement.requestlog [req-36b2311b-3000-4958-9dd2-41bf4a9df19d req-09ada77b-3ea8-4b50-9e9c-d7707f4662d8 None None] Starting request: 10.4.3.192 "GET /placement/allocations/5ec67471-42fe-466d-8c9f-e02c6b24abf3" {{(pid=93354) __call__ /opt/stack/placement/placement/requestlog.py:55}}
Jul 27 11:35:34.825781 np0000005900 devstack@placement-api.service[93354]: INFO placement.requestlog [req-36b2311b-3000-4958-9dd2-41bf4a9df19d req-09ada77b-3ea8-4b50-9e9c-d7707f4662d8 service nova] 10.4.3.192 "GET /placement/allocations/5ec67471-42fe-466d-8c9f-e02c6b24abf3" status: 200 len: 258 microversion: 1.28
Jul 27 11:35:34.828137 np0000005900 devstack@placement-api.service[93354]: [pid: 93354|app: 0|req: 241/966] 10.4.3.192 () {68 vars in 1499 bytes} [Mon Jul 27 11:35:34 2026] GET /placement/allocations/5ec67471-42fe-466d-8c9f-e02c6b24abf3 => generated 258 bytes in 23 msecs (HTTP/1.1 200) 8 headers in 296 bytes (1 switches on core 0)
Jul 27 11:35:34.879827 np0000005900 devstack@placement-api.service[93353]: DEBUG placement.requestlog [req-36b2311b-3000-4958-9dd2-41bf4a9df19d req-6d9380dd-5393-4cbf-b866-04d7f32ff4c3 None None] Starting request: 10.4.3.192 "GET /placement/allocations/9365ae28-dab2-4a77-8d48-7816b63d4b6e" {{(pid=93353) __call__ /opt/stack/placement/placement/requestlog.py:55}}
Jul 27 11:35:34.906739 np0000005900 devstack@placement-api.service[93353]: INFO placement.requestlog [req-36b2311b-3000-4958-9dd2-41bf4a9df19d req-6d9380dd-5393-4cbf-b866-04d7f32ff4c3 service nova] 10.4.3.192 "GET /placement/allocations/9365ae28-dab2-4a77-8d48-7816b63d4b6e" status: 200 len: 244 microversion: 1.28
Jul 27 11:35:34.906975 np0000005900 devstack@placement-api.service[93353]: [pid: 93353|app: 0|req: 242/967] 10.4.3.192 () {68 vars in 1499 bytes} [Mon Jul 27 11:35:34 2026] GET /placement/allocations/9365ae28-dab2-4a77-8d48-7816b63d4b6e => generated 244 bytes in 32 msecs (HTTP/1.1 200) 8 headers in 296 bytes (1 switches on core 0)
Jul 27 11:35:34.952019 np0000005900 devstack@placement-api.service[93351]: DEBUG placement.requestlog [req-36b2311b-3000-4958-9dd2-41bf4a9df19d req-540ae59f-4eda-4c43-ba1d-971eb037ba93 None None] Starting request: 10.4.3.192 "GET /placement/allocations/2413107e-248b-4995-8c68-0c134a0039d4" {{(pid=93351) __call__ /opt/stack/placement/placement/requestlog.py:55}}
Jul 27 11:35:34.959206 np0000005900 devstack@placement-api.service[93351]: INFO placement.requestlog [req-36b2311b-3000-4958-9dd2-41bf4a9df19d req-540ae59f-4eda-4c43-ba1d-971eb037ba93 service nova] 10.4.3.192 "GET /placement/allocations/2413107e-248b-4995-8c68-0c134a0039d4" status: 200 len: 244 microversion: 1.28
Jul 27 11:35:34.959430 np0000005900 devstack@placement-api.service[93351]: [pid: 93351|app: 0|req: 242/968] 10.4.3.192 () {68 vars in 1499 bytes} [Mon Jul 27 11:35:34 2026] GET /placement/allocations/2413107e-248b-4995-8c68-0c134a0039d4 => generated 244 bytes in 7 msecs (HTTP/1.1 200) 8 headers in 296 bytes (1 switches on core 0)
Jul 27 11:35:35.013115 np0000005900 devstack@placement-api.service[93352]: DEBUG placement.requestlog [req-36b2311b-3000-4958-9dd2-41bf4a9df19d req-552f7899-abaa-4a7f-a865-f9737fb45873 None None] Starting request: 10.4.3.192 "GET /placement/allocations/c017f459-f74a-4801-81a7-04a03aee6a79" {{(pid=93352) __call__ /opt/stack/placement/placement/requestlog.py:55}}
Jul 27 11:35:35.025559 np0000005900 devstack@placement-api.service[93352]: INFO placement.requestlog [req-36b2311b-3000-4958-9dd2-41bf4a9df19d req-552f7899-abaa-4a7f-a865-f9737fb45873 service nova] 10.4.3.192 "GET /placement/allocations/c017f459-f74a-4801-81a7-04a03aee6a79" status: 200 len: 258 microversion: 1.28
Jul 27 11:35:35.025559 np0000005900 devstack@placement-api.service[93352]: [pid: 93352|app: 0|req: 244/969] 10.4.3.192 () {68 vars in 1499 bytes} [Mon Jul 27 11:35:35 2026] GET /placement/allocations/c017f459-f74a-4801-81a7-04a03aee6a79 => generated 258 bytes in 12 msecs (HTTP/1.1 200) 8 headers in 296 bytes (1 switches on core 0)
Jul 27 11:35:35.080212 np0000005900 devstack@placement-api.service[93354]: DEBUG placement.requestlog [req-36b2311b-3000-4958-9dd2-41bf4a9df19d req-10b34bc2-b7f9-4dc3-8170-17a7554f3170 None None] Starting request: 10.4.3.192 "GET /placement/allocations/f3ec0cd0-73d2-415a-9316-652d81d39ce9" {{(pid=93354) __call__ /opt/stack/placement/placement/requestlog.py:55}}
Jul 27 11:35:35.087713 np0000005900 devstack@placement-api.service[93354]: INFO placement.requestlog [req-36b2311b-3000-4958-9dd2-41bf4a9df19d req-10b34bc2-b7f9-4dc3-8170-17a7554f3170 service nova] 10.4.3.192 "GET /placement/allocations/f3ec0cd0-73d2-415a-9316-652d81d39ce9" status: 200 len: 258 microversion: 1.28
Jul 27 11:35:35.087832 np0000005900 devstack@placement-api.service[93354]: [pid: 93354|app: 0|req: 242/970] 10.4.3.192 () {68 vars in 1499 bytes} [Mon Jul 27 11:35:35 2026] GET /placement/allocations/f3ec0cd0-73d2-415a-9316-652d81d39ce9 => generated 258 bytes in 12 msecs (HTTP/1.1 200) 8 headers in 296 bytes (1 switches on core 0)
Jul 27 11:35:35.241595 np0000005900 devstack@placement-api.service[93353]: DEBUG placement.requestlog [req-36b2311b-3000-4958-9dd2-41bf4a9df19d req-b3ac8ed3-bd33-4184-8361-ea2e8d781b3c None None] Starting request: 10.4.3.192 "DELETE /placement/allocations/9365ae28-dab2-4a77-8d48-7816b63d4b6e" {{(pid=93353) __call__ /opt/stack/placement/placement/requestlog.py:55}}
Jul 27 11:35:35.280053 np0000005900 devstack@placement-api.service[93353]: DEBUG placement.handlers.allocation [req-36b2311b-3000-4958-9dd2-41bf4a9df19d req-b3ac8ed3-bd33-4184-8361-ea2e8d781b3c service nova] Successfully deleted allocations [, ] {{(pid=93353) delete_allocations /opt/stack/placement/placement/handlers/allocation.py:627}}
Jul 27 11:35:35.280266 np0000005900 devstack@placement-api.service[93353]: INFO placement.requestlog [req-36b2311b-3000-4958-9dd2-41bf4a9df19d req-b3ac8ed3-bd33-4184-8361-ea2e8d781b3c service nova] 10.4.3.192 "DELETE /placement/allocations/9365ae28-dab2-4a77-8d48-7816b63d4b6e" status: 204 len: 0 microversion: 1.0
Jul 27 11:35:35.280467 np0000005900 devstack@placement-api.service[93353]: [pid: 93353|app: 0|req: 243/971] 10.4.3.192 () {68 vars in 1477 bytes} [Mon Jul 27 11:35:35 2026] DELETE /placement/allocations/9365ae28-dab2-4a77-8d48-7816b63d4b6e => generated 0 bytes in 39 msecs (HTTP/1.1 204) 5 headers in 198 bytes (1 switches on core 0)
Jul 27 11:35:38.245452 np0000005900 devstack@placement-api.service[93351]: DEBUG placement.requestlog [req-9f998cca-2346-4640-a854-91ff042cb553 req-8ae92e98-f480-4d40-8a16-566365ad3759 None None] Starting request: 10.4.3.192 "GET /placement/allocations/f3ec0cd0-73d2-415a-9316-652d81d39ce9" {{(pid=93351) __call__ /opt/stack/placement/placement/requestlog.py:55}}
Jul 27 11:35:38.452329 np0000005900 devstack@placement-api.service[93352]: DEBUG placement.requestlog [req-0ece862e-fb84-4721-af78-3fc697459bbd req-f89eebfa-1d17-4aa4-81a7-c9d30c565899 None None] Starting request: 10.4.3.192 "GET /placement/allocation_candidates?limit=1000&resources=MEMORY_MB%3A192%2CVCPU%3A1&root_required=%21COMPUTE_STATUS_DISABLED" {{(pid=93352) __call__ /opt/stack/placement/placement/requestlog.py:55}}
Jul 27 11:35:38.511690 np0000005900 devstack@placement-api.service[93352]: DEBUG placement.objects.research_context [req-0ece862e-fb84-4721-af78-3fc697459bbd req-f89eebfa-1d17-4aa4-81a7-c9d30c565899 service nova] getting providers with 192 MEMORY_MB {{(pid=93352) __init__ /opt/stack/placement/placement/objects/research_context.py:137}}
Jul 27 11:35:38.532116 np0000005900 devstack@placement-api.service[93352]: DEBUG placement.objects.research_context [req-0ece862e-fb84-4721-af78-3fc697459bbd req-f89eebfa-1d17-4aa4-81a7-c9d30c565899 service nova] getting providers with 1 VCPU {{(pid=93352) __init__ /opt/stack/placement/placement/objects/research_context.py:137}}
Jul 27 11:35:38.544612 np0000005900 devstack@placement-api.service[93352]: DEBUG placement.objects.research_context [req-0ece862e-fb84-4721-af78-3fc697459bbd req-f89eebfa-1d17-4aa4-81a7-c9d30c565899 service nova] found 1 providers with available 192 MEMORY_MB {{(pid=93352) get_provider_ids_matching /opt/stack/placement/placement/objects/research_context.py:563}}
Jul 27 11:35:38.544612 np0000005900 devstack@placement-api.service[93352]: DEBUG placement.objects.research_context [req-0ece862e-fb84-4721-af78-3fc697459bbd req-f89eebfa-1d17-4aa4-81a7-c9d30c565899 service nova] found 1 providers with available 1 VCPU {{(pid=93352) get_provider_ids_matching /opt/stack/placement/placement/objects/research_context.py:563}}
Jul 27 11:35:38.544612 np0000005900 devstack@placement-api.service[93352]: DEBUG placement.objects.research_context [req-0ece862e-fb84-4721-af78-3fc697459bbd req-f89eebfa-1d17-4aa4-81a7-c9d30c565899 service nova] found 1 providers after filtering by previous result {{(pid=93352) get_provider_ids_matching /opt/stack/placement/placement/objects/research_context.py:594}}
Jul 27 11:35:38.564408 np0000005900 devstack@placement-api.service[93351]: INFO placement.requestlog [req-9f998cca-2346-4640-a854-91ff042cb553 req-8ae92e98-f480-4d40-8a16-566365ad3759 service nova] 10.4.3.192 "GET /placement/allocations/f3ec0cd0-73d2-415a-9316-652d81d39ce9" status: 200 len: 258 microversion: 1.28
Jul 27 11:35:38.564724 np0000005900 devstack@placement-api.service[93351]: [pid: 93351|app: 0|req: 243/972] 10.4.3.192 () {68 vars in 1501 bytes} [Mon Jul 27 11:35:38 2026] GET /placement/allocations/f3ec0cd0-73d2-415a-9316-652d81d39ce9 => generated 258 bytes in 320 msecs (HTTP/1.1 200) 8 headers in 296 bytes (1 switches on core 0)
Jul 27 11:35:38.575978 np0000005900 devstack@placement-api.service[93352]: DEBUG placement.objects.allocation_candidate [req-0ece862e-fb84-4721-af78-3fc697459bbd req-f89eebfa-1d17-4aa4-81a7-c9d30c565899 service nova] RequestGroup(use_same_provider=False, resources={MEMORY_MB:192, VCPU:1}, traits=(), aggregates=[]) (suffix '') returned 1 matches {{(pid=93352) _get_by_requests /opt/stack/placement/placement/objects/allocation_candidate.py:158}}
Jul 27 11:35:38.576304 np0000005900 devstack@placement-api.service[93352]: DEBUG placement.objects.allocation_candidate [req-0ece862e-fb84-4721-af78-3fc697459bbd req-f89eebfa-1d17-4aa4-81a7-c9d30c565899 service nova] Merging candidates yields 1 allocation requests and 1 provider summaries {{(pid=93352) _merge_candidates /opt/stack/placement/placement/objects/allocation_candidate.py:908}}
Jul 27 11:35:38.577967 np0000005900 devstack@placement-api.service[93352]: INFO placement.requestlog [req-0ece862e-fb84-4721-af78-3fc697459bbd req-f89eebfa-1d17-4aa4-81a7-c9d30c565899 service nova] 10.4.3.192 "GET /placement/allocation_candidates?limit=1000&resources=MEMORY_MB%3A192%2CVCPU%3A1&root_required=%21COMPUTE_STATUS_DISABLED" status: 200 len: 2479 microversion: 1.36
Jul 27 11:35:38.578474 np0000005900 devstack@placement-api.service[93352]: [pid: 93352|app: 0|req: 245/973] 10.4.3.192 () {68 vars in 1597 bytes} [Mon Jul 27 11:35:38 2026] GET /placement/allocation_candidates?limit=1000&resources=MEMORY_MB%3A192%2CVCPU%3A1&root_required=%21COMPUTE_STATUS_DISABLED => generated 2479 bytes in 126 msecs (HTTP/1.1 200) 8 headers in 297 bytes (1 switches on core 0)
Jul 27 11:35:38.660705 np0000005900 devstack@placement-api.service[93354]: DEBUG placement.requestlog [req-9f998cca-2346-4640-a854-91ff042cb553 req-31a58ff3-581e-49a7-ae2e-041138137993 None None] Starting request: 10.4.3.192 "GET /placement/allocations/f3ec0cd0-73d2-415a-9316-652d81d39ce9" {{(pid=93354) __call__ /opt/stack/placement/placement/requestlog.py:55}}
Jul 27 11:35:38.666357 np0000005900 devstack@placement-api.service[93353]: DEBUG placement.requestlog [req-0ece862e-fb84-4721-af78-3fc697459bbd req-2eae4b0c-be7a-4f5f-a37e-3b81e1291dcc None None] Starting request: 10.4.3.192 "GET /placement/allocations/c3710570-e5da-461c-849a-5cd96add4196" {{(pid=93353) __call__ /opt/stack/placement/placement/requestlog.py:55}}
Jul 27 11:35:38.673499 np0000005900 devstack@placement-api.service[93353]: INFO placement.requestlog [req-0ece862e-fb84-4721-af78-3fc697459bbd req-2eae4b0c-be7a-4f5f-a37e-3b81e1291dcc service nova] 10.4.3.192 "GET /placement/allocations/c3710570-e5da-461c-849a-5cd96add4196" status: 200 len: 19 microversion: 1.28
Jul 27 11:35:38.673758 np0000005900 devstack@placement-api.service[93353]: [pid: 93353|app: 0|req: 244/974] 10.4.3.192 () {68 vars in 1501 bytes} [Mon Jul 27 11:35:38 2026] GET /placement/allocations/c3710570-e5da-461c-849a-5cd96add4196 => generated 19 bytes in 7 msecs (HTTP/1.1 200) 8 headers in 295 bytes (1 switches on core 0)
Jul 27 11:35:38.676194 np0000005900 devstack@placement-api.service[93354]: INFO placement.requestlog [req-9f998cca-2346-4640-a854-91ff042cb553 req-31a58ff3-581e-49a7-ae2e-041138137993 service nova] 10.4.3.192 "GET /placement/allocations/f3ec0cd0-73d2-415a-9316-652d81d39ce9" status: 200 len: 258 microversion: 1.28
Jul 27 11:35:38.676686 np0000005900 devstack@placement-api.service[93354]: [pid: 93354|app: 0|req: 243/975] 10.4.3.192 () {68 vars in 1501 bytes} [Mon Jul 27 11:35:38 2026] GET /placement/allocations/f3ec0cd0-73d2-415a-9316-652d81d39ce9 => generated 258 bytes in 18 msecs (HTTP/1.1 200) 8 headers in 296 bytes (1 switches on core 0)
Jul 27 11:35:38.710649 np0000005900 devstack@placement-api.service[93351]: DEBUG placement.requestlog [req-b4e36dc5-a6cb-4591-bf1f-ad434bdc1882 req-5c2db30c-a52c-4eb0-88d7-80872e56211d None None] Starting request: 10.4.3.192 "GET /placement/resource_providers/4b199c74-db84-4ef0-bb1f-68ef95b7fb51/allocations" {{(pid=93351) __call__ /opt/stack/placement/placement/requestlog.py:55}}
Jul 27 11:35:38.714698 np0000005900 devstack@placement-api.service[93352]: DEBUG placement.requestlog [req-0ece862e-fb84-4721-af78-3fc697459bbd req-bbd15e34-f280-4443-8f88-d232f5c69b59 None None] Starting request: 10.4.3.192 "PUT /placement/allocations/c3710570-e5da-461c-849a-5cd96add4196" {{(pid=93352) __call__ /opt/stack/placement/placement/requestlog.py:55}}
Jul 27 11:35:38.736910 np0000005900 devstack@placement-api.service[93351]: INFO placement.requestlog [req-b4e36dc5-a6cb-4591-bf1f-ad434bdc1882 req-5c2db30c-a52c-4eb0-88d7-80872e56211d service nova] 10.4.3.192 "GET /placement/resource_providers/4b199c74-db84-4ef0-bb1f-68ef95b7fb51/allocations" status: 200 len: 839 microversion: 1.0
Jul 27 11:35:38.739251 np0000005900 devstack@placement-api.service[93351]: [pid: 93351|app: 0|req: 244/976] 10.4.3.192 () {66 vars in 1512 bytes} [Mon Jul 27 11:35:38 2026] GET /placement/resource_providers/4b199c74-db84-4ef0-bb1f-68ef95b7fb51/allocations => generated 839 bytes in 27 msecs (HTTP/1.1 200) 6 headers in 224 bytes (1 switches on core 0)
Jul 27 11:35:38.740202 np0000005900 devstack@placement-api.service[93353]: DEBUG placement.requestlog [req-9f998cca-2346-4640-a854-91ff042cb553 req-36bf4ca1-3029-4c3c-9e50-0e89a9a023c4 None None] Starting request: 10.4.3.192 "GET /placement/allocations/400c2cd3-6573-4e44-95e3-446226f7c785" {{(pid=93353) __call__ /opt/stack/placement/placement/requestlog.py:55}}
Jul 27 11:35:38.751639 np0000005900 devstack@placement-api.service[93353]: INFO placement.requestlog [req-9f998cca-2346-4640-a854-91ff042cb553 req-36bf4ca1-3029-4c3c-9e50-0e89a9a023c4 service nova] 10.4.3.192 "GET /placement/allocations/400c2cd3-6573-4e44-95e3-446226f7c785" status: 200 len: 19 microversion: 1.28
Jul 27 11:35:38.752036 np0000005900 devstack@placement-api.service[93353]: [pid: 93353|app: 0|req: 245/977] 10.4.3.192 () {68 vars in 1501 bytes} [Mon Jul 27 11:35:38 2026] GET /placement/allocations/400c2cd3-6573-4e44-95e3-446226f7c785 => generated 19 bytes in 12 msecs (HTTP/1.1 200) 8 headers in 295 bytes (1 switches on core 0)
Jul 27 11:35:38.779057 np0000005900 devstack@placement-api.service[93354]: DEBUG placement.requestlog [req-b4e36dc5-a6cb-4591-bf1f-ad434bdc1882 req-40a9c928-f73d-408f-897c-2d7d8727ab42 None None] Starting request: 10.4.3.192 "GET /placement/resource_providers/4b199c74-db84-4ef0-bb1f-68ef95b7fb51/allocations" {{(pid=93354) __call__ /opt/stack/placement/placement/requestlog.py:55}}
Jul 27 11:35:38.787773 np0000005900 devstack@placement-api.service[93351]: DEBUG placement.requestlog [req-9f998cca-2346-4640-a854-91ff042cb553 req-e0d709b1-2ff5-4e9b-97ea-f4d9af9d7b1b None None] Starting request: 10.4.3.192 "POST /placement/allocations" {{(pid=93351) __call__ /opt/stack/placement/placement/requestlog.py:55}}
Jul 27 11:35:38.790602 np0000005900 devstack@placement-api.service[93352]: DEBUG placement.handlers.allocation [req-0ece862e-fb84-4721-af78-3fc697459bbd req-bbd15e34-f280-4443-8f88-d232f5c69b59 service nova] Successfully wrote allocations [, ] {{(pid=93352) _update_consumers_and_create_allocations /opt/stack/placement/placement/handlers/allocation.py:462}}
Jul 27 11:35:38.797857 np0000005900 devstack@placement-api.service[93354]: INFO placement.requestlog [req-b4e36dc5-a6cb-4591-bf1f-ad434bdc1882 req-40a9c928-f73d-408f-897c-2d7d8727ab42 service nova] 10.4.3.192 "GET /placement/resource_providers/4b199c74-db84-4ef0-bb1f-68ef95b7fb51/allocations" status: 200 len: 839 microversion: 1.0
Jul 27 11:35:38.798110 np0000005900 devstack@placement-api.service[93354]: [pid: 93354|app: 0|req: 244/978] 10.4.3.192 () {66 vars in 1512 bytes} [Mon Jul 27 11:35:38 2026] GET /placement/resource_providers/4b199c74-db84-4ef0-bb1f-68ef95b7fb51/allocations => generated 839 bytes in 19 msecs (HTTP/1.1 200) 6 headers in 224 bytes (1 switches on core 0)
Jul 27 11:35:38.815673 np0000005900 devstack@placement-api.service[93352]: INFO placement.requestlog [req-0ece862e-fb84-4721-af78-3fc697459bbd req-bbd15e34-f280-4443-8f88-d232f5c69b59 service nova] 10.4.3.192 "PUT /placement/allocations/c3710570-e5da-461c-849a-5cd96add4196" status: 204 len: 0 microversion: 1.36
Jul 27 11:35:38.815941 np0000005900 devstack@placement-api.service[93352]: [pid: 93352|app: 0|req: 246/979] 10.4.3.192 () {72 vars in 1554 bytes} [Mon Jul 27 11:35:38 2026] PUT /placement/allocations/c3710570-e5da-461c-849a-5cd96add4196 => generated 0 bytes in 101 msecs (HTTP/1.1 204) 5 headers in 199 bytes (1 switches on core 0)
Jul 27 11:35:38.856263 np0000005900 devstack@placement-api.service[93353]: DEBUG placement.requestlog [req-b4e36dc5-a6cb-4591-bf1f-ad434bdc1882 req-eef25d23-5ad1-4cdd-acc8-fb596470c4c4 None None] Starting request: 10.4.3.192 "GET /placement/allocations/4a731762-3343-43f7-a019-d245b8c70c21" {{(pid=93353) __call__ /opt/stack/placement/placement/requestlog.py:55}}
Jul 27 11:35:38.866115 np0000005900 devstack@placement-api.service[93353]: INFO placement.requestlog [req-b4e36dc5-a6cb-4591-bf1f-ad434bdc1882 req-eef25d23-5ad1-4cdd-acc8-fb596470c4c4 service nova] 10.4.3.192 "GET /placement/allocations/4a731762-3343-43f7-a019-d245b8c70c21" status: 200 len: 258 microversion: 1.28
Jul 27 11:35:38.866704 np0000005900 devstack@placement-api.service[93353]: [pid: 93353|app: 0|req: 246/980] 10.4.3.192 () {68 vars in 1499 bytes} [Mon Jul 27 11:35:38 2026] GET /placement/allocations/4a731762-3343-43f7-a019-d245b8c70c21 => generated 258 bytes in 11 msecs (HTTP/1.1 200) 8 headers in 296 bytes (1 switches on core 0)
Jul 27 11:35:38.872689 np0000005900 devstack@placement-api.service[93351]: DEBUG placement.handlers.allocation [req-9f998cca-2346-4640-a854-91ff042cb553 req-e0d709b1-2ff5-4e9b-97ea-f4d9af9d7b1b service nova] Successfully wrote allocations [, , , , , ] {{(pid=93351) _update_consumers_and_create_allocations /opt/stack/placement/placement/handlers/allocation.py:572}}
Jul 27 11:35:38.895400 np0000005900 devstack@placement-api.service[93351]: INFO placement.requestlog [req-9f998cca-2346-4640-a854-91ff042cb553 req-e0d709b1-2ff5-4e9b-97ea-f4d9af9d7b1b service nova] 10.4.3.192 "POST /placement/allocations" status: 204 len: 0 microversion: 1.28
Jul 27 11:35:38.895855 np0000005900 devstack@placement-api.service[93351]: [pid: 93351|app: 0|req: 245/981] 10.4.3.192 () {72 vars in 1444 bytes} [Mon Jul 27 11:35:38 2026] POST /placement/allocations => generated 0 bytes in 108 msecs (HTTP/1.1 204) 5 headers in 199 bytes (1 switches on core 0)
Jul 27 11:35:38.903354 np0000005900 devstack@placement-api.service[93354]: DEBUG placement.requestlog [req-b4e36dc5-a6cb-4591-bf1f-ad434bdc1882 req-82adc0a6-70bc-4c08-890e-05dba9951ff9 None None] Starting request: 10.4.3.192 "GET /placement/allocations/d0044f9b-2493-4882-996d-b777d647fb75" {{(pid=93354) __call__ /opt/stack/placement/placement/requestlog.py:55}}
Jul 27 11:35:38.916985 np0000005900 devstack@placement-api.service[93354]: INFO placement.requestlog [req-b4e36dc5-a6cb-4591-bf1f-ad434bdc1882 req-82adc0a6-70bc-4c08-890e-05dba9951ff9 service nova] 10.4.3.192 "GET /placement/allocations/d0044f9b-2493-4882-996d-b777d647fb75" status: 200 len: 258 microversion: 1.28
Jul 27 11:35:38.917341 np0000005900 devstack@placement-api.service[93354]: [pid: 93354|app: 0|req: 245/982] 10.4.3.192 () {68 vars in 1499 bytes} [Mon Jul 27 11:35:38 2026] GET /placement/allocations/d0044f9b-2493-4882-996d-b777d647fb75 => generated 258 bytes in 15 msecs (HTTP/1.1 200) 8 headers in 296 bytes (1 switches on core 0)
Jul 27 11:35:38.961618 np0000005900 devstack@placement-api.service[93352]: DEBUG placement.requestlog [req-b4e36dc5-a6cb-4591-bf1f-ad434bdc1882 req-409a13ba-b93b-477b-b8e3-2ae4e0ca84b4 None None] Starting request: 10.4.3.192 "GET /placement/allocations/fe8f3c47-9e31-4e88-8814-f5c693e34e9f" {{(pid=93352) __call__ /opt/stack/placement/placement/requestlog.py:55}}
Jul 27 11:35:38.969214 np0000005900 devstack@placement-api.service[93352]: INFO placement.requestlog [req-b4e36dc5-a6cb-4591-bf1f-ad434bdc1882 req-409a13ba-b93b-477b-b8e3-2ae4e0ca84b4 service nova] 10.4.3.192 "GET /placement/allocations/fe8f3c47-9e31-4e88-8814-f5c693e34e9f" status: 200 len: 258 microversion: 1.28
Jul 27 11:35:38.969483 np0000005900 devstack@placement-api.service[93352]: [pid: 93352|app: 0|req: 247/983] 10.4.3.192 () {68 vars in 1499 bytes} [Mon Jul 27 11:35:38 2026] GET /placement/allocations/fe8f3c47-9e31-4e88-8814-f5c693e34e9f => generated 258 bytes in 8 msecs (HTTP/1.1 200) 8 headers in 296 bytes (1 switches on core 0)
Jul 27 11:35:39.026590 np0000005900 devstack@placement-api.service[93353]: DEBUG placement.requestlog [req-b4e36dc5-a6cb-4591-bf1f-ad434bdc1882 req-6ed78bf6-99e2-494c-a3c0-7ff3666063e4 None None] Starting request: 10.4.3.192 "GET /placement/allocations/95744f7f-9a4e-49d2-a7b7-7b547ceec0f1" {{(pid=93353) __call__ /opt/stack/placement/placement/requestlog.py:55}}
Jul 27 11:35:39.044593 np0000005900 devstack@placement-api.service[93353]: INFO placement.requestlog [req-b4e36dc5-a6cb-4591-bf1f-ad434bdc1882 req-6ed78bf6-99e2-494c-a3c0-7ff3666063e4 service nova] 10.4.3.192 "GET /placement/allocations/95744f7f-9a4e-49d2-a7b7-7b547ceec0f1" status: 200 len: 258 microversion: 1.28
Jul 27 11:35:39.044593 np0000005900 devstack@placement-api.service[93353]: [pid: 93353|app: 0|req: 247/984] 10.4.3.192 () {68 vars in 1499 bytes} [Mon Jul 27 11:35:39 2026] GET /placement/allocations/95744f7f-9a4e-49d2-a7b7-7b547ceec0f1 => generated 258 bytes in 17 msecs (HTTP/1.1 200) 8 headers in 296 bytes (1 switches on core 0)
Jul 27 11:35:39.084876 np0000005900 devstack@placement-api.service[93351]: DEBUG placement.requestlog [req-b4e36dc5-a6cb-4591-bf1f-ad434bdc1882 req-f7cf7861-56d5-4acb-bdf1-a191c5b74100 None None] Starting request: 10.4.3.192 "GET /placement/allocations/5ec67471-42fe-466d-8c9f-e02c6b24abf3" {{(pid=93351) __call__ /opt/stack/placement/placement/requestlog.py:55}}
Jul 27 11:35:39.093303 np0000005900 devstack@placement-api.service[93354]: DEBUG placement.requestlog [req-9f998cca-2346-4640-a854-91ff042cb553 req-a56ecab0-290d-49d9-89cb-2d378d6f0002 None None] Starting request: 10.4.3.192 "GET /placement/allocation_candidates?limit=1000&resources=DISK_GB%3A1%2CMEMORY_MB%3A256%2CVCPU%3A1&root_required=%21COMPUTE_STATUS_DISABLED" {{(pid=93354) __call__ /opt/stack/placement/placement/requestlog.py:55}}
Jul 27 11:35:39.100518 np0000005900 devstack@placement-api.service[93352]: DEBUG placement.requestlog [None req-7c966890-9c55-4e6f-9093-73275a504c3a None None] Starting request: 10.4.3.192 "GET /placement/resource_providers/400fa926-a9b2-4d35-a4ea-4b27dc6c198a/aggregates" {{(pid=93352) __call__ /opt/stack/placement/placement/requestlog.py:55}}
Jul 27 11:35:39.101611 np0000005900 devstack@placement-api.service[93351]: INFO placement.requestlog [req-b4e36dc5-a6cb-4591-bf1f-ad434bdc1882 req-f7cf7861-56d5-4acb-bdf1-a191c5b74100 service nova] 10.4.3.192 "GET /placement/allocations/5ec67471-42fe-466d-8c9f-e02c6b24abf3" status: 200 len: 258 microversion: 1.28
Jul 27 11:35:39.101868 np0000005900 devstack@placement-api.service[93351]: [pid: 93351|app: 0|req: 246/985] 10.4.3.192 () {68 vars in 1499 bytes} [Mon Jul 27 11:35:39 2026] GET /placement/allocations/5ec67471-42fe-466d-8c9f-e02c6b24abf3 => generated 258 bytes in 17 msecs (HTTP/1.1 200) 8 headers in 296 bytes (1 switches on core 0)
Jul 27 11:35:39.110721 np0000005900 devstack@placement-api.service[93352]: INFO placement.requestlog [None req-7c966890-9c55-4e6f-9093-73275a504c3a service placement] 10.4.3.192 "GET /placement/resource_providers/400fa926-a9b2-4d35-a4ea-4b27dc6c198a/aggregates" status: 404 len: 235 microversion: 1.1
Jul 27 11:35:39.110911 np0000005900 devstack@placement-api.service[93352]: [pid: 93352|app: 0|req: 248/986] 10.4.3.192 () {66 vars in 1474 bytes} [Mon Jul 27 11:35:39 2026] GET /placement/resource_providers/400fa926-a9b2-4d35-a4ea-4b27dc6c198a/aggregates => generated 235 bytes in 10 msecs (HTTP/1.1 404) 5 headers in 202 bytes (1 switches on core 0)
Jul 27 11:35:39.124909 np0000005900 devstack@placement-api.service[93354]: DEBUG placement.objects.research_context [req-9f998cca-2346-4640-a854-91ff042cb553 req-a56ecab0-290d-49d9-89cb-2d378d6f0002 service nova] getting providers with 1 DISK_GB {{(pid=93354) __init__ /opt/stack/placement/placement/objects/research_context.py:137}}
Jul 27 11:35:39.133528 np0000005900 devstack@placement-api.service[93354]: DEBUG placement.objects.research_context [req-9f998cca-2346-4640-a854-91ff042cb553 req-a56ecab0-290d-49d9-89cb-2d378d6f0002 service nova] getting providers with 256 MEMORY_MB {{(pid=93354) __init__ /opt/stack/placement/placement/objects/research_context.py:137}}
Jul 27 11:35:39.137266 np0000005900 devstack@placement-api.service[93354]: DEBUG placement.objects.research_context [req-9f998cca-2346-4640-a854-91ff042cb553 req-a56ecab0-290d-49d9-89cb-2d378d6f0002 service nova] getting providers with 1 VCPU {{(pid=93354) __init__ /opt/stack/placement/placement/objects/research_context.py:137}}
Jul 27 11:35:39.141897 np0000005900 devstack@placement-api.service[93354]: DEBUG placement.objects.research_context [req-9f998cca-2346-4640-a854-91ff042cb553 req-a56ecab0-290d-49d9-89cb-2d378d6f0002 service nova] found 1 providers with available 1 DISK_GB {{(pid=93354) get_provider_ids_matching /opt/stack/placement/placement/objects/research_context.py:563}}
Jul 27 11:35:39.142026 np0000005900 devstack@placement-api.service[93354]: DEBUG placement.objects.research_context [req-9f998cca-2346-4640-a854-91ff042cb553 req-a56ecab0-290d-49d9-89cb-2d378d6f0002 service nova] found 1 providers with available 256 MEMORY_MB {{(pid=93354) get_provider_ids_matching /opt/stack/placement/placement/objects/research_context.py:563}}
Jul 27 11:35:39.142137 np0000005900 devstack@placement-api.service[93354]: DEBUG placement.objects.research_context [req-9f998cca-2346-4640-a854-91ff042cb553 req-a56ecab0-290d-49d9-89cb-2d378d6f0002 service nova] found 1 providers after filtering by previous result {{(pid=93354) get_provider_ids_matching /opt/stack/placement/placement/objects/research_context.py:594}}
Jul 27 11:35:39.142501 np0000005900 devstack@placement-api.service[93354]: DEBUG placement.objects.research_context [req-9f998cca-2346-4640-a854-91ff042cb553 req-a56ecab0-290d-49d9-89cb-2d378d6f0002 service nova] found 1 providers with available 1 VCPU {{(pid=93354) get_provider_ids_matching /opt/stack/placement/placement/objects/research_context.py:563}}
Jul 27 11:35:39.142501 np0000005900 devstack@placement-api.service[93354]: DEBUG placement.objects.research_context [req-9f998cca-2346-4640-a854-91ff042cb553 req-a56ecab0-290d-49d9-89cb-2d378d6f0002 service nova] found 1 providers after filtering by previous result {{(pid=93354) get_provider_ids_matching /opt/stack/placement/placement/objects/research_context.py:594}}
Jul 27 11:35:39.150305 np0000005900 devstack@placement-api.service[93354]: DEBUG placement.objects.allocation_candidate [req-9f998cca-2346-4640-a854-91ff042cb553 req-a56ecab0-290d-49d9-89cb-2d378d6f0002 service nova] RequestGroup(use_same_provider=False, resources={DISK_GB:1, MEMORY_MB:256, VCPU:1}, traits=(), aggregates=[]) (suffix '') returned 1 matches {{(pid=93354) _get_by_requests /opt/stack/placement/placement/objects/allocation_candidate.py:158}}
Jul 27 11:35:39.150515 np0000005900 devstack@placement-api.service[93354]: DEBUG placement.objects.allocation_candidate [req-9f998cca-2346-4640-a854-91ff042cb553 req-a56ecab0-290d-49d9-89cb-2d378d6f0002 service nova] Merging candidates yields 1 allocation requests and 1 provider summaries {{(pid=93354) _merge_candidates /opt/stack/placement/placement/objects/allocation_candidate.py:908}}
Jul 27 11:35:39.154938 np0000005900 devstack@placement-api.service[93354]: INFO placement.requestlog [req-9f998cca-2346-4640-a854-91ff042cb553 req-a56ecab0-290d-49d9-89cb-2d378d6f0002 service nova] 10.4.3.192 "GET /placement/allocation_candidates?limit=1000&resources=DISK_GB%3A1%2CMEMORY_MB%3A256%2CVCPU%3A1&root_required=%21COMPUTE_STATUS_DISABLED" status: 200 len: 2493 microversion: 1.36
Jul 27 11:35:39.155201 np0000005900 devstack@placement-api.service[93354]: [pid: 93354|app: 0|req: 246/987] 10.4.3.192 () {68 vars in 1625 bytes} [Mon Jul 27 11:35:39 2026] GET /placement/allocation_candidates?limit=1000&resources=DISK_GB%3A1%2CMEMORY_MB%3A256%2CVCPU%3A1&root_required=%21COMPUTE_STATUS_DISABLED => generated 2493 bytes in 62 msecs (HTTP/1.1 200) 8 headers in 297 bytes (1 switches on core 0)
Jul 27 11:35:39.162736 np0000005900 devstack@placement-api.service[93353]: DEBUG placement.requestlog [None req-5a19abcd-22d1-4f85-8f7b-fd0af46866d6 None None] Starting request: 10.4.3.192 "DELETE /placement/resource_providers/400fa926-a9b2-4d35-a4ea-4b27dc6c198a" {{(pid=93353) __call__ /opt/stack/placement/placement/requestlog.py:55}}
Jul 27 11:35:39.171588 np0000005900 devstack@placement-api.service[93353]: DEBUG placement.wsgi_wrapper [None req-5a19abcd-22d1-4f85-8f7b-fd0af46866d6 service placement] Placement API returning an error response: No resource provider with uuid 400fa926-a9b2-4d35-a4ea-4b27dc6c198a found for delete {{(pid=93353) call_func /opt/stack/placement/placement/wsgi_wrapper.py:31}}
Jul 27 11:35:39.171588 np0000005900 devstack@placement-api.service[93353]: INFO placement.requestlog [None req-5a19abcd-22d1-4f85-8f7b-fd0af46866d6 service placement] 10.4.3.192 "DELETE /placement/resource_providers/400fa926-a9b2-4d35-a4ea-4b27dc6c198a" status: 404 len: 246 microversion: 1.1
Jul 27 11:35:39.171588 np0000005900 devstack@placement-api.service[93353]: [pid: 93353|app: 0|req: 248/988] 10.4.3.192 () {68 vars in 1463 bytes} [Mon Jul 27 11:35:39 2026] DELETE /placement/resource_providers/400fa926-a9b2-4d35-a4ea-4b27dc6c198a => generated 246 bytes in 8 msecs (HTTP/1.1 404) 6 headers in 231 bytes (1 switches on core 0)
Jul 27 11:35:39.171696 np0000005900 devstack@placement-api.service[93351]: DEBUG placement.requestlog [req-b4e36dc5-a6cb-4591-bf1f-ad434bdc1882 req-ae314d46-e14a-4541-b542-46ed0fb3be00 None None] Starting request: 10.4.3.192 "GET /placement/allocations/2413107e-248b-4995-8c68-0c134a0039d4" {{(pid=93351) __call__ /opt/stack/placement/placement/requestlog.py:55}}
Jul 27 11:35:39.187681 np0000005900 devstack@placement-api.service[93351]: INFO placement.requestlog [req-b4e36dc5-a6cb-4591-bf1f-ad434bdc1882 req-ae314d46-e14a-4541-b542-46ed0fb3be00 service nova] 10.4.3.192 "GET /placement/allocations/2413107e-248b-4995-8c68-0c134a0039d4" status: 200 len: 244 microversion: 1.28
Jul 27 11:35:39.187681 np0000005900 devstack@placement-api.service[93351]: [pid: 93351|app: 0|req: 247/989] 10.4.3.192 () {68 vars in 1499 bytes} [Mon Jul 27 11:35:39 2026] GET /placement/allocations/2413107e-248b-4995-8c68-0c134a0039d4 => generated 244 bytes in 16 msecs (HTTP/1.1 200) 8 headers in 296 bytes (1 switches on core 0)
Jul 27 11:35:39.240459 np0000005900 devstack@placement-api.service[93352]: DEBUG placement.requestlog [req-b4e36dc5-a6cb-4591-bf1f-ad434bdc1882 req-6d975fc4-a8fb-40ef-98bd-39be3f566748 None None] Starting request: 10.4.3.192 "GET /placement/allocations/c017f459-f74a-4801-81a7-04a03aee6a79" {{(pid=93352) __call__ /opt/stack/placement/placement/requestlog.py:55}}
Jul 27 11:35:39.252457 np0000005900 devstack@placement-api.service[93352]: INFO placement.requestlog [req-b4e36dc5-a6cb-4591-bf1f-ad434bdc1882 req-6d975fc4-a8fb-40ef-98bd-39be3f566748 service nova] 10.4.3.192 "GET /placement/allocations/c017f459-f74a-4801-81a7-04a03aee6a79" status: 200 len: 258 microversion: 1.28
Jul 27 11:35:39.252704 np0000005900 devstack@placement-api.service[93352]: [pid: 93352|app: 0|req: 249/990] 10.4.3.192 () {68 vars in 1499 bytes} [Mon Jul 27 11:35:39 2026] GET /placement/allocations/c017f459-f74a-4801-81a7-04a03aee6a79 => generated 258 bytes in 12 msecs (HTTP/1.1 200) 8 headers in 296 bytes (1 switches on core 0)
Jul 27 11:35:39.306939 np0000005900 devstack@placement-api.service[93354]: DEBUG placement.requestlog [req-b4e36dc5-a6cb-4591-bf1f-ad434bdc1882 req-f9b1edd9-3d2b-4046-a917-0d246f571cc7 None None] Starting request: 10.4.3.192 "GET /placement/allocations/f3ec0cd0-73d2-415a-9316-652d81d39ce9" {{(pid=93354) __call__ /opt/stack/placement/placement/requestlog.py:55}}
Jul 27 11:35:39.310042 np0000005900 devstack@placement-api.service[93353]: DEBUG placement.requestlog [req-9f998cca-2346-4640-a854-91ff042cb553 req-899919ae-d716-4ad5-ad41-0e511a224fac None None] Starting request: 10.4.3.192 "GET /placement/allocations/f3ec0cd0-73d2-415a-9316-652d81d39ce9" {{(pid=93353) __call__ /opt/stack/placement/placement/requestlog.py:55}}
Jul 27 11:35:39.315345 np0000005900 devstack@placement-api.service[93351]: DEBUG placement.requestlog [req-0ece862e-fb84-4721-af78-3fc697459bbd req-5863eb2f-262d-46f0-9f9d-6a970a5a614d None None] Starting request: 10.4.3.192 "GET /placement/allocations/c3710570-e5da-461c-849a-5cd96add4196" {{(pid=93351) __call__ /opt/stack/placement/placement/requestlog.py:55}}
Jul 27 11:35:39.315734 np0000005900 devstack@placement-api.service[93354]: INFO placement.requestlog [req-b4e36dc5-a6cb-4591-bf1f-ad434bdc1882 req-f9b1edd9-3d2b-4046-a917-0d246f571cc7 service nova] 10.4.3.192 "GET /placement/allocations/f3ec0cd0-73d2-415a-9316-652d81d39ce9" status: 200 len: 19 microversion: 1.28
Jul 27 11:35:39.316450 np0000005900 devstack@placement-api.service[93354]: [pid: 93354|app: 0|req: 247/991] 10.4.3.192 () {68 vars in 1499 bytes} [Mon Jul 27 11:35:39 2026] GET /placement/allocations/f3ec0cd0-73d2-415a-9316-652d81d39ce9 => generated 19 bytes in 9 msecs (HTTP/1.1 200) 8 headers in 295 bytes (1 switches on core 0)
Jul 27 11:35:39.330361 np0000005900 devstack@placement-api.service[93351]: INFO placement.requestlog [req-0ece862e-fb84-4721-af78-3fc697459bbd req-5863eb2f-262d-46f0-9f9d-6a970a5a614d service nova] 10.4.3.192 "GET /placement/allocations/c3710570-e5da-461c-849a-5cd96add4196" status: 200 len: 244 microversion: 1.28
Jul 27 11:35:39.330361 np0000005900 devstack@placement-api.service[93351]: [pid: 93351|app: 0|req: 248/992] 10.4.3.192 () {68 vars in 1499 bytes} [Mon Jul 27 11:35:39 2026] GET /placement/allocations/c3710570-e5da-461c-849a-5cd96add4196 => generated 244 bytes in 14 msecs (HTTP/1.1 200) 8 headers in 296 bytes (1 switches on core 0)
Jul 27 11:35:39.336611 np0000005900 devstack@placement-api.service[93353]: INFO placement.requestlog [req-9f998cca-2346-4640-a854-91ff042cb553 req-899919ae-d716-4ad5-ad41-0e511a224fac service nova] 10.4.3.192 "GET /placement/allocations/f3ec0cd0-73d2-415a-9316-652d81d39ce9" status: 200 len: 19 microversion: 1.28
Jul 27 11:35:39.336611 np0000005900 devstack@placement-api.service[93353]: [pid: 93353|app: 0|req: 249/993] 10.4.3.192 () {68 vars in 1501 bytes} [Mon Jul 27 11:35:39 2026] GET /placement/allocations/f3ec0cd0-73d2-415a-9316-652d81d39ce9 => generated 19 bytes in 27 msecs (HTTP/1.1 200) 8 headers in 295 bytes (1 switches on core 0)
Jul 27 11:35:39.392530 np0000005900 devstack@placement-api.service[93352]: DEBUG placement.requestlog [req-9f998cca-2346-4640-a854-91ff042cb553 req-535a63e7-637f-4825-b7a0-8a71b464cdfb None None] Starting request: 10.4.3.192 "PUT /placement/allocations/f3ec0cd0-73d2-415a-9316-652d81d39ce9" {{(pid=93352) __call__ /opt/stack/placement/placement/requestlog.py:55}}
Jul 27 11:35:39.534433 np0000005900 devstack@placement-api.service[93352]: DEBUG placement.handlers.allocation [req-9f998cca-2346-4640-a854-91ff042cb553 req-535a63e7-637f-4825-b7a0-8a71b464cdfb service nova] Successfully wrote allocations [, , ] {{(pid=93352) _update_consumers_and_create_allocations /opt/stack/placement/placement/handlers/allocation.py:462}}
Jul 27 11:35:39.555613 np0000005900 devstack@placement-api.service[93352]: INFO placement.requestlog [req-9f998cca-2346-4640-a854-91ff042cb553 req-535a63e7-637f-4825-b7a0-8a71b464cdfb service nova] 10.4.3.192 "PUT /placement/allocations/f3ec0cd0-73d2-415a-9316-652d81d39ce9" status: 204 len: 0 microversion: 1.36
Jul 27 11:35:39.555894 np0000005900 devstack@placement-api.service[93352]: [pid: 93352|app: 0|req: 250/994] 10.4.3.192 () {72 vars in 1554 bytes} [Mon Jul 27 11:35:39 2026] PUT /placement/allocations/f3ec0cd0-73d2-415a-9316-652d81d39ce9 => generated 0 bytes in 164 msecs (HTTP/1.1 204) 5 headers in 199 bytes (1 switches on core 0)
Jul 27 11:35:39.576157 np0000005900 devstack@placement-api.service[93354]: DEBUG placement.requestlog [req-0ece862e-fb84-4721-af78-3fc697459bbd req-8b78610a-d990-465c-81dd-cec64662e053 None None] Starting request: 10.4.3.192 "GET /placement/resource_providers/4b199c74-db84-4ef0-bb1f-68ef95b7fb51/allocations" {{(pid=93354) __call__ /opt/stack/placement/placement/requestlog.py:55}}
Jul 27 11:35:39.593390 np0000005900 devstack@placement-api.service[93354]: INFO placement.requestlog [req-0ece862e-fb84-4721-af78-3fc697459bbd req-8b78610a-d990-465c-81dd-cec64662e053 service nova] 10.4.3.192 "GET /placement/resource_providers/4b199c74-db84-4ef0-bb1f-68ef95b7fb51/allocations" status: 200 len: 1025 microversion: 1.0
Jul 27 11:35:39.593643 np0000005900 devstack@placement-api.service[93354]: [pid: 93354|app: 0|req: 248/995] 10.4.3.192 () {66 vars in 1512 bytes} [Mon Jul 27 11:35:39 2026] GET /placement/resource_providers/4b199c74-db84-4ef0-bb1f-68ef95b7fb51/allocations => generated 1025 bytes in 17 msecs (HTTP/1.1 200) 6 headers in 225 bytes (2 switches on core 0)
Jul 27 11:35:39.645942 np0000005900 devstack@placement-api.service[93351]: DEBUG placement.requestlog [req-0ece862e-fb84-4721-af78-3fc697459bbd req-f0829af9-aca0-4185-8c18-74ed2cbf0f8d None None] Starting request: 10.4.3.192 "GET /placement/allocations/4a731762-3343-43f7-a019-d245b8c70c21" {{(pid=93351) __call__ /opt/stack/placement/placement/requestlog.py:55}}
Jul 27 11:35:39.655504 np0000005900 devstack@placement-api.service[93351]: INFO placement.requestlog [req-0ece862e-fb84-4721-af78-3fc697459bbd req-f0829af9-aca0-4185-8c18-74ed2cbf0f8d service nova] 10.4.3.192 "GET /placement/allocations/4a731762-3343-43f7-a019-d245b8c70c21" status: 200 len: 258 microversion: 1.28
Jul 27 11:35:39.655803 np0000005900 devstack@placement-api.service[93351]: [pid: 93351|app: 0|req: 249/996] 10.4.3.192 () {68 vars in 1499 bytes} [Mon Jul 27 11:35:39 2026] GET /placement/allocations/4a731762-3343-43f7-a019-d245b8c70c21 => generated 258 bytes in 10 msecs (HTTP/1.1 200) 8 headers in 296 bytes (1 switches on core 0)
Jul 27 11:35:39.690261 np0000005900 devstack@placement-api.service[93353]: DEBUG placement.requestlog [req-0ece862e-fb84-4721-af78-3fc697459bbd req-0a430e12-4b4c-43ac-8eaa-3699d42873c7 None None] Starting request: 10.4.3.192 "GET /placement/allocations/d0044f9b-2493-4882-996d-b777d647fb75" {{(pid=93353) __call__ /opt/stack/placement/placement/requestlog.py:55}}
Jul 27 11:35:39.712951 np0000005900 devstack@placement-api.service[93353]: INFO placement.requestlog [req-0ece862e-fb84-4721-af78-3fc697459bbd req-0a430e12-4b4c-43ac-8eaa-3699d42873c7 service nova] 10.4.3.192 "GET /placement/allocations/d0044f9b-2493-4882-996d-b777d647fb75" status: 200 len: 258 microversion: 1.28
Jul 27 11:35:39.713226 np0000005900 devstack@placement-api.service[93353]: [pid: 93353|app: 0|req: 250/997] 10.4.3.192 () {68 vars in 1499 bytes} [Mon Jul 27 11:35:39 2026] GET /placement/allocations/d0044f9b-2493-4882-996d-b777d647fb75 => generated 258 bytes in 23 msecs (HTTP/1.1 200) 8 headers in 296 bytes (1 switches on core 0)
