Jul 02 15:34:07.090164 np0000004298 nova-scheduler[96235]: DEBUG cotyledon.oslo_config_glue [-] profiler.filter_error_trace = False {{(pid=96235) log_opt_values /opt/stack/data/venv/lib/python3.12/site-packages/oslo_config/cfg.py:3253}}
Jul 02 15:34:07.090164 np0000004298 nova-scheduler[96235]: DEBUG cotyledon.oslo_config_glue [-] profiler.hmac_keys = **** {{(pid=96235) log_opt_values /opt/stack/data/venv/lib/python3.12/site-packages/oslo_config/cfg.py:3253}}
Jul 02 15:34:07.090466 np0000004298 nova-scheduler[96235]: DEBUG cotyledon.oslo_config_glue [-] profiler.sentinel_service_name = mymaster {{(pid=96235) log_opt_values /opt/stack/data/venv/lib/python3.12/site-packages/oslo_config/cfg.py:3253}}
Jul 02 15:34:07.090466 np0000004298 nova-scheduler[96235]: DEBUG cotyledon.oslo_config_glue [-] profiler.socket_timeout = 0.1 {{(pid=96235) log_opt_values /opt/stack/data/venv/lib/python3.12/site-packages/oslo_config/cfg.py:3253}}
Jul 02 15:34:07.090466 np0000004298 nova-scheduler[96235]: DEBUG cotyledon.oslo_config_glue [-] profiler.trace_requests = False {{(pid=96235) log_opt_values /opt/stack/data/venv/lib/python3.12/site-packages/oslo_config/cfg.py:3253}}
Jul 02 15:34:07.090466 np0000004298 nova-scheduler[96235]: DEBUG cotyledon.oslo_config_glue [-] profiler.trace_sqlalchemy = False {{(pid=96235) log_opt_values /opt/stack/data/venv/lib/python3.12/site-packages/oslo_config/cfg.py:3253}}
Jul 02 15:34:07.090466 np0000004298 nova-scheduler[96235]: DEBUG cotyledon.oslo_config_glue [-] profiler_jaeger.process_tags = {} {{(pid=96235) log_opt_values /opt/stack/data/venv/lib/python3.12/site-packages/oslo_config/cfg.py:3253}}
Jul 02 15:34:07.090466 np0000004298 nova-scheduler[96235]: DEBUG cotyledon.oslo_config_glue [-] profiler_jaeger.service_name_prefix = None {{(pid=96235) log_opt_values /opt/stack/data/venv/lib/python3.12/site-packages/oslo_config/cfg.py:3253}}
Jul 02 15:34:07.090466 np0000004298 nova-scheduler[96235]: DEBUG cotyledon.oslo_config_glue [-] profiler_otlp.service_name_prefix = None {{(pid=96235) log_opt_values /opt/stack/data/venv/lib/python3.12/site-packages/oslo_config/cfg.py:3253}}
Jul 02 15:34:07.090466 np0000004298 nova-scheduler[96235]: DEBUG cotyledon.oslo_config_glue [-] oslo_messaging_rabbit.amqp_auto_delete = False {{(pid=96235) log_opt_values /opt/stack/data/venv/lib/python3.12/site-packages/oslo_config/cfg.py:3253}}
Jul 02 15:34:07.090466 np0000004298 nova-scheduler[96235]: DEBUG cotyledon.oslo_config_glue [-] oslo_messaging_rabbit.amqp_durable_queues = False {{(pid=96235) log_opt_values /opt/stack/data/venv/lib/python3.12/site-packages/oslo_config/cfg.py:3253}}
Jul 02 15:34:07.090683 np0000004298 nova-scheduler[96235]: DEBUG cotyledon.oslo_config_glue [-] oslo_messaging_rabbit.conn_pool_min_size = 2 {{(pid=96235) log_opt_values /opt/stack/data/venv/lib/python3.12/site-packages/oslo_config/cfg.py:3253}}
Jul 02 15:34:07.090683 np0000004298 nova-scheduler[96235]: DEBUG cotyledon.oslo_config_glue [-] oslo_messaging_rabbit.conn_pool_ttl = 1200 {{(pid=96235) log_opt_values /opt/stack/data/venv/lib/python3.12/site-packages/oslo_config/cfg.py:3253}}
Jul 02 15:34:07.090683 np0000004298 nova-scheduler[96235]: DEBUG cotyledon.oslo_config_glue [-] oslo_messaging_rabbit.direct_mandatory_flag = True {{(pid=96235) log_opt_values /opt/stack/data/venv/lib/python3.12/site-packages/oslo_config/cfg.py:3253}}
Jul 02 15:34:07.090683 np0000004298 nova-scheduler[96235]: DEBUG cotyledon.oslo_config_glue [-] oslo_messaging_rabbit.enable_cancel_on_failover = False {{(pid=96235) log_opt_values /opt/stack/data/venv/lib/python3.12/site-packages/oslo_config/cfg.py:3253}}
Jul 02 15:34:07.090683 np0000004298 nova-scheduler[96235]: DEBUG cotyledon.oslo_config_glue [-] oslo_messaging_rabbit.heartbeat_rate = 3 {{(pid=96235) log_opt_values /opt/stack/data/venv/lib/python3.12/site-packages/oslo_config/cfg.py:3253}}
Jul 02 15:34:07.090683 np0000004298 nova-scheduler[96235]: DEBUG cotyledon.oslo_config_glue [-] oslo_messaging_rabbit.heartbeat_timeout_threshold = 60 {{(pid=96235) log_opt_values /opt/stack/data/venv/lib/python3.12/site-packages/oslo_config/cfg.py:3253}}
Jul 02 15:34:07.090683 np0000004298 nova-scheduler[96235]: DEBUG cotyledon.oslo_config_glue [-] oslo_messaging_rabbit.hostname = np0000004298 {{(pid=96235) log_opt_values /opt/stack/data/venv/lib/python3.12/site-packages/oslo_config/cfg.py:3253}}
Jul 02 15:34:07.090683 np0000004298 nova-scheduler[96235]: DEBUG cotyledon.oslo_config_glue [-] oslo_messaging_rabbit.kombu_compression = None {{(pid=96235) log_opt_values /opt/stack/data/venv/lib/python3.12/site-packages/oslo_config/cfg.py:3253}}
Jul 02 15:34:07.090683 np0000004298 nova-scheduler[96235]: DEBUG cotyledon.oslo_config_glue [-] oslo_messaging_rabbit.kombu_failover_strategy = round-robin {{(pid=96235) log_opt_values /opt/stack/data/venv/lib/python3.12/site-packages/oslo_config/cfg.py:3253}}
Jul 02 15:34:07.090872 np0000004298 nova-scheduler[96235]: DEBUG cotyledon.oslo_config_glue [-] oslo_messaging_rabbit.kombu_missing_consumer_retry_timeout = 60 {{(pid=96235) log_opt_values /opt/stack/data/venv/lib/python3.12/site-packages/oslo_config/cfg.py:3253}}
Jul 02 15:34:07.090872 np0000004298 nova-scheduler[96235]: DEBUG cotyledon.oslo_config_glue [-] oslo_messaging_rabbit.kombu_reconnect_delay = 1.0 {{(pid=96235) log_opt_values /opt/stack/data/venv/lib/python3.12/site-packages/oslo_config/cfg.py:3253}}
Jul 02 15:34:07.090872 np0000004298 nova-scheduler[96235]: DEBUG cotyledon.oslo_config_glue [-] oslo_messaging_rabbit.kombu_reconnect_splay = 0.0 {{(pid=96235) log_opt_values /opt/stack/data/venv/lib/python3.12/site-packages/oslo_config/cfg.py:3253}}
Jul 02 15:34:07.090872 np0000004298 nova-scheduler[96235]: DEBUG cotyledon.oslo_config_glue [-] oslo_messaging_rabbit.processname = nova-scheduler {{(pid=96235) log_opt_values /opt/stack/data/venv/lib/python3.12/site-packages/oslo_config/cfg.py:3253}}
Jul 02 15:34:07.090872 np0000004298 nova-scheduler[96235]: DEBUG cotyledon.oslo_config_glue [-] oslo_messaging_rabbit.rabbit_ha_queues = False {{(pid=96235) log_opt_values /opt/stack/data/venv/lib/python3.12/site-packages/oslo_config/cfg.py:3253}}
Jul 02 15:34:07.090872 np0000004298 nova-scheduler[96235]: DEBUG cotyledon.oslo_config_glue [-] oslo_messaging_rabbit.rabbit_interval_max = 30 {{(pid=96235) log_opt_values /opt/stack/data/venv/lib/python3.12/site-packages/oslo_config/cfg.py:3253}}
Jul 02 15:34:07.090872 np0000004298 nova-scheduler[96235]: DEBUG cotyledon.oslo_config_glue [-] oslo_messaging_rabbit.rabbit_login_method = AMQPLAIN {{(pid=96235) log_opt_values /opt/stack/data/venv/lib/python3.12/site-packages/oslo_config/cfg.py:3253}}
Jul 02 15:34:07.090872 np0000004298 nova-scheduler[96235]: DEBUG cotyledon.oslo_config_glue [-] oslo_messaging_rabbit.rabbit_qos_prefetch_count = 0 {{(pid=96235) log_opt_values /opt/stack/data/venv/lib/python3.12/site-packages/oslo_config/cfg.py:3253}}
Jul 02 15:34:07.090872 np0000004298 nova-scheduler[96235]: DEBUG cotyledon.oslo_config_glue [-] oslo_messaging_rabbit.rabbit_quorum_delivery_limit = 0 {{(pid=96235) log_opt_values /opt/stack/data/venv/lib/python3.12/site-packages/oslo_config/cfg.py:3253}}
Jul 02 15:34:07.091060 np0000004298 nova-scheduler[96235]: DEBUG cotyledon.oslo_config_glue [-] oslo_messaging_rabbit.rabbit_quorum_max_memory_bytes = 0 {{(pid=96235) log_opt_values /opt/stack/data/venv/lib/python3.12/site-packages/oslo_config/cfg.py:3253}}
Jul 02 15:34:07.091060 np0000004298 nova-scheduler[96235]: DEBUG cotyledon.oslo_config_glue [-] oslo_messaging_rabbit.rabbit_quorum_max_memory_length = 0 {{(pid=96235) log_opt_values /opt/stack/data/venv/lib/python3.12/site-packages/oslo_config/cfg.py:3253}}
Jul 02 15:34:07.091060 np0000004298 nova-scheduler[96235]: DEBUG cotyledon.oslo_config_glue [-] oslo_messaging_rabbit.rabbit_quorum_queue = False {{(pid=96235) log_opt_values /opt/stack/data/venv/lib/python3.12/site-packages/oslo_config/cfg.py:3253}}
Jul 02 15:34:07.091060 np0000004298 nova-scheduler[96235]: DEBUG cotyledon.oslo_config_glue [-] oslo_messaging_rabbit.rabbit_retry_backoff = 2 {{(pid=96235) log_opt_values /opt/stack/data/venv/lib/python3.12/site-packages/oslo_config/cfg.py:3253}}
Jul 02 15:34:07.091060 np0000004298 nova-scheduler[96235]: DEBUG cotyledon.oslo_config_glue [-] oslo_messaging_rabbit.rabbit_retry_interval = 1 {{(pid=96235) log_opt_values /opt/stack/data/venv/lib/python3.12/site-packages/oslo_config/cfg.py:3253}}
Jul 02 15:34:07.091060 np0000004298 nova-scheduler[96235]: DEBUG cotyledon.oslo_config_glue [-] oslo_messaging_rabbit.rabbit_stream_fanout = False {{(pid=96235) log_opt_values /opt/stack/data/venv/lib/python3.12/site-packages/oslo_config/cfg.py:3253}}
Jul 02 15:34:07.091060 np0000004298 nova-scheduler[96235]: DEBUG cotyledon.oslo_config_glue [-] oslo_messaging_rabbit.rabbit_transient_queues_ttl = 1800 {{(pid=96235) log_opt_values /opt/stack/data/venv/lib/python3.12/site-packages/oslo_config/cfg.py:3253}}
Jul 02 15:34:07.091060 np0000004298 nova-scheduler[96235]: DEBUG cotyledon.oslo_config_glue [-] oslo_messaging_rabbit.rabbit_transient_quorum_queue = False {{(pid=96235) log_opt_values /opt/stack/data/venv/lib/python3.12/site-packages/oslo_config/cfg.py:3253}}
Jul 02 15:34:07.091276 np0000004298 nova-scheduler[96235]: DEBUG cotyledon.oslo_config_glue [-] oslo_messaging_rabbit.rpc_conn_pool_size = 30 {{(pid=96235) log_opt_values /opt/stack/data/venv/lib/python3.12/site-packages/oslo_config/cfg.py:3253}}
Jul 02 15:34:07.091276 np0000004298 nova-scheduler[96235]: DEBUG cotyledon.oslo_config_glue [-] oslo_messaging_rabbit.ssl = False {{(pid=96235) log_opt_values /opt/stack/data/venv/lib/python3.12/site-packages/oslo_config/cfg.py:3253}}
Jul 02 15:34:07.091276 np0000004298 nova-scheduler[96235]: DEBUG cotyledon.oslo_config_glue [-] oslo_messaging_rabbit.ssl_ca_file = {{(pid=96235) log_opt_values /opt/stack/data/venv/lib/python3.12/site-packages/oslo_config/cfg.py:3253}}
Jul 02 15:34:07.091276 np0000004298 nova-scheduler[96235]: DEBUG cotyledon.oslo_config_glue [-] oslo_messaging_rabbit.ssl_cert_file = {{(pid=96235) log_opt_values /opt/stack/data/venv/lib/python3.12/site-packages/oslo_config/cfg.py:3253}}
Jul 02 15:34:07.091276 np0000004298 nova-scheduler[96235]: DEBUG cotyledon.oslo_config_glue [-] oslo_messaging_rabbit.ssl_enforce_fips_mode = False {{(pid=96235) log_opt_values /opt/stack/data/venv/lib/python3.12/site-packages/oslo_config/cfg.py:3253}}
Jul 02 15:34:07.091276 np0000004298 nova-scheduler[96235]: DEBUG cotyledon.oslo_config_glue [-] oslo_messaging_rabbit.ssl_enforce_hostname_verification = True {{(pid=96235) log_opt_values /opt/stack/data/venv/lib/python3.12/site-packages/oslo_config/cfg.py:3253}}
Jul 02 15:34:07.091276 np0000004298 nova-scheduler[96235]: DEBUG cotyledon.oslo_config_glue [-] oslo_messaging_rabbit.ssl_key_file = {{(pid=96235) log_opt_values /opt/stack/data/venv/lib/python3.12/site-packages/oslo_config/cfg.py:3253}}
Jul 02 15:34:07.091276 np0000004298 nova-scheduler[96235]: DEBUG cotyledon.oslo_config_glue [-] oslo_messaging_rabbit.ssl_version = {{(pid=96235) log_opt_values /opt/stack/data/venv/lib/python3.12/site-packages/oslo_config/cfg.py:3253}}
Jul 02 15:34:07.091276 np0000004298 nova-scheduler[96235]: DEBUG cotyledon.oslo_config_glue [-] oslo_messaging_rabbit.use_queue_manager = False {{(pid=96235) log_opt_values /opt/stack/data/venv/lib/python3.12/site-packages/oslo_config/cfg.py:3253}}
Jul 02 15:34:07.091558 np0000004298 nova-scheduler[96235]: DEBUG cotyledon.oslo_config_glue [-] oslo_messaging_notifications.driver = ['messagingv2'] {{(pid=96235) log_opt_values /opt/stack/data/venv/lib/python3.12/site-packages/oslo_config/cfg.py:3253}}
Jul 02 15:34:07.091558 np0000004298 nova-scheduler[96235]: DEBUG cotyledon.oslo_config_glue [-] oslo_messaging_notifications.retry = -1 {{(pid=96235) log_opt_values /opt/stack/data/venv/lib/python3.12/site-packages/oslo_config/cfg.py:3253}}
Jul 02 15:34:07.091558 np0000004298 nova-scheduler[96235]: DEBUG cotyledon.oslo_config_glue [-] oslo_messaging_notifications.topics = ['notifications'] {{(pid=96235) log_opt_values /opt/stack/data/venv/lib/python3.12/site-packages/oslo_config/cfg.py:3253}}
Jul 02 15:34:07.091558 np0000004298 nova-scheduler[96235]: DEBUG cotyledon.oslo_config_glue [-] oslo_messaging_notifications.transport_url = **** {{(pid=96235) log_opt_values /opt/stack/data/venv/lib/python3.12/site-packages/oslo_config/cfg.py:3253}}
Jul 02 15:34:07.091558 np0000004298 nova-scheduler[96235]: DEBUG cotyledon.oslo_config_glue [-] oslo_limit.auth_section = None {{(pid=96235) log_opt_values /opt/stack/data/venv/lib/python3.12/site-packages/oslo_config/cfg.py:3253}}
Jul 02 15:34:07.091558 np0000004298 nova-scheduler[96235]: DEBUG cotyledon.oslo_config_glue [-] oslo_limit.auth_type = None {{(pid=96235) log_opt_values /opt/stack/data/venv/lib/python3.12/site-packages/oslo_config/cfg.py:3253}}
Jul 02 15:34:07.091558 np0000004298 nova-scheduler[96235]: DEBUG cotyledon.oslo_config_glue [-] oslo_limit.cafile = None {{(pid=96235) log_opt_values /opt/stack/data/venv/lib/python3.12/site-packages/oslo_config/cfg.py:3253}}
Jul 02 15:34:07.091558 np0000004298 nova-scheduler[96235]: DEBUG cotyledon.oslo_config_glue [-] oslo_limit.certfile = None {{(pid=96235) log_opt_values /opt/stack/data/venv/lib/python3.12/site-packages/oslo_config/cfg.py:3253}}
Jul 02 15:34:07.091558 np0000004298 nova-scheduler[96235]: DEBUG cotyledon.oslo_config_glue [-] oslo_limit.collect_timing = False {{(pid=96235) log_opt_values /opt/stack/data/venv/lib/python3.12/site-packages/oslo_config/cfg.py:3253}}
Jul 02 15:34:07.091803 np0000004298 nova-scheduler[96235]: DEBUG cotyledon.oslo_config_glue [-] oslo_limit.connect_retries = None {{(pid=96235) log_opt_values /opt/stack/data/venv/lib/python3.12/site-packages/oslo_config/cfg.py:3253}}
Jul 02 15:34:07.091803 np0000004298 nova-scheduler[96235]: DEBUG cotyledon.oslo_config_glue [-] oslo_limit.connect_retry_delay = None {{(pid=96235) log_opt_values /opt/stack/data/venv/lib/python3.12/site-packages/oslo_config/cfg.py:3253}}
Jul 02 15:34:07.091803 np0000004298 nova-scheduler[96235]: DEBUG cotyledon.oslo_config_glue [-] oslo_limit.endpoint_id = None {{(pid=96235) log_opt_values /opt/stack/data/venv/lib/python3.12/site-packages/oslo_config/cfg.py:3253}}
Jul 02 15:34:07.091803 np0000004298 nova-scheduler[96235]: DEBUG cotyledon.oslo_config_glue [-] oslo_limit.endpoint_interface = public {{(pid=96235) log_opt_values /opt/stack/data/venv/lib/python3.12/site-packages/oslo_config/cfg.py:3253}}
Jul 02 15:34:07.091803 np0000004298 nova-scheduler[96235]: DEBUG cotyledon.oslo_config_glue [-] oslo_limit.endpoint_override = None {{(pid=96235) log_opt_values /opt/stack/data/venv/lib/python3.12/site-packages/oslo_config/cfg.py:3253}}
Jul 02 15:34:07.091803 np0000004298 nova-scheduler[96235]: DEBUG cotyledon.oslo_config_glue [-] oslo_limit.endpoint_region_name = None {{(pid=96235) log_opt_values /opt/stack/data/venv/lib/python3.12/site-packages/oslo_config/cfg.py:3253}}
Jul 02 15:34:07.091803 np0000004298 nova-scheduler[96235]: DEBUG cotyledon.oslo_config_glue [-] oslo_limit.endpoint_service_name = None {{(pid=96235) log_opt_values /opt/stack/data/venv/lib/python3.12/site-packages/oslo_config/cfg.py:3253}}
Jul 02 15:34:07.091803 np0000004298 nova-scheduler[96235]: DEBUG cotyledon.oslo_config_glue [-] oslo_limit.endpoint_service_type = None {{(pid=96235) log_opt_values /opt/stack/data/venv/lib/python3.12/site-packages/oslo_config/cfg.py:3253}}
Jul 02 15:34:07.091803 np0000004298 nova-scheduler[96235]: DEBUG cotyledon.oslo_config_glue [-] oslo_limit.insecure = False {{(pid=96235) log_opt_values /opt/stack/data/venv/lib/python3.12/site-packages/oslo_config/cfg.py:3253}}
Jul 02 15:34:07.092111 np0000004298 nova-scheduler[96235]: DEBUG cotyledon.oslo_config_glue [-] oslo_limit.keyfile = None {{(pid=96235) log_opt_values /opt/stack/data/venv/lib/python3.12/site-packages/oslo_config/cfg.py:3253}}
Jul 02 15:34:07.092111 np0000004298 nova-scheduler[96235]: DEBUG cotyledon.oslo_config_glue [-] oslo_limit.max_version = None {{(pid=96235) log_opt_values /opt/stack/data/venv/lib/python3.12/site-packages/oslo_config/cfg.py:3253}}
Jul 02 15:34:07.092111 np0000004298 nova-scheduler[96235]: DEBUG cotyledon.oslo_config_glue [-] oslo_limit.min_version = None {{(pid=96235) log_opt_values /opt/stack/data/venv/lib/python3.12/site-packages/oslo_config/cfg.py:3253}}
Jul 02 15:34:07.092111 np0000004298 nova-scheduler[96235]: DEBUG cotyledon.oslo_config_glue [-] oslo_limit.region_name = None {{(pid=96235) log_opt_values /opt/stack/data/venv/lib/python3.12/site-packages/oslo_config/cfg.py:3253}}
Jul 02 15:34:07.092111 np0000004298 nova-scheduler[96235]: DEBUG cotyledon.oslo_config_glue [-] oslo_limit.retriable_status_codes = None {{(pid=96235) log_opt_values /opt/stack/data/venv/lib/python3.12/site-packages/oslo_config/cfg.py:3253}}
Jul 02 15:34:07.092111 np0000004298 nova-scheduler[96235]: DEBUG cotyledon.oslo_config_glue [-] oslo_limit.service_name = None {{(pid=96235) log_opt_values /opt/stack/data/venv/lib/python3.12/site-packages/oslo_config/cfg.py:3253}}
Jul 02 15:34:07.092111 np0000004298 nova-scheduler[96235]: DEBUG cotyledon.oslo_config_glue [-] oslo_limit.service_type = None {{(pid=96235) log_opt_values /opt/stack/data/venv/lib/python3.12/site-packages/oslo_config/cfg.py:3253}}
Jul 02 15:34:07.092111 np0000004298 nova-scheduler[96235]: DEBUG cotyledon.oslo_config_glue [-] oslo_limit.split_loggers = False {{(pid=96235) log_opt_values /opt/stack/data/venv/lib/python3.12/site-packages/oslo_config/cfg.py:3253}}
Jul 02 15:34:07.092111 np0000004298 nova-scheduler[96235]: DEBUG cotyledon.oslo_config_glue [-] oslo_limit.status_code_retries = None {{(pid=96235) log_opt_values /opt/stack/data/venv/lib/python3.12/site-packages/oslo_config/cfg.py:3253}}
Jul 02 15:34:07.092373 np0000004298 nova-scheduler[96235]: DEBUG cotyledon.oslo_config_glue [-] oslo_limit.status_code_retry_delay = None {{(pid=96235) log_opt_values /opt/stack/data/venv/lib/python3.12/site-packages/oslo_config/cfg.py:3253}}
Jul 02 15:34:07.092373 np0000004298 nova-scheduler[96235]: DEBUG cotyledon.oslo_config_glue [-] oslo_limit.timeout = None {{(pid=96235) log_opt_values /opt/stack/data/venv/lib/python3.12/site-packages/oslo_config/cfg.py:3253}}
Jul 02 15:34:07.092373 np0000004298 nova-scheduler[96235]: DEBUG cotyledon.oslo_config_glue [-] oslo_limit.valid_interfaces = None {{(pid=96235) log_opt_values /opt/stack/data/venv/lib/python3.12/site-packages/oslo_config/cfg.py:3253}}
Jul 02 15:34:07.092373 np0000004298 nova-scheduler[96235]: DEBUG cotyledon.oslo_config_glue [-] oslo_limit.version = None {{(pid=96235) log_opt_values /opt/stack/data/venv/lib/python3.12/site-packages/oslo_config/cfg.py:3253}}
Jul 02 15:34:07.092373 np0000004298 nova-scheduler[96235]: DEBUG cotyledon.oslo_config_glue [-] oslo_reports.file_event_handler = None {{(pid=96235) log_opt_values /opt/stack/data/venv/lib/python3.12/site-packages/oslo_config/cfg.py:3253}}
Jul 02 15:34:07.092373 np0000004298 nova-scheduler[96235]: DEBUG cotyledon.oslo_config_glue [-] oslo_reports.file_event_handler_interval = 1 {{(pid=96235) log_opt_values /opt/stack/data/venv/lib/python3.12/site-packages/oslo_config/cfg.py:3253}}
Jul 02 15:34:07.092373 np0000004298 nova-scheduler[96235]: DEBUG cotyledon.oslo_config_glue [-] oslo_reports.log_dir = None {{(pid=96235) log_opt_values /opt/stack/data/venv/lib/python3.12/site-packages/oslo_config/cfg.py:3253}}
Jul 02 15:34:07.092373 np0000004298 nova-scheduler[96235]: DEBUG cotyledon.oslo_config_glue [-] ******************************************************************************** {{(pid=96235) log_opt_values /opt/stack/data/venv/lib/python3.12/site-packages/oslo_config/cfg.py:3260}}
Jul 02 15:34:07.092373 np0000004298 nova-scheduler[96235]: DEBUG cotyledon._service_worker [-] Run service ServiceWrapper(3) [96235] {{(pid=96235) wait_forever /opt/stack/data/venv/lib/python3.12/site-packages/cotyledon/_service_worker.py:218}}
Jul 02 15:34:07.092617 np0000004298 nova-scheduler[96235]: INFO nova.service [-] Starting scheduler node (version 33.1.0)
Jul 02 15:34:07.092617 np0000004298 nova-scheduler[96235]: INFO dbcounter [None req-4f8af735-06a2-4e7a-8c02-d278b96d30f3 None None] Registered counter for database nova_cell0
Jul 02 15:34:07.092673 np0000004298 nova-scheduler[96231]: DEBUG oslo_db.sqlalchemy.engines [None req-722b370d-a979-4bc5-a00b-729df73d1612 None None] MySQL server mode set to STRICT_TRANS_TABLES,STRICT_ALL_TABLES,NO_ZERO_IN_DATE,NO_ZERO_DATE,ERROR_FOR_DIVISION_BY_ZERO,TRADITIONAL,NO_ENGINE_SUBSTITUTION {{(pid=96231) _check_effective_sql_mode /opt/stack/data/venv/lib/python3.12/site-packages/oslo_db/sqlalchemy/engines.py:325}}
Jul 02 15:34:07.092705 np0000004298 nova-scheduler[96229]: DEBUG oslo_db.sqlalchemy.engines [None req-bc044c1c-38e8-471c-9746-582b214afe84 None None] MySQL server mode set to STRICT_TRANS_TABLES,STRICT_ALL_TABLES,NO_ZERO_IN_DATE,NO_ZERO_DATE,ERROR_FOR_DIVISION_BY_ZERO,TRADITIONAL,NO_ENGINE_SUBSTITUTION {{(pid=96229) _check_effective_sql_mode /opt/stack/data/venv/lib/python3.12/site-packages/oslo_db/sqlalchemy/engines.py:325}}
Jul 02 15:34:07.092744 np0000004298 nova-scheduler[96231]: DEBUG dbcounter [-] [96231] Writer thread running {{(pid=96231) stat_writer /opt/stack/data/venv/lib/python3.12/site-packages/dbcounter.py:102}}
Jul 02 15:34:07.092794 np0000004298 nova-scheduler[96233]: DEBUG oslo_db.sqlalchemy.engines [None req-2b2e45ce-4562-496e-a9ad-7a1bf8a93dba None None] MySQL server mode set to STRICT_TRANS_TABLES,STRICT_ALL_TABLES,NO_ZERO_IN_DATE,NO_ZERO_DATE,ERROR_FOR_DIVISION_BY_ZERO,TRADITIONAL,NO_ENGINE_SUBSTITUTION {{(pid=96233) _check_effective_sql_mode /opt/stack/data/venv/lib/python3.12/site-packages/oslo_db/sqlalchemy/engines.py:325}}
Jul 02 15:34:07.092841 np0000004298 nova-scheduler[96229]: DEBUG dbcounter [-] [96229] Writer thread running {{(pid=96229) stat_writer /opt/stack/data/venv/lib/python3.12/site-packages/dbcounter.py:102}}
Jul 02 15:34:07.098923 np0000004298 nova-scheduler[96233]: DEBUG dbcounter [-] [96233] Writer thread running {{(pid=96233) stat_writer /opt/stack/data/venv/lib/python3.12/site-packages/dbcounter.py:102}}
Jul 02 15:34:07.102063 np0000004298 nova-scheduler[96231]: DEBUG nova.service [None req-722b370d-a979-4bc5-a00b-729df73d1612 None None] Creating RPC server for service: nova-scheduler on topic: scheduler {{(pid=96231) start /opt/stack/nova/nova/service.py:196}}
Jul 02 15:34:07.110048 np0000004298 nova-scheduler[96235]: DEBUG oslo_db.sqlalchemy.engines [None req-4f8af735-06a2-4e7a-8c02-d278b96d30f3 None None] MySQL server mode set to STRICT_TRANS_TABLES,STRICT_ALL_TABLES,NO_ZERO_IN_DATE,NO_ZERO_DATE,ERROR_FOR_DIVISION_BY_ZERO,TRADITIONAL,NO_ENGINE_SUBSTITUTION {{(pid=96235) _check_effective_sql_mode /opt/stack/data/venv/lib/python3.12/site-packages/oslo_db/sqlalchemy/engines.py:325}}
Jul 02 15:34:07.122797 np0000004298 nova-scheduler[96233]: DEBUG nova.service [None req-2b2e45ce-4562-496e-a9ad-7a1bf8a93dba None None] Creating RPC server for service: nova-scheduler on topic: scheduler {{(pid=96233) start /opt/stack/nova/nova/service.py:196}}
Jul 02 15:34:07.126915 np0000004298 nova-scheduler[96229]: DEBUG nova.service [None req-bc044c1c-38e8-471c-9746-582b214afe84 None None] Creating RPC server for service: nova-scheduler on topic: scheduler {{(pid=96229) start /opt/stack/nova/nova/service.py:196}}
Jul 02 15:34:07.134767 np0000004298 nova-scheduler[96235]: DEBUG dbcounter [-] [96235] Writer thread running {{(pid=96235) stat_writer /opt/stack/data/venv/lib/python3.12/site-packages/dbcounter.py:102}}
Jul 02 15:34:07.139613 np0000004298 nova-scheduler[96235]: DEBUG nova.service [None req-4f8af735-06a2-4e7a-8c02-d278b96d30f3 None None] Creating RPC server for service: nova-scheduler on topic: scheduler {{(pid=96235) start /opt/stack/nova/nova/service.py:196}}
Jul 02 15:34:07.147090 np0000004298 nova-scheduler[96231]: DEBUG nova.service [None req-722b370d-a979-4bc5-a00b-729df73d1612 None None] Join ServiceGroup membership for this service scheduler {{(pid=96231) start /opt/stack/nova/nova/service.py:222}}
Jul 02 15:34:07.147378 np0000004298 nova-scheduler[96233]: DEBUG nova.service [None req-2b2e45ce-4562-496e-a9ad-7a1bf8a93dba None None] Join ServiceGroup membership for this service scheduler {{(pid=96233) start /opt/stack/nova/nova/service.py:222}}
Jul 02 15:34:07.147462 np0000004298 nova-scheduler[96231]: DEBUG nova.servicegroup.drivers.db [None req-722b370d-a979-4bc5-a00b-729df73d1612 None None] DB_Driver: join new ServiceGroup member np0000004298 to the scheduler group, service = {{(pid=96231) join /opt/stack/nova/nova/servicegroup/drivers/db.py:44}}
Jul 02 15:34:07.147887 np0000004298 nova-scheduler[96233]: DEBUG nova.servicegroup.drivers.db [None req-2b2e45ce-4562-496e-a9ad-7a1bf8a93dba None None] DB_Driver: join new ServiceGroup member np0000004298 to the scheduler group, service = {{(pid=96233) join /opt/stack/nova/nova/servicegroup/drivers/db.py:44}}
Jul 02 15:34:07.155170 np0000004298 nova-scheduler[96229]: DEBUG nova.service [None req-bc044c1c-38e8-471c-9746-582b214afe84 None None] Join ServiceGroup membership for this service scheduler {{(pid=96229) start /opt/stack/nova/nova/service.py:222}}
Jul 02 15:34:07.155465 np0000004298 nova-scheduler[96229]: DEBUG nova.servicegroup.drivers.db [None req-bc044c1c-38e8-471c-9746-582b214afe84 None None] DB_Driver: join new ServiceGroup member np0000004298 to the scheduler group, service = {{(pid=96229) join /opt/stack/nova/nova/servicegroup/drivers/db.py:44}}
Jul 02 15:34:07.160412 np0000004298 nova-scheduler[96235]: DEBUG nova.service [None req-4f8af735-06a2-4e7a-8c02-d278b96d30f3 None None] Join ServiceGroup membership for this service scheduler {{(pid=96235) start /opt/stack/nova/nova/service.py:222}}
Jul 02 15:34:07.160860 np0000004298 nova-scheduler[96235]: DEBUG nova.servicegroup.drivers.db [None req-4f8af735-06a2-4e7a-8c02-d278b96d30f3 None None] DB_Driver: join new ServiceGroup member np0000004298 to the scheduler group, service = {{(pid=96235) join /opt/stack/nova/nova/servicegroup/drivers/db.py:44}}
Jul 02 15:34:10.151359 np0000004298 nova-scheduler[96233]: DEBUG oslo.service.backend._threading.loopingcall [None req-8656f25c-bffb-4b4a-96c2-f379b7415815 None None] Dynamic interval looping call 'nova.service.Service.periodic_tasks' sleeping for 60.00 seconds {{(pid=96233) _run_loop /opt/stack/data/venv/lib/python3.12/site-packages/oslo_service/backend/_threading/loopingcall.py:125}}
Jul 02 15:34:12.167421 np0000004298 nova-scheduler[96231]: DEBUG oslo.service.backend._threading.loopingcall [-] Fixed interval looping call 'nova.servicegroup.drivers.db.DbDriver._report_state' sleeping for 119.98 seconds {{(pid=96231) _run_loop /opt/stack/data/venv/lib/python3.12/site-packages/oslo_service/backend/_threading/loopingcall.py:125}}
Jul 02 15:34:12.167907 np0000004298 nova-scheduler[96233]: DEBUG oslo.service.backend._threading.loopingcall [-] Fixed interval looping call 'nova.servicegroup.drivers.db.DbDriver._report_state' sleeping for 119.98 seconds {{(pid=96233) _run_loop /opt/stack/data/venv/lib/python3.12/site-packages/oslo_service/backend/_threading/loopingcall.py:125}}
Jul 02 15:34:12.169323 np0000004298 nova-scheduler[96229]: DEBUG oslo.service.backend._threading.loopingcall [-] Fixed interval looping call 'nova.servicegroup.drivers.db.DbDriver._report_state' sleeping for 119.99 seconds {{(pid=96229) _run_loop /opt/stack/data/venv/lib/python3.12/site-packages/oslo_service/backend/_threading/loopingcall.py:125}}
Jul 02 15:34:12.173226 np0000004298 nova-scheduler[96235]: DEBUG oslo.service.backend._threading.loopingcall [-] Fixed interval looping call 'nova.servicegroup.drivers.db.DbDriver._report_state' sleeping for 119.99 seconds {{(pid=96235) _run_loop /opt/stack/data/venv/lib/python3.12/site-packages/oslo_service/backend/_threading/loopingcall.py:125}}
Jul 02 15:34:15.626013 np0000004298 nova-scheduler[95032]: DEBUG dbcounter [-] [95032] Writing DB stats nova_api:SELECT=3 {{(pid=95032) stat_writer /opt/stack/data/venv/lib/python3.12/site-packages/dbcounter.py:115}}
Jul 02 15:34:15.773787 np0000004298 nova-scheduler[95032]: DEBUG dbcounter [-] [95032] Writing DB stats nova_cell1:SELECT=1 {{(pid=95032) stat_writer /opt/stack/data/venv/lib/python3.12/site-packages/dbcounter.py:115}}
Jul 02 15:34:15.780015 np0000004298 nova-scheduler[95032]: DEBUG dbcounter [-] [95032] Writing DB stats nova_cell0:SELECT=1 {{(pid=95032) stat_writer /opt/stack/data/venv/lib/python3.12/site-packages/dbcounter.py:115}}
Jul 02 15:34:22.156943 np0000004298 nova-scheduler[96233]: DEBUG dbcounter [-] [96233] Writing DB stats nova_cell0:SELECT=4,nova_cell0:INSERT=1,nova_cell0:UPDATE=1 {{(pid=96233) stat_writer /opt/stack/data/venv/lib/python3.12/site-packages/dbcounter.py:115}}
Jul 02 15:34:22.160515 np0000004298 nova-scheduler[96231]: DEBUG dbcounter [-] [96231] Writing DB stats nova_cell0:SELECT=4,nova_cell0:INSERT=1,nova_cell0:UPDATE=1 {{(pid=96231) stat_writer /opt/stack/data/venv/lib/python3.12/site-packages/dbcounter.py:115}}
Jul 02 15:34:22.164512 np0000004298 nova-scheduler[96229]: DEBUG dbcounter [-] [96229] Writing DB stats nova_cell0:SELECT=4,nova_cell0:INSERT=1,nova_cell0:UPDATE=1 {{(pid=96229) stat_writer /opt/stack/data/venv/lib/python3.12/site-packages/dbcounter.py:115}}
Jul 02 15:34:22.170176 np0000004298 nova-scheduler[96235]: DEBUG dbcounter [-] [96235] Writing DB stats nova_cell0:SELECT=3 {{(pid=96235) stat_writer /opt/stack/data/venv/lib/python3.12/site-packages/dbcounter.py:115}}
Jul 02 15:34:49.151447 np0000004298 nova-scheduler[96231]: DEBUG oslo.service.backend._threading.loopingcall [None req-b6a4f6ac-f77f-4093-ae4b-03f8aef87baa None None] Dynamic interval looping call 'nova.service.Service.periodic_tasks' sleeping for 60.00 seconds {{(pid=96231) _run_loop /opt/stack/data/venv/lib/python3.12/site-packages/oslo_service/backend/_threading/loopingcall.py:125}}
Jul 02 15:34:49.157700 np0000004298 nova-scheduler[96229]: DEBUG oslo.service.backend._threading.loopingcall [None req-7fb4957c-6afe-4672-8fbe-4a51fb1fdcb0 None None] Dynamic interval looping call 'nova.service.Service.periodic_tasks' sleeping for 60.00 seconds {{(pid=96229) _run_loop /opt/stack/data/venv/lib/python3.12/site-packages/oslo_service/backend/_threading/loopingcall.py:125}}
Jul 02 15:35:00.163077 np0000004298 nova-scheduler[96235]: DEBUG oslo.service.backend._threading.loopingcall [None req-6a9a6a69-4954-4312-8a53-e2111c77f7d4 None None] Dynamic interval looping call 'nova.service.Service.periodic_tasks' sleeping for 60.00 seconds {{(pid=96235) _run_loop /opt/stack/data/venv/lib/python3.12/site-packages/oslo_service/backend/_threading/loopingcall.py:125}}
Jul 02 15:35:10.151935 np0000004298 nova-scheduler[96233]: DEBUG oslo.service.backend._threading.loopingcall [None req-8656f25c-bffb-4b4a-96c2-f379b7415815 None None] Dynamic interval looping call 'nova.service.Service.periodic_tasks' sleeping for 60.00 seconds {{(pid=96233) _run_loop /opt/stack/data/venv/lib/python3.12/site-packages/oslo_service/backend/_threading/loopingcall.py:125}}
Jul 02 15:35:49.152118 np0000004298 nova-scheduler[96231]: DEBUG oslo.service.backend._threading.loopingcall [None req-b6a4f6ac-f77f-4093-ae4b-03f8aef87baa None None] Dynamic interval looping call 'nova.service.Service.periodic_tasks' sleeping for 60.00 seconds {{(pid=96231) _run_loop /opt/stack/data/venv/lib/python3.12/site-packages/oslo_service/backend/_threading/loopingcall.py:125}}
Jul 02 15:35:49.158328 np0000004298 nova-scheduler[96229]: DEBUG oslo.service.backend._threading.loopingcall [None req-7fb4957c-6afe-4672-8fbe-4a51fb1fdcb0 None None] Dynamic interval looping call 'nova.service.Service.periodic_tasks' sleeping for 60.00 seconds {{(pid=96229) _run_loop /opt/stack/data/venv/lib/python3.12/site-packages/oslo_service/backend/_threading/loopingcall.py:125}}
Jul 02 15:36:00.163527 np0000004298 nova-scheduler[96235]: DEBUG oslo.service.backend._threading.loopingcall [None req-6a9a6a69-4954-4312-8a53-e2111c77f7d4 None None] Dynamic interval looping call 'nova.service.Service.periodic_tasks' sleeping for 60.00 seconds {{(pid=96235) _run_loop /opt/stack/data/venv/lib/python3.12/site-packages/oslo_service/backend/_threading/loopingcall.py:125}}
Jul 02 15:36:10.152734 np0000004298 nova-scheduler[96233]: DEBUG oslo.service.backend._threading.loopingcall [None req-8656f25c-bffb-4b4a-96c2-f379b7415815 None None] Dynamic interval looping call 'nova.service.Service.periodic_tasks' sleeping for 60.00 seconds {{(pid=96233) _run_loop /opt/stack/data/venv/lib/python3.12/site-packages/oslo_service/backend/_threading/loopingcall.py:125}}
Jul 02 15:36:12.157097 np0000004298 nova-scheduler[96231]: DEBUG oslo.service.backend._threading.loopingcall [-] Fixed interval looping call 'nova.servicegroup.drivers.db.DbDriver._report_state' sleeping for 119.99 seconds {{(pid=96231) _run_loop /opt/stack/data/venv/lib/python3.12/site-packages/oslo_service/backend/_threading/loopingcall.py:125}}
Jul 02 15:36:12.157664 np0000004298 nova-scheduler[96233]: DEBUG oslo.service.backend._threading.loopingcall [-] Fixed interval looping call 'nova.servicegroup.drivers.db.DbDriver._report_state' sleeping for 119.99 seconds {{(pid=96233) _run_loop /opt/stack/data/venv/lib/python3.12/site-packages/oslo_service/backend/_threading/loopingcall.py:125}}
Jul 02 15:36:12.163227 np0000004298 nova-scheduler[96229]: DEBUG oslo.service.backend._threading.loopingcall [-] Fixed interval looping call 'nova.servicegroup.drivers.db.DbDriver._report_state' sleeping for 120.00 seconds {{(pid=96229) _run_loop /opt/stack/data/venv/lib/python3.12/site-packages/oslo_service/backend/_threading/loopingcall.py:125}}
Jul 02 15:36:12.167112 np0000004298 nova-scheduler[96235]: DEBUG oslo.service.backend._threading.loopingcall [-] Fixed interval looping call 'nova.servicegroup.drivers.db.DbDriver._report_state' sleeping for 120.00 seconds {{(pid=96235) _run_loop /opt/stack/data/venv/lib/python3.12/site-packages/oslo_service/backend/_threading/loopingcall.py:125}}
Jul 02 15:36:22.150763 np0000004298 nova-scheduler[96233]: DEBUG dbcounter [-] [96233] Writing DB stats nova_cell0:SELECT=1,nova_cell0:UPDATE=1 {{(pid=96233) stat_writer /opt/stack/data/venv/lib/python3.12/site-packages/dbcounter.py:115}}
Jul 02 15:36:22.151289 np0000004298 nova-scheduler[96231]: DEBUG dbcounter [-] [96231] Writing DB stats nova_cell0:SELECT=1,nova_cell0:UPDATE=1 {{(pid=96231) stat_writer /opt/stack/data/venv/lib/python3.12/site-packages/dbcounter.py:115}}
Jul 02 15:36:22.161630 np0000004298 nova-scheduler[96229]: DEBUG dbcounter [-] [96229] Writing DB stats nova_cell0:SELECT=1 {{(pid=96229) stat_writer /opt/stack/data/venv/lib/python3.12/site-packages/dbcounter.py:115}}
Jul 02 15:36:22.166118 np0000004298 nova-scheduler[96235]: DEBUG dbcounter [-] [96235] Writing DB stats nova_cell0:SELECT=1 {{(pid=96235) stat_writer /opt/stack/data/venv/lib/python3.12/site-packages/dbcounter.py:115}}
Jul 02 15:36:49.153157 np0000004298 nova-scheduler[96231]: DEBUG oslo.service.backend._threading.loopingcall [None req-b6a4f6ac-f77f-4093-ae4b-03f8aef87baa None None] Dynamic interval looping call 'nova.service.Service.periodic_tasks' sleeping for 60.00 seconds {{(pid=96231) _run_loop /opt/stack/data/venv/lib/python3.12/site-packages/oslo_service/backend/_threading/loopingcall.py:125}}
Jul 02 15:36:49.161173 np0000004298 nova-scheduler[96229]: DEBUG oslo.service.backend._threading.loopingcall [None req-7fb4957c-6afe-4672-8fbe-4a51fb1fdcb0 None None] Dynamic interval looping call 'nova.service.Service.periodic_tasks' sleeping for 60.00 seconds {{(pid=96229) _run_loop /opt/stack/data/venv/lib/python3.12/site-packages/oslo_service/backend/_threading/loopingcall.py:125}}
Jul 02 15:36:56.476526 np0000004298 nova-scheduler[96231]: DEBUG nova.scheduler.manager [None req-72647fa8-d541-482e-a7bd-60dea4bc1b79 tempest-AttachVolumeMultiAttachTest-363995983 tempest-AttachVolumeMultiAttachTest-363995983-project-member] Starting to schedule for instances: ['0fcbabb7-669b-466b-9e2e-d11554954fa2'] {{(pid=96231) select_destinations /opt/stack/nova/nova/scheduler/manager.py:209}}
Jul 02 15:36:56.476926 np0000004298 nova-scheduler[96231]: DEBUG nova.scheduler.request_filter [None req-72647fa8-d541-482e-a7bd-60dea4bc1b79 tempest-AttachVolumeMultiAttachTest-363995983 tempest-AttachVolumeMultiAttachTest-363995983-project-member] compute_status_filter request filter added forbidden trait COMPUTE_STATUS_DISABLED {{(pid=96231) compute_status_filter /opt/stack/nova/nova/scheduler/request_filter.py:253}}
Jul 02 15:36:56.477067 np0000004298 nova-scheduler[96231]: DEBUG nova.scheduler.request_filter [None req-72647fa8-d541-482e-a7bd-60dea4bc1b79 tempest-AttachVolumeMultiAttachTest-363995983 tempest-AttachVolumeMultiAttachTest-363995983-project-member] Request filter 'compute_status_filter' took 0.0 seconds {{(pid=96231) wrapper /opt/stack/nova/nova/scheduler/request_filter.py:46}}
Jul 02 15:36:56.477338 np0000004298 nova-scheduler[96231]: DEBUG nova.scheduler.request_filter [None req-72647fa8-d541-482e-a7bd-60dea4bc1b79 tempest-AttachVolumeMultiAttachTest-363995983 tempest-AttachVolumeMultiAttachTest-363995983-project-member] Request filter 'accelerators_filter' took 0.0 seconds {{(pid=96231) wrapper /opt/stack/nova/nova/scheduler/request_filter.py:46}}
Jul 02 15:36:56.477561 np0000004298 nova-scheduler[96231]: DEBUG nova.scheduler.request_filter [None req-72647fa8-d541-482e-a7bd-60dea4bc1b79 tempest-AttachVolumeMultiAttachTest-363995983 tempest-AttachVolumeMultiAttachTest-363995983-project-member] Request filter 'packed_virtqueue_filter' took 0.0 seconds {{(pid=96231) wrapper /opt/stack/nova/nova/scheduler/request_filter.py:46}}
Jul 02 15:36:56.477910 np0000004298 nova-scheduler[96231]: DEBUG nova.scheduler.request_filter [None req-72647fa8-d541-482e-a7bd-60dea4bc1b79 tempest-AttachVolumeMultiAttachTest-363995983 tempest-AttachVolumeMultiAttachTest-363995983-project-member] Request filter 'remote_managed_ports_filter' took 0.0 seconds {{(pid=96231) wrapper /opt/stack/nova/nova/scheduler/request_filter.py:46}}
Jul 02 15:36:56.478093 np0000004298 nova-scheduler[96231]: DEBUG nova.scheduler.request_filter [None req-72647fa8-d541-482e-a7bd-60dea4bc1b79 tempest-AttachVolumeMultiAttachTest-363995983 tempest-AttachVolumeMultiAttachTest-363995983-project-member] ephemeral_encryption_filter skipped {{(pid=96231) ephemeral_encryption_filter /opt/stack/nova/nova/scheduler/request_filter.py:426}}
Jul 02 15:36:56.478255 np0000004298 nova-scheduler[96231]: DEBUG nova.scheduler.request_filter [None req-72647fa8-d541-482e-a7bd-60dea4bc1b79 tempest-AttachVolumeMultiAttachTest-363995983 tempest-AttachVolumeMultiAttachTest-363995983-project-member] virtio_sound_filter skipped {{(pid=96231) virtio_sound_filter /opt/stack/nova/nova/scheduler/request_filter.py:460}}
Jul 02 15:36:56.478433 np0000004298 nova-scheduler[96231]: DEBUG nova.scheduler.request_filter [None req-72647fa8-d541-482e-a7bd-60dea4bc1b79 tempest-AttachVolumeMultiAttachTest-363995983 tempest-AttachVolumeMultiAttachTest-363995983-project-member] tpm_secret_security_filter skipped {{(pid=96231) tpm_secret_security_filter /opt/stack/nova/nova/scheduler/request_filter.py:477}}
Jul 02 15:36:57.196684 np0000004298 nova-scheduler[96231]: INFO nova.utils [None req-72647fa8-d541-482e-a7bd-60dea4bc1b79 tempest-AttachVolumeMultiAttachTest-363995983 tempest-AttachVolumeMultiAttachTest-363995983-project-member] The cell worker thread pool ForkProcess-2.cell_worker is initialized
Jul 02 15:36:57.197351 np0000004298 nova-scheduler[96231]: DEBUG oslo_concurrency.lockutils [None req-72647fa8-d541-482e-a7bd-60dea4bc1b79 tempest-AttachVolumeMultiAttachTest-363995983 tempest-AttachVolumeMultiAttachTest-363995983-project-member] Acquiring lock "2a0b0494-2c80-4c20-807b-b3128a3d235a" by "nova.context.set_target_cell..get_or_set_cached_cell_and_set_connections" {{(pid=96231) inner /opt/stack/data/venv/lib/python3.12/site-packages/oslo_concurrency/lockutils.py:511}}
Jul 02 15:36:57.197613 np0000004298 nova-scheduler[96231]: DEBUG oslo_concurrency.lockutils [None req-72647fa8-d541-482e-a7bd-60dea4bc1b79 tempest-AttachVolumeMultiAttachTest-363995983 tempest-AttachVolumeMultiAttachTest-363995983-project-member] Lock "2a0b0494-2c80-4c20-807b-b3128a3d235a" acquired by "nova.context.set_target_cell..get_or_set_cached_cell_and_set_connections" :: waited 0.000s {{(pid=96231) inner /opt/stack/data/venv/lib/python3.12/site-packages/oslo_concurrency/lockutils.py:524}}
Jul 02 15:36:57.199838 np0000004298 nova-scheduler[96231]: DEBUG oslo_concurrency.lockutils [None req-72647fa8-d541-482e-a7bd-60dea4bc1b79 tempest-AttachVolumeMultiAttachTest-363995983 tempest-AttachVolumeMultiAttachTest-363995983-project-member] Lock "2a0b0494-2c80-4c20-807b-b3128a3d235a" "released" by "nova.context.set_target_cell..get_or_set_cached_cell_and_set_connections" :: held 0.002s {{(pid=96231) inner /opt/stack/data/venv/lib/python3.12/site-packages/oslo_concurrency/lockutils.py:543}}
Jul 02 15:36:57.201537 np0000004298 nova-scheduler[96231]: INFO dbcounter [None req-72647fa8-d541-482e-a7bd-60dea4bc1b79 tempest-AttachVolumeMultiAttachTest-363995983 tempest-AttachVolumeMultiAttachTest-363995983-project-member] Registered counter for database nova_cell1
Jul 02 15:36:57.239375 np0000004298 nova-scheduler[96231]: DEBUG oslo_db.sqlalchemy.engines [None req-72647fa8-d541-482e-a7bd-60dea4bc1b79 tempest-AttachVolumeMultiAttachTest-363995983 tempest-AttachVolumeMultiAttachTest-363995983-project-member] MySQL server mode set to STRICT_TRANS_TABLES,STRICT_ALL_TABLES,NO_ZERO_IN_DATE,NO_ZERO_DATE,ERROR_FOR_DIVISION_BY_ZERO,TRADITIONAL,NO_ENGINE_SUBSTITUTION {{(pid=96231) _check_effective_sql_mode /opt/stack/data/venv/lib/python3.12/site-packages/oslo_db/sqlalchemy/engines.py:325}}
Jul 02 15:36:57.247571 np0000004298 nova-scheduler[96231]: DEBUG dbcounter [-] [96231] Writer thread running {{(pid=96231) stat_writer /opt/stack/data/venv/lib/python3.12/site-packages/dbcounter.py:102}}
Jul 02 15:36:57.277911 np0000004298 nova-scheduler[96231]: DEBUG oslo_db.sqlalchemy.engines [None req-72647fa8-d541-482e-a7bd-60dea4bc1b79 tempest-AttachVolumeMultiAttachTest-363995983 tempest-AttachVolumeMultiAttachTest-363995983-project-member] Parent process 95032 forked (96231) with an open database connection, which is being discarded and recreated. {{(pid=96231) checkout /opt/stack/data/venv/lib/python3.12/site-packages/oslo_db/sqlalchemy/engines.py:402}}
Jul 02 15:36:57.333991 np0000004298 nova-scheduler[96231]: DEBUG dbcounter [-] [96231] Writer thread running {{(pid=96231) stat_writer /opt/stack/data/venv/lib/python3.12/site-packages/dbcounter.py:102}}
Jul 02 15:36:57.337616 np0000004298 nova-scheduler[96231]: DEBUG oslo_concurrency.lockutils [None req-72647fa8-d541-482e-a7bd-60dea4bc1b79 tempest-AttachVolumeMultiAttachTest-363995983 tempest-AttachVolumeMultiAttachTest-363995983-project-member] Acquiring lock "2a0b0494-2c80-4c20-807b-b3128a3d235a" by "nova.context.set_target_cell..get_or_set_cached_cell_and_set_connections" {{(pid=96231) inner /opt/stack/data/venv/lib/python3.12/site-packages/oslo_concurrency/lockutils.py:511}}
Jul 02 15:36:57.337873 np0000004298 nova-scheduler[96231]: DEBUG oslo_concurrency.lockutils [None req-72647fa8-d541-482e-a7bd-60dea4bc1b79 tempest-AttachVolumeMultiAttachTest-363995983 tempest-AttachVolumeMultiAttachTest-363995983-project-member] Lock "2a0b0494-2c80-4c20-807b-b3128a3d235a" acquired by "nova.context.set_target_cell..get_or_set_cached_cell_and_set_connections" :: waited 0.000s {{(pid=96231) inner /opt/stack/data/venv/lib/python3.12/site-packages/oslo_concurrency/lockutils.py:524}}
Jul 02 15:36:57.337960 np0000004298 nova-scheduler[96231]: DEBUG oslo_concurrency.lockutils [None req-72647fa8-d541-482e-a7bd-60dea4bc1b79 tempest-AttachVolumeMultiAttachTest-363995983 tempest-AttachVolumeMultiAttachTest-363995983-project-member] Lock "2a0b0494-2c80-4c20-807b-b3128a3d235a" "released" by "nova.context.set_target_cell..get_or_set_cached_cell_and_set_connections" :: held 0.000s {{(pid=96231) inner /opt/stack/data/venv/lib/python3.12/site-packages/oslo_concurrency/lockutils.py:543}}
Jul 02 15:36:57.341364 np0000004298 nova-scheduler[96231]: DEBUG oslo_concurrency.lockutils [None req-72647fa8-d541-482e-a7bd-60dea4bc1b79 tempest-AttachVolumeMultiAttachTest-363995983 tempest-AttachVolumeMultiAttachTest-363995983-project-member] Acquiring lock "np0000004298-np0000004298" by "nova.scheduler.host_manager.HostState.update.._locked_update" {{(pid=96231) inner /opt/stack/data/venv/lib/python3.12/site-packages/oslo_concurrency/lockutils.py:511}}
Jul 02 15:36:57.341553 np0000004298 nova-scheduler[96231]: DEBUG oslo_concurrency.lockutils [None req-72647fa8-d541-482e-a7bd-60dea4bc1b79 tempest-AttachVolumeMultiAttachTest-363995983 tempest-AttachVolumeMultiAttachTest-363995983-project-member] Lock "np0000004298-np0000004298" acquired by "nova.scheduler.host_manager.HostState.update.._locked_update" :: waited 0.000s {{(pid=96231) inner /opt/stack/data/venv/lib/python3.12/site-packages/oslo_concurrency/lockutils.py:524}}
Jul 02 15:36:57.342783 np0000004298 nova-scheduler[96231]: DEBUG nova.scheduler.host_manager [None req-72647fa8-d541-482e-a7bd-60dea4bc1b79 tempest-AttachVolumeMultiAttachTest-363995983 tempest-AttachVolumeMultiAttachTest-363995983-project-member] Update host state from compute node: ComputeNode(cpu_allocation_ratio=4.0,cpu_info='{"arch": "x86_64", "model": "EPYC-Milan", "vendor": "AMD", "topology": {"cells": 1, "sockets": 16, "cores": 1, "threads": 1}, "maxphysaddr": {"mode": "emulate", "bits": 40}, "features": ["clflush", "pge", "cx16", "lfence-always-serializing", "xsaves", "abm", "nx", "mca", "tsc_adjust", "virt-ssbd", "misalignsse", "pcid", "tsc-deadline", "hypervisor", "sse", "mmxext", "perfctr_core", "sha-ni", "flushbyasid", "lm", "rdseed", "sse4.2", "osvw", "avx2", "invpcid", "sse4.1", "arch-capabilities", "ssbd", "spec-ctrl", "amd-ssbd", "no-nested-data-bp", "pse36", "f16c", "fsrm", "adx", "vmcb-clean", "clzero", "fxsr_opt", "fxsr", "mce", "mds-no", "lbrv", "smep", "skip-l1dfl-vmentry", "nrip-save", "pschange-mc-no", "arat", "pae", "cmov", "pat", "tsc", "stibp-always-on", "ibrs", "popcnt", "rdpid", "de", "ibpb", "apic", "fpu", "pclmuldq", "svm", "vaes", "avx", "lahf_lm", "sse2", "cx8", "bmi1", "cmp_legacy", "sse4a", "x2apic", "syscall", "null-sel-clr-base", "pause-filter", "msr", "sep", "smap", "topoext", "umip", "xsaveopt", "xsaveerptr", "npt", "mmx", "fma", "pni", "v-vmsave-vmload", "wbnoinvd", "clwb", "gds-no", "rdctl-no", "vpclmulqdq", "rdrand", "amd-psfd", "svme-addr-chk", "pfthreshold", "pdpe1gb", "mtrr", "pse", "xsavec", "cr8legacy", "pku", "amd-stibp", "movbe", "ssse3", "stibp", "vme", "rdtscp", "3dnowprefetch", "vgif", "bmi2", "erms", "xsave", "tsc-scale", "aes", "clflushopt", "fsgsbase", "xgetbv1"]}',created_at=2026-07-02T15:34:33Z,current_workload=0,deleted=False,deleted_at=None,disk_allocation_ratio=1.0,disk_available_least=75,free_disk_gb=95,free_ram_mb=63789,host='np0000004298',host_ip=10.4.3.134,hypervisor_hostname='np0000004298',hypervisor_type='QEMU',hypervisor_version=8002002,id=1,local_gb=95,local_gb_used=0,mapped=1,memory_mb=64301,memory_mb_used=512,metrics='[]',numa_topology='{"nova_object.name": "NUMATopology", "nova_object.namespace": "nova", "nova_object.version": "1.2", "nova_object.data": {"cells": [{"nova_object.name": "NUMACell", "nova_object.namespace": "nova", "nova_object.version": "1.5", "nova_object.data": {"id": 0, "cpuset": [0, 1, 2, 3, 4, 5, 6, 7, 8, 9, 10, 11, 12, 13, 14, 15], "pcpuset": [0, 1, 2, 3, 4, 5, 6, 7, 8, 9, 10, 11, 12, 13, 14, 15], "memory": 64301, "cpu_usage": 0, "memory_usage": 0, "pinned_cpus": [], "siblings": [[6], [12], [2], [15], [5], [11], [8], [14], [4], [1], [7], [10], [0], [13], [3], [9]], "mempages": [{"nova_object.name": "NUMAPagesTopology", "nova_object.namespace": "nova", "nova_object.version": "1.1", "nova_object.data": {"size_kb": 4, "total": 16461070, "used": 0, "reserved": 0}, "nova_object.changes": ["reserved", "total", "used", "size_kb"]}, {"nova_object.name": "NUMAPagesTopology", "nova_object.namespace": "nova", "nova_object.version": "1.1", "nova_object.data": {"size_kb": 2048, "total": 0, "used": 0, "reserved": 0}, "nova_object.changes": ["reserved", "total", "used", "size_kb"]}, {"nova_object.name": "NUMAPagesTopology", "nova_object.namespace": "nova", "nova_object.version": "1.1", "nova_object.data": {"size_kb": 1048576, "total": 0, "used": 0, "reserved": 0}, "nova_object.changes": ["reserved", "total", "used", "size_kb"]}], "network_metadata": {"nova_object.name": "NetworkMetadata", "nova_object.namespace": "nova", "nova_object.version": "1.0", "nova_object.data": {"physnets": [], "tunneled": false}, "nova_object.changes": ["tunneled", "physnets"]}, "socket": null}, "nova_object.changes": ["mempages", "cpuset", "socket", "cpu_usage", "pcpuset", "siblings", "id", "memory", "network_metadata", "pinned_cpus", "memory_usage"]}]}, "nova_object.changes": ["cells"]}',pci_device_pools=PciDevicePoolList,ram_allocation_ratio=1.0,running_vms=0,service_id=2,stats={failed_builds='0',uptime=' 15:36:18 up 25 min, 2 users, load average: 2.30, 1.83, 1.04
Jul 02 15:36:57.342783 np0000004298 nova-scheduler[96231]: '},supported_hv_specs=[HVSpec,HVSpec,HVSpec,HVSpec,HVSpec,HVSpec,HVSpec,HVSpec,HVSpec,HVSpec,HVSpec,HVSpec,HVSpec,HVSpec,HVSpec,HVSpec,HVSpec,HVSpec,HVSpec,HVSpec,HVSpec,HVSpec,HVSpec,HVSpec,HVSpec],updated_at=2026-07-02T15:36:20Z,uuid=59c0015d-d0b3-4091-af65-ced15cdb0bc1,vcpus=16,vcpus_used=0) {{(pid=96231) _locked_update /opt/stack/nova/nova/scheduler/host_manager.py:168}}
