Jul 02 15:34:12.846566 np0000004298 nova-conductor[98658]: DEBUG cotyledon.oslo_config_glue [-] profiler.filter_error_trace = False {{(pid=98658) log_opt_values /opt/stack/data/venv/lib/python3.12/site-packages/oslo_config/cfg.py:3253}}
Jul 02 15:34:12.846792 np0000004298 nova-conductor[98658]: DEBUG cotyledon.oslo_config_glue [-] profiler.hmac_keys = **** {{(pid=98658) log_opt_values /opt/stack/data/venv/lib/python3.12/site-packages/oslo_config/cfg.py:3253}}
Jul 02 15:34:12.846792 np0000004298 nova-conductor[98658]: DEBUG cotyledon.oslo_config_glue [-] profiler.sentinel_service_name = mymaster {{(pid=98658) log_opt_values /opt/stack/data/venv/lib/python3.12/site-packages/oslo_config/cfg.py:3253}}
Jul 02 15:34:12.846792 np0000004298 nova-conductor[98658]: DEBUG cotyledon.oslo_config_glue [-] profiler.socket_timeout = 0.1 {{(pid=98658) log_opt_values /opt/stack/data/venv/lib/python3.12/site-packages/oslo_config/cfg.py:3253}}
Jul 02 15:34:12.846792 np0000004298 nova-conductor[98658]: DEBUG cotyledon.oslo_config_glue [-] profiler.trace_requests = False {{(pid=98658) log_opt_values /opt/stack/data/venv/lib/python3.12/site-packages/oslo_config/cfg.py:3253}}
Jul 02 15:34:12.846792 np0000004298 nova-conductor[98658]: DEBUG cotyledon.oslo_config_glue [-] profiler.trace_sqlalchemy = False {{(pid=98658) log_opt_values /opt/stack/data/venv/lib/python3.12/site-packages/oslo_config/cfg.py:3253}}
Jul 02 15:34:12.846792 np0000004298 nova-conductor[98658]: DEBUG cotyledon.oslo_config_glue [-] profiler_jaeger.process_tags = {} {{(pid=98658) log_opt_values /opt/stack/data/venv/lib/python3.12/site-packages/oslo_config/cfg.py:3253}}
Jul 02 15:34:12.846792 np0000004298 nova-conductor[98658]: DEBUG cotyledon.oslo_config_glue [-] profiler_jaeger.service_name_prefix = None {{(pid=98658) log_opt_values /opt/stack/data/venv/lib/python3.12/site-packages/oslo_config/cfg.py:3253}}
Jul 02 15:34:12.846792 np0000004298 nova-conductor[98658]: DEBUG cotyledon.oslo_config_glue [-] profiler_otlp.service_name_prefix = None {{(pid=98658) log_opt_values /opt/stack/data/venv/lib/python3.12/site-packages/oslo_config/cfg.py:3253}}
Jul 02 15:34:12.846792 np0000004298 nova-conductor[98658]: DEBUG cotyledon.oslo_config_glue [-] oslo_messaging_rabbit.amqp_auto_delete = False {{(pid=98658) log_opt_values /opt/stack/data/venv/lib/python3.12/site-packages/oslo_config/cfg.py:3253}}
Jul 02 15:34:12.847071 np0000004298 nova-conductor[98658]: DEBUG cotyledon.oslo_config_glue [-] oslo_messaging_rabbit.amqp_durable_queues = False {{(pid=98658) log_opt_values /opt/stack/data/venv/lib/python3.12/site-packages/oslo_config/cfg.py:3253}}
Jul 02 15:34:12.847071 np0000004298 nova-conductor[98658]: DEBUG cotyledon.oslo_config_glue [-] oslo_messaging_rabbit.conn_pool_min_size = 2 {{(pid=98658) log_opt_values /opt/stack/data/venv/lib/python3.12/site-packages/oslo_config/cfg.py:3253}}
Jul 02 15:34:12.847071 np0000004298 nova-conductor[98658]: DEBUG cotyledon.oslo_config_glue [-] oslo_messaging_rabbit.conn_pool_ttl = 1200 {{(pid=98658) log_opt_values /opt/stack/data/venv/lib/python3.12/site-packages/oslo_config/cfg.py:3253}}
Jul 02 15:34:12.847071 np0000004298 nova-conductor[98658]: DEBUG cotyledon.oslo_config_glue [-] oslo_messaging_rabbit.direct_mandatory_flag = True {{(pid=98658) log_opt_values /opt/stack/data/venv/lib/python3.12/site-packages/oslo_config/cfg.py:3253}}
Jul 02 15:34:12.847071 np0000004298 nova-conductor[98658]: DEBUG cotyledon.oslo_config_glue [-] oslo_messaging_rabbit.enable_cancel_on_failover = False {{(pid=98658) log_opt_values /opt/stack/data/venv/lib/python3.12/site-packages/oslo_config/cfg.py:3253}}
Jul 02 15:34:12.847071 np0000004298 nova-conductor[98658]: DEBUG cotyledon.oslo_config_glue [-] oslo_messaging_rabbit.heartbeat_rate = 3 {{(pid=98658) log_opt_values /opt/stack/data/venv/lib/python3.12/site-packages/oslo_config/cfg.py:3253}}
Jul 02 15:34:12.847071 np0000004298 nova-conductor[98658]: DEBUG cotyledon.oslo_config_glue [-] oslo_messaging_rabbit.heartbeat_timeout_threshold = 60 {{(pid=98658) log_opt_values /opt/stack/data/venv/lib/python3.12/site-packages/oslo_config/cfg.py:3253}}
Jul 02 15:34:12.847071 np0000004298 nova-conductor[98658]: DEBUG cotyledon.oslo_config_glue [-] oslo_messaging_rabbit.hostname = np0000004298 {{(pid=98658) log_opt_values /opt/stack/data/venv/lib/python3.12/site-packages/oslo_config/cfg.py:3253}}
Jul 02 15:34:12.847071 np0000004298 nova-conductor[98658]: DEBUG cotyledon.oslo_config_glue [-] oslo_messaging_rabbit.kombu_compression = None {{(pid=98658) log_opt_values /opt/stack/data/venv/lib/python3.12/site-packages/oslo_config/cfg.py:3253}}
Jul 02 15:34:12.847304 np0000004298 nova-conductor[98658]: DEBUG cotyledon.oslo_config_glue [-] oslo_messaging_rabbit.kombu_failover_strategy = round-robin {{(pid=98658) log_opt_values /opt/stack/data/venv/lib/python3.12/site-packages/oslo_config/cfg.py:3253}}
Jul 02 15:34:12.847304 np0000004298 nova-conductor[98658]: DEBUG cotyledon.oslo_config_glue [-] oslo_messaging_rabbit.kombu_missing_consumer_retry_timeout = 60 {{(pid=98658) log_opt_values /opt/stack/data/venv/lib/python3.12/site-packages/oslo_config/cfg.py:3253}}
Jul 02 15:34:12.847304 np0000004298 nova-conductor[98658]: DEBUG cotyledon.oslo_config_glue [-] oslo_messaging_rabbit.kombu_reconnect_delay = 1.0 {{(pid=98658) log_opt_values /opt/stack/data/venv/lib/python3.12/site-packages/oslo_config/cfg.py:3253}}
Jul 02 15:34:12.847304 np0000004298 nova-conductor[98658]: DEBUG cotyledon.oslo_config_glue [-] oslo_messaging_rabbit.kombu_reconnect_splay = 0.0 {{(pid=98658) log_opt_values /opt/stack/data/venv/lib/python3.12/site-packages/oslo_config/cfg.py:3253}}
Jul 02 15:34:12.847304 np0000004298 nova-conductor[98658]: DEBUG cotyledon.oslo_config_glue [-] oslo_messaging_rabbit.processname = nova-conductor {{(pid=98658) log_opt_values /opt/stack/data/venv/lib/python3.12/site-packages/oslo_config/cfg.py:3253}}
Jul 02 15:34:12.847304 np0000004298 nova-conductor[98658]: DEBUG cotyledon.oslo_config_glue [-] oslo_messaging_rabbit.rabbit_ha_queues = False {{(pid=98658) log_opt_values /opt/stack/data/venv/lib/python3.12/site-packages/oslo_config/cfg.py:3253}}
Jul 02 15:34:12.847304 np0000004298 nova-conductor[98658]: DEBUG cotyledon.oslo_config_glue [-] oslo_messaging_rabbit.rabbit_interval_max = 30 {{(pid=98658) log_opt_values /opt/stack/data/venv/lib/python3.12/site-packages/oslo_config/cfg.py:3253}}
Jul 02 15:34:12.847304 np0000004298 nova-conductor[98658]: DEBUG cotyledon.oslo_config_glue [-] oslo_messaging_rabbit.rabbit_login_method = AMQPLAIN {{(pid=98658) log_opt_values /opt/stack/data/venv/lib/python3.12/site-packages/oslo_config/cfg.py:3253}}
Jul 02 15:34:12.847510 np0000004298 nova-conductor[98658]: DEBUG cotyledon.oslo_config_glue [-] oslo_messaging_rabbit.rabbit_qos_prefetch_count = 0 {{(pid=98658) log_opt_values /opt/stack/data/venv/lib/python3.12/site-packages/oslo_config/cfg.py:3253}}
Jul 02 15:34:12.847510 np0000004298 nova-conductor[98658]: DEBUG cotyledon.oslo_config_glue [-] oslo_messaging_rabbit.rabbit_quorum_delivery_limit = 0 {{(pid=98658) log_opt_values /opt/stack/data/venv/lib/python3.12/site-packages/oslo_config/cfg.py:3253}}
Jul 02 15:34:12.847510 np0000004298 nova-conductor[98658]: DEBUG cotyledon.oslo_config_glue [-] oslo_messaging_rabbit.rabbit_quorum_max_memory_bytes = 0 {{(pid=98658) log_opt_values /opt/stack/data/venv/lib/python3.12/site-packages/oslo_config/cfg.py:3253}}
Jul 02 15:34:12.847510 np0000004298 nova-conductor[98658]: DEBUG cotyledon.oslo_config_glue [-] oslo_messaging_rabbit.rabbit_quorum_max_memory_length = 0 {{(pid=98658) log_opt_values /opt/stack/data/venv/lib/python3.12/site-packages/oslo_config/cfg.py:3253}}
Jul 02 15:34:12.847510 np0000004298 nova-conductor[98658]: DEBUG cotyledon.oslo_config_glue [-] oslo_messaging_rabbit.rabbit_quorum_queue = False {{(pid=98658) log_opt_values /opt/stack/data/venv/lib/python3.12/site-packages/oslo_config/cfg.py:3253}}
Jul 02 15:34:12.847510 np0000004298 nova-conductor[98658]: DEBUG cotyledon.oslo_config_glue [-] oslo_messaging_rabbit.rabbit_retry_backoff = 2 {{(pid=98658) log_opt_values /opt/stack/data/venv/lib/python3.12/site-packages/oslo_config/cfg.py:3253}}
Jul 02 15:34:12.847510 np0000004298 nova-conductor[98658]: DEBUG cotyledon.oslo_config_glue [-] oslo_messaging_rabbit.rabbit_retry_interval = 1 {{(pid=98658) log_opt_values /opt/stack/data/venv/lib/python3.12/site-packages/oslo_config/cfg.py:3253}}
Jul 02 15:34:12.847510 np0000004298 nova-conductor[98658]: DEBUG cotyledon.oslo_config_glue [-] oslo_messaging_rabbit.rabbit_stream_fanout = False {{(pid=98658) log_opt_values /opt/stack/data/venv/lib/python3.12/site-packages/oslo_config/cfg.py:3253}}
Jul 02 15:34:12.847686 np0000004298 nova-conductor[98658]: DEBUG cotyledon.oslo_config_glue [-] oslo_messaging_rabbit.rabbit_transient_queues_ttl = 1800 {{(pid=98658) log_opt_values /opt/stack/data/venv/lib/python3.12/site-packages/oslo_config/cfg.py:3253}}
Jul 02 15:34:12.847686 np0000004298 nova-conductor[98658]: DEBUG cotyledon.oslo_config_glue [-] oslo_messaging_rabbit.rabbit_transient_quorum_queue = False {{(pid=98658) log_opt_values /opt/stack/data/venv/lib/python3.12/site-packages/oslo_config/cfg.py:3253}}
Jul 02 15:34:12.847686 np0000004298 nova-conductor[98658]: DEBUG cotyledon.oslo_config_glue [-] oslo_messaging_rabbit.rpc_conn_pool_size = 30 {{(pid=98658) log_opt_values /opt/stack/data/venv/lib/python3.12/site-packages/oslo_config/cfg.py:3253}}
Jul 02 15:34:12.847686 np0000004298 nova-conductor[98658]: DEBUG cotyledon.oslo_config_glue [-] oslo_messaging_rabbit.ssl = False {{(pid=98658) log_opt_values /opt/stack/data/venv/lib/python3.12/site-packages/oslo_config/cfg.py:3253}}
Jul 02 15:34:12.847686 np0000004298 nova-conductor[98658]: DEBUG cotyledon.oslo_config_glue [-] oslo_messaging_rabbit.ssl_ca_file = {{(pid=98658) log_opt_values /opt/stack/data/venv/lib/python3.12/site-packages/oslo_config/cfg.py:3253}}
Jul 02 15:34:12.847686 np0000004298 nova-conductor[98658]: DEBUG cotyledon.oslo_config_glue [-] oslo_messaging_rabbit.ssl_cert_file = {{(pid=98658) log_opt_values /opt/stack/data/venv/lib/python3.12/site-packages/oslo_config/cfg.py:3253}}
Jul 02 15:34:12.847686 np0000004298 nova-conductor[98658]: DEBUG cotyledon.oslo_config_glue [-] oslo_messaging_rabbit.ssl_enforce_fips_mode = False {{(pid=98658) log_opt_values /opt/stack/data/venv/lib/python3.12/site-packages/oslo_config/cfg.py:3253}}
Jul 02 15:34:12.847686 np0000004298 nova-conductor[98658]: DEBUG cotyledon.oslo_config_glue [-] oslo_messaging_rabbit.ssl_enforce_hostname_verification = True {{(pid=98658) log_opt_values /opt/stack/data/venv/lib/python3.12/site-packages/oslo_config/cfg.py:3253}}
Jul 02 15:34:12.847686 np0000004298 nova-conductor[98658]: DEBUG cotyledon.oslo_config_glue [-] oslo_messaging_rabbit.ssl_key_file = {{(pid=98658) log_opt_values /opt/stack/data/venv/lib/python3.12/site-packages/oslo_config/cfg.py:3253}}
Jul 02 15:34:12.847883 np0000004298 nova-conductor[98658]: DEBUG cotyledon.oslo_config_glue [-] oslo_messaging_rabbit.ssl_version = {{(pid=98658) log_opt_values /opt/stack/data/venv/lib/python3.12/site-packages/oslo_config/cfg.py:3253}}
Jul 02 15:34:12.847883 np0000004298 nova-conductor[98658]: DEBUG cotyledon.oslo_config_glue [-] oslo_messaging_rabbit.use_queue_manager = False {{(pid=98658) log_opt_values /opt/stack/data/venv/lib/python3.12/site-packages/oslo_config/cfg.py:3253}}
Jul 02 15:34:12.847883 np0000004298 nova-conductor[98658]: DEBUG cotyledon.oslo_config_glue [-] oslo_messaging_notifications.driver = ['messagingv2'] {{(pid=98658) log_opt_values /opt/stack/data/venv/lib/python3.12/site-packages/oslo_config/cfg.py:3253}}
Jul 02 15:34:12.847883 np0000004298 nova-conductor[98658]: DEBUG cotyledon.oslo_config_glue [-] oslo_messaging_notifications.retry = -1 {{(pid=98658) log_opt_values /opt/stack/data/venv/lib/python3.12/site-packages/oslo_config/cfg.py:3253}}
Jul 02 15:34:12.847883 np0000004298 nova-conductor[98658]: DEBUG cotyledon.oslo_config_glue [-] oslo_messaging_notifications.topics = ['notifications'] {{(pid=98658) log_opt_values /opt/stack/data/venv/lib/python3.12/site-packages/oslo_config/cfg.py:3253}}
Jul 02 15:34:12.847883 np0000004298 nova-conductor[98658]: DEBUG cotyledon.oslo_config_glue [-] oslo_messaging_notifications.transport_url = **** {{(pid=98658) log_opt_values /opt/stack/data/venv/lib/python3.12/site-packages/oslo_config/cfg.py:3253}}
Jul 02 15:34:12.847883 np0000004298 nova-conductor[98658]: DEBUG cotyledon.oslo_config_glue [-] oslo_limit.auth_section = None {{(pid=98658) log_opt_values /opt/stack/data/venv/lib/python3.12/site-packages/oslo_config/cfg.py:3253}}
Jul 02 15:34:12.847883 np0000004298 nova-conductor[98658]: DEBUG cotyledon.oslo_config_glue [-] oslo_limit.auth_type = None {{(pid=98658) log_opt_values /opt/stack/data/venv/lib/python3.12/site-packages/oslo_config/cfg.py:3253}}
Jul 02 15:34:12.847883 np0000004298 nova-conductor[98658]: DEBUG cotyledon.oslo_config_glue [-] oslo_limit.cafile = None {{(pid=98658) log_opt_values /opt/stack/data/venv/lib/python3.12/site-packages/oslo_config/cfg.py:3253}}
Jul 02 15:34:12.848095 np0000004298 nova-conductor[98658]: DEBUG cotyledon.oslo_config_glue [-] oslo_limit.certfile = None {{(pid=98658) log_opt_values /opt/stack/data/venv/lib/python3.12/site-packages/oslo_config/cfg.py:3253}}
Jul 02 15:34:12.848095 np0000004298 nova-conductor[98658]: DEBUG cotyledon.oslo_config_glue [-] oslo_limit.collect_timing = False {{(pid=98658) log_opt_values /opt/stack/data/venv/lib/python3.12/site-packages/oslo_config/cfg.py:3253}}
Jul 02 15:34:12.848095 np0000004298 nova-conductor[98658]: DEBUG cotyledon.oslo_config_glue [-] oslo_limit.connect_retries = None {{(pid=98658) log_opt_values /opt/stack/data/venv/lib/python3.12/site-packages/oslo_config/cfg.py:3253}}
Jul 02 15:34:12.848095 np0000004298 nova-conductor[98658]: DEBUG cotyledon.oslo_config_glue [-] oslo_limit.connect_retry_delay = None {{(pid=98658) log_opt_values /opt/stack/data/venv/lib/python3.12/site-packages/oslo_config/cfg.py:3253}}
Jul 02 15:34:12.848095 np0000004298 nova-conductor[98658]: DEBUG cotyledon.oslo_config_glue [-] oslo_limit.endpoint_id = None {{(pid=98658) log_opt_values /opt/stack/data/venv/lib/python3.12/site-packages/oslo_config/cfg.py:3253}}
Jul 02 15:34:12.848095 np0000004298 nova-conductor[98658]: DEBUG cotyledon.oslo_config_glue [-] oslo_limit.endpoint_interface = public {{(pid=98658) log_opt_values /opt/stack/data/venv/lib/python3.12/site-packages/oslo_config/cfg.py:3253}}
Jul 02 15:34:12.848095 np0000004298 nova-conductor[98658]: DEBUG cotyledon.oslo_config_glue [-] oslo_limit.endpoint_override = None {{(pid=98658) log_opt_values /opt/stack/data/venv/lib/python3.12/site-packages/oslo_config/cfg.py:3253}}
Jul 02 15:34:12.848095 np0000004298 nova-conductor[98658]: DEBUG cotyledon.oslo_config_glue [-] oslo_limit.endpoint_region_name = None {{(pid=98658) log_opt_values /opt/stack/data/venv/lib/python3.12/site-packages/oslo_config/cfg.py:3253}}
Jul 02 15:34:12.848095 np0000004298 nova-conductor[98658]: DEBUG cotyledon.oslo_config_glue [-] oslo_limit.endpoint_service_name = None {{(pid=98658) log_opt_values /opt/stack/data/venv/lib/python3.12/site-packages/oslo_config/cfg.py:3253}}
Jul 02 15:34:12.848476 np0000004298 nova-conductor[98658]: DEBUG cotyledon.oslo_config_glue [-] oslo_limit.endpoint_service_type = None {{(pid=98658) log_opt_values /opt/stack/data/venv/lib/python3.12/site-packages/oslo_config/cfg.py:3253}}
Jul 02 15:34:12.848476 np0000004298 nova-conductor[98658]: DEBUG cotyledon.oslo_config_glue [-] oslo_limit.insecure = False {{(pid=98658) log_opt_values /opt/stack/data/venv/lib/python3.12/site-packages/oslo_config/cfg.py:3253}}
Jul 02 15:34:12.848476 np0000004298 nova-conductor[98658]: DEBUG cotyledon.oslo_config_glue [-] oslo_limit.keyfile = None {{(pid=98658) log_opt_values /opt/stack/data/venv/lib/python3.12/site-packages/oslo_config/cfg.py:3253}}
Jul 02 15:34:12.848476 np0000004298 nova-conductor[98658]: DEBUG cotyledon.oslo_config_glue [-] oslo_limit.max_version = None {{(pid=98658) log_opt_values /opt/stack/data/venv/lib/python3.12/site-packages/oslo_config/cfg.py:3253}}
Jul 02 15:34:12.848476 np0000004298 nova-conductor[98658]: DEBUG cotyledon.oslo_config_glue [-] oslo_limit.min_version = None {{(pid=98658) log_opt_values /opt/stack/data/venv/lib/python3.12/site-packages/oslo_config/cfg.py:3253}}
Jul 02 15:34:12.848476 np0000004298 nova-conductor[98658]: DEBUG cotyledon.oslo_config_glue [-] oslo_limit.region_name = None {{(pid=98658) log_opt_values /opt/stack/data/venv/lib/python3.12/site-packages/oslo_config/cfg.py:3253}}
Jul 02 15:34:12.848476 np0000004298 nova-conductor[98658]: DEBUG cotyledon.oslo_config_glue [-] oslo_limit.retriable_status_codes = None {{(pid=98658) log_opt_values /opt/stack/data/venv/lib/python3.12/site-packages/oslo_config/cfg.py:3253}}
Jul 02 15:34:12.848476 np0000004298 nova-conductor[98658]: DEBUG cotyledon.oslo_config_glue [-] oslo_limit.service_name = None {{(pid=98658) log_opt_values /opt/stack/data/venv/lib/python3.12/site-packages/oslo_config/cfg.py:3253}}
Jul 02 15:34:12.848476 np0000004298 nova-conductor[98658]: DEBUG cotyledon.oslo_config_glue [-] oslo_limit.service_type = None {{(pid=98658) log_opt_values /opt/stack/data/venv/lib/python3.12/site-packages/oslo_config/cfg.py:3253}}
Jul 02 15:34:12.848645 np0000004298 nova-conductor[98658]: DEBUG cotyledon.oslo_config_glue [-] oslo_limit.split_loggers = False {{(pid=98658) log_opt_values /opt/stack/data/venv/lib/python3.12/site-packages/oslo_config/cfg.py:3253}}
Jul 02 15:34:12.848645 np0000004298 nova-conductor[98658]: DEBUG cotyledon.oslo_config_glue [-] oslo_limit.status_code_retries = None {{(pid=98658) log_opt_values /opt/stack/data/venv/lib/python3.12/site-packages/oslo_config/cfg.py:3253}}
Jul 02 15:34:12.848645 np0000004298 nova-conductor[98658]: DEBUG cotyledon.oslo_config_glue [-] oslo_limit.status_code_retry_delay = None {{(pid=98658) log_opt_values /opt/stack/data/venv/lib/python3.12/site-packages/oslo_config/cfg.py:3253}}
Jul 02 15:34:12.848645 np0000004298 nova-conductor[98658]: DEBUG cotyledon.oslo_config_glue [-] oslo_limit.timeout = None {{(pid=98658) log_opt_values /opt/stack/data/venv/lib/python3.12/site-packages/oslo_config/cfg.py:3253}}
Jul 02 15:34:12.848645 np0000004298 nova-conductor[98658]: DEBUG cotyledon.oslo_config_glue [-] oslo_limit.valid_interfaces = None {{(pid=98658) log_opt_values /opt/stack/data/venv/lib/python3.12/site-packages/oslo_config/cfg.py:3253}}
Jul 02 15:34:12.848645 np0000004298 nova-conductor[98658]: DEBUG cotyledon.oslo_config_glue [-] oslo_limit.version = None {{(pid=98658) log_opt_values /opt/stack/data/venv/lib/python3.12/site-packages/oslo_config/cfg.py:3253}}
Jul 02 15:34:12.848645 np0000004298 nova-conductor[98658]: DEBUG cotyledon.oslo_config_glue [-] oslo_reports.file_event_handler = None {{(pid=98658) log_opt_values /opt/stack/data/venv/lib/python3.12/site-packages/oslo_config/cfg.py:3253}}
Jul 02 15:34:12.848645 np0000004298 nova-conductor[98658]: DEBUG cotyledon.oslo_config_glue [-] oslo_reports.file_event_handler_interval = 1 {{(pid=98658) log_opt_values /opt/stack/data/venv/lib/python3.12/site-packages/oslo_config/cfg.py:3253}}
Jul 02 15:34:12.848645 np0000004298 nova-conductor[98658]: DEBUG cotyledon.oslo_config_glue [-] oslo_reports.log_dir = None {{(pid=98658) log_opt_values /opt/stack/data/venv/lib/python3.12/site-packages/oslo_config/cfg.py:3253}}
Jul 02 15:34:12.848858 np0000004298 nova-conductor[98658]: DEBUG cotyledon.oslo_config_glue [-] ******************************************************************************** {{(pid=98658) log_opt_values /opt/stack/data/venv/lib/python3.12/site-packages/oslo_config/cfg.py:3260}}
Jul 02 15:34:12.848858 np0000004298 nova-conductor[98658]: DEBUG cotyledon._service_worker [-] Run service ServiceWrapper(3) [98658] {{(pid=98658) wait_forever /opt/stack/data/venv/lib/python3.12/site-packages/cotyledon/_service_worker.py:218}}
Jul 02 15:34:12.848858 np0000004298 nova-conductor[98658]: INFO nova.service [-] Starting conductor node (version 33.1.0)
Jul 02 15:34:12.848919 np0000004298 nova-conductor[98629]: DEBUG oslo_db.sqlalchemy.engines [None req-6dcc78f4-6a00-463b-85e9-bb6c8b268a75 None None] MySQL server mode set to STRICT_TRANS_TABLES,STRICT_ALL_TABLES,NO_ZERO_IN_DATE,NO_ZERO_DATE,ERROR_FOR_DIVISION_BY_ZERO,TRADITIONAL,NO_ENGINE_SUBSTITUTION {{(pid=98629) _check_effective_sql_mode /opt/stack/data/venv/lib/python3.12/site-packages/oslo_db/sqlalchemy/engines.py:325}}
Jul 02 15:34:12.848953 np0000004298 nova-conductor[98658]: INFO dbcounter [None req-b9568f8e-33cd-426f-ac6e-e47e4709c7c8 None None] Registered counter for database nova_cell0
Jul 02 15:34:12.848979 np0000004298 nova-conductor[98629]: DEBUG dbcounter [-] [98629] Writer thread running {{(pid=98629) stat_writer /opt/stack/data/venv/lib/python3.12/site-packages/dbcounter.py:102}}
Jul 02 15:34:12.849005 np0000004298 nova-conductor[98641]: DEBUG oslo_db.sqlalchemy.engines [None req-f8e2c7a7-10ad-4d0d-99c3-4f9cb6f56c5f None None] MySQL server mode set to STRICT_TRANS_TABLES,STRICT_ALL_TABLES,NO_ZERO_IN_DATE,NO_ZERO_DATE,ERROR_FOR_DIVISION_BY_ZERO,TRADITIONAL,NO_ENGINE_SUBSTITUTION {{(pid=98641) _check_effective_sql_mode /opt/stack/data/venv/lib/python3.12/site-packages/oslo_db/sqlalchemy/engines.py:325}}
Jul 02 15:34:12.849050 np0000004298 nova-conductor[98629]: DEBUG nova.service [None req-6dcc78f4-6a00-463b-85e9-bb6c8b268a75 None None] Creating RPC server for service: nova-conductor on topic: conductor {{(pid=98629) start /opt/stack/nova/nova/service.py:196}}
Jul 02 15:34:12.849091 np0000004298 nova-conductor[98641]: DEBUG dbcounter [-] [98641] Writer thread running {{(pid=98641) stat_writer /opt/stack/data/venv/lib/python3.12/site-packages/dbcounter.py:102}}
Jul 02 15:34:12.849091 np0000004298 nova-conductor[98641]: DEBUG nova.service [None req-f8e2c7a7-10ad-4d0d-99c3-4f9cb6f56c5f None None] Creating RPC server for service: nova-conductor on topic: conductor {{(pid=98641) start /opt/stack/nova/nova/service.py:196}}
Jul 02 15:34:12.849177 np0000004298 nova-conductor[98653]: DEBUG oslo_db.sqlalchemy.engines [None req-698713d9-46d7-446e-8ae5-7e9d73f1dfb3 None None] MySQL server mode set to STRICT_TRANS_TABLES,STRICT_ALL_TABLES,NO_ZERO_IN_DATE,NO_ZERO_DATE,ERROR_FOR_DIVISION_BY_ZERO,TRADITIONAL,NO_ENGINE_SUBSTITUTION {{(pid=98653) _check_effective_sql_mode /opt/stack/data/venv/lib/python3.12/site-packages/oslo_db/sqlalchemy/engines.py:325}}
Jul 02 15:34:12.851283 np0000004298 nova-conductor[98658]: DEBUG oslo_db.sqlalchemy.engines [None req-b9568f8e-33cd-426f-ac6e-e47e4709c7c8 None None] MySQL server mode set to STRICT_TRANS_TABLES,STRICT_ALL_TABLES,NO_ZERO_IN_DATE,NO_ZERO_DATE,ERROR_FOR_DIVISION_BY_ZERO,TRADITIONAL,NO_ENGINE_SUBSTITUTION {{(pid=98658) _check_effective_sql_mode /opt/stack/data/venv/lib/python3.12/site-packages/oslo_db/sqlalchemy/engines.py:325}}
Jul 02 15:34:12.853434 np0000004298 nova-conductor[98653]: DEBUG dbcounter [-] [98653] Writer thread running {{(pid=98653) stat_writer /opt/stack/data/venv/lib/python3.12/site-packages/dbcounter.py:102}}
Jul 02 15:34:12.856645 np0000004298 nova-conductor[98653]: DEBUG nova.service [None req-698713d9-46d7-446e-8ae5-7e9d73f1dfb3 None None] Creating RPC server for service: nova-conductor on topic: conductor {{(pid=98653) start /opt/stack/nova/nova/service.py:196}}
Jul 02 15:34:12.864185 np0000004298 nova-conductor[98658]: DEBUG dbcounter [-] [98658] Writer thread running {{(pid=98658) stat_writer /opt/stack/data/venv/lib/python3.12/site-packages/dbcounter.py:102}}
Jul 02 15:34:12.865353 np0000004298 nova-conductor[98629]: DEBUG nova.service [None req-6dcc78f4-6a00-463b-85e9-bb6c8b268a75 None None] Join ServiceGroup membership for this service conductor {{(pid=98629) start /opt/stack/nova/nova/service.py:222}}
Jul 02 15:34:12.865435 np0000004298 nova-conductor[98641]: DEBUG nova.service [None req-f8e2c7a7-10ad-4d0d-99c3-4f9cb6f56c5f None None] Join ServiceGroup membership for this service conductor {{(pid=98641) start /opt/stack/nova/nova/service.py:222}}
Jul 02 15:34:12.865551 np0000004298 nova-conductor[98629]: DEBUG nova.servicegroup.drivers.db [None req-6dcc78f4-6a00-463b-85e9-bb6c8b268a75 None None] DB_Driver: join new ServiceGroup member np0000004298 to the conductor group, service = {{(pid=98629) join /opt/stack/nova/nova/servicegroup/drivers/db.py:44}}
Jul 02 15:34:12.865613 np0000004298 nova-conductor[98641]: DEBUG nova.servicegroup.drivers.db [None req-f8e2c7a7-10ad-4d0d-99c3-4f9cb6f56c5f None None] DB_Driver: join new ServiceGroup member np0000004298 to the conductor group, service = {{(pid=98641) join /opt/stack/nova/nova/servicegroup/drivers/db.py:44}}
Jul 02 15:34:12.868669 np0000004298 nova-conductor[98658]: DEBUG nova.service [None req-b9568f8e-33cd-426f-ac6e-e47e4709c7c8 None None] Creating RPC server for service: nova-conductor on topic: conductor {{(pid=98658) start /opt/stack/nova/nova/service.py:196}}
Jul 02 15:34:12.875592 np0000004298 nova-conductor[98653]: DEBUG nova.service [None req-698713d9-46d7-446e-8ae5-7e9d73f1dfb3 None None] Join ServiceGroup membership for this service conductor {{(pid=98653) start /opt/stack/nova/nova/service.py:222}}
Jul 02 15:34:12.875906 np0000004298 nova-conductor[98653]: DEBUG nova.servicegroup.drivers.db [None req-698713d9-46d7-446e-8ae5-7e9d73f1dfb3 None None] DB_Driver: join new ServiceGroup member np0000004298 to the conductor group, service = {{(pid=98653) join /opt/stack/nova/nova/servicegroup/drivers/db.py:44}}
Jul 02 15:34:12.889077 np0000004298 nova-conductor[98658]: DEBUG nova.service [None req-b9568f8e-33cd-426f-ac6e-e47e4709c7c8 None None] Join ServiceGroup membership for this service conductor {{(pid=98658) start /opt/stack/nova/nova/service.py:222}}
Jul 02 15:34:12.889475 np0000004298 nova-conductor[98658]: DEBUG nova.servicegroup.drivers.db [None req-b9568f8e-33cd-426f-ac6e-e47e4709c7c8 None None] DB_Driver: join new ServiceGroup member np0000004298 to the conductor group, service = {{(pid=98658) join /opt/stack/nova/nova/servicegroup/drivers/db.py:44}}
Jul 02 15:34:13.868532 np0000004298 nova-conductor[98641]: DEBUG oslo.service.backend._threading.loopingcall [None req-a9cab868-ca0b-4b51-95ec-f7856036c2cd None None] Dynamic interval looping call 'nova.service.Service.periodic_tasks' sleeping for 60.00 seconds {{(pid=98641) _run_loop /opt/stack/data/venv/lib/python3.12/site-packages/oslo_service/backend/_threading/loopingcall.py:125}}
Jul 02 15:34:17.878095 np0000004298 nova-conductor[98629]: DEBUG oslo.service.backend._threading.loopingcall [-] Fixed interval looping call 'nova.servicegroup.drivers.db.DbDriver._report_state' sleeping for 119.99 seconds {{(pid=98629) _run_loop /opt/stack/data/venv/lib/python3.12/site-packages/oslo_service/backend/_threading/loopingcall.py:125}}
Jul 02 15:34:17.882327 np0000004298 nova-conductor[98641]: DEBUG oslo.service.backend._threading.loopingcall [-] Fixed interval looping call 'nova.servicegroup.drivers.db.DbDriver._report_state' sleeping for 119.99 seconds {{(pid=98641) _run_loop /opt/stack/data/venv/lib/python3.12/site-packages/oslo_service/backend/_threading/loopingcall.py:125}}
Jul 02 15:34:17.887072 np0000004298 nova-conductor[98653]: DEBUG oslo.service.backend._threading.loopingcall [-] Fixed interval looping call 'nova.servicegroup.drivers.db.DbDriver._report_state' sleeping for 119.99 seconds {{(pid=98653) _run_loop /opt/stack/data/venv/lib/python3.12/site-packages/oslo_service/backend/_threading/loopingcall.py:125}}
Jul 02 15:34:17.912600 np0000004298 nova-conductor[98658]: DEBUG oslo.service.backend._threading.loopingcall [-] Fixed interval looping call 'nova.servicegroup.drivers.db.DbDriver._report_state' sleeping for 119.98 seconds {{(pid=98658) _run_loop /opt/stack/data/venv/lib/python3.12/site-packages/oslo_service/backend/_threading/loopingcall.py:125}}
Jul 02 15:34:21.402415 np0000004298 nova-conductor[97182]: DEBUG dbcounter [-] [97182] Writing DB stats nova_api:SELECT=1 {{(pid=97182) stat_writer /opt/stack/data/venv/lib/python3.12/site-packages/dbcounter.py:115}}
Jul 02 15:34:21.530137 np0000004298 nova-conductor[97182]: DEBUG dbcounter [-] [97182] Writing DB stats nova_cell1:SELECT=1 {{(pid=97182) stat_writer /opt/stack/data/venv/lib/python3.12/site-packages/dbcounter.py:115}}
Jul 02 15:34:21.536283 np0000004298 nova-conductor[97182]: DEBUG dbcounter [-] [97182] Writing DB stats nova_cell0:SELECT=1 {{(pid=97182) stat_writer /opt/stack/data/venv/lib/python3.12/site-packages/dbcounter.py:115}}
Jul 02 15:34:27.874228 np0000004298 nova-conductor[98629]: DEBUG dbcounter [-] [98629] Writing DB stats nova_cell0:SELECT=4,nova_cell0:INSERT=1,nova_cell0:UPDATE=1 {{(pid=98629) stat_writer /opt/stack/data/venv/lib/python3.12/site-packages/dbcounter.py:115}}
Jul 02 15:34:27.880491 np0000004298 nova-conductor[98641]: DEBUG dbcounter [-] [98641] Writing DB stats nova_cell0:SELECT=3,nova_cell0:UPDATE=1 {{(pid=98641) stat_writer /opt/stack/data/venv/lib/python3.12/site-packages/dbcounter.py:115}}
Jul 02 15:34:27.884076 np0000004298 nova-conductor[98653]: DEBUG dbcounter [-] [98653] Writing DB stats nova_cell0:SELECT=3 {{(pid=98653) stat_writer /opt/stack/data/venv/lib/python3.12/site-packages/dbcounter.py:115}}
Jul 02 15:34:27.907601 np0000004298 nova-conductor[98658]: DEBUG dbcounter [-] [98658] Writing DB stats nova_cell0:SELECT=3 {{(pid=98658) stat_writer /opt/stack/data/venv/lib/python3.12/site-packages/dbcounter.py:115}}
Jul 02 15:34:37.878178 np0000004298 nova-conductor[98653]: DEBUG oslo.service.backend._threading.loopingcall [None req-6c7ceae8-f13f-4c51-9b55-1688aaf0e86f None None] Dynamic interval looping call 'nova.service.Service.periodic_tasks' sleeping for 60.00 seconds {{(pid=98653) _run_loop /opt/stack/data/venv/lib/python3.12/site-packages/oslo_service/backend/_threading/loopingcall.py:125}}
Jul 02 15:34:40.891684 np0000004298 nova-conductor[98658]: DEBUG oslo.service.backend._threading.loopingcall [None req-3bab8e06-eafc-4d20-8e67-e959967e3e61 None None] Dynamic interval looping call 'nova.service.Service.periodic_tasks' sleeping for 60.00 seconds {{(pid=98658) _run_loop /opt/stack/data/venv/lib/python3.12/site-packages/oslo_service/backend/_threading/loopingcall.py:125}}
Jul 02 15:35:04.867790 np0000004298 nova-conductor[98629]: DEBUG oslo.service.backend._threading.loopingcall [None req-f0f03d92-ab3e-4c9d-854a-b800d169f621 None None] Dynamic interval looping call 'nova.service.Service.periodic_tasks' sleeping for 60.00 seconds {{(pid=98629) _run_loop /opt/stack/data/venv/lib/python3.12/site-packages/oslo_service/backend/_threading/loopingcall.py:125}}
Jul 02 15:35:13.869042 np0000004298 nova-conductor[98641]: DEBUG oslo.service.backend._threading.loopingcall [None req-a9cab868-ca0b-4b51-95ec-f7856036c2cd None None] Dynamic interval looping call 'nova.service.Service.periodic_tasks' sleeping for 60.00 seconds {{(pid=98641) _run_loop /opt/stack/data/venv/lib/python3.12/site-packages/oslo_service/backend/_threading/loopingcall.py:125}}
Jul 02 15:35:37.878722 np0000004298 nova-conductor[98653]: DEBUG oslo.service.backend._threading.loopingcall [None req-6c7ceae8-f13f-4c51-9b55-1688aaf0e86f None None] Dynamic interval looping call 'nova.service.Service.periodic_tasks' sleeping for 60.00 seconds {{(pid=98653) _run_loop /opt/stack/data/venv/lib/python3.12/site-packages/oslo_service/backend/_threading/loopingcall.py:125}}
Jul 02 15:35:40.892175 np0000004298 nova-conductor[98658]: DEBUG oslo.service.backend._threading.loopingcall [None req-3bab8e06-eafc-4d20-8e67-e959967e3e61 None None] Dynamic interval looping call 'nova.service.Service.periodic_tasks' sleeping for 60.00 seconds {{(pid=98658) _run_loop /opt/stack/data/venv/lib/python3.12/site-packages/oslo_service/backend/_threading/loopingcall.py:125}}
Jul 02 15:36:04.868313 np0000004298 nova-conductor[98629]: DEBUG oslo.service.backend._threading.loopingcall [None req-f0f03d92-ab3e-4c9d-854a-b800d169f621 None None] Dynamic interval looping call 'nova.service.Service.periodic_tasks' sleeping for 60.00 seconds {{(pid=98629) _run_loop /opt/stack/data/venv/lib/python3.12/site-packages/oslo_service/backend/_threading/loopingcall.py:125}}
Jul 02 15:36:13.869711 np0000004298 nova-conductor[98641]: DEBUG oslo.service.backend._threading.loopingcall [None req-a9cab868-ca0b-4b51-95ec-f7856036c2cd None None] Dynamic interval looping call 'nova.service.Service.periodic_tasks' sleeping for 60.00 seconds {{(pid=98641) _run_loop /opt/stack/data/venv/lib/python3.12/site-packages/oslo_service/backend/_threading/loopingcall.py:125}}
Jul 02 15:36:17.879414 np0000004298 nova-conductor[98629]: DEBUG oslo.service.backend._threading.loopingcall [-] Fixed interval looping call 'nova.servicegroup.drivers.db.DbDriver._report_state' sleeping for 119.99 seconds {{(pid=98629) _run_loop /opt/stack/data/venv/lib/python3.12/site-packages/oslo_service/backend/_threading/loopingcall.py:125}}
Jul 02 15:36:17.879862 np0000004298 nova-conductor[98641]: DEBUG oslo.service.backend._threading.loopingcall [-] Fixed interval looping call 'nova.servicegroup.drivers.db.DbDriver._report_state' sleeping for 119.99 seconds {{(pid=98641) _run_loop /opt/stack/data/venv/lib/python3.12/site-packages/oslo_service/backend/_threading/loopingcall.py:125}}
Jul 02 15:36:17.880828 np0000004298 nova-conductor[98653]: DEBUG oslo.service.backend._threading.loopingcall [-] Fixed interval looping call 'nova.servicegroup.drivers.db.DbDriver._report_state' sleeping for 120.00 seconds {{(pid=98653) _run_loop /opt/stack/data/venv/lib/python3.12/site-packages/oslo_service/backend/_threading/loopingcall.py:125}}
Jul 02 15:36:17.897630 np0000004298 nova-conductor[98658]: DEBUG oslo.service.backend._threading.loopingcall [-] Fixed interval looping call 'nova.servicegroup.drivers.db.DbDriver._report_state' sleeping for 120.00 seconds {{(pid=98658) _run_loop /opt/stack/data/venv/lib/python3.12/site-packages/oslo_service/backend/_threading/loopingcall.py:125}}
Jul 02 15:36:27.873454 np0000004298 nova-conductor[98629]: DEBUG dbcounter [-] [98629] Writing DB stats nova_cell0:SELECT=1,nova_cell0:UPDATE=1 {{(pid=98629) stat_writer /opt/stack/data/venv/lib/python3.12/site-packages/dbcounter.py:115}}
Jul 02 15:36:27.876881 np0000004298 nova-conductor[98641]: DEBUG dbcounter [-] [98641] Writing DB stats nova_cell0:SELECT=1,nova_cell0:UPDATE=1 {{(pid=98641) stat_writer /opt/stack/data/venv/lib/python3.12/site-packages/dbcounter.py:115}}
Jul 02 15:36:27.879000 np0000004298 nova-conductor[98653]: DEBUG dbcounter [-] [98653] Writing DB stats nova_cell0:SELECT=1 {{(pid=98653) stat_writer /opt/stack/data/venv/lib/python3.12/site-packages/dbcounter.py:115}}
Jul 02 15:36:27.895332 np0000004298 nova-conductor[98658]: DEBUG dbcounter [-] [98658] Writing DB stats nova_cell0:SELECT=1 {{(pid=98658) stat_writer /opt/stack/data/venv/lib/python3.12/site-packages/dbcounter.py:115}}
Jul 02 15:36:37.879206 np0000004298 nova-conductor[98653]: DEBUG oslo.service.backend._threading.loopingcall [None req-6c7ceae8-f13f-4c51-9b55-1688aaf0e86f None None] Dynamic interval looping call 'nova.service.Service.periodic_tasks' sleeping for 60.00 seconds {{(pid=98653) _run_loop /opt/stack/data/venv/lib/python3.12/site-packages/oslo_service/backend/_threading/loopingcall.py:125}}
Jul 02 15:36:40.892706 np0000004298 nova-conductor[98658]: DEBUG oslo.service.backend._threading.loopingcall [None req-3bab8e06-eafc-4d20-8e67-e959967e3e61 None None] Dynamic interval looping call 'nova.service.Service.periodic_tasks' sleeping for 60.00 seconds {{(pid=98658) _run_loop /opt/stack/data/venv/lib/python3.12/site-packages/oslo_service/backend/_threading/loopingcall.py:125}}
Jul 02 15:36:56.385774 np0000004298 nova-conductor[98641]: DEBUG oslo_db.sqlalchemy.engines [None req-72647fa8-d541-482e-a7bd-60dea4bc1b79 tempest-AttachVolumeMultiAttachTest-363995983 tempest-AttachVolumeMultiAttachTest-363995983-project-member] Parent process 97182 forked (98641) with an open database connection, which is being discarded and recreated. {{(pid=98641) checkout /opt/stack/data/venv/lib/python3.12/site-packages/oslo_db/sqlalchemy/engines.py:402}}
Jul 02 15:36:56.441407 np0000004298 nova-conductor[98641]: DEBUG dbcounter [-] [98641] Writer thread running {{(pid=98641) stat_writer /opt/stack/data/venv/lib/python3.12/site-packages/dbcounter.py:102}}
Jul 02 15:36:57.967816 np0000004298 nova-conductor[98629]: DEBUG dbcounter [-] [98629] Writer thread running {{(pid=98629) stat_writer /opt/stack/data/venv/lib/python3.12/site-packages/dbcounter.py:102}}
Jul 02 15:36:57.973976 np0000004298 nova-conductor[98641]: DEBUG nova.conductor.manager [None req-72647fa8-d541-482e-a7bd-60dea4bc1b79 tempest-AttachVolumeMultiAttachTest-363995983 tempest-AttachVolumeMultiAttachTest-363995983-project-member] Took 1.53 seconds to select destinations for 1 instance(s). {{(pid=98641) _schedule_instances /opt/stack/nova/nova/conductor/manager.py:968}}
Jul 02 15:36:58.023544 np0000004298 nova-conductor[98641]: DEBUG oslo_concurrency.lockutils [None req-72647fa8-d541-482e-a7bd-60dea4bc1b79 tempest-AttachVolumeMultiAttachTest-363995983 tempest-AttachVolumeMultiAttachTest-363995983-project-member] Acquiring lock "2a0b0494-2c80-4c20-807b-b3128a3d235a" by "nova.context.set_target_cell..get_or_set_cached_cell_and_set_connections" {{(pid=98641) inner /opt/stack/data/venv/lib/python3.12/site-packages/oslo_concurrency/lockutils.py:511}}
Jul 02 15:36:58.023884 np0000004298 nova-conductor[98641]: DEBUG oslo_concurrency.lockutils [None req-72647fa8-d541-482e-a7bd-60dea4bc1b79 tempest-AttachVolumeMultiAttachTest-363995983 tempest-AttachVolumeMultiAttachTest-363995983-project-member] Lock "2a0b0494-2c80-4c20-807b-b3128a3d235a" acquired by "nova.context.set_target_cell..get_or_set_cached_cell_and_set_connections" :: waited 0.000s {{(pid=98641) inner /opt/stack/data/venv/lib/python3.12/site-packages/oslo_concurrency/lockutils.py:524}}
Jul 02 15:36:58.025912 np0000004298 nova-conductor[98641]: DEBUG oslo_concurrency.lockutils [None req-72647fa8-d541-482e-a7bd-60dea4bc1b79 tempest-AttachVolumeMultiAttachTest-363995983 tempest-AttachVolumeMultiAttachTest-363995983-project-member] Lock "2a0b0494-2c80-4c20-807b-b3128a3d235a" "released" by "nova.context.set_target_cell..get_or_set_cached_cell_and_set_connections" :: held 0.002s {{(pid=98641) inner /opt/stack/data/venv/lib/python3.12/site-packages/oslo_concurrency/lockutils.py:543}}
Jul 02 15:36:58.027803 np0000004298 nova-conductor[98641]: INFO dbcounter [None req-72647fa8-d541-482e-a7bd-60dea4bc1b79 tempest-AttachVolumeMultiAttachTest-363995983 tempest-AttachVolumeMultiAttachTest-363995983-project-member] Registered counter for database nova_cell1
Jul 02 15:36:58.075779 np0000004298 nova-conductor[98641]: DEBUG oslo_db.sqlalchemy.engines [None req-72647fa8-d541-482e-a7bd-60dea4bc1b79 tempest-AttachVolumeMultiAttachTest-363995983 tempest-AttachVolumeMultiAttachTest-363995983-project-member] MySQL server mode set to STRICT_TRANS_TABLES,STRICT_ALL_TABLES,NO_ZERO_IN_DATE,NO_ZERO_DATE,ERROR_FOR_DIVISION_BY_ZERO,TRADITIONAL,NO_ENGINE_SUBSTITUTION {{(pid=98641) _check_effective_sql_mode /opt/stack/data/venv/lib/python3.12/site-packages/oslo_db/sqlalchemy/engines.py:325}}
Jul 02 15:36:58.085724 np0000004298 nova-conductor[98641]: DEBUG dbcounter [-] [98641] Writer thread running {{(pid=98641) stat_writer /opt/stack/data/venv/lib/python3.12/site-packages/dbcounter.py:102}}
Jul 02 15:36:58.160174 np0000004298 nova-conductor[98641]: INFO nova.utils [None req-72647fa8-d541-482e-a7bd-60dea4bc1b79 tempest-AttachVolumeMultiAttachTest-363995983 tempest-AttachVolumeMultiAttachTest-363995983-project-member] The cell worker thread pool ForkProcess-2.cell_worker is initialized
Jul 02 15:36:58.160592 np0000004298 nova-conductor[98641]: DEBUG oslo_concurrency.lockutils [None req-72647fa8-d541-482e-a7bd-60dea4bc1b79 tempest-AttachVolumeMultiAttachTest-363995983 tempest-AttachVolumeMultiAttachTest-363995983-project-member] Acquiring lock "00000000-0000-0000-0000-000000000000" by "nova.context.set_target_cell..get_or_set_cached_cell_and_set_connections" {{(pid=98641) inner /opt/stack/data/venv/lib/python3.12/site-packages/oslo_concurrency/lockutils.py:511}}
Jul 02 15:36:58.160835 np0000004298 nova-conductor[98641]: DEBUG oslo_concurrency.lockutils [None req-72647fa8-d541-482e-a7bd-60dea4bc1b79 tempest-AttachVolumeMultiAttachTest-363995983 tempest-AttachVolumeMultiAttachTest-363995983-project-member] Lock "00000000-0000-0000-0000-000000000000" acquired by "nova.context.set_target_cell..get_or_set_cached_cell_and_set_connections" :: waited 0.000s {{(pid=98641) inner /opt/stack/data/venv/lib/python3.12/site-packages/oslo_concurrency/lockutils.py:524}}
Jul 02 15:36:58.161386 np0000004298 nova-conductor[98641]: DEBUG oslo_concurrency.lockutils [None req-72647fa8-d541-482e-a7bd-60dea4bc1b79 tempest-AttachVolumeMultiAttachTest-363995983 tempest-AttachVolumeMultiAttachTest-363995983-project-member] Lock "00000000-0000-0000-0000-000000000000" "released" by "nova.context.set_target_cell..get_or_set_cached_cell_and_set_connections" :: held 0.000s {{(pid=98641) inner /opt/stack/data/venv/lib/python3.12/site-packages/oslo_concurrency/lockutils.py:543}}
Jul 02 15:36:58.162685 np0000004298 nova-conductor[98641]: DEBUG oslo_concurrency.lockutils [None req-72647fa8-d541-482e-a7bd-60dea4bc1b79 tempest-AttachVolumeMultiAttachTest-363995983 tempest-AttachVolumeMultiAttachTest-363995983-project-member] Acquiring lock "2a0b0494-2c80-4c20-807b-b3128a3d235a" by "nova.context.set_target_cell..get_or_set_cached_cell_and_set_connections" {{(pid=98641) inner /opt/stack/data/venv/lib/python3.12/site-packages/oslo_concurrency/lockutils.py:511}}
Jul 02 15:36:58.162685 np0000004298 nova-conductor[98641]: DEBUG oslo_concurrency.lockutils [None req-72647fa8-d541-482e-a7bd-60dea4bc1b79 tempest-AttachVolumeMultiAttachTest-363995983 tempest-AttachVolumeMultiAttachTest-363995983-project-member] Lock "2a0b0494-2c80-4c20-807b-b3128a3d235a" acquired by "nova.context.set_target_cell..get_or_set_cached_cell_and_set_connections" :: waited 0.000s {{(pid=98641) inner /opt/stack/data/venv/lib/python3.12/site-packages/oslo_concurrency/lockutils.py:524}}
Jul 02 15:36:58.162685 np0000004298 nova-conductor[98641]: DEBUG oslo_concurrency.lockutils [None req-72647fa8-d541-482e-a7bd-60dea4bc1b79 tempest-AttachVolumeMultiAttachTest-363995983 tempest-AttachVolumeMultiAttachTest-363995983-project-member] Lock "2a0b0494-2c80-4c20-807b-b3128a3d235a" "released" by "nova.context.set_target_cell..get_or_set_cached_cell_and_set_connections" :: held 0.000s {{(pid=98641) inner /opt/stack/data/venv/lib/python3.12/site-packages/oslo_concurrency/lockutils.py:543}}
Jul 02 15:36:58.165176 np0000004298 nova-conductor[98641]: INFO dbcounter [None req-72647fa8-d541-482e-a7bd-60dea4bc1b79 tempest-AttachVolumeMultiAttachTest-363995983 tempest-AttachVolumeMultiAttachTest-363995983-project-member] Registered counter for database nova_cell0
Jul 02 15:36:58.250616 np0000004298 nova-conductor[98641]: DEBUG oslo_db.sqlalchemy.engines [None req-72647fa8-d541-482e-a7bd-60dea4bc1b79 tempest-AttachVolumeMultiAttachTest-363995983 tempest-AttachVolumeMultiAttachTest-363995983-project-member] MySQL server mode set to STRICT_TRANS_TABLES,STRICT_ALL_TABLES,NO_ZERO_IN_DATE,NO_ZERO_DATE,ERROR_FOR_DIVISION_BY_ZERO,TRADITIONAL,NO_ENGINE_SUBSTITUTION {{(pid=98641) _check_effective_sql_mode /opt/stack/data/venv/lib/python3.12/site-packages/oslo_db/sqlalchemy/engines.py:325}}
Jul 02 15:36:58.260063 np0000004298 nova-conductor[98641]: DEBUG dbcounter [-] [98641] Writer thread running {{(pid=98641) stat_writer /opt/stack/data/venv/lib/python3.12/site-packages/dbcounter.py:102}}
Jul 02 15:36:58.272123 np0000004298 nova-conductor[98641]: DEBUG nova.quota [None req-72647fa8-d541-482e-a7bd-60dea4bc1b79 tempest-AttachVolumeMultiAttachTest-363995983 tempest-AttachVolumeMultiAttachTest-363995983-project-member] Getting quotas for project d98dd24a047e41a8acd82aeb60e3a168. Resources: {'ram', 'cores', 'instances'} {{(pid=98641) _get_quotas /opt/stack/nova/nova/quota.py:389}}
Jul 02 15:36:58.279502 np0000004298 nova-conductor[98641]: DEBUG nova.quota [None req-72647fa8-d541-482e-a7bd-60dea4bc1b79 tempest-AttachVolumeMultiAttachTest-363995983 tempest-AttachVolumeMultiAttachTest-363995983-project-member] Getting quotas for user b2da029f99814b19bda3a86a2eefc5d8 and project d98dd24a047e41a8acd82aeb60e3a168. Resources: {'ram', 'cores', 'instances'} {{(pid=98641) _get_quotas /opt/stack/nova/nova/quota.py:379}}
Jul 02 15:36:58.291065 np0000004298 nova-conductor[98641]: DEBUG nova.conductor.manager [None req-72647fa8-d541-482e-a7bd-60dea4bc1b79 tempest-AttachVolumeMultiAttachTest-363995983 tempest-AttachVolumeMultiAttachTest-363995983-project-member] [instance: 0fcbabb7-669b-466b-9e2e-d11554954fa2] Selected host: np0000004298; Selected node: np0000004298; Alternates: [] {{(pid=98641) schedule_and_build_instances /opt/stack/nova/nova/conductor/manager.py:1784}}
Jul 02 15:36:58.292245 np0000004298 nova-conductor[98641]: DEBUG oslo_concurrency.lockutils [None req-72647fa8-d541-482e-a7bd-60dea4bc1b79 tempest-AttachVolumeMultiAttachTest-363995983 tempest-AttachVolumeMultiAttachTest-363995983-project-member] Acquiring lock "2a0b0494-2c80-4c20-807b-b3128a3d235a" by "nova.context.set_target_cell..get_or_set_cached_cell_and_set_connections" {{(pid=98641) inner /opt/stack/data/venv/lib/python3.12/site-packages/oslo_concurrency/lockutils.py:511}}
Jul 02 15:36:58.292562 np0000004298 nova-conductor[98641]: DEBUG oslo_concurrency.lockutils [None req-72647fa8-d541-482e-a7bd-60dea4bc1b79 tempest-AttachVolumeMultiAttachTest-363995983 tempest-AttachVolumeMultiAttachTest-363995983-project-member] Lock "2a0b0494-2c80-4c20-807b-b3128a3d235a" acquired by "nova.context.set_target_cell..get_or_set_cached_cell_and_set_connections" :: waited 0.001s {{(pid=98641) inner /opt/stack/data/venv/lib/python3.12/site-packages/oslo_concurrency/lockutils.py:524}}
Jul 02 15:36:58.292777 np0000004298 nova-conductor[98641]: DEBUG oslo_concurrency.lockutils [None req-72647fa8-d541-482e-a7bd-60dea4bc1b79 tempest-AttachVolumeMultiAttachTest-363995983 tempest-AttachVolumeMultiAttachTest-363995983-project-member] Lock "2a0b0494-2c80-4c20-807b-b3128a3d235a" "released" by "nova.context.set_target_cell..get_or_set_cached_cell_and_set_connections" :: held 0.000s {{(pid=98641) inner /opt/stack/data/venv/lib/python3.12/site-packages/oslo_concurrency/lockutils.py:543}}
Jul 02 15:36:58.322576 np0000004298 nova-conductor[98641]: DEBUG nova.conductor.manager [None req-72647fa8-d541-482e-a7bd-60dea4bc1b79 tempest-AttachVolumeMultiAttachTest-363995983 tempest-AttachVolumeMultiAttachTest-363995983-project-member] [instance: 0fcbabb7-669b-466b-9e2e-d11554954fa2] block_device_mapping [BlockDeviceMapping(attachment_id=707c465b-bfd6-47d5-af5f-3188e6d043eb,boot_index=0,connection_info=None,created_at=,delete_on_termination=False,deleted=,deleted_at=,destination_type='volume',device_name=None,device_type=None,disk_bus=None,encrypted=False,encryption_format=None,encryption_options=None,encryption_secret_uuid=None,guest_format=None,id=,image_id=None,instance=,instance_uuid=,no_device=False,snapshot_id=None,source_type='volume',tag=None,updated_at=,uuid=,volume_id='ff3f6540-c079-4128-bc80-11b3a91733d7',volume_size=1,volume_type=None)] {{(pid=98641) _create_block_device_mapping /opt/stack/nova/nova/conductor/manager.py:1529}}
Jul 02 15:36:58.324429 np0000004298 nova-conductor[98641]: DEBUG oslo_concurrency.lockutils [None req-72647fa8-d541-482e-a7bd-60dea4bc1b79 tempest-AttachVolumeMultiAttachTest-363995983 tempest-AttachVolumeMultiAttachTest-363995983-project-member] Acquiring lock "2a0b0494-2c80-4c20-807b-b3128a3d235a" by "nova.context.set_target_cell..get_or_set_cached_cell_and_set_connections" {{(pid=98641) inner /opt/stack/data/venv/lib/python3.12/site-packages/oslo_concurrency/lockutils.py:511}}
Jul 02 15:36:58.324766 np0000004298 nova-conductor[98641]: DEBUG oslo_concurrency.lockutils [None req-72647fa8-d541-482e-a7bd-60dea4bc1b79 tempest-AttachVolumeMultiAttachTest-363995983 tempest-AttachVolumeMultiAttachTest-363995983-project-member] Lock "2a0b0494-2c80-4c20-807b-b3128a3d235a" acquired by "nova.context.set_target_cell..get_or_set_cached_cell_and_set_connections" :: waited 0.000s {{(pid=98641) inner /opt/stack/data/venv/lib/python3.12/site-packages/oslo_concurrency/lockutils.py:524}}
Jul 02 15:36:58.324987 np0000004298 nova-conductor[98641]: DEBUG oslo_concurrency.lockutils [None req-72647fa8-d541-482e-a7bd-60dea4bc1b79 tempest-AttachVolumeMultiAttachTest-363995983 tempest-AttachVolumeMultiAttachTest-363995983-project-member] Lock "2a0b0494-2c80-4c20-807b-b3128a3d235a" "released" by "nova.context.set_target_cell..get_or_set_cached_cell_and_set_connections" :: held 0.000s {{(pid=98641) inner /opt/stack/data/venv/lib/python3.12/site-packages/oslo_concurrency/lockutils.py:543}}
Jul 02 15:36:58.385772 np0000004298 nova-conductor[98641]: DEBUG oslo_concurrency.lockutils [None req-72647fa8-d541-482e-a7bd-60dea4bc1b79 tempest-AttachVolumeMultiAttachTest-363995983 tempest-AttachVolumeMultiAttachTest-363995983-project-member] Acquiring lock "2a0b0494-2c80-4c20-807b-b3128a3d235a" by "nova.context.set_target_cell..get_or_set_cached_cell_and_set_connections" {{(pid=98641) inner /opt/stack/data/venv/lib/python3.12/site-packages/oslo_concurrency/lockutils.py:511}}
Jul 02 15:36:58.386169 np0000004298 nova-conductor[98641]: DEBUG oslo_concurrency.lockutils [None req-72647fa8-d541-482e-a7bd-60dea4bc1b79 tempest-AttachVolumeMultiAttachTest-363995983 tempest-AttachVolumeMultiAttachTest-363995983-project-member] Lock "2a0b0494-2c80-4c20-807b-b3128a3d235a" acquired by "nova.context.set_target_cell..get_or_set_cached_cell_and_set_connections" :: waited 0.001s {{(pid=98641) inner /opt/stack/data/venv/lib/python3.12/site-packages/oslo_concurrency/lockutils.py:524}}
