Aug 16 18:58:58.543255 np0000007394 nova-scheduler[93392]: DEBUG cotyledon.oslo_config_glue [-] oslo_messaging_rabbit.rabbit_quorum_max_memory_bytes = 0 {{(pid=93392) log_opt_values /opt/stack/data/venv/lib/python3.12/site-packages/oslo_config/cfg.py:3560}}
Aug 16 18:58:58.543255 np0000007394 nova-scheduler[93392]: DEBUG cotyledon.oslo_config_glue [-] oslo_messaging_rabbit.rabbit_quorum_max_memory_length = 0 {{(pid=93392) log_opt_values /opt/stack/data/venv/lib/python3.12/site-packages/oslo_config/cfg.py:3560}}
Aug 16 18:58:58.543255 np0000007394 nova-scheduler[93392]: DEBUG cotyledon.oslo_config_glue [-] oslo_messaging_rabbit.rabbit_quorum_queue = False {{(pid=93392) log_opt_values /opt/stack/data/venv/lib/python3.12/site-packages/oslo_config/cfg.py:3560}}
Aug 16 18:58:58.543255 np0000007394 nova-scheduler[93392]: DEBUG cotyledon.oslo_config_glue [-] oslo_messaging_rabbit.rabbit_retry_backoff = 2 {{(pid=93392) log_opt_values /opt/stack/data/venv/lib/python3.12/site-packages/oslo_config/cfg.py:3560}}
Aug 16 18:58:58.543255 np0000007394 nova-scheduler[93392]: DEBUG cotyledon.oslo_config_glue [-] oslo_messaging_rabbit.rabbit_retry_interval = 1 {{(pid=93392) log_opt_values /opt/stack/data/venv/lib/python3.12/site-packages/oslo_config/cfg.py:3560}}
Aug 16 18:58:58.543255 np0000007394 nova-scheduler[93392]: DEBUG cotyledon.oslo_config_glue [-] oslo_messaging_rabbit.rabbit_stream_fanout = False {{(pid=93392) log_opt_values /opt/stack/data/venv/lib/python3.12/site-packages/oslo_config/cfg.py:3560}}
Aug 16 18:58:58.543431 np0000007394 nova-scheduler[93392]: DEBUG cotyledon.oslo_config_glue [-] oslo_messaging_rabbit.rabbit_transient_queues_ttl = 1800 {{(pid=93392) log_opt_values /opt/stack/data/venv/lib/python3.12/site-packages/oslo_config/cfg.py:3560}}
Aug 16 18:58:58.543431 np0000007394 nova-scheduler[93392]: DEBUG cotyledon.oslo_config_glue [-] oslo_messaging_rabbit.rabbit_transient_quorum_queue = False {{(pid=93392) log_opt_values /opt/stack/data/venv/lib/python3.12/site-packages/oslo_config/cfg.py:3560}}
Aug 16 18:58:58.543431 np0000007394 nova-scheduler[93392]: DEBUG cotyledon.oslo_config_glue [-] oslo_messaging_rabbit.rpc_conn_pool_size = 30 {{(pid=93392) log_opt_values /opt/stack/data/venv/lib/python3.12/site-packages/oslo_config/cfg.py:3560}}
Aug 16 18:58:58.543431 np0000007394 nova-scheduler[93392]: DEBUG cotyledon.oslo_config_glue [-] oslo_messaging_rabbit.ssl = False {{(pid=93392) log_opt_values /opt/stack/data/venv/lib/python3.12/site-packages/oslo_config/cfg.py:3560}}
Aug 16 18:58:58.543431 np0000007394 nova-scheduler[93392]: DEBUG cotyledon.oslo_config_glue [-] oslo_messaging_rabbit.ssl_ca_file = {{(pid=93392) log_opt_values /opt/stack/data/venv/lib/python3.12/site-packages/oslo_config/cfg.py:3560}}
Aug 16 18:58:58.543431 np0000007394 nova-scheduler[93392]: DEBUG cotyledon.oslo_config_glue [-] oslo_messaging_rabbit.ssl_cert_file = {{(pid=93392) log_opt_values /opt/stack/data/venv/lib/python3.12/site-packages/oslo_config/cfg.py:3560}}
Aug 16 18:58:58.543431 np0000007394 nova-scheduler[93392]: DEBUG cotyledon.oslo_config_glue [-] oslo_messaging_rabbit.ssl_enforce_fips_mode = False {{(pid=93392) log_opt_values /opt/stack/data/venv/lib/python3.12/site-packages/oslo_config/cfg.py:3560}}
Aug 16 18:58:58.543431 np0000007394 nova-scheduler[93392]: DEBUG cotyledon.oslo_config_glue [-] oslo_messaging_rabbit.ssl_enforce_hostname_verification = True {{(pid=93392) log_opt_values /opt/stack/data/venv/lib/python3.12/site-packages/oslo_config/cfg.py:3560}}
Aug 16 18:58:58.543431 np0000007394 nova-scheduler[93392]: DEBUG cotyledon.oslo_config_glue [-] oslo_messaging_rabbit.ssl_key_file = {{(pid=93392) log_opt_values /opt/stack/data/venv/lib/python3.12/site-packages/oslo_config/cfg.py:3560}}
Aug 16 18:58:58.543613 np0000007394 nova-scheduler[93392]: DEBUG cotyledon.oslo_config_glue [-] oslo_messaging_rabbit.ssl_version = {{(pid=93392) log_opt_values /opt/stack/data/venv/lib/python3.12/site-packages/oslo_config/cfg.py:3560}}
Aug 16 18:58:58.543613 np0000007394 nova-scheduler[93392]: DEBUG cotyledon.oslo_config_glue [-] oslo_messaging_rabbit.use_queue_manager = False {{(pid=93392) log_opt_values /opt/stack/data/venv/lib/python3.12/site-packages/oslo_config/cfg.py:3560}}
Aug 16 18:58:58.543613 np0000007394 nova-scheduler[93392]: DEBUG cotyledon.oslo_config_glue [-] oslo_messaging_notifications.driver = ['messagingv2'] {{(pid=93392) log_opt_values /opt/stack/data/venv/lib/python3.12/site-packages/oslo_config/cfg.py:3560}}
Aug 16 18:58:58.543613 np0000007394 nova-scheduler[93392]: DEBUG cotyledon.oslo_config_glue [-] oslo_messaging_notifications.retry = -1 {{(pid=93392) log_opt_values /opt/stack/data/venv/lib/python3.12/site-packages/oslo_config/cfg.py:3560}}
Aug 16 18:58:58.543613 np0000007394 nova-scheduler[93392]: DEBUG cotyledon.oslo_config_glue [-] oslo_messaging_notifications.topics = ['notifications'] {{(pid=93392) log_opt_values /opt/stack/data/venv/lib/python3.12/site-packages/oslo_config/cfg.py:3560}}
Aug 16 18:58:58.543613 np0000007394 nova-scheduler[93392]: DEBUG cotyledon.oslo_config_glue [-] oslo_messaging_notifications.transport_url = **** {{(pid=93392) log_opt_values /opt/stack/data/venv/lib/python3.12/site-packages/oslo_config/cfg.py:3560}}
Aug 16 18:58:58.543613 np0000007394 nova-scheduler[93392]: DEBUG cotyledon.oslo_config_glue [-] oslo_limit.auth_section = None {{(pid=93392) log_opt_values /opt/stack/data/venv/lib/python3.12/site-packages/oslo_config/cfg.py:3560}}
Aug 16 18:58:58.543613 np0000007394 nova-scheduler[93392]: DEBUG cotyledon.oslo_config_glue [-] oslo_limit.auth_type = None {{(pid=93392) log_opt_values /opt/stack/data/venv/lib/python3.12/site-packages/oslo_config/cfg.py:3560}}
Aug 16 18:58:58.543613 np0000007394 nova-scheduler[93392]: DEBUG cotyledon.oslo_config_glue [-] oslo_limit.cafile = None {{(pid=93392) log_opt_values /opt/stack/data/venv/lib/python3.12/site-packages/oslo_config/cfg.py:3560}}
Aug 16 18:58:58.543797 np0000007394 nova-scheduler[93392]: DEBUG cotyledon.oslo_config_glue [-] oslo_limit.certfile = None {{(pid=93392) log_opt_values /opt/stack/data/venv/lib/python3.12/site-packages/oslo_config/cfg.py:3560}}
Aug 16 18:58:58.543797 np0000007394 nova-scheduler[93392]: DEBUG cotyledon.oslo_config_glue [-] oslo_limit.collect_timing = False {{(pid=93392) log_opt_values /opt/stack/data/venv/lib/python3.12/site-packages/oslo_config/cfg.py:3560}}
Aug 16 18:58:58.543797 np0000007394 nova-scheduler[93392]: DEBUG cotyledon.oslo_config_glue [-] oslo_limit.connect_retries = None {{(pid=93392) log_opt_values /opt/stack/data/venv/lib/python3.12/site-packages/oslo_config/cfg.py:3560}}
Aug 16 18:58:58.543797 np0000007394 nova-scheduler[93392]: DEBUG cotyledon.oslo_config_glue [-] oslo_limit.connect_retry_delay = None {{(pid=93392) log_opt_values /opt/stack/data/venv/lib/python3.12/site-packages/oslo_config/cfg.py:3560}}
Aug 16 18:58:58.543797 np0000007394 nova-scheduler[93392]: DEBUG cotyledon.oslo_config_glue [-] oslo_limit.endpoint_id = None {{(pid=93392) log_opt_values /opt/stack/data/venv/lib/python3.12/site-packages/oslo_config/cfg.py:3560}}
Aug 16 18:58:58.543797 np0000007394 nova-scheduler[93392]: DEBUG cotyledon.oslo_config_glue [-] oslo_limit.endpoint_interface = public {{(pid=93392) log_opt_values /opt/stack/data/venv/lib/python3.12/site-packages/oslo_config/cfg.py:3560}}
Aug 16 18:58:58.543797 np0000007394 nova-scheduler[93392]: DEBUG cotyledon.oslo_config_glue [-] oslo_limit.endpoint_override = None {{(pid=93392) log_opt_values /opt/stack/data/venv/lib/python3.12/site-packages/oslo_config/cfg.py:3560}}
Aug 16 18:58:58.543797 np0000007394 nova-scheduler[93392]: DEBUG cotyledon.oslo_config_glue [-] oslo_limit.endpoint_region_name = None {{(pid=93392) log_opt_values /opt/stack/data/venv/lib/python3.12/site-packages/oslo_config/cfg.py:3560}}
Aug 16 18:58:58.543797 np0000007394 nova-scheduler[93392]: DEBUG cotyledon.oslo_config_glue [-] oslo_limit.endpoint_service_name = None {{(pid=93392) log_opt_values /opt/stack/data/venv/lib/python3.12/site-packages/oslo_config/cfg.py:3560}}
Aug 16 18:58:58.543948 np0000007394 nova-scheduler[93387]: INFO dbcounter [None req-aec5b485-cc95-4db3-a338-30ea11b0f50b None None] Registered counter for database nova_cell0
Aug 16 18:58:58.543970 np0000007394 nova-scheduler[93392]: DEBUG cotyledon.oslo_config_glue [-] oslo_limit.endpoint_service_type = None {{(pid=93392) log_opt_values /opt/stack/data/venv/lib/python3.12/site-packages/oslo_config/cfg.py:3560}}
Aug 16 18:58:58.543970 np0000007394 nova-scheduler[93392]: DEBUG cotyledon.oslo_config_glue [-] oslo_limit.insecure = False {{(pid=93392) log_opt_values /opt/stack/data/venv/lib/python3.12/site-packages/oslo_config/cfg.py:3560}}
Aug 16 18:58:58.543970 np0000007394 nova-scheduler[93392]: DEBUG cotyledon.oslo_config_glue [-] oslo_limit.keyfile = None {{(pid=93392) log_opt_values /opt/stack/data/venv/lib/python3.12/site-packages/oslo_config/cfg.py:3560}}
Aug 16 18:58:58.543970 np0000007394 nova-scheduler[93392]: DEBUG cotyledon.oslo_config_glue [-] oslo_limit.max_version = None {{(pid=93392) log_opt_values /opt/stack/data/venv/lib/python3.12/site-packages/oslo_config/cfg.py:3560}}
Aug 16 18:58:58.543970 np0000007394 nova-scheduler[93392]: DEBUG cotyledon.oslo_config_glue [-] oslo_limit.min_version = None {{(pid=93392) log_opt_values /opt/stack/data/venv/lib/python3.12/site-packages/oslo_config/cfg.py:3560}}
Aug 16 18:58:58.543970 np0000007394 nova-scheduler[93392]: DEBUG cotyledon.oslo_config_glue [-] oslo_limit.region_name = None {{(pid=93392) log_opt_values /opt/stack/data/venv/lib/python3.12/site-packages/oslo_config/cfg.py:3560}}
Aug 16 18:58:58.543970 np0000007394 nova-scheduler[93392]: DEBUG cotyledon.oslo_config_glue [-] oslo_limit.retriable_status_codes = None {{(pid=93392) log_opt_values /opt/stack/data/venv/lib/python3.12/site-packages/oslo_config/cfg.py:3560}}
Aug 16 18:58:58.543970 np0000007394 nova-scheduler[93392]: DEBUG cotyledon.oslo_config_glue [-] oslo_limit.service_name = None {{(pid=93392) log_opt_values /opt/stack/data/venv/lib/python3.12/site-packages/oslo_config/cfg.py:3560}}
Aug 16 18:58:58.543970 np0000007394 nova-scheduler[93392]: DEBUG cotyledon.oslo_config_glue [-] oslo_limit.service_type = None {{(pid=93392) log_opt_values /opt/stack/data/venv/lib/python3.12/site-packages/oslo_config/cfg.py:3560}}
Aug 16 18:58:58.544132 np0000007394 nova-scheduler[93392]: DEBUG cotyledon.oslo_config_glue [-] oslo_limit.split_loggers = False {{(pid=93392) log_opt_values /opt/stack/data/venv/lib/python3.12/site-packages/oslo_config/cfg.py:3560}}
Aug 16 18:58:58.544132 np0000007394 nova-scheduler[93392]: DEBUG cotyledon.oslo_config_glue [-] oslo_limit.status_code_retries = None {{(pid=93392) log_opt_values /opt/stack/data/venv/lib/python3.12/site-packages/oslo_config/cfg.py:3560}}
Aug 16 18:58:58.544132 np0000007394 nova-scheduler[93392]: DEBUG cotyledon.oslo_config_glue [-] oslo_limit.status_code_retry_delay = None {{(pid=93392) log_opt_values /opt/stack/data/venv/lib/python3.12/site-packages/oslo_config/cfg.py:3560}}
Aug 16 18:58:58.544132 np0000007394 nova-scheduler[93392]: DEBUG cotyledon.oslo_config_glue [-] oslo_limit.timeout = None {{(pid=93392) log_opt_values /opt/stack/data/venv/lib/python3.12/site-packages/oslo_config/cfg.py:3560}}
Aug 16 18:58:58.544132 np0000007394 nova-scheduler[93392]: DEBUG cotyledon.oslo_config_glue [-] oslo_limit.valid_interfaces = None {{(pid=93392) log_opt_values /opt/stack/data/venv/lib/python3.12/site-packages/oslo_config/cfg.py:3560}}
Aug 16 18:58:58.544132 np0000007394 nova-scheduler[93392]: DEBUG cotyledon.oslo_config_glue [-] oslo_limit.version = None {{(pid=93392) log_opt_values /opt/stack/data/venv/lib/python3.12/site-packages/oslo_config/cfg.py:3560}}
Aug 16 18:58:58.544132 np0000007394 nova-scheduler[93392]: DEBUG cotyledon.oslo_config_glue [-] oslo_reports.file_event_handler = None {{(pid=93392) log_opt_values /opt/stack/data/venv/lib/python3.12/site-packages/oslo_config/cfg.py:3560}}
Aug 16 18:58:58.544132 np0000007394 nova-scheduler[93392]: DEBUG cotyledon.oslo_config_glue [-] oslo_reports.file_event_handler_interval = 1 {{(pid=93392) log_opt_values /opt/stack/data/venv/lib/python3.12/site-packages/oslo_config/cfg.py:3560}}
Aug 16 18:58:58.544132 np0000007394 nova-scheduler[93392]: DEBUG cotyledon.oslo_config_glue [-] oslo_reports.log_dir = None {{(pid=93392) log_opt_values /opt/stack/data/venv/lib/python3.12/site-packages/oslo_config/cfg.py:3560}}
Aug 16 18:58:58.544341 np0000007394 nova-scheduler[93392]: DEBUG cotyledon.oslo_config_glue [-] ******************************************************************************** {{(pid=93392) log_opt_values /opt/stack/data/venv/lib/python3.12/site-packages/oslo_config/cfg.py:3567}}
Aug 16 18:58:58.544341 np0000007394 nova-scheduler[93392]: DEBUG cotyledon._service_worker [-] Run service ServiceWrapper(2) [93392] {{(pid=93392) wait_forever /opt/stack/data/venv/lib/python3.12/site-packages/cotyledon/_service_worker.py:218}}
Aug 16 18:58:58.544406 np0000007394 nova-scheduler[93384]: DEBUG oslo_db.sqlalchemy.engines [None req-ddc1f4cb-0d95-4261-a6f9-f2904db354ee None None] MySQL server mode set to STRICT_TRANS_TABLES,STRICT_ALL_TABLES,NO_ZERO_IN_DATE,NO_ZERO_DATE,ERROR_FOR_DIVISION_BY_ZERO,TRADITIONAL,NO_ENGINE_SUBSTITUTION {{(pid=93384) _check_effective_sql_mode /opt/stack/data/venv/lib/python3.12/site-packages/oslo_db/sqlalchemy/engines.py:325}}
Aug 16 18:58:58.544437 np0000007394 nova-scheduler[93392]: INFO nova.service [-] Starting scheduler node (version 33.1.0)
Aug 16 18:58:58.544437 np0000007394 nova-scheduler[93392]: INFO dbcounter [None req-b98e17f2-26be-4a79-a0e1-4def070d79ef None None] Registered counter for database nova_cell0
Aug 16 18:58:58.544506 np0000007394 nova-scheduler[93384]: DEBUG dbcounter [-] [93384] Writer thread running {{(pid=93384) stat_writer /opt/stack/data/venv/lib/python3.12/site-packages/dbcounter.py:102}}
Aug 16 18:58:58.559644 np0000007394 nova-scheduler[93384]: DEBUG nova.service [None req-ddc1f4cb-0d95-4261-a6f9-f2904db354ee None None] Creating RPC server for service: nova-scheduler on topic: scheduler {{(pid=93384) start /opt/stack/nova/nova/service.py:262}}
Aug 16 18:58:58.567452 np0000007394 nova-scheduler[93387]: DEBUG oslo_db.sqlalchemy.engines [None req-aec5b485-cc95-4db3-a338-30ea11b0f50b None None] MySQL server mode set to STRICT_TRANS_TABLES,STRICT_ALL_TABLES,NO_ZERO_IN_DATE,NO_ZERO_DATE,ERROR_FOR_DIVISION_BY_ZERO,TRADITIONAL,NO_ENGINE_SUBSTITUTION {{(pid=93387) _check_effective_sql_mode /opt/stack/data/venv/lib/python3.12/site-packages/oslo_db/sqlalchemy/engines.py:325}}
Aug 16 18:58:58.581093 np0000007394 nova-scheduler[93387]: DEBUG dbcounter [-] [93387] Writer thread running {{(pid=93387) stat_writer /opt/stack/data/venv/lib/python3.12/site-packages/dbcounter.py:102}}
Aug 16 18:58:58.581216 np0000007394 nova-scheduler[93384]: DEBUG nova.service [None req-ddc1f4cb-0d95-4261-a6f9-f2904db354ee None None] Join ServiceGroup membership for this service scheduler {{(pid=93384) start /opt/stack/nova/nova/service.py:288}}
Aug 16 18:58:58.581216 np0000007394 nova-scheduler[93384]: DEBUG nova.servicegroup.drivers.db [None req-ddc1f4cb-0d95-4261-a6f9-f2904db354ee None None] DB_Driver: join new ServiceGroup member np0000007394 to the scheduler group, service = {{(pid=93384) join /opt/stack/nova/nova/servicegroup/drivers/db.py:44}}
Aug 16 18:58:58.581835 np0000007394 nova-scheduler[93387]: DEBUG nova.service [None req-aec5b485-cc95-4db3-a338-30ea11b0f50b None None] Creating RPC server for service: nova-scheduler on topic: scheduler {{(pid=93387) start /opt/stack/nova/nova/service.py:262}}
Aug 16 18:58:58.582520 np0000007394 nova-scheduler[93392]: DEBUG oslo_db.sqlalchemy.engines [None req-b98e17f2-26be-4a79-a0e1-4def070d79ef None None] MySQL server mode set to STRICT_TRANS_TABLES,STRICT_ALL_TABLES,NO_ZERO_IN_DATE,NO_ZERO_DATE,ERROR_FOR_DIVISION_BY_ZERO,TRADITIONAL,NO_ENGINE_SUBSTITUTION {{(pid=93392) _check_effective_sql_mode /opt/stack/data/venv/lib/python3.12/site-packages/oslo_db/sqlalchemy/engines.py:325}}
Aug 16 18:58:58.591381 np0000007394 nova-scheduler[93392]: DEBUG dbcounter [-] [93392] Writer thread running {{(pid=93392) stat_writer /opt/stack/data/venv/lib/python3.12/site-packages/dbcounter.py:102}}
Aug 16 18:58:58.594080 np0000007394 nova-scheduler[93392]: DEBUG nova.service [None req-b98e17f2-26be-4a79-a0e1-4def070d79ef None None] Creating RPC server for service: nova-scheduler on topic: scheduler {{(pid=93392) start /opt/stack/nova/nova/service.py:262}}
Aug 16 18:58:58.601627 np0000007394 nova-scheduler[93387]: DEBUG nova.service [None req-aec5b485-cc95-4db3-a338-30ea11b0f50b None None] Join ServiceGroup membership for this service scheduler {{(pid=93387) start /opt/stack/nova/nova/service.py:288}}
Aug 16 18:58:58.601990 np0000007394 nova-scheduler[93387]: DEBUG nova.servicegroup.drivers.db [None req-aec5b485-cc95-4db3-a338-30ea11b0f50b None None] DB_Driver: join new ServiceGroup member np0000007394 to the scheduler group, service = {{(pid=93387) join /opt/stack/nova/nova/servicegroup/drivers/db.py:44}}
Aug 16 18:58:58.608496 np0000007394 nova-scheduler[93392]: DEBUG nova.service [None req-b98e17f2-26be-4a79-a0e1-4def070d79ef None None] Join ServiceGroup membership for this service scheduler {{(pid=93392) start /opt/stack/nova/nova/service.py:288}}
Aug 16 18:58:58.608667 np0000007394 nova-scheduler[93392]: DEBUG nova.servicegroup.drivers.db [None req-b98e17f2-26be-4a79-a0e1-4def070d79ef None None] DB_Driver: join new ServiceGroup member np0000007394 to the scheduler group, service = {{(pid=93392) join /opt/stack/nova/nova/servicegroup/drivers/db.py:44}}
Aug 16 18:59:02.604247 np0000007394 nova-scheduler[93387]: DEBUG oslo.service.backend._threading.loopingcall [None req-f26903d3-ed67-40e3-82a4-caa4e341fd78 None None] Dynamic interval looping call 'nova.service.Service.periodic_tasks' sleeping for 60.00 seconds {{(pid=93387) _run_loop /opt/stack/data/venv/lib/python3.12/site-packages/oslo_service/backend/_threading/loopingcall.py:125}}
Aug 16 18:59:03.596565 np0000007394 nova-scheduler[93384]: DEBUG oslo.service.backend._threading.loopingcall [-] Fixed interval looping call 'nova.servicegroup.drivers.db.DbDriver._report_state' sleeping for 119.99 seconds {{(pid=93384) _run_loop /opt/stack/data/venv/lib/python3.12/site-packages/oslo_service/backend/_threading/loopingcall.py:125}}
Aug 16 18:59:03.613364 np0000007394 nova-scheduler[93387]: DEBUG oslo.service.backend._threading.loopingcall [-] Fixed interval looping call 'nova.servicegroup.drivers.db.DbDriver._report_state' sleeping for 119.99 seconds {{(pid=93387) _run_loop /opt/stack/data/venv/lib/python3.12/site-packages/oslo_service/backend/_threading/loopingcall.py:125}}
Aug 16 18:59:03.623149 np0000007394 nova-scheduler[93392]: DEBUG oslo.service.backend._threading.loopingcall [-] Fixed interval looping call 'nova.servicegroup.drivers.db.DbDriver._report_state' sleeping for 119.99 seconds {{(pid=93392) _run_loop /opt/stack/data/venv/lib/python3.12/site-packages/oslo_service/backend/_threading/loopingcall.py:125}}
Aug 16 18:59:07.195002 np0000007394 nova-scheduler[92133]: DEBUG dbcounter [-] [92133] Writing DB stats nova_api:SELECT=3 {{(pid=92133) stat_writer /opt/stack/data/venv/lib/python3.12/site-packages/dbcounter.py:115}}
Aug 16 18:59:07.322956 np0000007394 nova-scheduler[92133]: DEBUG dbcounter [-] [92133] Writing DB stats nova_cell0:SELECT=1 {{(pid=92133) stat_writer /opt/stack/data/venv/lib/python3.12/site-packages/dbcounter.py:115}}
Aug 16 18:59:07.333302 np0000007394 nova-scheduler[92133]: DEBUG dbcounter [-] [92133] Writing DB stats nova_cell1:SELECT=1 {{(pid=92133) stat_writer /opt/stack/data/venv/lib/python3.12/site-packages/dbcounter.py:115}}
Aug 16 18:59:13.589921 np0000007394 nova-scheduler[93384]: DEBUG dbcounter [-] [93384] Writing DB stats nova_cell0:SELECT=4,nova_cell0:INSERT=1,nova_cell0:UPDATE=1 {{(pid=93384) stat_writer /opt/stack/data/venv/lib/python3.12/site-packages/dbcounter.py:115}}
Aug 16 18:59:13.611463 np0000007394 nova-scheduler[93387]: DEBUG dbcounter [-] [93387] Writing DB stats nova_cell0:SELECT=3 {{(pid=93387) stat_writer /opt/stack/data/venv/lib/python3.12/site-packages/dbcounter.py:115}}
Aug 16 18:59:13.618339 np0000007394 nova-scheduler[93392]: DEBUG dbcounter [-] [93392] Writing DB stats nova_cell0:SELECT=3 {{(pid=93392) stat_writer /opt/stack/data/venv/lib/python3.12/site-packages/dbcounter.py:115}}
Aug 16 18:59:36.610670 np0000007394 nova-scheduler[93392]: DEBUG oslo.service.backend._threading.loopingcall [None req-57ff3a33-2c7e-484a-8a5d-5fdcaa132fc8 None None] Dynamic interval looping call 'nova.service.Service.periodic_tasks' sleeping for 60.00 seconds {{(pid=93392) _run_loop /opt/stack/data/venv/lib/python3.12/site-packages/oslo_service/backend/_threading/loopingcall.py:125}}
Aug 16 18:59:40.582320 np0000007394 nova-scheduler[93384]: DEBUG oslo.service.backend._threading.loopingcall [None req-56d7fccf-020d-4142-8c6f-766de6e6882f None None] Dynamic interval looping call 'nova.service.Service.periodic_tasks' sleeping for 60.00 seconds {{(pid=93384) _run_loop /opt/stack/data/venv/lib/python3.12/site-packages/oslo_service/backend/_threading/loopingcall.py:125}}
Aug 16 19:00:02.604387 np0000007394 nova-scheduler[93387]: DEBUG oslo.service.backend._threading.loopingcall [None req-f26903d3-ed67-40e3-82a4-caa4e341fd78 None None] Dynamic interval looping call 'nova.service.Service.periodic_tasks' sleeping for 60.00 seconds {{(pid=93387) _run_loop /opt/stack/data/venv/lib/python3.12/site-packages/oslo_service/backend/_threading/loopingcall.py:125}}
Aug 16 19:00:36.611276 np0000007394 nova-scheduler[93392]: DEBUG oslo.service.backend._threading.loopingcall [None req-57ff3a33-2c7e-484a-8a5d-5fdcaa132fc8 None None] Dynamic interval looping call 'nova.service.Service.periodic_tasks' sleeping for 60.00 seconds {{(pid=93392) _run_loop /opt/stack/data/venv/lib/python3.12/site-packages/oslo_service/backend/_threading/loopingcall.py:125}}
Aug 16 19:00:40.582791 np0000007394 nova-scheduler[93384]: DEBUG oslo.service.backend._threading.loopingcall [None req-56d7fccf-020d-4142-8c6f-766de6e6882f None None] Dynamic interval looping call 'nova.service.Service.periodic_tasks' sleeping for 60.00 seconds {{(pid=93384) _run_loop /opt/stack/data/venv/lib/python3.12/site-packages/oslo_service/backend/_threading/loopingcall.py:125}}
Aug 16 19:01:02.604798 np0000007394 nova-scheduler[93387]: DEBUG oslo.service.backend._threading.loopingcall [None req-f26903d3-ed67-40e3-82a4-caa4e341fd78 None None] Dynamic interval looping call 'nova.service.Service.periodic_tasks' sleeping for 60.00 seconds {{(pid=93387) _run_loop /opt/stack/data/venv/lib/python3.12/site-packages/oslo_service/backend/_threading/loopingcall.py:125}}
Aug 16 19:01:03.596047 np0000007394 nova-scheduler[93384]: DEBUG oslo.service.backend._threading.loopingcall [-] Fixed interval looping call 'nova.servicegroup.drivers.db.DbDriver._report_state' sleeping for 119.99 seconds {{(pid=93384) _run_loop /opt/stack/data/venv/lib/python3.12/site-packages/oslo_service/backend/_threading/loopingcall.py:125}}
Aug 16 19:01:03.611512 np0000007394 nova-scheduler[93387]: DEBUG oslo.service.backend._threading.loopingcall [-] Fixed interval looping call 'nova.servicegroup.drivers.db.DbDriver._report_state' sleeping for 119.99 seconds {{(pid=93387) _run_loop /opt/stack/data/venv/lib/python3.12/site-packages/oslo_service/backend/_threading/loopingcall.py:125}}
Aug 16 19:01:03.618080 np0000007394 nova-scheduler[93392]: DEBUG oslo.service.backend._threading.loopingcall [-] Fixed interval looping call 'nova.servicegroup.drivers.db.DbDriver._report_state' sleeping for 119.99 seconds {{(pid=93392) _run_loop /opt/stack/data/venv/lib/python3.12/site-packages/oslo_service/backend/_threading/loopingcall.py:125}}
Aug 16 19:01:09.751204 np0000007394 nova-scheduler[93384]: DEBUG nova.scheduler.manager [None req-3388cf18-1695-4f35-88a0-448680921758 tempest-DeleteServersTestJSON-1914286918 tempest-DeleteServersTestJSON-1914286918-project-member] Starting to schedule for instances: ['32354a7f-f99f-47b6-ba9f-daeb4df513b1'] {{(pid=93384) select_destinations /opt/stack/nova/nova/scheduler/manager.py:197}}
Aug 16 19:01:09.751976 np0000007394 nova-scheduler[93384]: DEBUG nova.scheduler.request_filter [None req-3388cf18-1695-4f35-88a0-448680921758 tempest-DeleteServersTestJSON-1914286918 tempest-DeleteServersTestJSON-1914286918-project-member] compute_status_filter request filter added forbidden trait COMPUTE_STATUS_DISABLED {{(pid=93384) compute_status_filter /opt/stack/nova/nova/scheduler/request_filter.py:253}}
Aug 16 19:01:09.752159 np0000007394 nova-scheduler[93384]: DEBUG nova.scheduler.request_filter [None req-3388cf18-1695-4f35-88a0-448680921758 tempest-DeleteServersTestJSON-1914286918 tempest-DeleteServersTestJSON-1914286918-project-member] Request filter 'compute_status_filter' took 0.0 seconds {{(pid=93384) wrapper /opt/stack/nova/nova/scheduler/request_filter.py:46}}
Aug 16 19:01:09.752476 np0000007394 nova-scheduler[93384]: DEBUG nova.scheduler.request_filter [None req-3388cf18-1695-4f35-88a0-448680921758 tempest-DeleteServersTestJSON-1914286918 tempest-DeleteServersTestJSON-1914286918-project-member] Request filter 'accelerators_filter' took 0.0 seconds {{(pid=93384) wrapper /opt/stack/nova/nova/scheduler/request_filter.py:46}}
Aug 16 19:01:09.752707 np0000007394 nova-scheduler[93384]: DEBUG nova.scheduler.request_filter [None req-3388cf18-1695-4f35-88a0-448680921758 tempest-DeleteServersTestJSON-1914286918 tempest-DeleteServersTestJSON-1914286918-project-member] Request filter 'packed_virtqueue_filter' took 0.0 seconds {{(pid=93384) wrapper /opt/stack/nova/nova/scheduler/request_filter.py:46}}
Aug 16 19:01:09.752981 np0000007394 nova-scheduler[93384]: DEBUG nova.scheduler.request_filter [None req-3388cf18-1695-4f35-88a0-448680921758 tempest-DeleteServersTestJSON-1914286918 tempest-DeleteServersTestJSON-1914286918-project-member] Request filter 'remote_managed_ports_filter' took 0.0 seconds {{(pid=93384) wrapper /opt/stack/nova/nova/scheduler/request_filter.py:46}}
Aug 16 19:01:09.753139 np0000007394 nova-scheduler[93384]: DEBUG nova.scheduler.request_filter [None req-3388cf18-1695-4f35-88a0-448680921758 tempest-DeleteServersTestJSON-1914286918 tempest-DeleteServersTestJSON-1914286918-project-member] ephemeral_encryption_filter skipped {{(pid=93384) ephemeral_encryption_filter /opt/stack/nova/nova/scheduler/request_filter.py:426}}
Aug 16 19:01:09.753310 np0000007394 nova-scheduler[93384]: DEBUG nova.scheduler.request_filter [None req-3388cf18-1695-4f35-88a0-448680921758 tempest-DeleteServersTestJSON-1914286918 tempest-DeleteServersTestJSON-1914286918-project-member] virtio_sound_filter skipped {{(pid=93384) virtio_sound_filter /opt/stack/nova/nova/scheduler/request_filter.py:460}}
Aug 16 19:01:09.753468 np0000007394 nova-scheduler[93384]: DEBUG nova.scheduler.request_filter [None req-3388cf18-1695-4f35-88a0-448680921758 tempest-DeleteServersTestJSON-1914286918 tempest-DeleteServersTestJSON-1914286918-project-member] tpm_secret_security_filter skipped {{(pid=93384) tpm_secret_security_filter /opt/stack/nova/nova/scheduler/request_filter.py:477}}
Aug 16 19:01:10.211740 np0000007394 nova-scheduler[93384]: INFO nova.utils [None req-3388cf18-1695-4f35-88a0-448680921758 tempest-DeleteServersTestJSON-1914286918 tempest-DeleteServersTestJSON-1914286918-project-member] The cell worker thread pool ForkProcess-1.cell_worker is initialized
Aug 16 19:01:10.212250 np0000007394 nova-scheduler[93384]: DEBUG oslo_concurrency.lockutils [None req-3388cf18-1695-4f35-88a0-448680921758 tempest-DeleteServersTestJSON-1914286918 tempest-DeleteServersTestJSON-1914286918-project-member] Acquiring lock "e9a72ef6-023b-4a5c-8cf3-1881a0edcee6" by "nova.context.set_target_cell..get_or_set_cached_cell_and_set_connections" {{(pid=93384) inner /opt/stack/data/venv/lib/python3.12/site-packages/oslo_concurrency/lockutils.py:512}}
Aug 16 19:01:10.212442 np0000007394 nova-scheduler[93384]: DEBUG oslo_concurrency.lockutils [None req-3388cf18-1695-4f35-88a0-448680921758 tempest-DeleteServersTestJSON-1914286918 tempest-DeleteServersTestJSON-1914286918-project-member] Lock "e9a72ef6-023b-4a5c-8cf3-1881a0edcee6" acquired by "nova.context.set_target_cell..get_or_set_cached_cell_and_set_connections" :: waited 0.000s {{(pid=93384) inner /opt/stack/data/venv/lib/python3.12/site-packages/oslo_concurrency/lockutils.py:525}}
Aug 16 19:01:10.213750 np0000007394 nova-scheduler[93384]: DEBUG oslo_concurrency.lockutils [None req-3388cf18-1695-4f35-88a0-448680921758 tempest-DeleteServersTestJSON-1914286918 tempest-DeleteServersTestJSON-1914286918-project-member] Lock "e9a72ef6-023b-4a5c-8cf3-1881a0edcee6" "released" by "nova.context.set_target_cell..get_or_set_cached_cell_and_set_connections" :: held 0.001s {{(pid=93384) inner /opt/stack/data/venv/lib/python3.12/site-packages/oslo_concurrency/lockutils.py:544}}
Aug 16 19:01:10.215478 np0000007394 nova-scheduler[93384]: INFO dbcounter [None req-3388cf18-1695-4f35-88a0-448680921758 tempest-DeleteServersTestJSON-1914286918 tempest-DeleteServersTestJSON-1914286918-project-member] Registered counter for database nova_cell1
Aug 16 19:01:10.245066 np0000007394 nova-scheduler[93384]: DEBUG oslo_db.sqlalchemy.engines [None req-3388cf18-1695-4f35-88a0-448680921758 tempest-DeleteServersTestJSON-1914286918 tempest-DeleteServersTestJSON-1914286918-project-member] MySQL server mode set to STRICT_TRANS_TABLES,STRICT_ALL_TABLES,NO_ZERO_IN_DATE,NO_ZERO_DATE,ERROR_FOR_DIVISION_BY_ZERO,TRADITIONAL,NO_ENGINE_SUBSTITUTION {{(pid=93384) _check_effective_sql_mode /opt/stack/data/venv/lib/python3.12/site-packages/oslo_db/sqlalchemy/engines.py:325}}
Aug 16 19:01:10.249923 np0000007394 nova-scheduler[93384]: DEBUG dbcounter [-] [93384] Writer thread running {{(pid=93384) stat_writer /opt/stack/data/venv/lib/python3.12/site-packages/dbcounter.py:102}}
Aug 16 19:01:10.260429 np0000007394 nova-scheduler[93384]: DEBUG oslo_db.sqlalchemy.engines [None req-3388cf18-1695-4f35-88a0-448680921758 tempest-DeleteServersTestJSON-1914286918 tempest-DeleteServersTestJSON-1914286918-project-member] Parent process 92133 forked (93384) with an open database connection, which is being discarded and recreated. {{(pid=93384) checkout /opt/stack/data/venv/lib/python3.12/site-packages/oslo_db/sqlalchemy/engines.py:402}}
Aug 16 19:01:10.297390 np0000007394 nova-scheduler[93384]: DEBUG dbcounter [-] [93384] Writer thread running {{(pid=93384) stat_writer /opt/stack/data/venv/lib/python3.12/site-packages/dbcounter.py:102}}
Aug 16 19:01:10.300480 np0000007394 nova-scheduler[93384]: DEBUG oslo_concurrency.lockutils [None req-3388cf18-1695-4f35-88a0-448680921758 tempest-DeleteServersTestJSON-1914286918 tempest-DeleteServersTestJSON-1914286918-project-member] Acquiring lock "e9a72ef6-023b-4a5c-8cf3-1881a0edcee6" by "nova.context.set_target_cell..get_or_set_cached_cell_and_set_connections" {{(pid=93384) inner /opt/stack/data/venv/lib/python3.12/site-packages/oslo_concurrency/lockutils.py:512}}
Aug 16 19:01:10.300628 np0000007394 nova-scheduler[93384]: DEBUG oslo_concurrency.lockutils [None req-3388cf18-1695-4f35-88a0-448680921758 tempest-DeleteServersTestJSON-1914286918 tempest-DeleteServersTestJSON-1914286918-project-member] Lock "e9a72ef6-023b-4a5c-8cf3-1881a0edcee6" acquired by "nova.context.set_target_cell..get_or_set_cached_cell_and_set_connections" :: waited 0.000s {{(pid=93384) inner /opt/stack/data/venv/lib/python3.12/site-packages/oslo_concurrency/lockutils.py:525}}
Aug 16 19:01:10.300734 np0000007394 nova-scheduler[93384]: DEBUG oslo_concurrency.lockutils [None req-3388cf18-1695-4f35-88a0-448680921758 tempest-DeleteServersTestJSON-1914286918 tempest-DeleteServersTestJSON-1914286918-project-member] Lock "e9a72ef6-023b-4a5c-8cf3-1881a0edcee6" "released" by "nova.context.set_target_cell..get_or_set_cached_cell_and_set_connections" :: held 0.000s {{(pid=93384) inner /opt/stack/data/venv/lib/python3.12/site-packages/oslo_concurrency/lockutils.py:544}}
Aug 16 19:01:10.303560 np0000007394 nova-scheduler[93384]: DEBUG oslo_concurrency.lockutils [None req-3388cf18-1695-4f35-88a0-448680921758 tempest-DeleteServersTestJSON-1914286918 tempest-DeleteServersTestJSON-1914286918-project-member] Acquiring lock "np0000007394-np0000007394" by "nova.scheduler.host_manager.HostState.update.._locked_update" {{(pid=93384) inner /opt/stack/data/venv/lib/python3.12/site-packages/oslo_concurrency/lockutils.py:512}}
Aug 16 19:01:10.303719 np0000007394 nova-scheduler[93384]: DEBUG oslo_concurrency.lockutils [None req-3388cf18-1695-4f35-88a0-448680921758 tempest-DeleteServersTestJSON-1914286918 tempest-DeleteServersTestJSON-1914286918-project-member] Lock "np0000007394-np0000007394" acquired by "nova.scheduler.host_manager.HostState.update.._locked_update" :: waited 0.000s {{(pid=93384) inner /opt/stack/data/venv/lib/python3.12/site-packages/oslo_concurrency/lockutils.py:525}}
Aug 16 19:01:10.304951 np0000007394 nova-scheduler[93384]: DEBUG nova.scheduler.host_manager [None req-3388cf18-1695-4f35-88a0-448680921758 tempest-DeleteServersTestJSON-1914286918 tempest-DeleteServersTestJSON-1914286918-project-member] Update host state from compute node: ComputeNode(cpu_allocation_ratio=4.0,cpu_info='{"arch": "x86_64", "model": "EPYC-Milan", "vendor": "AMD", "topology": {"cells": 1, "sockets": 16, "cores": 1, "threads": 1}, "maxphysaddr": {"mode": "emulate", "bits": 40}, "features": ["sse", "fsgsbase", "skip-l1dfl-vmentry", "sse2", "avx", "mds-no", "xgetbv1", "fsrm", "lbrv", "nx", "null-sel-clr-base", "tsc", "bmi2", "msr", "svme-addr-chk", "pni", "pcid", "pclmuldq", "cmov", "arch-capabilities", "rdpid", "bmi1", "vaes", "flushbyasid", "lahf_lm", "rdtscp", "amd-ssbd", "nrip-save", "mca", "pschange-mc-no", "fpu", "hypervisor", "umip", "cr8legacy", "fxsr_opt", "vgif", "syscall", "cx16", "npt", "vme", "sse4.1", "virt-ssbd", "arat", "stibp", "osvw", "misalignsse", "clflushopt", "xsaveerptr", "pku", "tsc-scale", "abm", "pfthreshold", "vpclmulqdq", "ssbd", "pse", "mmx", "topoext", "fxsr", "pge", "ibpb", "perfctr_core", "amd-stibp", "mce", "pae", "sse4.2", "tsc-deadline", "mtrr", "gds-no", "rdrand", "vmcb-clean", "clwb", "adx", "sse4a", "smep", "pdpe1gb", "amd-psfd", "cmp_legacy", "wbnoinvd", "de", "v-vmsave-vmload", "f16c", "sha-ni", "tsc_adjust", "no-nested-data-bp", "lfence-always-serializing", "pat", "avx2", "ibrs", "pause-filter", "popcnt", "fma", "lm", "rdctl-no", "clflush", "3dnowprefetch", "rdseed", "svm", "smap", "ssse3", "xsave", "pse36", "clzero", "movbe", "erms", "cx8", "xsavec", "mmxext", "invpcid", "sep", "apic", "stibp-always-on", "aes", "spec-ctrl", "x2apic", "xsaves", "xsaveopt"]}',created_at=2026-08-16T18:59:19Z,current_workload=0,deleted=False,deleted_at=None,disk_allocation_ratio=1.0,disk_available_least=73,free_disk_gb=95,free_ram_mb=62765,host='np0000007394',host_ip=10.4.3.210,hypervisor_hostname='np0000007394',hypervisor_type='QEMU',hypervisor_version=8002002,id=1,local_gb=95,local_gb_used=0,mapped=1,memory_mb=63277,memory_mb_used=512,metrics='[]',numa_topology='{"nova_object.name": "NUMATopology", "nova_object.namespace": "nova", "nova_object.version": "1.2", "nova_object.data": {"cells": [{"nova_object.name": "NUMACell", "nova_object.namespace": "nova", "nova_object.version": "1.5", "nova_object.data": {"id": 0, "cpuset": [0, 1, 2, 3, 4, 5, 6, 7, 8, 9, 10, 11, 12, 13, 14, 15], "pcpuset": [0, 1, 2, 3, 4, 5, 6, 7, 8, 9, 10, 11, 12, 13, 14, 15], "memory": 63277, "cpu_usage": 0, "memory_usage": 0, "pinned_cpus": [], "siblings": [[6], [12], [2], [15], [5], [11], [8], [14], [4], [1], [7], [10], [0], [13], [3], [9]], "mempages": [{"nova_object.name": "NUMAPagesTopology", "nova_object.namespace": "nova", "nova_object.version": "1.1", "nova_object.data": {"size_kb": 4, "total": 16177928, "used": 0, "reserved": 0}, "nova_object.changes": ["total", "size_kb", "used", "reserved"]}, {"nova_object.name": "NUMAPagesTopology", "nova_object.namespace": "nova", "nova_object.version": "1.1", "nova_object.data": {"size_kb": 2048, "total": 41, "used": 0, "reserved": 0}, "nova_object.changes": ["total", "size_kb", "used", "reserved"]}, {"nova_object.name": "NUMAPagesTopology", "nova_object.namespace": "nova", "nova_object.version": "1.1", "nova_object.data": {"size_kb": 1048576, "total": 0, "used": 0, "reserved": 0}, "nova_object.changes": ["total", "size_kb", "used", "reserved"]}], "network_metadata": {"nova_object.name": "NetworkMetadata", "nova_object.namespace": "nova", "nova_object.version": "1.0", "nova_object.data": {"physnets": [], "tunneled": false}, "nova_object.changes": ["tunneled", "physnets"]}, "socket": null}, "nova_object.changes": ["memory", "mempages", "pcpuset", "siblings", "network_metadata", "pinned_cpus", "id", "socket", "cpu_usage", "memory_usage", "cpuset"]}]}, "nova_object.changes": ["cells"]}',pci_device_pools=PciDevicePoolList,ram_allocation_ratio=1.0,running_vms=0,service_id=2,stats={failed_builds='0',uptime=' 19:01:08 up 13 min, 2 users, load average: 1.98, 1.41, 0.76
Aug 16 19:01:10.304951 np0000007394 nova-scheduler[93384]: '},supported_hv_specs=[HVSpec,HVSpec,HVSpec,HVSpec,HVSpec,HVSpec,HVSpec,HVSpec,HVSpec,HVSpec,HVSpec,HVSpec,HVSpec,HVSpec,HVSpec,HVSpec,HVSpec,HVSpec,HVSpec,HVSpec,HVSpec,HVSpec,HVSpec,HVSpec,HVSpec],updated_at=2026-08-16T19:01:08Z,uuid=c64f55a5-07ba-45ce-8f41-03c9460c52fb,vcpus=16,vcpus_used=0) {{(pid=93384) _locked_update /opt/stack/nova/nova/scheduler/host_manager.py:168}}
Aug 16 19:01:10.307559 np0000007394 nova-scheduler[93384]: DEBUG nova.scheduler.host_manager [None req-3388cf18-1695-4f35-88a0-448680921758 tempest-DeleteServersTestJSON-1914286918 tempest-DeleteServersTestJSON-1914286918-project-member] Update host state with aggregates: [] {{(pid=93384) _locked_update /opt/stack/nova/nova/scheduler/host_manager.py:171}}
Aug 16 19:01:10.307559 np0000007394 nova-scheduler[93384]: DEBUG nova.scheduler.host_manager [None req-3388cf18-1695-4f35-88a0-448680921758 tempest-DeleteServersTestJSON-1914286918 tempest-DeleteServersTestJSON-1914286918-project-member] Update host state with service dict: {'id': 2, 'uuid': '721260d0-9828-4fa7-b542-61cefb1e9839', 'host': 'np0000007394', 'binary': 'nova-compute', 'topic': 'compute', 'report_count': 1, 'disabled': False, 'disabled_reason': None, 'last_seen_up': datetime.datetime(2026, 8, 16, 18, 59, 26, tzinfo=datetime.timezone.utc), 'forced_down': False, 'version': 72, 'created_at': datetime.datetime(2026, 8, 16, 18, 59, 19, tzinfo=datetime.timezone.utc), 'updated_at': datetime.datetime(2026, 8, 16, 18, 59, 26, tzinfo=datetime.timezone.utc), 'deleted_at': None, 'deleted': False} {{(pid=93384) _locked_update /opt/stack/nova/nova/scheduler/host_manager.py:174}}
Aug 16 19:01:10.307559 np0000007394 nova-scheduler[93384]: DEBUG nova.scheduler.host_manager [None req-3388cf18-1695-4f35-88a0-448680921758 tempest-DeleteServersTestJSON-1914286918 tempest-DeleteServersTestJSON-1914286918-project-member] Update host state with instances: [] {{(pid=93384) _locked_update /opt/stack/nova/nova/scheduler/host_manager.py:177}}
Aug 16 19:01:10.307559 np0000007394 nova-scheduler[93384]: DEBUG oslo_concurrency.lockutils [None req-3388cf18-1695-4f35-88a0-448680921758 tempest-DeleteServersTestJSON-1914286918 tempest-DeleteServersTestJSON-1914286918-project-member] Lock "np0000007394-np0000007394" "released" by "nova.scheduler.host_manager.HostState.update.._locked_update" :: held 0.003s {{(pid=93384) inner /opt/stack/data/venv/lib/python3.12/site-packages/oslo_concurrency/lockutils.py:544}}
Aug 16 19:01:10.307559 np0000007394 nova-scheduler[93384]: DEBUG nova.filters [None req-3388cf18-1695-4f35-88a0-448680921758 tempest-DeleteServersTestJSON-1914286918 tempest-DeleteServersTestJSON-1914286918-project-member] Starting with 1 host(s) {{(pid=93384) get_filtered_objects /opt/stack/nova/nova/filters.py:70}}
Aug 16 19:01:10.307559 np0000007394 nova-scheduler[93384]: DEBUG nova.filters [None req-3388cf18-1695-4f35-88a0-448680921758 tempest-DeleteServersTestJSON-1914286918 tempest-DeleteServersTestJSON-1914286918-project-member] Filter ComputeFilter returned 1 host(s) {{(pid=93384) get_filtered_objects /opt/stack/nova/nova/filters.py:102}}
Aug 16 19:01:10.307559 np0000007394 nova-scheduler[93384]: DEBUG nova.filters [None req-3388cf18-1695-4f35-88a0-448680921758 tempest-DeleteServersTestJSON-1914286918 tempest-DeleteServersTestJSON-1914286918-project-member] Filter ComputeCapabilitiesFilter returned 1 host(s) {{(pid=93384) get_filtered_objects /opt/stack/nova/nova/filters.py:102}}
Aug 16 19:01:10.307559 np0000007394 nova-scheduler[93384]: DEBUG nova.filters [None req-3388cf18-1695-4f35-88a0-448680921758 tempest-DeleteServersTestJSON-1914286918 tempest-DeleteServersTestJSON-1914286918-project-member] Filter ImagePropertiesFilter returned 1 host(s) {{(pid=93384) get_filtered_objects /opt/stack/nova/nova/filters.py:102}}
Aug 16 19:01:10.308339 np0000007394 nova-scheduler[93384]: DEBUG nova.filters [None req-3388cf18-1695-4f35-88a0-448680921758 tempest-DeleteServersTestJSON-1914286918 tempest-DeleteServersTestJSON-1914286918-project-member] Filter ServerGroupAntiAffinityFilter returned 1 host(s) {{(pid=93384) get_filtered_objects /opt/stack/nova/nova/filters.py:102}}
Aug 16 19:01:10.308339 np0000007394 nova-scheduler[93384]: DEBUG nova.filters [None req-3388cf18-1695-4f35-88a0-448680921758 tempest-DeleteServersTestJSON-1914286918 tempest-DeleteServersTestJSON-1914286918-project-member] Filter ServerGroupAffinityFilter returned 1 host(s) {{(pid=93384) get_filtered_objects /opt/stack/nova/nova/filters.py:102}}
Aug 16 19:01:10.308339 np0000007394 nova-scheduler[93384]: DEBUG nova.filters [None req-3388cf18-1695-4f35-88a0-448680921758 tempest-DeleteServersTestJSON-1914286918 tempest-DeleteServersTestJSON-1914286918-project-member] Filter SameHostFilter returned 1 host(s) {{(pid=93384) get_filtered_objects /opt/stack/nova/nova/filters.py:102}}
Aug 16 19:01:10.308339 np0000007394 nova-scheduler[93384]: DEBUG nova.filters [None req-3388cf18-1695-4f35-88a0-448680921758 tempest-DeleteServersTestJSON-1914286918 tempest-DeleteServersTestJSON-1914286918-project-member] Filter DifferentHostFilter returned 1 host(s) {{(pid=93384) get_filtered_objects /opt/stack/nova/nova/filters.py:102}}
Aug 16 19:01:10.308339 np0000007394 nova-scheduler[93384]: DEBUG nova.scheduler.manager [None req-3388cf18-1695-4f35-88a0-448680921758 tempest-DeleteServersTestJSON-1914286918 tempest-DeleteServersTestJSON-1914286918-project-member] Filtered [(np0000007394, np0000007394) ram: 62765MB disk: 74752MB io_ops: 0 instances: 0, allocation_candidates: 1] {{(pid=93384) _get_sorted_hosts /opt/stack/nova/nova/scheduler/manager.py:730}}
Aug 16 19:01:10.308339 np0000007394 nova-scheduler[93384]: DEBUG nova.scheduler.manager [None req-3388cf18-1695-4f35-88a0-448680921758 tempest-DeleteServersTestJSON-1914286918 tempest-DeleteServersTestJSON-1914286918-project-member] Weighed [WeighedHost [host: (np0000007394, np0000007394) ram: 62765MB disk: 74752MB io_ops: 0 instances: 0, allocation_candidates: 1, weight: 0.0]] {{(pid=93384) _get_sorted_hosts /opt/stack/nova/nova/scheduler/manager.py:752}}
Aug 16 19:01:10.308732 np0000007394 nova-scheduler[93384]: DEBUG nova.scheduler.utils [None req-3388cf18-1695-4f35-88a0-448680921758 tempest-DeleteServersTestJSON-1914286918 tempest-DeleteServersTestJSON-1914286918-project-member] Attempting to claim resources in the placement API for instance 32354a7f-f99f-47b6-ba9f-daeb4df513b1 {{(pid=93384) claim_resources /opt/stack/nova/nova/scheduler/utils.py:1345}}
Aug 16 19:01:10.457229 np0000007394 nova-scheduler[93384]: DEBUG nova.scheduler.manager [None req-3388cf18-1695-4f35-88a0-448680921758 tempest-DeleteServersTestJSON-1914286918 tempest-DeleteServersTestJSON-1914286918-project-member] [instance: 32354a7f-f99f-47b6-ba9f-daeb4df513b1] Selected host: (np0000007394, np0000007394) ram: 62765MB disk: 74752MB io_ops: 0 instances: 0, allocation_candidates: 1 {{(pid=93384) _consume_selected_host /opt/stack/nova/nova/scheduler/manager.py:612}}
Aug 16 19:01:10.457519 np0000007394 nova-scheduler[93384]: DEBUG oslo_concurrency.lockutils [None req-3388cf18-1695-4f35-88a0-448680921758 tempest-DeleteServersTestJSON-1914286918 tempest-DeleteServersTestJSON-1914286918-project-member] Acquiring lock "np0000007394-np0000007394" by "nova.scheduler.host_manager.HostState.consume_from_request.._locked" {{(pid=93384) inner /opt/stack/data/venv/lib/python3.12/site-packages/oslo_concurrency/lockutils.py:512}}
Aug 16 19:01:10.457752 np0000007394 nova-scheduler[93384]: DEBUG oslo_concurrency.lockutils [None req-3388cf18-1695-4f35-88a0-448680921758 tempest-DeleteServersTestJSON-1914286918 tempest-DeleteServersTestJSON-1914286918-project-member] Lock "np0000007394-np0000007394" acquired by "nova.scheduler.host_manager.HostState.consume_from_request.._locked" :: waited 0.000s {{(pid=93384) inner /opt/stack/data/venv/lib/python3.12/site-packages/oslo_concurrency/lockutils.py:525}}
Aug 16 19:01:10.457922 np0000007394 nova-scheduler[93384]: DEBUG oslo_concurrency.lockutils [None req-3388cf18-1695-4f35-88a0-448680921758 tempest-DeleteServersTestJSON-1914286918 tempest-DeleteServersTestJSON-1914286918-project-member] Lock "np0000007394-np0000007394" "released" by "nova.scheduler.host_manager.HostState.consume_from_request.._locked" :: held 0.000s {{(pid=93384) inner /opt/stack/data/venv/lib/python3.12/site-packages/oslo_concurrency/lockutils.py:544}}
Aug 16 19:01:13.592648 np0000007394 nova-scheduler[93384]: DEBUG dbcounter [-] [93384] Writing DB stats nova_cell0:SELECT=1,nova_cell0:UPDATE=1 {{(pid=93384) stat_writer /opt/stack/data/venv/lib/python3.12/site-packages/dbcounter.py:115}}
Aug 16 19:01:13.609368 np0000007394 nova-scheduler[93387]: DEBUG dbcounter [-] [93387] Writing DB stats nova_cell0:SELECT=1 {{(pid=93387) stat_writer /opt/stack/data/venv/lib/python3.12/site-packages/dbcounter.py:115}}
Aug 16 19:01:13.616410 np0000007394 nova-scheduler[93392]: DEBUG dbcounter [-] [93392] Writing DB stats nova_cell0:SELECT=1 {{(pid=93392) stat_writer /opt/stack/data/venv/lib/python3.12/site-packages/dbcounter.py:115}}
Aug 16 19:01:17.406086 np0000007394 nova-scheduler[93387]: DEBUG nova.scheduler.manager [None req-9d1e4328-2db4-4673-9dbd-d880d11c4ef6 tempest-ServerActionsTestOtherB-983943463 tempest-ServerActionsTestOtherB-983943463-project-member] Starting to schedule for instances: ['65b623e7-8c11-4b96-8ffe-6c1e85c564e7'] {{(pid=93387) select_destinations /opt/stack/nova/nova/scheduler/manager.py:197}}
Aug 16 19:01:17.406696 np0000007394 nova-scheduler[93387]: DEBUG nova.scheduler.request_filter [None req-9d1e4328-2db4-4673-9dbd-d880d11c4ef6 tempest-ServerActionsTestOtherB-983943463 tempest-ServerActionsTestOtherB-983943463-project-member] compute_status_filter request filter added forbidden trait COMPUTE_STATUS_DISABLED {{(pid=93387) compute_status_filter /opt/stack/nova/nova/scheduler/request_filter.py:253}}
Aug 16 19:01:17.406870 np0000007394 nova-scheduler[93387]: DEBUG nova.scheduler.request_filter [None req-9d1e4328-2db4-4673-9dbd-d880d11c4ef6 tempest-ServerActionsTestOtherB-983943463 tempest-ServerActionsTestOtherB-983943463-project-member] Request filter 'compute_status_filter' took 0.0 seconds {{(pid=93387) wrapper /opt/stack/nova/nova/scheduler/request_filter.py:46}}
Aug 16 19:01:17.407169 np0000007394 nova-scheduler[93387]: DEBUG nova.scheduler.request_filter [None req-9d1e4328-2db4-4673-9dbd-d880d11c4ef6 tempest-ServerActionsTestOtherB-983943463 tempest-ServerActionsTestOtherB-983943463-project-member] Request filter 'accelerators_filter' took 0.0 seconds {{(pid=93387) wrapper /opt/stack/nova/nova/scheduler/request_filter.py:46}}
Aug 16 19:01:17.407454 np0000007394 nova-scheduler[93387]: DEBUG nova.scheduler.request_filter [None req-9d1e4328-2db4-4673-9dbd-d880d11c4ef6 tempest-ServerActionsTestOtherB-983943463 tempest-ServerActionsTestOtherB-983943463-project-member] Request filter 'packed_virtqueue_filter' took 0.0 seconds {{(pid=93387) wrapper /opt/stack/nova/nova/scheduler/request_filter.py:46}}
Aug 16 19:01:17.407788 np0000007394 nova-scheduler[93387]: DEBUG nova.scheduler.request_filter [None req-9d1e4328-2db4-4673-9dbd-d880d11c4ef6 tempest-ServerActionsTestOtherB-983943463 tempest-ServerActionsTestOtherB-983943463-project-member] Request filter 'remote_managed_ports_filter' took 0.0 seconds {{(pid=93387) wrapper /opt/stack/nova/nova/scheduler/request_filter.py:46}}
Aug 16 19:01:17.407984 np0000007394 nova-scheduler[93387]: DEBUG nova.scheduler.request_filter [None req-9d1e4328-2db4-4673-9dbd-d880d11c4ef6 tempest-ServerActionsTestOtherB-983943463 tempest-ServerActionsTestOtherB-983943463-project-member] ephemeral_encryption_filter skipped {{(pid=93387) ephemeral_encryption_filter /opt/stack/nova/nova/scheduler/request_filter.py:426}}
Aug 16 19:01:17.408146 np0000007394 nova-scheduler[93387]: DEBUG nova.scheduler.request_filter [None req-9d1e4328-2db4-4673-9dbd-d880d11c4ef6 tempest-ServerActionsTestOtherB-983943463 tempest-ServerActionsTestOtherB-983943463-project-member] virtio_sound_filter skipped {{(pid=93387) virtio_sound_filter /opt/stack/nova/nova/scheduler/request_filter.py:460}}
Aug 16 19:01:17.409208 np0000007394 nova-scheduler[93387]: DEBUG nova.scheduler.request_filter [None req-9d1e4328-2db4-4673-9dbd-d880d11c4ef6 tempest-ServerActionsTestOtherB-983943463 tempest-ServerActionsTestOtherB-983943463-project-member] tpm_secret_security_filter skipped {{(pid=93387) tpm_secret_security_filter /opt/stack/nova/nova/scheduler/request_filter.py:477}}
Aug 16 19:01:17.517603 np0000007394 nova-scheduler[93387]: INFO nova.utils [None req-9d1e4328-2db4-4673-9dbd-d880d11c4ef6 tempest-ServerActionsTestOtherB-983943463 tempest-ServerActionsTestOtherB-983943463-project-member] The cell worker thread pool ForkProcess-2.cell_worker is initialized
