Aug 16 19:00:52.517170 np0000007394 devstack@neutron-api.service[87576]: DEBUG neutron_lib.callbacks.manager [None req-09db8278-80db-4680-ad5e-5022a89900a9 admin admin] Publish callbacks ['neutron.plugins.ml2.drivers.ovn.mech_driver.mech_driver.OVNMechanismDriver._create_security_group-450373', 'neutron.plugins.ml2.ovo_rpc._ObjectChangeHandler.handle_event-6450642'] for security_group (574b381f-61d4-4f7d-8df2-7796d4ee08fd), after_create {{(pid=87576) _notify_loop /opt/stack/data/venv/lib/python3.12/site-packages/neutron_lib/callbacks/manager.py:184}}
Aug 16 19:00:52.517914 np0000007394 devstack@neutron-api.service[87576]: DEBUG ovsdbapp.backend.ovs_idl.transaction [None req-d8e19d37-ad42-4ac4-9cdd-e4ce1a045155 None None] Running txn n=1 command(idx=0): PgAddCommand(_result=None, name=pg_574b381f_61d4_4f7d_8df2_7796d4ee08fd, may_exist=False, columns={'acls': [], 'external_ids': {'neutron:security_group_id': '574b381f-61d4-4f7d-8df2-7796d4ee08fd'}}) {{(pid=87576) do_commit /opt/stack/data/venv/lib/python3.12/site-packages/ovsdbapp/backend/ovs_idl/transaction.py:89}}
Aug 16 19:00:52.518425 np0000007394 devstack@neutron-api.service[87576]: DEBUG ovsdbapp.backend.ovs_idl.transaction [None req-d8e19d37-ad42-4ac4-9cdd-e4ce1a045155 None None] Running txn n=1 command(idx=1): PgAclAddCommand(_result=None, entity=pg_574b381f_61d4_4f7d_8df2_7796d4ee08fd, direction=from-lport, priority=1002, match=inport == @pg_574b381f_61d4_4f7d_8df2_7796d4ee08fd && ip4, action=allow-related, log=False, may_exist=True, severity=[], name=[], meter=[], external_ids={'neutron:security_group_rule_id': '3cbf99b1-6ab2-4938-99c6-6ee1f32054a2'}) {{(pid=87576) do_commit /opt/stack/data/venv/lib/python3.12/site-packages/ovsdbapp/backend/ovs_idl/transaction.py:89}}
Aug 16 19:00:52.518945 np0000007394 devstack@neutron-api.service[87576]: DEBUG ovsdbapp.backend.ovs_idl.transaction [None req-d8e19d37-ad42-4ac4-9cdd-e4ce1a045155 None None] Running txn n=1 command(idx=2): PgAclAddCommand(_result=None, entity=pg_574b381f_61d4_4f7d_8df2_7796d4ee08fd, direction=to-lport, priority=1002, match=outport == @pg_574b381f_61d4_4f7d_8df2_7796d4ee08fd && ip4 && ip4.src == $pg_574b381f_61d4_4f7d_8df2_7796d4ee08fd_ip4, action=allow-related, log=False, may_exist=True, severity=[], name=[], meter=[], external_ids={'neutron:security_group_rule_id': 'aee6ac4e-3136-4595-8ba1-6869d223119b'}) {{(pid=87576) do_commit /opt/stack/data/venv/lib/python3.12/site-packages/ovsdbapp/backend/ovs_idl/transaction.py:89}}
Aug 16 19:00:52.519477 np0000007394 devstack@neutron-api.service[87576]: DEBUG ovsdbapp.backend.ovs_idl.transaction [None req-d8e19d37-ad42-4ac4-9cdd-e4ce1a045155 None None] Running txn n=1 command(idx=3): PgAclAddCommand(_result=None, entity=pg_574b381f_61d4_4f7d_8df2_7796d4ee08fd, direction=from-lport, priority=1002, match=inport == @pg_574b381f_61d4_4f7d_8df2_7796d4ee08fd && ip6, action=allow-related, log=False, may_exist=True, severity=[], name=[], meter=[], external_ids={'neutron:security_group_rule_id': 'b2591a08-8e90-4fd5-a5ec-26f93df9fd70'}) {{(pid=87576) do_commit /opt/stack/data/venv/lib/python3.12/site-packages/ovsdbapp/backend/ovs_idl/transaction.py:89}}
Aug 16 19:00:52.519898 np0000007394 devstack@neutron-api.service[87576]: DEBUG ovsdbapp.backend.ovs_idl.transaction [None req-d8e19d37-ad42-4ac4-9cdd-e4ce1a045155 None None] Running txn n=1 command(idx=4): PgAclAddCommand(_result=None, entity=pg_574b381f_61d4_4f7d_8df2_7796d4ee08fd, direction=to-lport, priority=1002, match=outport == @pg_574b381f_61d4_4f7d_8df2_7796d4ee08fd && ip6 && ip6.src == $pg_574b381f_61d4_4f7d_8df2_7796d4ee08fd_ip6, action=allow-related, log=False, may_exist=True, severity=[], name=[], meter=[], external_ids={'neutron:security_group_rule_id': 'dc968e45-03c2-41ec-a6ca-69323af11362'}) {{(pid=87576) do_commit /opt/stack/data/venv/lib/python3.12/site-packages/ovsdbapp/backend/ovs_idl/transaction.py:89}}
Aug 16 19:00:52.525541 np0000007394 devstack@neutron-api.service[87576]: DEBUG neutron.plugins.ml2.drivers.ovn.mech_driver.ovsdb.ovsdb_monitor [None req-d8e19d37-ad42-4ac4-9cdd-e4ce1a045155 None None] Touching Hash Ring node "0ca8c05377d55b708d1a549590656c0b" from IDL notify handler {{(pid=87576) notify /opt/stack/neutron/neutron/plugins/ml2/drivers/ovn/mech_driver/ovsdb/ovsdb_monitor.py:1091}}
Aug 16 19:00:52.526847 np0000007394 devstack@neutron-api.service[87578]: DEBUG neutron.plugins.ml2.drivers.ovn.mech_driver.ovsdb.ovsdb_monitor [None req-73f92834-f3fa-4dd0-ad12-8a9e794bfabf None None] Touching Hash Ring node "ea2df30d98845087b2165c4ab446cd7b" from IDL notify handler {{(pid=87578) notify /opt/stack/neutron/neutron/plugins/ml2/drivers/ovn/mech_driver/ovsdb/ovsdb_monitor.py:1091}}
Aug 16 19:00:52.530480 np0000007394 devstack@neutron-api.service[87576]: DEBUG neutron.plugins.ml2.drivers.ovn.mech_driver.ovsdb.ovsdb_monitor [None req-d8e19d37-ad42-4ac4-9cdd-e4ce1a045155 None None] Hash Ring: Node 0ca8c05377d55b708d1a549590656c0b (host: np0000007394) handling event "create" for row 020b184d-6cc1-4532-8b28-ccf2e8c96bfe (table: ACL) {{(pid=87576) notify /opt/stack/neutron/neutron/plugins/ml2/drivers/ovn/mech_driver/ovsdb/ovsdb_monitor.py:1099}}
Aug 16 19:00:52.531396 np0000007394 devstack@neutron-api.service[87576]: DEBUG neutron.plugins.ml2.drivers.ovn.mech_driver.ovsdb.ovsdb_monitor [None req-d8e19d37-ad42-4ac4-9cdd-e4ce1a045155 None None] Touching Hash Ring node "0ca8c05377d55b708d1a549590656c0b" from IDL notify handler {{(pid=87576) notify /opt/stack/neutron/neutron/plugins/ml2/drivers/ovn/mech_driver/ovsdb/ovsdb_monitor.py:1091}}
Aug 16 19:00:52.531712 np0000007394 devstack@neutron-api.service[87578]: DEBUG neutron.plugins.ml2.drivers.ovn.mech_driver.ovsdb.ovsdb_monitor [None req-73f92834-f3fa-4dd0-ad12-8a9e794bfabf None None] Hash Ring: Node ea2df30d98845087b2165c4ab446cd7b (host: np0000007394) handling event "create" for row e8c5b3f8-bd1c-40f0-9ecd-f56d7a6227fe (table: ACL) {{(pid=87578) notify /opt/stack/neutron/neutron/plugins/ml2/drivers/ovn/mech_driver/ovsdb/ovsdb_monitor.py:1099}}
Aug 16 19:00:52.533513 np0000007394 devstack@neutron-api.service[87578]: DEBUG neutron.api.v2.base [None req-101b5441-82eb-4b2e-a230-9790987c4e7d admin admin] Request body: {'network': {'name': 'tempest-AttachSCSIVolumeTestJSON-1558785467-network', 'project_id': '61346651a3584202b796ff3e81a63d25'}} {{(pid=87578) prepare_request_body /opt/stack/neutron/neutron/api/v2/base.py:727}}
Aug 16 19:00:52.533813 np0000007394 devstack@neutron-api.service[87576]: DEBUG neutron.plugins.ml2.drivers.ovn.mech_driver.ovsdb.ovsdb_monitor [None req-d8e19d37-ad42-4ac4-9cdd-e4ce1a045155 None None] Hash Ring: Node 0ca8c05377d55b708d1a549590656c0b (host: np0000007394) handling event "create" for row bdaa63f1-a7b6-47e0-98c3-71982fba14c5 (table: ACL) {{(pid=87576) notify /opt/stack/neutron/neutron/plugins/ml2/drivers/ovn/mech_driver/ovsdb/ovsdb_monitor.py:1099}}
Aug 16 19:00:52.534919 np0000007394 devstack@neutron-api.service[87577]: DEBUG neutron_lib.callbacks.manager [None req-234577ad-3a51-4810-9ac3-c706bc5651be admin admin] Publish callbacks ['neutron.plugins.ml2.drivers.ovn.mech_driver.mech_driver.OVNMechanismDriver._validate_allowed_address_pairs-660968'] for allowed_address_pair (c0ff97f6-7222-47e6-a1ab-de3732e0a896), before_create {{(pid=87577) _notify_loop /opt/stack/data/venv/lib/python3.12/site-packages/neutron_lib/callbacks/manager.py:184}}
Aug 16 19:00:52.536155 np0000007394 devstack@neutron-api.service[87577]: DEBUG neutron_lib.callbacks.manager [None req-234577ad-3a51-4810-9ac3-c706bc5651be admin admin] Publish callbacks [] for port (c0ff97f6-7222-47e6-a1ab-de3732e0a896), precommit_create {{(pid=87577) _notify_loop /opt/stack/data/venv/lib/python3.12/site-packages/neutron_lib/callbacks/manager.py:184}}
Aug 16 19:00:52.536555 np0000007394 devstack@neutron-api.service[87577]: DEBUG neutron.plugins.ml2.drivers.ovn.mech_driver.mech_driver [None req-234577ad-3a51-4810-9ac3-c706bc5651be admin admin] No provisioning block for port c0ff97f6-7222-47e6-a1ab-de3732e0a896 since it does not have a host {{(pid=87577) _is_port_provisioning_required /opt/stack/neutron/neutron/plugins/ml2/drivers/ovn/mech_driver/mech_driver.py:877}}
Aug 16 19:00:52.536692 np0000007394 devstack@neutron-api.service[87577]: DEBUG neutron.db.ovn_revision_numbers_db [None req-234577ad-3a51-4810-9ac3-c706bc5651be admin admin] create_initial_revision uuid=c0ff97f6-7222-47e6-a1ab-de3732e0a896, type=ports, rev=-1 {{(pid=87577) create_initial_revision /opt/stack/neutron/neutron/db/ovn_revision_numbers_db.py:98}}
Aug 16 19:00:52.537638 np0000007394 devstack@neutron-api.service[87577]: DEBUG neutron.plugins.ml2.drivers.ovn.mech_driver.ovsdb.ovsdb_monitor [None req-e4019f05-146d-4cb3-9476-e4b517e72bab None None] Touching Hash Ring node "a46469db4e635c2e8e7183a943d7b290" from IDL notify handler {{(pid=87577) notify /opt/stack/neutron/neutron/plugins/ml2/drivers/ovn/mech_driver/ovsdb/ovsdb_monitor.py:1091}}
Aug 16 19:00:52.545224 np0000007394 devstack@neutron-api.service[87578]: DEBUG neutron.pecan_wsgi.hooks.quota_enforcement [None req-101b5441-82eb-4b2e-a230-9790987c4e7d admin admin] Made reservation on behalf of 61346651a3584202b796ff3e81a63d25 for: {'network': 1} {{(pid=87578) before /opt/stack/neutron/neutron/pecan_wsgi/hooks/quota_enforcement.py:66}}
Aug 16 19:00:52.547448 np0000007394 devstack@neutron-api.service[87578]: DEBUG neutron_lib.callbacks.manager [None req-101b5441-82eb-4b2e-a230-9790987c4e7d admin admin] Publish callbacks ['neutron.plugins.ml2.plugin.SecurityGroupDbMixin._ensure_default_security_group_handler-234176'] for network (None), before_create {{(pid=87578) _notify_loop /opt/stack/data/venv/lib/python3.12/site-packages/neutron_lib/callbacks/manager.py:184}}
Aug 16 19:00:52.548261 np0000007394 devstack@neutron-api.service[87577]: DEBUG neutron.plugins.ml2.drivers.ovn.mech_driver.ovsdb.ovsdb_monitor [None req-e4019f05-146d-4cb3-9476-e4b517e72bab None None] Hash Ring: Node a46469db4e635c2e8e7183a943d7b290 (host: np0000007394) handling event "create" for row 5a3058a1-72f0-4ba4-8ccf-8bdc948bb6e3 (table: ACL) {{(pid=87577) notify /opt/stack/neutron/neutron/plugins/ml2/drivers/ovn/mech_driver/ovsdb/ovsdb_monitor.py:1099}}
Aug 16 19:00:52.549250 np0000007394 devstack@neutron-api.service[87576]: INFO neutron.db.ovn_revision_numbers_db [None req-09db8278-80db-4680-ad5e-5022a89900a9 admin admin] Successfully bumped revision number for resource 574b381f-61d4-4f7d-8df2-7796d4ee08fd (type: security_groups) to 1
Aug 16 19:00:52.551861 np0000007394 devstack@neutron-api.service[87578]: DEBUG neutron_lib.callbacks.manager [None req-101b5441-82eb-4b2e-a230-9790987c4e7d admin admin] Publish callbacks [] for security_group (None), before_create {{(pid=87578) _notify_loop /opt/stack/data/venv/lib/python3.12/site-packages/neutron_lib/callbacks/manager.py:184}}
Aug 16 19:00:52.552854 np0000007394 devstack@neutron-api.service[87577]: DEBUG neutron.plugins.ml2.drivers.ovn.mech_driver.ovsdb.ovsdb_monitor [None req-e4019f05-146d-4cb3-9476-e4b517e72bab None None] Touching Hash Ring node "a46469db4e635c2e8e7183a943d7b290" from IDL notify handler {{(pid=87577) notify /opt/stack/neutron/neutron/plugins/ml2/drivers/ovn/mech_driver/ovsdb/ovsdb_monitor.py:1091}}
Aug 16 19:00:52.557778 np0000007394 devstack@neutron-api.service[87577]: DEBUG neutron.plugins.ml2.drivers.ovn.mech_driver.ovsdb.ovsdb_monitor [None req-e4019f05-146d-4cb3-9476-e4b517e72bab None None] Hash Ring: Node a46469db4e635c2e8e7183a943d7b290 (host: np0000007394) handling event "create" for row 6d3c3b39-557f-4b2b-8a94-37624b3188ff (table: Port_Group) {{(pid=87577) notify /opt/stack/neutron/neutron/plugins/ml2/drivers/ovn/mech_driver/ovsdb/ovsdb_monitor.py:1099}}
Aug 16 19:00:52.559285 np0000007394 devstack@neutron-api.service[87576]: INFO neutron.db.ovn_revision_numbers_db [None req-09db8278-80db-4680-ad5e-5022a89900a9 admin admin] Successfully bumped revision number for resource 3cbf99b1-6ab2-4938-99c6-6ee1f32054a2 (type: security_group_rules) to 0
Aug 16 19:00:52.567983 np0000007394 devstack@neutron-api.service[87576]: INFO neutron.db.ovn_revision_numbers_db [None req-09db8278-80db-4680-ad5e-5022a89900a9 admin admin] Successfully bumped revision number for resource aee6ac4e-3136-4595-8ba1-6869d223119b (type: security_group_rules) to 0
Aug 16 19:00:52.571511 np0000007394 devstack@neutron-api.service[87577]: DEBUG neutron_lib.callbacks.manager [None req-234577ad-3a51-4810-9ac3-c706bc5651be admin admin] Publish callbacks ['neutron.plugins.ml2.ovo_rpc._ObjectChangeHandler.handle_event-1056796'] for port (c0ff97f6-7222-47e6-a1ab-de3732e0a896), after_create {{(pid=87577) _notify_loop /opt/stack/data/venv/lib/python3.12/site-packages/neutron_lib/callbacks/manager.py:184}}
Aug 16 19:00:52.577388 np0000007394 devstack@neutron-api.service[87576]: INFO neutron.db.ovn_revision_numbers_db [None req-09db8278-80db-4680-ad5e-5022a89900a9 admin admin] Successfully bumped revision number for resource b2591a08-8e90-4fd5-a5ec-26f93df9fd70 (type: security_group_rules) to 0
Aug 16 19:00:52.586542 np0000007394 devstack@neutron-api.service[87576]: INFO neutron.db.ovn_revision_numbers_db [None req-09db8278-80db-4680-ad5e-5022a89900a9 admin admin] Successfully bumped revision number for resource dc968e45-03c2-41ec-a6ca-69323af11362 (type: security_group_rules) to 0
Aug 16 19:00:52.605759 np0000007394 devstack@neutron-api.service[87576]: DEBUG neutron.api.rpc.handlers.resources_rpc [None req-09db8278-80db-4680-ad5e-5022a89900a9 admin admin] Pushing event updated for resources: {'SecurityGroup': ['ID=574b381f-61d4-4f7d-8df2-7796d4ee08fd,revision_number=1']} {{(pid=87576) push /opt/stack/neutron/neutron/api/rpc/handlers/resources_rpc.py:237}}
Aug 16 19:00:52.606788 np0000007394 devstack@neutron-api.service[87577]: DEBUG neutron.api.rpc.handlers.resources_rpc [None req-234577ad-3a51-4810-9ac3-c706bc5651be admin admin] Pushing event updated for resources: {'Port': ['ID=c0ff97f6-7222-47e6-a1ab-de3732e0a896,revision_number=1']} {{(pid=87577) push /opt/stack/neutron/neutron/api/rpc/handlers/resources_rpc.py:237}}
Aug 16 19:00:52.611942 np0000007394 devstack@neutron-api.service[87577]: DEBUG neutron.plugins.ml2.drivers.ovn.mech_driver.ovsdb.commands [None req-234577ad-3a51-4810-9ac3-c706bc5651be admin admin] Converting tag [] to a tag_request {{(pid=87577) _tag_column_to_tag_request /opt/stack/neutron/neutron/plugins/ml2/drivers/ovn/mech_driver/ovsdb/commands.py:227}}
Aug 16 19:00:52.612613 np0000007394 devstack@neutron-api.service[87577]: DEBUG ovsdbapp.backend.ovs_idl.transaction [None req-e4019f05-146d-4cb3-9476-e4b517e72bab None None] Running txn n=1 command(idx=0): AddLSwitchPortCommand(_result=None, lport=c0ff97f6-7222-47e6-a1ab-de3732e0a896, lswitch=neutron-15783576-5755-4e88-abe4-22013bad521e, may_exist=True, network_uuid=15783576-5755-4e88-abe4-22013bad521e, columns={'addresses': ['fa:16:3e:e1:1a:3c'], 'external_ids': {'neutron:port_name': '', 'neutron:device_id': 'ovnmeta-15783576-5755-4e88-abe4-22013bad521e', 'neutron:project_id': '79caf66a734245f9b0a654a18c2277c1', 'neutron:cidrs': '', 'neutron:device_owner': 'network:distributed', 'neutron:subnet_pool_addr_scope4': '', 'neutron:subnet_pool_addr_scope6': '', 'neutron:network_name': 'neutron-15783576-5755-4e88-abe4-22013bad521e', 'neutron:security_group_ids': '', 'neutron:revision_number': '1', 'neutron:vnic_type': 'normal', 'neutron:port_capabilities': '', 'neutron:mtu': '1372'}, 'parent_name': [], 'enabled': True, 'options': {}, 'type': 'localport', 'port_security': [], 'dhcpv4_options': [], 'dhcpv6_options': [], 'tag_request': []}) {{(pid=87577) do_commit /opt/stack/data/venv/lib/python3.12/site-packages/ovsdbapp/backend/ovs_idl/transaction.py:89}}
Aug 16 19:00:52.613091 np0000007394 devstack@neutron-api.service[87577]: DEBUG ovsdbapp.backend.ovs_idl.transaction [None req-e4019f05-146d-4cb3-9476-e4b517e72bab None None] Running txn n=1 command(idx=1): QoSDelCommand(_result=None, switch=neutron-15783576-5755-4e88-abe4-22013bad521e, conditions=[('direction', '=', 'to-lport'), ('priority', '=', 2002), ('match', '=', 'outport == "c0ff97f6-7222-47e6-a1ab-de3732e0a896"')], if_exists=True) {{(pid=87577) do_commit /opt/stack/data/venv/lib/python3.12/site-packages/ovsdbapp/backend/ovs_idl/transaction.py:89}}
Aug 16 19:00:52.613313 np0000007394 devstack@neutron-api.service[87577]: DEBUG ovsdbapp.backend.ovs_idl.transaction [None req-e4019f05-146d-4cb3-9476-e4b517e72bab None None] Running txn n=1 command(idx=2): QoSDelCommand(_result=None, switch=neutron-15783576-5755-4e88-abe4-22013bad521e, conditions=[('direction', '=', 'from-lport'), ('priority', '=', 2002), ('match', '=', 'inport == "c0ff97f6-7222-47e6-a1ab-de3732e0a896"')], if_exists=True) {{(pid=87577) do_commit /opt/stack/data/venv/lib/python3.12/site-packages/ovsdbapp/backend/ovs_idl/transaction.py:89}}
Aug 16 19:00:52.613621 np0000007394 devstack@neutron-api.service[87578]: DEBUG neutron_lib.callbacks.manager [None req-101b5441-82eb-4b2e-a230-9790987c4e7d admin admin] Publish callbacks ['neutron.plugins.ml2.drivers.ovn.mech_driver.mech_driver.OVNMechanismDriver._create_security_group_precommit-272494'] for security_group (756bb6c1-903c-4b5d-a758-afbe82d38133), precommit_create {{(pid=87578) _notify_loop /opt/stack/data/venv/lib/python3.12/site-packages/neutron_lib/callbacks/manager.py:184}}
Aug 16 19:00:52.613834 np0000007394 devstack@neutron-api.service[87578]: DEBUG neutron.db.ovn_revision_numbers_db [None req-101b5441-82eb-4b2e-a230-9790987c4e7d admin admin] create_initial_revision uuid=756bb6c1-903c-4b5d-a758-afbe82d38133, type=security_groups, rev=-1 {{(pid=87578) create_initial_revision /opt/stack/neutron/neutron/db/ovn_revision_numbers_db.py:98}}
Aug 16 19:00:52.618892 np0000007394 devstack@neutron-api.service[87578]: DEBUG neutron.db.ovn_revision_numbers_db [None req-101b5441-82eb-4b2e-a230-9790987c4e7d admin admin] create_initial_revision uuid=36dfa400-a4eb-4a01-8e81-c6a19a570aad, type=security_group_rules, rev=-1 {{(pid=87578) create_initial_revision /opt/stack/neutron/neutron/db/ovn_revision_numbers_db.py:98}}
Aug 16 19:00:52.619457 np0000007394 devstack@neutron-api.service[87578]: DEBUG neutron.db.ovn_revision_numbers_db [None req-101b5441-82eb-4b2e-a230-9790987c4e7d admin admin] create_initial_revision uuid=87210599-ad95-472f-85b2-31c3f8a21bbd, type=security_group_rules, rev=-1 {{(pid=87578) create_initial_revision /opt/stack/neutron/neutron/db/ovn_revision_numbers_db.py:98}}
Aug 16 19:00:52.624431 np0000007394 devstack@neutron-api.service[87578]: DEBUG neutron.db.ovn_revision_numbers_db [None req-101b5441-82eb-4b2e-a230-9790987c4e7d admin admin] create_initial_revision uuid=f40334a1-c35f-4f16-9144-7623c6388e9e, type=security_group_rules, rev=-1 {{(pid=87578) create_initial_revision /opt/stack/neutron/neutron/db/ovn_revision_numbers_db.py:98}}
Aug 16 19:00:52.626371 np0000007394 devstack@neutron-api.service[87577]: DEBUG neutron.common.ovn.hash_ring_manager [None req-e4019f05-146d-4cb3-9476-e4b517e72bab None None] Hash Ring loaded. 3 active nodes. 0 offline nodes {{(pid=87577) _load_hash_ring /opt/stack/neutron/neutron/common/ovn/hash_ring_manager.py:110}}
Aug 16 19:00:52.626670 np0000007394 devstack@neutron-api.service[87578]: DEBUG neutron.db.ovn_revision_numbers_db [None req-101b5441-82eb-4b2e-a230-9790987c4e7d admin admin] create_initial_revision uuid=ff226a4e-be04-4a6a-9d0a-fa4c14802ae9, type=security_group_rules, rev=-1 {{(pid=87578) create_initial_revision /opt/stack/neutron/neutron/db/ovn_revision_numbers_db.py:98}}
Aug 16 19:00:52.628826 np0000007394 devstack@neutron-api.service[87576]: DEBUG neutron.common.ovn.hash_ring_manager [None req-d8e19d37-ad42-4ac4-9cdd-e4ce1a045155 None None] Hash Ring loaded. 3 active nodes. 0 offline nodes {{(pid=87576) _load_hash_ring /opt/stack/neutron/neutron/common/ovn/hash_ring_manager.py:110}}
Aug 16 19:00:52.629068 np0000007394 devstack@neutron-api.service[87576]: DEBUG neutron.plugins.ml2.drivers.ovn.mech_driver.ovsdb.ovsdb_monitor [None req-d8e19d37-ad42-4ac4-9cdd-e4ce1a045155 None None] Hash Ring: Node 0ca8c05377d55b708d1a549590656c0b (host: np0000007394) handling event "create" for row 033baf53-bde1-4be7-baa7-64e4a44a1f20 (table: Logical_Switch_Port) {{(pid=87576) notify /opt/stack/neutron/neutron/plugins/ml2/drivers/ovn/mech_driver/ovsdb/ovsdb_monitor.py:1099}}
Aug 16 19:00:52.629619 np0000007394 devstack@neutron-api.service[87577]: DEBUG neutron.common.ovn.hash_ring_manager [None req-9ba11fdc-e300-4160-96a6-3694c15582c4 None None] Hash Ring loaded. 3 active nodes. 0 offline nodes {{(pid=87577) _load_hash_ring /opt/stack/neutron/neutron/common/ovn/hash_ring_manager.py:110}}
Aug 16 19:00:52.630067 np0000007394 devstack@neutron-api.service[87576]: DEBUG ovsdbapp.backend.ovs_idl.event [None req-d8e19d37-ad42-4ac4-9cdd-e4ce1a045155 None None] Matched CREATE: LogicalSwitchPortCreateEvent(events=('create',), table='Logical_Switch_Port', conditions=[], old_conditions=None), priority=20 to row=Logical_Switch_Port(uuid=033baf53-bde1-4be7-baa7-64e4a44a1f20, addresses=['fa:16:3e:e1:1a:3c'], dhcpv4_options=[], dhcpv6_options=[], dynamic_addresses=[], enabled=True, external_ids={'neutron:cidrs': '', 'neutron:device_id': 'ovnmeta-15783576-5755-4e88-abe4-22013bad521e', 'neutron:device_owner': 'network:distributed', 'neutron:mtu': '1372', 'neutron:network_name': 'neutron-15783576-5755-4e88-abe4-22013bad521e', 'neutron:port_capabilities': '', 'neutron:port_name': '', 'neutron:project_id': '79caf66a734245f9b0a654a18c2277c1', 'neutron:revision_number': '1', 'neutron:security_group_ids': '', 'neutron:subnet_pool_addr_scope4': '', 'neutron:subnet_pool_addr_scope6': '', 'neutron:vnic_type': 'normal'}, ha_chassis_group=[], mirror_rules=[], name='c0ff97f6-7222-47e6-a1ab-de3732e0a896', options={}, parent_name=[], port_security=[], tag=[], tag_request=[], type='localport', up=[]) old= {{(pid=87576) matches /opt/stack/data/venv/lib/python3.12/site-packages/ovsdbapp/backend/ovs_idl/event.py:55}}
Aug 16 19:00:52.630882 np0000007394 devstack@neutron-api.service[87576]: INFO neutron.plugins.ml2.drivers.ovn.mech_driver.mech_driver [None req-071fd513-38a7-4e8b-bae6-9c3c8bade887 None None] OVN reports status down for port: c0ff97f6-7222-47e6-a1ab-de3732e0a896
Aug 16 19:00:52.632937 np0000007394 devstack@neutron-api.service[87578]: DEBUG neutron_lib.callbacks.manager [None req-101b5441-82eb-4b2e-a230-9790987c4e7d admin admin] Publish callbacks ['neutron.plugins.ml2.drivers.ovn.mech_driver.mech_driver.OVNMechanismDriver._create_security_group-272484', 'neutron.plugins.ml2.ovo_rpc._ObjectChangeHandler.handle_event-1636022'] for security_group (756bb6c1-903c-4b5d-a758-afbe82d38133), after_create {{(pid=87578) _notify_loop /opt/stack/data/venv/lib/python3.12/site-packages/neutron_lib/callbacks/manager.py:184}}
Aug 16 19:00:52.633645 np0000007394 devstack@neutron-api.service[87576]: DEBUG neutron.plugins.ml2.drivers.ovn.mech_driver.ovsdb.ovsdb_monitor [None req-d8e19d37-ad42-4ac4-9cdd-e4ce1a045155 None None] Hash Ring: Node 0ca8c05377d55b708d1a549590656c0b (host: np0000007394) handling event "update" for row 033baf53-bde1-4be7-baa7-64e4a44a1f20 (table: Logical_Switch_Port) {{(pid=87576) notify /opt/stack/neutron/neutron/plugins/ml2/drivers/ovn/mech_driver/ovsdb/ovsdb_monitor.py:1099}}
Aug 16 19:00:52.634809 np0000007394 devstack@neutron-api.service[87576]: DEBUG neutron.plugins.ml2.drivers.helpers [None req-09db8278-80db-4680-ad5e-5022a89900a9 admin admin] geneve segment allocate from pool success with {'geneve_vni': 26602} {{(pid=87576) allocate_partially_specified_segment /opt/stack/neutron/neutron/plugins/ml2/drivers/helpers.py:142}}
Aug 16 19:00:52.638866 np0000007394 devstack@neutron-api.service[87578]: DEBUG neutron.common.ovn.hash_ring_manager [None req-73f92834-f3fa-4dd0-ad12-8a9e794bfabf None None] Hash Ring loaded. 3 active nodes. 0 offline nodes {{(pid=87578) _load_hash_ring /opt/stack/neutron/neutron/common/ovn/hash_ring_manager.py:110}}
Aug 16 19:00:52.639234 np0000007394 devstack@neutron-api.service[87578]: DEBUG neutron.plugins.ml2.drivers.ovn.mech_driver.ovsdb.ovsdb_monitor [None req-73f92834-f3fa-4dd0-ad12-8a9e794bfabf None None] Hash Ring: Node ea2df30d98845087b2165c4ab446cd7b (host: np0000007394) handling event "update" for row 15783576-5755-4e88-abe4-22013bad521e (table: Logical_Switch) {{(pid=87578) notify /opt/stack/neutron/neutron/plugins/ml2/drivers/ovn/mech_driver/ovsdb/ovsdb_monitor.py:1099}}
Aug 16 19:00:52.639816 np0000007394 devstack@neutron-api.service[87578]: DEBUG ovsdbapp.backend.ovs_idl.transaction [None req-73f92834-f3fa-4dd0-ad12-8a9e794bfabf None None] Running txn n=1 command(idx=0): PgAddCommand(_result=None, name=pg_756bb6c1_903c_4b5d_a758_afbe82d38133, may_exist=False, columns={'acls': [], 'external_ids': {'neutron:security_group_id': '756bb6c1-903c-4b5d-a758-afbe82d38133'}}) {{(pid=87578) do_commit /opt/stack/data/venv/lib/python3.12/site-packages/ovsdbapp/backend/ovs_idl/transaction.py:89}}
Aug 16 19:00:52.640529 np0000007394 devstack@neutron-api.service[87578]: DEBUG ovsdbapp.backend.ovs_idl.transaction [None req-73f92834-f3fa-4dd0-ad12-8a9e794bfabf None None] Running txn n=1 command(idx=1): PgAclAddCommand(_result=None, entity=pg_756bb6c1_903c_4b5d_a758_afbe82d38133, direction=to-lport, priority=1002, match=outport == @pg_756bb6c1_903c_4b5d_a758_afbe82d38133 && ip4 && ip4.src == $pg_756bb6c1_903c_4b5d_a758_afbe82d38133_ip4, action=allow-related, log=False, may_exist=True, severity=[], name=[], meter=[], external_ids={'neutron:security_group_rule_id': '36dfa400-a4eb-4a01-8e81-c6a19a570aad'}) {{(pid=87578) do_commit /opt/stack/data/venv/lib/python3.12/site-packages/ovsdbapp/backend/ovs_idl/transaction.py:89}}
Aug 16 19:00:52.640945 np0000007394 devstack@neutron-api.service[87578]: DEBUG ovsdbapp.backend.ovs_idl.transaction [None req-73f92834-f3fa-4dd0-ad12-8a9e794bfabf None None] Running txn n=1 command(idx=2): PgAclAddCommand(_result=None, entity=pg_756bb6c1_903c_4b5d_a758_afbe82d38133, direction=from-lport, priority=1002, match=inport == @pg_756bb6c1_903c_4b5d_a758_afbe82d38133 && ip4, action=allow-related, log=False, may_exist=True, severity=[], name=[], meter=[], external_ids={'neutron:security_group_rule_id': '87210599-ad95-472f-85b2-31c3f8a21bbd'}) {{(pid=87578) do_commit /opt/stack/data/venv/lib/python3.12/site-packages/ovsdbapp/backend/ovs_idl/transaction.py:89}}
Aug 16 19:00:52.641050 np0000007394 devstack@neutron-api.service[87578]: DEBUG ovsdbapp.backend.ovs_idl.transaction [None req-73f92834-f3fa-4dd0-ad12-8a9e794bfabf None None] Running txn n=1 command(idx=3): PgAclAddCommand(_result=None, entity=pg_756bb6c1_903c_4b5d_a758_afbe82d38133, direction=from-lport, priority=1002, match=inport == @pg_756bb6c1_903c_4b5d_a758_afbe82d38133 && ip6, action=allow-related, log=False, may_exist=True, severity=[], name=[], meter=[], external_ids={'neutron:security_group_rule_id': 'f40334a1-c35f-4f16-9144-7623c6388e9e'}) {{(pid=87578) do_commit /opt/stack/data/venv/lib/python3.12/site-packages/ovsdbapp/backend/ovs_idl/transaction.py:89}}
Aug 16 19:00:52.641257 np0000007394 devstack@neutron-api.service[87578]: DEBUG ovsdbapp.backend.ovs_idl.transaction [None req-73f92834-f3fa-4dd0-ad12-8a9e794bfabf None None] Running txn n=1 command(idx=4): PgAclAddCommand(_result=None, entity=pg_756bb6c1_903c_4b5d_a758_afbe82d38133, direction=to-lport, priority=1002, match=outport == @pg_756bb6c1_903c_4b5d_a758_afbe82d38133 && ip6 && ip6.src == $pg_756bb6c1_903c_4b5d_a758_afbe82d38133_ip6, action=allow-related, log=False, may_exist=True, severity=[], name=[], meter=[], external_ids={'neutron:security_group_rule_id': 'ff226a4e-be04-4a6a-9d0a-fa4c14802ae9'}) {{(pid=87578) do_commit /opt/stack/data/venv/lib/python3.12/site-packages/ovsdbapp/backend/ovs_idl/transaction.py:89}}
Aug 16 19:00:52.645508 np0000007394 devstack@neutron-api.service[87578]: DEBUG neutron.common.ovn.hash_ring_manager [None req-ccafe529-5196-4584-a7d4-1fb72621bb02 None None] Hash Ring loaded. 3 active nodes. 0 offline nodes {{(pid=87578) _load_hash_ring /opt/stack/neutron/neutron/common/ovn/hash_ring_manager.py:110}}
Aug 16 19:00:52.646956 np0000007394 devstack@neutron-api.service[87578]: DEBUG neutron.plugins.ml2.drivers.ovn.mech_driver.ovsdb.ovsdb_monitor [None req-ccafe529-5196-4584-a7d4-1fb72621bb02 None None] Hash Ring: Node ea2df30d98845087b2165c4ab446cd7b (host: np0000007394) handling event "create" for row ee8bd044-41b0-4bcc-aa3c-8c0d58bab5cf (table: Port_Binding) {{(pid=87578) notify /opt/stack/neutron/neutron/plugins/ml2/drivers/ovn/mech_driver/ovsdb/ovsdb_monitor.py:1099}}
Aug 16 19:00:52.649125 np0000007394 devstack@neutron-api.service[87578]: DEBUG neutron.plugins.ml2.drivers.ovn.mech_driver.ovsdb.ovsdb_monitor [None req-73f92834-f3fa-4dd0-ad12-8a9e794bfabf None None] Hash Ring: Node ea2df30d98845087b2165c4ab446cd7b (host: np0000007394) handling event "create" for row 1a48e229-be6a-481f-a2a4-868768dee459 (table: ACL) {{(pid=87578) notify /opt/stack/neutron/neutron/plugins/ml2/drivers/ovn/mech_driver/ovsdb/ovsdb_monitor.py:1099}}
Aug 16 19:00:52.649125 np0000007394 devstack@neutron-api.service[87578]: DEBUG neutron.plugins.ml2.drivers.ovn.mech_driver.ovsdb.ovsdb_monitor [None req-73f92834-f3fa-4dd0-ad12-8a9e794bfabf None None] Hash Ring: Node ea2df30d98845087b2165c4ab446cd7b (host: np0000007394) handling event "create" for row ab552624-cffe-467d-b0fa-fa39b2913dd3 (table: ACL) {{(pid=87578) notify /opt/stack/neutron/neutron/plugins/ml2/drivers/ovn/mech_driver/ovsdb/ovsdb_monitor.py:1099}}
Aug 16 19:00:52.649125 np0000007394 devstack@neutron-api.service[87578]: DEBUG neutron.plugins.ml2.drivers.ovn.mech_driver.ovsdb.ovsdb_monitor [None req-73f92834-f3fa-4dd0-ad12-8a9e794bfabf None None] Hash Ring: Node ea2df30d98845087b2165c4ab446cd7b (host: np0000007394) handling event "create" for row bfc79a0a-1df2-4c18-8286-13b6322c1544 (table: ACL) {{(pid=87578) notify /opt/stack/neutron/neutron/plugins/ml2/drivers/ovn/mech_driver/ovsdb/ovsdb_monitor.py:1099}}
Aug 16 19:00:52.649279 np0000007394 devstack@neutron-api.service[87576]: DEBUG neutron_lib.callbacks.manager [None req-09db8278-80db-4680-ad5e-5022a89900a9 admin admin] Publish callbacks ['neutron.services.segments.db._add_segment_host_mapping_for_segment-7984031367078', 'neutron.plugins.ml2.plugin.Ml2Plugin._handle_segment_change-874375'] for segment (b51f6cb1-9ab2-4b46-8b2d-b56befa17832), precommit_create {{(pid=87576) _notify_loop /opt/stack/data/venv/lib/python3.12/site-packages/neutron_lib/callbacks/manager.py:184}}
Aug 16 19:00:52.649279 np0000007394 devstack@neutron-api.service[87576]: INFO neutron.db.segments_db [None req-09db8278-80db-4680-ad5e-5022a89900a9 admin admin] Added segment b51f6cb1-9ab2-4b46-8b2d-b56befa17832 of type geneve for network 311b2c51-3d94-4561-be57-468f2e9bf7c5
Aug 16 19:00:52.649809 np0000007394 devstack@neutron-api.service[87577]: DEBUG neutron.plugins.ml2.drivers.ovn.mech_driver.ovsdb.ovsdb_monitor [None req-e4019f05-146d-4cb3-9476-e4b517e72bab None None] Hash Ring: Node a46469db4e635c2e8e7183a943d7b290 (host: np0000007394) handling event "create" for row 427629be-e646-48af-aa4c-3177cbfb492c (table: Port_Group) {{(pid=87577) notify /opt/stack/neutron/neutron/plugins/ml2/drivers/ovn/mech_driver/ovsdb/ovsdb_monitor.py:1099}}
Aug 16 19:00:52.654709 np0000007394 devstack@neutron-api.service[87576]: DEBUG neutron.plugins.ml2.drivers.ovn.mech_driver.ovsdb.ovsdb_monitor [None req-d8e19d37-ad42-4ac4-9cdd-e4ce1a045155 None None] Hash Ring: Node 0ca8c05377d55b708d1a549590656c0b (host: np0000007394) handling event "create" for row dc0cd269-d274-46cc-8a0d-0ba7c9e9de03 (table: ACL) {{(pid=87576) notify /opt/stack/neutron/neutron/plugins/ml2/drivers/ovn/mech_driver/ovsdb/ovsdb_monitor.py:1099}}
Aug 16 19:00:52.657779 np0000007394 devstack@neutron-api.service[87577]: INFO neutron.db.ovn_revision_numbers_db [None req-234577ad-3a51-4810-9ac3-c706bc5651be admin admin] Successfully bumped revision number for resource c0ff97f6-7222-47e6-a1ab-de3732e0a896 (type: ports) to 1
Aug 16 19:00:52.661025 np0000007394 devstack@neutron-api.service[87578]: INFO neutron.db.ovn_revision_numbers_db [None req-101b5441-82eb-4b2e-a230-9790987c4e7d admin admin] Successfully bumped revision number for resource 756bb6c1-903c-4b5d-a758-afbe82d38133 (type: security_groups) to 1
Aug 16 19:00:52.664245 np0000007394 devstack@neutron-api.service[87577]: DEBUG neutron.pecan_wsgi.hooks.policy_enforcement [None req-234577ad-3a51-4810-9ac3-c706bc5651be admin admin] Attributes excluded by policy engine: ['standard_attr_id'] {{(pid=87577) _exclude_attributes_by_policy /opt/stack/neutron/neutron/pecan_wsgi/hooks/policy_enforcement.py:259}}
Aug 16 19:00:52.664527 np0000007394 devstack@neutron-api.service[87577]: DEBUG neutron_lib.callbacks.manager [None req-234577ad-3a51-4810-9ac3-c706bc5651be admin admin] Publish callbacks [] for network (None), before_response {{(pid=87577) _notify_loop /opt/stack/data/venv/lib/python3.12/site-packages/neutron_lib/callbacks/manager.py:184}}
Aug 16 19:00:52.669900 np0000007394 devstack@neutron-api.service[87578]: INFO neutron.db.ovn_revision_numbers_db [None req-101b5441-82eb-4b2e-a230-9790987c4e7d admin admin] Successfully bumped revision number for resource 36dfa400-a4eb-4a01-8e81-c6a19a570aad (type: security_group_rules) to 0
Aug 16 19:00:52.674380 np0000007394 devstack@neutron-api.service[87577]: [pid: 87577|app: 0|req: 17/47] 10.4.3.210 () {68 vars in 1277 bytes} [Sun Aug 16 19:00:51 2026] POST /networking/v2.0/networks => generated 725 bytes in 708 msecs (HTTP/1.1 201) 4 headers in 162 bytes (1 switches on core 0)
Aug 16 19:00:52.678846 np0000007394 devstack@neutron-api.service[87576]: DEBUG neutron_lib.callbacks.manager [None req-09db8278-80db-4680-ad5e-5022a89900a9 admin admin] Publish callbacks ['neutron.services.auto_allocate.db._ensure_external_network_default_value_callback-7984028649836'] for network (311b2c51-3d94-4561-be57-468f2e9bf7c5), precommit_create {{(pid=87576) _notify_loop /opt/stack/data/venv/lib/python3.12/site-packages/neutron_lib/callbacks/manager.py:184}}
Aug 16 19:00:52.679098 np0000007394 devstack@neutron-api.service[87578]: INFO neutron.db.ovn_revision_numbers_db [None req-101b5441-82eb-4b2e-a230-9790987c4e7d admin admin] Successfully bumped revision number for resource 87210599-ad95-472f-85b2-31c3f8a21bbd (type: security_group_rules) to 0
Aug 16 19:00:52.681546 np0000007394 devstack@neutron-api.service[87576]: DEBUG neutron.db.provisioning_blocks [None req-071fd513-38a7-4e8b-bae6-9c3c8bade887 None None] Transition to ACTIVE for port object c0ff97f6-7222-47e6-a1ab-de3732e0a896 will not be triggered until provisioned by entity L2. {{(pid=87576) add_provisioning_component /opt/stack/neutron/neutron/db/provisioning_blocks.py:74}}
Aug 16 19:00:52.688745 np0000007394 devstack@neutron-api.service[87578]: INFO neutron.db.ovn_revision_numbers_db [None req-101b5441-82eb-4b2e-a230-9790987c4e7d admin admin] Successfully bumped revision number for resource f40334a1-c35f-4f16-9144-7623c6388e9e (type: security_group_rules) to 0
Aug 16 19:00:52.691651 np0000007394 devstack@neutron-api.service[87576]: DEBUG neutron.plugins.ml2.drivers.ovn.mech_driver.mech_driver [None req-09db8278-80db-4680-ad5e-5022a89900a9 admin admin] Validating network segment with type geneve, segmentation ID 26602, physical network None {{(pid=87576) _validate_network_segments /opt/stack/neutron/neutron/plugins/ml2/drivers/ovn/mech_driver/mech_driver.py:624}}
Aug 16 19:00:52.691746 np0000007394 devstack@neutron-api.service[87576]: DEBUG neutron.db.ovn_revision_numbers_db [None req-09db8278-80db-4680-ad5e-5022a89900a9 admin admin] create_initial_revision uuid=311b2c51-3d94-4561-be57-468f2e9bf7c5, type=networks, rev=-1 {{(pid=87576) create_initial_revision /opt/stack/neutron/neutron/db/ovn_revision_numbers_db.py:98}}
Aug 16 19:00:52.699386 np0000007394 devstack@neutron-api.service[87578]: INFO neutron.db.ovn_revision_numbers_db [None req-101b5441-82eb-4b2e-a230-9790987c4e7d admin admin] Successfully bumped revision number for resource ff226a4e-be04-4a6a-9d0a-fa4c14802ae9 (type: security_group_rules) to 0
Aug 16 19:00:52.705165 np0000007394 devstack@neutron-api.service[87576]: DEBUG neutron_lib.callbacks.manager [None req-09db8278-80db-4680-ad5e-5022a89900a9 admin admin] Publish callbacks ['neutron.plugins.ml2.ovo_rpc._ObjectChangeHandler.handle_event-6450639'] for network (311b2c51-3d94-4561-be57-468f2e9bf7c5), after_create {{(pid=87576) _notify_loop /opt/stack/data/venv/lib/python3.12/site-packages/neutron_lib/callbacks/manager.py:184}}
Aug 16 19:00:52.714136 np0000007394 devstack@neutron-api.service[87576]: DEBUG neutron.plugins.ml2.plugin [None req-071fd513-38a7-4e8b-bae6-9c3c8bade887 None None] Current status of the port c0ff97f6-7222-47e6-a1ab-de3732e0a896 is: DOWN; New status is: DOWN {{(pid=87576) _update_individual_port_db_status /opt/stack/neutron/neutron/plugins/ml2/plugin.py:2473}}
Aug 16 19:00:52.716479 np0000007394 devstack@neutron-api.service[87576]: DEBUG ovsdbapp.backend.ovs_idl.transaction [None req-d8e19d37-ad42-4ac4-9cdd-e4ce1a045155 None None] Running txn n=1 command(idx=0): DbRemoveCommand(_result=None, table=Logical_Switch_Port, record=c0ff97f6-7222-47e6-a1ab-de3732e0a896, column=external_ids, values=('neutron:host_id',), keyvalues={}, if_exists=True) {{(pid=87576) do_commit /opt/stack/data/venv/lib/python3.12/site-packages/ovsdbapp/backend/ovs_idl/transaction.py:89}}
Aug 16 19:00:52.723584 np0000007394 devstack@neutron-api.service[87578]: DEBUG neutron.api.rpc.handlers.resources_rpc [None req-101b5441-82eb-4b2e-a230-9790987c4e7d admin admin] Pushing event updated for resources: {'SecurityGroup': ['ID=756bb6c1-903c-4b5d-a758-afbe82d38133,revision_number=1']} {{(pid=87578) push /opt/stack/neutron/neutron/api/rpc/handlers/resources_rpc.py:237}}
Aug 16 19:00:52.725022 np0000007394 devstack@neutron-api.service[87576]: DEBUG neutron.api.rpc.handlers.resources_rpc [None req-09db8278-80db-4680-ad5e-5022a89900a9 admin admin] Pushing event updated for resources: {'Network': ['ID=311b2c51-3d94-4561-be57-468f2e9bf7c5,revision_number=1']} {{(pid=87576) push /opt/stack/neutron/neutron/api/rpc/handlers/resources_rpc.py:237}}
Aug 16 19:00:52.728720 np0000007394 devstack@neutron-api.service[87578]: DEBUG neutron.api.rpc.callbacks.version_manager [None req-101b5441-82eb-4b2e-a230-9790987c4e7d admin admin] Tracked resource versions report:
Aug 16 19:00:52.728720 np0000007394 devstack@neutron-api.service[87578]: pushed versions:
Aug 16 19:00:52.728720 np0000007394 devstack@neutron-api.service[87578]: { 'AddressGroup': {'1.2'},
Aug 16 19:00:52.728720 np0000007394 devstack@neutron-api.service[87578]: 'Agent': {'1.1'},
Aug 16 19:00:52.728720 np0000007394 devstack@neutron-api.service[87578]: 'ConntrackHelper': {'1.0'},
Aug 16 19:00:52.728720 np0000007394 devstack@neutron-api.service[87578]: 'LocalIPAssociation': {'1.0'},
Aug 16 19:00:52.728720 np0000007394 devstack@neutron-api.service[87578]: 'Log': {'1.0'},
Aug 16 19:00:52.728720 np0000007394 devstack@neutron-api.service[87578]: 'NDPProxy': {'1.0'},
Aug 16 19:00:52.728720 np0000007394 devstack@neutron-api.service[87578]: 'Network': {'1.3'},
Aug 16 19:00:52.728720 np0000007394 devstack@neutron-api.service[87578]: 'Port': {'1.11'},
Aug 16 19:00:52.728720 np0000007394 devstack@neutron-api.service[87578]: 'PortForwarding': {'1.3'},
Aug 16 19:00:52.728720 np0000007394 devstack@neutron-api.service[87578]: 'QosPolicy': {'1.10'},
Aug 16 19:00:52.728720 np0000007394 devstack@neutron-api.service[87578]: 'SecurityGroup': {'1.6'},
Aug 16 19:00:52.728720 np0000007394 devstack@neutron-api.service[87578]: 'SecurityGroupRule': {'1.3'},
Aug 16 19:00:52.728720 np0000007394 devstack@neutron-api.service[87578]: 'SubPort': {'1.0'},
Aug 16 19:00:52.728720 np0000007394 devstack@neutron-api.service[87578]: 'Subnet': {'1.2'},
Aug 16 19:00:52.728720 np0000007394 devstack@neutron-api.service[87578]: 'Trunk': {'1.1'}}
Aug 16 19:00:52.728720 np0000007394 devstack@neutron-api.service[87578]: consumer versions:
Aug 16 19:00:52.728720 np0000007394 devstack@neutron-api.service[87578]: { OVN Neutron agent@np0000007394: {},
Aug 16 19:00:52.728720 np0000007394 devstack@neutron-api.service[87578]: OVN Controller Gateway agent@np0000007394: {}}
Aug 16 19:00:52.728720 np0000007394 devstack@neutron-api.service[87578]: {{(pid=87578) report /opt/stack/neutron/neutron/api/rpc/callbacks/version_manager.py:183}}
Aug 16 19:00:52.731653 np0000007394 devstack@neutron-api.service[87576]: DEBUG ovsdbapp.backend.ovs_idl.transaction [None req-d8e19d37-ad42-4ac4-9cdd-e4ce1a045155 None None] Running txn n=1 command(idx=0): AddNetworkCommand(_result=None, network_uuid=311b2c51-3d94-4561-be57-468f2e9bf7c5, may_exist=True, columns={'external_ids': {'neutron:network_name': 'tempest-TaggedAttachmentsTest-47738885-network', 'neutron:mtu': '1372', 'neutron:revision_number': '1', 'neutron:availability_zone_hints': '', 'neutron:provnet-network-type': 'geneve'}, 'other_config': {'mcast_snoop': 'false', 'mcast_flood_unregistered': 'false', 'vlan-passthru': 'false'}}) {{(pid=87576) do_commit /opt/stack/data/venv/lib/python3.12/site-packages/ovsdbapp/backend/ovs_idl/transaction.py:89}}
Aug 16 19:00:52.736441 np0000007394 devstack@neutron-api.service[87578]: DEBUG neutron.plugins.ml2.drivers.ovn.mech_driver.ovsdb.ovsdb_monitor [None req-73f92834-f3fa-4dd0-ad12-8a9e794bfabf None None] Hash Ring: Node ea2df30d98845087b2165c4ab446cd7b (host: np0000007394) handling event "create" for row 311b2c51-3d94-4561-be57-468f2e9bf7c5 (table: Logical_Switch) {{(pid=87578) notify /opt/stack/neutron/neutron/plugins/ml2/drivers/ovn/mech_driver/ovsdb/ovsdb_monitor.py:1099}}
Aug 16 19:00:52.749345 np0000007394 devstack@neutron-api.service[87576]: DEBUG neutron.common.ovn.hash_ring_manager [None req-22909f96-f690-4915-b5d1-3e129eab8b84 None None] Hash Ring loaded. 3 active nodes. 0 offline nodes {{(pid=87576) _load_hash_ring /opt/stack/neutron/neutron/common/ovn/hash_ring_manager.py:110}}
Aug 16 19:00:52.750455 np0000007394 devstack@neutron-api.service[87576]: DEBUG neutron.plugins.ml2.drivers.ovn.mech_driver.ovsdb.ovsdb_monitor [None req-22909f96-f690-4915-b5d1-3e129eab8b84 None None] Hash Ring: Node 0ca8c05377d55b708d1a549590656c0b (host: np0000007394) handling event "create" for row 7877b744-091a-41f5-a2d0-bc2b355f3e9d (table: Datapath_Binding) {{(pid=87576) notify /opt/stack/neutron/neutron/plugins/ml2/drivers/ovn/mech_driver/ovsdb/ovsdb_monitor.py:1099}}
Aug 16 19:00:52.754553 np0000007394 devstack@neutron-api.service[87576]: INFO neutron.db.ovn_revision_numbers_db [None req-09db8278-80db-4680-ad5e-5022a89900a9 admin admin] Successfully bumped revision number for resource 311b2c51-3d94-4561-be57-468f2e9bf7c5 (type: networks) to 1
Aug 16 19:00:52.757622 np0000007394 devstack@neutron-api.service[87578]: DEBUG neutron.plugins.ml2.drivers.helpers [None req-101b5441-82eb-4b2e-a230-9790987c4e7d admin admin] geneve segment allocate from pool success with {'geneve_vni': 58130} {{(pid=87578) allocate_partially_specified_segment /opt/stack/neutron/neutron/plugins/ml2/drivers/helpers.py:142}}
Aug 16 19:00:52.763102 np0000007394 devstack@neutron-api.service[87578]: DEBUG neutron_lib.callbacks.manager [None req-101b5441-82eb-4b2e-a230-9790987c4e7d admin admin] Publish callbacks ['neutron.plugins.ml2.plugin.Ml2Plugin._handle_segment_change-1039626'] for segment (364b6450-d26b-4d10-a284-baa19f60678f), precommit_create {{(pid=87578) _notify_loop /opt/stack/data/venv/lib/python3.12/site-packages/neutron_lib/callbacks/manager.py:184}}
Aug 16 19:00:52.763273 np0000007394 devstack@neutron-api.service[87578]: INFO neutron.db.segments_db [None req-101b5441-82eb-4b2e-a230-9790987c4e7d admin admin] Added segment 364b6450-d26b-4d10-a284-baa19f60678f of type geneve for network 44c09271-c642-42c0-9f35-5a4164b6aa76
Aug 16 19:00:52.764785 np0000007394 devstack@neutron-api.service[87576]: DEBUG neutron_lib.callbacks.manager [None req-09db8278-80db-4680-ad5e-5022a89900a9 admin admin] Publish callbacks ['neutron.plugins.ml2.plugin.SecurityGroupDbMixin._ensure_default_security_group_handler-180079'] for port (None), before_create {{(pid=87576) _notify_loop /opt/stack/data/venv/lib/python3.12/site-packages/neutron_lib/callbacks/manager.py:184}}
Aug 16 19:00:52.774091 np0000007394 devstack@neutron-api.service[87578]: DEBUG neutron_lib.callbacks.manager [None req-101b5441-82eb-4b2e-a230-9790987c4e7d admin admin] Publish callbacks ['neutron.services.auto_allocate.db._ensure_external_network_default_value_callback-7984029648876'] for network (44c09271-c642-42c0-9f35-5a4164b6aa76), precommit_create {{(pid=87578) _notify_loop /opt/stack/data/venv/lib/python3.12/site-packages/neutron_lib/callbacks/manager.py:184}}
Aug 16 19:00:52.782331 np0000007394 devstack@neutron-api.service[87578]: DEBUG neutron.plugins.ml2.drivers.ovn.mech_driver.mech_driver [None req-101b5441-82eb-4b2e-a230-9790987c4e7d admin admin] Validating network segment with type geneve, segmentation ID 58130, physical network None {{(pid=87578) _validate_network_segments /opt/stack/neutron/neutron/plugins/ml2/drivers/ovn/mech_driver/mech_driver.py:624}}
Aug 16 19:00:52.782477 np0000007394 devstack@neutron-api.service[87578]: DEBUG neutron.db.ovn_revision_numbers_db [None req-101b5441-82eb-4b2e-a230-9790987c4e7d admin admin] create_initial_revision uuid=44c09271-c642-42c0-9f35-5a4164b6aa76, type=networks, rev=-1 {{(pid=87578) create_initial_revision /opt/stack/neutron/neutron/db/ovn_revision_numbers_db.py:98}}
Aug 16 19:00:52.788673 np0000007394 devstack@neutron-api.service[87578]: DEBUG neutron_lib.callbacks.manager [None req-101b5441-82eb-4b2e-a230-9790987c4e7d admin admin] Publish callbacks ['neutron.plugins.ml2.ovo_rpc._ObjectChangeHandler.handle_event-1636019'] for network (44c09271-c642-42c0-9f35-5a4164b6aa76), after_create {{(pid=87578) _notify_loop /opt/stack/data/venv/lib/python3.12/site-packages/neutron_lib/callbacks/manager.py:184}}
Aug 16 19:00:52.802282 np0000007394 devstack@neutron-api.service[87578]: DEBUG neutron.api.rpc.handlers.resources_rpc [None req-101b5441-82eb-4b2e-a230-9790987c4e7d admin admin] Pushing event updated for resources: {'Network': ['ID=44c09271-c642-42c0-9f35-5a4164b6aa76,revision_number=1']} {{(pid=87578) push /opt/stack/neutron/neutron/api/rpc/handlers/resources_rpc.py:237}}
Aug 16 19:00:52.808516 np0000007394 devstack@neutron-api.service[87578]: DEBUG ovsdbapp.backend.ovs_idl.transaction [None req-73f92834-f3fa-4dd0-ad12-8a9e794bfabf None None] Running txn n=1 command(idx=0): AddNetworkCommand(_result=None, network_uuid=44c09271-c642-42c0-9f35-5a4164b6aa76, may_exist=True, columns={'external_ids': {'neutron:network_name': 'tempest-AttachSCSIVolumeTestJSON-1558785467-network', 'neutron:mtu': '1372', 'neutron:revision_number': '1', 'neutron:availability_zone_hints': '', 'neutron:provnet-network-type': 'geneve'}, 'other_config': {'mcast_snoop': 'false', 'mcast_flood_unregistered': 'false', 'vlan-passthru': 'false'}}) {{(pid=87578) do_commit /opt/stack/data/venv/lib/python3.12/site-packages/ovsdbapp/backend/ovs_idl/transaction.py:89}}
Aug 16 19:00:52.810796 np0000007394 devstack@neutron-api.service[87578]: DEBUG neutron.plugins.ml2.drivers.ovn.mech_driver.ovsdb.ovsdb_monitor [None req-73f92834-f3fa-4dd0-ad12-8a9e794bfabf None None] Hash Ring: Node ea2df30d98845087b2165c4ab446cd7b (host: np0000007394) handling event "create" for row 44c09271-c642-42c0-9f35-5a4164b6aa76 (table: Logical_Switch) {{(pid=87578) notify /opt/stack/neutron/neutron/plugins/ml2/drivers/ovn/mech_driver/ovsdb/ovsdb_monitor.py:1099}}
Aug 16 19:00:52.819598 np0000007394 devstack@neutron-api.service[87578]: DEBUG neutron.plugins.ml2.drivers.ovn.mech_driver.ovsdb.ovsdb_monitor [None req-ccafe529-5196-4584-a7d4-1fb72621bb02 None None] Hash Ring: Node ea2df30d98845087b2165c4ab446cd7b (host: np0000007394) handling event "create" for row 267dd708-0e7e-45eb-be0c-d481450c5f5a (table: Datapath_Binding) {{(pid=87578) notify /opt/stack/neutron/neutron/plugins/ml2/drivers/ovn/mech_driver/ovsdb/ovsdb_monitor.py:1099}}
Aug 16 19:00:52.825873 np0000007394 devstack@neutron-api.service[87577]: DEBUG neutron.api.v2.base [None req-01e31075-618d-4da3-919a-e405d41023c0 admin admin] Request body: {'network': {'name': 'tempest-VolumesAssistedSnapshotsTest-1193225583-network', 'project_id': '1e136df1ecce44f69b5944c3cc5d082d'}} {{(pid=87577) prepare_request_body /opt/stack/neutron/neutron/api/v2/base.py:727}}
Aug 16 19:00:52.829134 np0000007394 devstack@neutron-api.service[87576]: DEBUG neutron_lib.callbacks.manager [None req-09db8278-80db-4680-ad5e-5022a89900a9 admin admin] Publish callbacks ['neutron.plugins.ml2.drivers.ovn.mech_driver.mech_driver.OVNMechanismDriver._validate_allowed_address_pairs-450227'] for allowed_address_pair (0e4dc906-15ed-4cea-b307-1b77eda74d1d), before_create {{(pid=87576) _notify_loop /opt/stack/data/venv/lib/python3.12/site-packages/neutron_lib/callbacks/manager.py:184}}
Aug 16 19:00:52.829676 np0000007394 devstack@neutron-api.service[87576]: DEBUG neutron_lib.callbacks.manager [None req-09db8278-80db-4680-ad5e-5022a89900a9 admin admin] Publish callbacks [] for port (0e4dc906-15ed-4cea-b307-1b77eda74d1d), precommit_create {{(pid=87576) _notify_loop /opt/stack/data/venv/lib/python3.12/site-packages/neutron_lib/callbacks/manager.py:184}}
Aug 16 19:00:52.829844 np0000007394 devstack@neutron-api.service[87576]: DEBUG neutron.plugins.ml2.drivers.ovn.mech_driver.mech_driver [None req-09db8278-80db-4680-ad5e-5022a89900a9 admin admin] No provisioning block for port 0e4dc906-15ed-4cea-b307-1b77eda74d1d since it does not have a host {{(pid=87576) _is_port_provisioning_required /opt/stack/neutron/neutron/plugins/ml2/drivers/ovn/mech_driver/mech_driver.py:877}}
