Jul 03 14:52:28.878946 np0000004433 devstack@c-api.service[96843]: DEBUG cinder.volume.api [None req-5d5bd1e3-dd1f-4f6b-8ed5-3a2e44a90d56 tempest-TaggedBootDevicesTest_v242-1520525366 tempest-TaggedBootDevicesTest_v242-1520525366-project-member] Task 'cinder.volume.flows.api.create_volume.VolumeCastTask;volume:create' (d2742ba6-99d7-4ef9-b7c0-b41110f7432d) transitioned into state 'SUCCESS' from state 'RUNNING' with result 'None' {{(pid=96843) _task_receiver /opt/stack/data/venv/lib/python3.12/site-packages/taskflow/listeners/logging.py:218}}
Jul 03 14:52:28.878946 np0000004433 devstack@c-api.service[96843]: DEBUG cinder.volume.api [None req-5d5bd1e3-dd1f-4f6b-8ed5-3a2e44a90d56 tempest-TaggedBootDevicesTest_v242-1520525366 tempest-TaggedBootDevicesTest_v242-1520525366-project-member] Flow 'volume_create_api' (26d92967-187c-47c9-b190-86cfa1b9cb14) transitioned into state 'SUCCESS' from state 'RUNNING' {{(pid=96843) _flow_receiver /opt/stack/data/venv/lib/python3.12/site-packages/taskflow/listeners/logging.py:160}}
Jul 03 14:52:28.880328 np0000004433 devstack@c-api.service[96843]: INFO cinder.volume.api [None req-5d5bd1e3-dd1f-4f6b-8ed5-3a2e44a90d56 tempest-TaggedBootDevicesTest_v242-1520525366 tempest-TaggedBootDevicesTest_v242-1520525366-project-member] Create volume request issued successfully.
Jul 03 14:52:28.880328 np0000004433 devstack@c-api.service[96843]: INFO cinder.api.openstack.wsgi [None req-5d5bd1e3-dd1f-4f6b-8ed5-3a2e44a90d56 tempest-TaggedBootDevicesTest_v242-1520525366 tempest-TaggedBootDevicesTest_v242-1520525366-project-member] https://10.4.3.7/volume/v3/volumes returned with HTTP 202
Jul 03 14:52:28.881061 np0000004433 devstack@c-api.service[96843]: [pid: 96843|app: 0|req: 59/179] 10.4.3.7 () {68 vars in 1244 bytes} [Fri Jul 3 14:52:28 2026] POST /volume/v3/volumes => generated 753 bytes in 388 msecs (HTTP/1.1 202) 7 headers in 291 bytes (1 switches on core 0)
Jul 03 14:52:28.894461 np0000004433 devstack@c-api.service[96842]: /opt/stack/data/venv/lib/python3.12/site-packages/oslo_context/context.py:102: DeprecationWarning: Policy enforcement is depending on the value of is_admin. This key is deprecated. Please update your policy file to use the standard policy values.
Jul 03 14:52:28.894461 np0000004433 devstack@c-api.service[96842]: warnings.warn(
Jul 03 14:52:28.900666 np0000004433 devstack@c-api.service[96842]: INFO cinder.volume.api [None req-eae7c997-0e27-4084-9b62-d403b01fd33a tempest-AttachSCSIVolumeTestJSON-1730953799 tempest-AttachSCSIVolumeTestJSON-1730953799-project-reader] Volume info retrieved successfully.
Jul 03 14:52:28.902156 np0000004433 devstack@c-api.service[96844]: DEBUG cinder.api.middleware.request_id [None req-dedf4142-7460-4eeb-ad46-595225a9519c None None] RequestId filter calling following filter/app {{(pid=96844) _context_setter /opt/stack/cinder/cinder/api/middleware/request_id.py:62}}
Jul 03 14:52:28.904683 np0000004433 devstack@c-api.service[96844]: INFO cinder.api.openstack.wsgi [None req-dedf4142-7460-4eeb-ad46-595225a9519c tempest-TaggedBootDevicesTest_v242-1520525366 tempest-TaggedBootDevicesTest_v242-1520525366-project-member] GET https://10.4.3.7/volume/v3/volumes/4f2c20ac-2411-407d-92ed-315536b3abff
Jul 03 14:52:28.904846 np0000004433 devstack@c-api.service[96844]: DEBUG cinder.api.openstack.wsgi [None req-dedf4142-7460-4eeb-ad46-595225a9519c tempest-TaggedBootDevicesTest_v242-1520525366 tempest-TaggedBootDevicesTest_v242-1520525366-project-member] Empty body provided in request {{(pid=96844) get_body /opt/stack/cinder/cinder/api/openstack/wsgi.py:725}}
Jul 03 14:52:28.905663 np0000004433 devstack@c-api.service[96844]: DEBUG cinder.api.openstack.wsgi [None req-dedf4142-7460-4eeb-ad46-595225a9519c tempest-TaggedBootDevicesTest_v242-1520525366 tempest-TaggedBootDevicesTest_v242-1520525366-project-member] Calling method 'show' {{(pid=96844) _process_stack /opt/stack/cinder/cinder/api/openstack/wsgi.py:878}}
Jul 03 14:52:28.910263 np0000004433 devstack@c-api.service[96842]: INFO cinder.api.openstack.wsgi [None req-eae7c997-0e27-4084-9b62-d403b01fd33a tempest-AttachSCSIVolumeTestJSON-1730953799 tempest-AttachSCSIVolumeTestJSON-1730953799-project-reader] https://10.4.3.7/volume/v3/volumes/5683045e-8862-4946-bae4-67543f30a36e returned with HTTP 200
Jul 03 14:52:28.912287 np0000004433 devstack@c-api.service[96842]: [pid: 96842|app: 0|req: 62/180] 10.4.3.7 () {66 vars in 1334 bytes} [Fri Jul 3 14:52:28 2026] GET /volume/v3/volumes/5683045e-8862-4946-bae4-67543f30a36e => generated 1139 bytes in 40 msecs (HTTP/1.1 200) 7 headers in 286 bytes (1 switches on core 0)
Jul 03 14:52:28.919238 np0000004433 devstack@c-api.service[96844]: /opt/stack/data/venv/lib/python3.12/site-packages/oslo_context/context.py:102: DeprecationWarning: Policy enforcement is depending on the value of is_admin. This key is deprecated. Please update your policy file to use the standard policy values.
Jul 03 14:52:28.919238 np0000004433 devstack@c-api.service[96844]: warnings.warn(
Jul 03 14:52:28.926328 np0000004433 devstack@c-api.service[96844]: INFO cinder.volume.api [None req-dedf4142-7460-4eeb-ad46-595225a9519c tempest-TaggedBootDevicesTest_v242-1520525366 tempest-TaggedBootDevicesTest_v242-1520525366-project-member] Volume info retrieved successfully.
Jul 03 14:52:28.932785 np0000004433 devstack@c-api.service[96844]: INFO cinder.api.openstack.wsgi [None req-dedf4142-7460-4eeb-ad46-595225a9519c tempest-TaggedBootDevicesTest_v242-1520525366 tempest-TaggedBootDevicesTest_v242-1520525366-project-member] https://10.4.3.7/volume/v3/volumes/4f2c20ac-2411-407d-92ed-315536b3abff returned with HTTP 200
Jul 03 14:52:28.933393 np0000004433 devstack@c-api.service[96844]: [pid: 96844|app: 0|req: 60/181] 10.4.3.7 () {66 vars in 1334 bytes} [Fri Jul 3 14:52:28 2026] GET /volume/v3/volumes/4f2c20ac-2411-407d-92ed-315536b3abff => generated 821 bytes in 33 msecs (HTTP/1.1 200) 7 headers in 285 bytes (1 switches on core 0)
Jul 03 14:52:29.691782 np0000004433 devstack@c-api.service[96843]: DEBUG cinder.api.middleware.request_id [None req-8e8ca400-1dc5-44f9-88f2-a3cd53e24044 None None] RequestId filter calling following filter/app {{(pid=96843) _context_setter /opt/stack/cinder/cinder/api/middleware/request_id.py:62}}
Jul 03 14:52:29.692330 np0000004433 devstack@c-api.service[96843]: INFO cinder.api.openstack.wsgi [None req-8e8ca400-1dc5-44f9-88f2-a3cd53e24044 None None] GET https://10.4.3.7/volume//
Jul 03 14:52:29.692716 np0000004433 devstack@c-api.service[96843]: DEBUG cinder.api.openstack.wsgi [None req-8e8ca400-1dc5-44f9-88f2-a3cd53e24044 None None] Empty body provided in request {{(pid=96843) get_body /opt/stack/cinder/cinder/api/openstack/wsgi.py:725}}
Jul 03 14:52:29.692933 np0000004433 devstack@c-api.service[96843]: DEBUG cinder.api.openstack.wsgi [None req-8e8ca400-1dc5-44f9-88f2-a3cd53e24044 None None] Calling method 'all' {{(pid=96843) _process_stack /opt/stack/cinder/cinder/api/openstack/wsgi.py:878}}
Jul 03 14:52:29.693738 np0000004433 devstack@c-api.service[96843]: INFO cinder.api.openstack.wsgi [None req-8e8ca400-1dc5-44f9-88f2-a3cd53e24044 None None] https://10.4.3.7/volume// returned with HTTP 300
Jul 03 14:52:29.693738 np0000004433 devstack@c-api.service[96843]: [pid: 96843|app: 0|req: 60/182] 10.4.3.7 () {66 vars in 1412 bytes} [Fri Jul 3 14:52:29 2026] GET /volume/ => generated 384 bytes in 3 msecs (HTTP/1.1 300) 7 headers in 299 bytes (1 switches on core 0)
Jul 03 14:52:29.706432 np0000004433 devstack@c-api.service[96842]: DEBUG cinder.api.middleware.request_id [req-fbeae0c5-999b-42e5-b1d4-2a1325735ffa req-40ec87c5-2fae-4a76-90fc-c1b56be51098 None None] RequestId filter calling following filter/app {{(pid=96842) _context_setter /opt/stack/cinder/cinder/api/middleware/request_id.py:62}}
Jul 03 14:52:29.710133 np0000004433 devstack@c-api.service[96842]: INFO cinder.api.openstack.wsgi [req-fbeae0c5-999b-42e5-b1d4-2a1325735ffa req-40ec87c5-2fae-4a76-90fc-c1b56be51098 tempest-VolumesAssistedSnapshotsTest-539335520 tempest-VolumesAssistedSnapshotsTest-539335520-project-admin] GET https://10.4.3.7/volume/v3/volumes/e13e01a6-1bee-4866-b275-68458a4d5c2c
Jul 03 14:52:29.715081 np0000004433 devstack@c-api.service[96842]: DEBUG cinder.api.openstack.wsgi [req-fbeae0c5-999b-42e5-b1d4-2a1325735ffa req-40ec87c5-2fae-4a76-90fc-c1b56be51098 tempest-VolumesAssistedSnapshotsTest-539335520 tempest-VolumesAssistedSnapshotsTest-539335520-project-admin] Empty body provided in request {{(pid=96842) get_body /opt/stack/cinder/cinder/api/openstack/wsgi.py:725}}
Jul 03 14:52:29.715081 np0000004433 devstack@c-api.service[96842]: DEBUG cinder.api.openstack.wsgi [req-fbeae0c5-999b-42e5-b1d4-2a1325735ffa req-40ec87c5-2fae-4a76-90fc-c1b56be51098 tempest-VolumesAssistedSnapshotsTest-539335520 tempest-VolumesAssistedSnapshotsTest-539335520-project-admin] Calling method 'show' {{(pid=96842) _process_stack /opt/stack/cinder/cinder/api/openstack/wsgi.py:878}}
Jul 03 14:52:29.742054 np0000004433 devstack@c-api.service[96842]: /opt/stack/data/venv/lib/python3.12/site-packages/oslo_context/context.py:102: DeprecationWarning: Policy enforcement is depending on the value of is_admin. This key is deprecated. Please update your policy file to use the standard policy values.
Jul 03 14:52:29.742054 np0000004433 devstack@c-api.service[96842]: warnings.warn(
Jul 03 14:52:29.749519 np0000004433 devstack@c-api.service[96842]: INFO cinder.volume.api [req-fbeae0c5-999b-42e5-b1d4-2a1325735ffa req-40ec87c5-2fae-4a76-90fc-c1b56be51098 tempest-VolumesAssistedSnapshotsTest-539335520 tempest-VolumesAssistedSnapshotsTest-539335520-project-admin] Volume info retrieved successfully.
Jul 03 14:52:29.757340 np0000004433 devstack@c-api.service[96842]: INFO cinder.api.openstack.wsgi [req-fbeae0c5-999b-42e5-b1d4-2a1325735ffa req-40ec87c5-2fae-4a76-90fc-c1b56be51098 tempest-VolumesAssistedSnapshotsTest-539335520 tempest-VolumesAssistedSnapshotsTest-539335520-project-admin] https://10.4.3.7/volume/v3/volumes/e13e01a6-1bee-4866-b275-68458a4d5c2c returned with HTTP 200
Jul 03 14:52:29.758272 np0000004433 devstack@c-api.service[96842]: [pid: 96842|app: 0|req: 63/183] 10.4.3.7 () {70 vars in 1625 bytes} [Fri Jul 3 14:52:29 2026] GET /volume/v3/volumes/e13e01a6-1bee-4866-b275-68458a4d5c2c => generated 1549 bytes in 52 msecs (HTTP/1.1 200) 7 headers in 287 bytes (1 switches on core 0)
Jul 03 14:52:29.883525 np0000004433 devstack@c-api.service[96844]: DEBUG cinder.api.middleware.request_id [None req-eb3bbc86-89f0-4896-8842-a85ea6eb84e2 None None] RequestId filter calling following filter/app {{(pid=96844) _context_setter /opt/stack/cinder/cinder/api/middleware/request_id.py:62}}
Jul 03 14:52:29.884214 np0000004433 devstack@c-api.service[96844]: INFO cinder.api.openstack.wsgi [None req-eb3bbc86-89f0-4896-8842-a85ea6eb84e2 None None] GET https://10.4.3.7/volume//
Jul 03 14:52:29.884360 np0000004433 devstack@c-api.service[96844]: DEBUG cinder.api.openstack.wsgi [None req-eb3bbc86-89f0-4896-8842-a85ea6eb84e2 None None] Empty body provided in request {{(pid=96844) get_body /opt/stack/cinder/cinder/api/openstack/wsgi.py:725}}
Jul 03 14:52:29.884569 np0000004433 devstack@c-api.service[96844]: DEBUG cinder.api.openstack.wsgi [None req-eb3bbc86-89f0-4896-8842-a85ea6eb84e2 None None] Calling method 'all' {{(pid=96844) _process_stack /opt/stack/cinder/cinder/api/openstack/wsgi.py:878}}
Jul 03 14:52:29.884995 np0000004433 devstack@c-api.service[96844]: INFO cinder.api.openstack.wsgi [None req-eb3bbc86-89f0-4896-8842-a85ea6eb84e2 None None] https://10.4.3.7/volume// returned with HTTP 300
Jul 03 14:52:29.885365 np0000004433 devstack@c-api.service[96844]: [pid: 96844|app: 0|req: 61/184] 10.4.3.7 () {66 vars in 1412 bytes} [Fri Jul 3 14:52:29 2026] GET /volume/ => generated 384 bytes in 2 msecs (HTTP/1.1 300) 7 headers in 299 bytes (1 switches on core 0)
Jul 03 14:52:29.898613 np0000004433 devstack@c-api.service[96843]: DEBUG cinder.api.middleware.request_id [req-ba4722ba-99a4-4f10-95b5-a874f0521475 req-5e8a4e72-81e5-450f-b005-a94b13adb353 None None] RequestId filter calling following filter/app {{(pid=96843) _context_setter /opt/stack/cinder/cinder/api/middleware/request_id.py:62}}
Jul 03 14:52:29.901847 np0000004433 devstack@c-api.service[96843]: INFO cinder.api.openstack.wsgi [req-ba4722ba-99a4-4f10-95b5-a874f0521475 req-5e8a4e72-81e5-450f-b005-a94b13adb353 tempest-AttachSCSIVolumeTestJSON-1730953799 tempest-AttachSCSIVolumeTestJSON-1730953799-project-member] GET https://10.4.3.7/volume/v3/volumes/5683045e-8862-4946-bae4-67543f30a36e
Jul 03 14:52:29.902427 np0000004433 devstack@c-api.service[96843]: DEBUG cinder.api.openstack.wsgi [req-ba4722ba-99a4-4f10-95b5-a874f0521475 req-5e8a4e72-81e5-450f-b005-a94b13adb353 tempest-AttachSCSIVolumeTestJSON-1730953799 tempest-AttachSCSIVolumeTestJSON-1730953799-project-member] Empty body provided in request {{(pid=96843) get_body /opt/stack/cinder/cinder/api/openstack/wsgi.py:725}}
Jul 03 14:52:29.902427 np0000004433 devstack@c-api.service[96843]: DEBUG cinder.api.openstack.wsgi [req-ba4722ba-99a4-4f10-95b5-a874f0521475 req-5e8a4e72-81e5-450f-b005-a94b13adb353 tempest-AttachSCSIVolumeTestJSON-1730953799 tempest-AttachSCSIVolumeTestJSON-1730953799-project-member] Calling method 'show' {{(pid=96843) _process_stack /opt/stack/cinder/cinder/api/openstack/wsgi.py:878}}
Jul 03 14:52:29.922380 np0000004433 devstack@c-api.service[96843]: /opt/stack/data/venv/lib/python3.12/site-packages/oslo_context/context.py:102: DeprecationWarning: Policy enforcement is depending on the value of is_admin. This key is deprecated. Please update your policy file to use the standard policy values.
Jul 03 14:52:29.922380 np0000004433 devstack@c-api.service[96843]: warnings.warn(
Jul 03 14:52:29.932651 np0000004433 devstack@c-api.service[96842]: DEBUG cinder.api.middleware.request_id [None req-58c41da1-d21b-4494-b7ed-36953b3a4347 None None] RequestId filter calling following filter/app {{(pid=96842) _context_setter /opt/stack/cinder/cinder/api/middleware/request_id.py:62}}
Jul 03 14:52:29.939021 np0000004433 devstack@c-api.service[96843]: INFO cinder.volume.api [req-ba4722ba-99a4-4f10-95b5-a874f0521475 req-5e8a4e72-81e5-450f-b005-a94b13adb353 tempest-AttachSCSIVolumeTestJSON-1730953799 tempest-AttachSCSIVolumeTestJSON-1730953799-project-member] Volume info retrieved successfully.
Jul 03 14:52:29.939226 np0000004433 devstack@c-api.service[96842]: INFO cinder.api.openstack.wsgi [None req-58c41da1-d21b-4494-b7ed-36953b3a4347 tempest-AttachSCSIVolumeTestJSON-1730953799 tempest-AttachSCSIVolumeTestJSON-1730953799-project-reader] GET https://10.4.3.7/volume/v3/volumes/5683045e-8862-4946-bae4-67543f30a36e
Jul 03 14:52:29.939531 np0000004433 devstack@c-api.service[96842]: DEBUG cinder.api.openstack.wsgi [None req-58c41da1-d21b-4494-b7ed-36953b3a4347 tempest-AttachSCSIVolumeTestJSON-1730953799 tempest-AttachSCSIVolumeTestJSON-1730953799-project-reader] Empty body provided in request {{(pid=96842) get_body /opt/stack/cinder/cinder/api/openstack/wsgi.py:725}}
Jul 03 14:52:29.940233 np0000004433 devstack@c-api.service[96842]: DEBUG cinder.api.openstack.wsgi [None req-58c41da1-d21b-4494-b7ed-36953b3a4347 tempest-AttachSCSIVolumeTestJSON-1730953799 tempest-AttachSCSIVolumeTestJSON-1730953799-project-reader] Calling method 'show' {{(pid=96842) _process_stack /opt/stack/cinder/cinder/api/openstack/wsgi.py:878}}
Jul 03 14:52:29.946994 np0000004433 devstack@c-api.service[96843]: INFO cinder.api.openstack.wsgi [req-ba4722ba-99a4-4f10-95b5-a874f0521475 req-5e8a4e72-81e5-450f-b005-a94b13adb353 tempest-AttachSCSIVolumeTestJSON-1730953799 tempest-AttachSCSIVolumeTestJSON-1730953799-project-member] https://10.4.3.7/volume/v3/volumes/5683045e-8862-4946-bae4-67543f30a36e returned with HTTP 200
Jul 03 14:52:29.947653 np0000004433 devstack@c-api.service[96843]: [pid: 96843|app: 0|req: 61/185] 10.4.3.7 () {70 vars in 1625 bytes} [Fri Jul 3 14:52:29 2026] GET /volume/v3/volumes/5683045e-8862-4946-bae4-67543f30a36e => generated 1320 bytes in 50 msecs (HTTP/1.1 200) 7 headers in 287 bytes (1 switches on core 0)
Jul 03 14:52:29.957320 np0000004433 devstack@c-api.service[96844]: DEBUG cinder.api.middleware.request_id [None req-0f62dd4d-b3eb-4f8c-b6b9-649c66e429fd None None] RequestId filter calling following filter/app {{(pid=96844) _context_setter /opt/stack/cinder/cinder/api/middleware/request_id.py:62}}
Jul 03 14:52:29.959994 np0000004433 devstack@c-api.service[96842]: /opt/stack/data/venv/lib/python3.12/site-packages/oslo_context/context.py:102: DeprecationWarning: Policy enforcement is depending on the value of is_admin. This key is deprecated. Please update your policy file to use the standard policy values.
Jul 03 14:52:29.959994 np0000004433 devstack@c-api.service[96842]: warnings.warn(
Jul 03 14:52:29.962516 np0000004433 devstack@c-api.service[96844]: INFO cinder.api.openstack.wsgi [None req-0f62dd4d-b3eb-4f8c-b6b9-649c66e429fd tempest-TaggedBootDevicesTest_v242-1520525366 tempest-TaggedBootDevicesTest_v242-1520525366-project-member] GET https://10.4.3.7/volume/v3/volumes/4f2c20ac-2411-407d-92ed-315536b3abff
Jul 03 14:52:29.963068 np0000004433 devstack@c-api.service[96844]: DEBUG cinder.api.openstack.wsgi [None req-0f62dd4d-b3eb-4f8c-b6b9-649c66e429fd tempest-TaggedBootDevicesTest_v242-1520525366 tempest-TaggedBootDevicesTest_v242-1520525366-project-member] Empty body provided in request {{(pid=96844) get_body /opt/stack/cinder/cinder/api/openstack/wsgi.py:725}}
Jul 03 14:52:29.963530 np0000004433 devstack@c-api.service[96844]: DEBUG cinder.api.openstack.wsgi [None req-0f62dd4d-b3eb-4f8c-b6b9-649c66e429fd tempest-TaggedBootDevicesTest_v242-1520525366 tempest-TaggedBootDevicesTest_v242-1520525366-project-member] Calling method 'show' {{(pid=96844) _process_stack /opt/stack/cinder/cinder/api/openstack/wsgi.py:878}}
Jul 03 14:52:29.969151 np0000004433 devstack@c-api.service[96842]: INFO cinder.volume.api [None req-58c41da1-d21b-4494-b7ed-36953b3a4347 tempest-AttachSCSIVolumeTestJSON-1730953799 tempest-AttachSCSIVolumeTestJSON-1730953799-project-reader] Volume info retrieved successfully.
Jul 03 14:52:29.976850 np0000004433 devstack@c-api.service[96842]: INFO cinder.api.openstack.wsgi [None req-58c41da1-d21b-4494-b7ed-36953b3a4347 tempest-AttachSCSIVolumeTestJSON-1730953799 tempest-AttachSCSIVolumeTestJSON-1730953799-project-reader] https://10.4.3.7/volume/v3/volumes/5683045e-8862-4946-bae4-67543f30a36e returned with HTTP 200
Jul 03 14:52:29.977193 np0000004433 devstack@c-api.service[96842]: [pid: 96842|app: 0|req: 64/186] 10.4.3.7 () {66 vars in 1334 bytes} [Fri Jul 3 14:52:29 2026] GET /volume/v3/volumes/5683045e-8862-4946-bae4-67543f30a36e => generated 1139 bytes in 46 msecs (HTTP/1.1 200) 7 headers in 286 bytes (1 switches on core 0)
Jul 03 14:52:29.978606 np0000004433 devstack@c-api.service[96844]: /opt/stack/data/venv/lib/python3.12/site-packages/oslo_context/context.py:102: DeprecationWarning: Policy enforcement is depending on the value of is_admin. This key is deprecated. Please update your policy file to use the standard policy values.
Jul 03 14:52:29.978606 np0000004433 devstack@c-api.service[96844]: warnings.warn(
Jul 03 14:52:29.990406 np0000004433 devstack@c-api.service[96844]: INFO cinder.volume.api [None req-0f62dd4d-b3eb-4f8c-b6b9-649c66e429fd tempest-TaggedBootDevicesTest_v242-1520525366 tempest-TaggedBootDevicesTest_v242-1520525366-project-member] Volume info retrieved successfully.
Jul 03 14:52:29.999260 np0000004433 devstack@c-api.service[96844]: INFO cinder.api.openstack.wsgi [None req-0f62dd4d-b3eb-4f8c-b6b9-649c66e429fd tempest-TaggedBootDevicesTest_v242-1520525366 tempest-TaggedBootDevicesTest_v242-1520525366-project-member] https://10.4.3.7/volume/v3/volumes/4f2c20ac-2411-407d-92ed-315536b3abff returned with HTTP 200
Jul 03 14:52:29.999819 np0000004433 devstack@c-api.service[96844]: [pid: 96844|app: 0|req: 62/187] 10.4.3.7 () {66 vars in 1334 bytes} [Fri Jul 3 14:52:29 2026] GET /volume/v3/volumes/4f2c20ac-2411-407d-92ed-315536b3abff => generated 846 bytes in 43 msecs (HTTP/1.1 200) 7 headers in 285 bytes (1 switches on core 0)
Jul 03 14:52:30.025130 np0000004433 devstack@c-api.service[96843]: DEBUG cinder.api.middleware.request_id [None req-59538ac3-904b-4164-be1f-bf4b51906e66 None None] RequestId filter calling following filter/app {{(pid=96843) _context_setter /opt/stack/cinder/cinder/api/middleware/request_id.py:62}}
Jul 03 14:52:30.030809 np0000004433 devstack@c-api.service[96843]: INFO cinder.api.openstack.wsgi [None req-59538ac3-904b-4164-be1f-bf4b51906e66 tempest-TaggedBootDevicesTest_v242-1520525366 tempest-TaggedBootDevicesTest_v242-1520525366-project-member] POST https://10.4.3.7/volume/v3/volumes
Jul 03 14:52:30.030809 np0000004433 devstack@c-api.service[96843]: DEBUG cinder.api.openstack.wsgi [None req-59538ac3-904b-4164-be1f-bf4b51906e66 tempest-TaggedBootDevicesTest_v242-1520525366 tempest-TaggedBootDevicesTest_v242-1520525366-project-member] Action: 'create', calling method: create, body: {"volume": {"size": 1, "display_name": "tempest-TaggedBootDevicesTest_v242-volume-2091532571"}} {{(pid=96843) _process_stack /opt/stack/cinder/cinder/api/openstack/wsgi.py:876}}
Jul 03 14:52:30.033608 np0000004433 devstack@c-api.service[96843]: DEBUG cinder.api.v3.volumes [None req-59538ac3-904b-4164-be1f-bf4b51906e66 tempest-TaggedBootDevicesTest_v242-1520525366 tempest-TaggedBootDevicesTest_v242-1520525366-project-member] Create volume request body: {'volume': {'size': 1, 'display_name': 'tempest-TaggedBootDevicesTest_v242-volume-2091532571'}} {{(pid=96843) create /opt/stack/cinder/cinder/api/v3/volumes.py:368}}
Jul 03 14:52:30.034015 np0000004433 devstack@c-api.service[96843]: INFO cinder.api.v3.volumes [None req-59538ac3-904b-4164-be1f-bf4b51906e66 tempest-TaggedBootDevicesTest_v242-1520525366 tempest-TaggedBootDevicesTest_v242-1520525366-project-member] Create volume of 1 GB
Jul 03 14:52:30.041428 np0000004433 devstack@c-api.service[96843]: INFO cinder.volume.api [None req-59538ac3-904b-4164-be1f-bf4b51906e66 tempest-TaggedBootDevicesTest_v242-1520525366 tempest-TaggedBootDevicesTest_v242-1520525366-project-member] Availability Zones retrieved successfully.
Jul 03 14:52:30.049147 np0000004433 devstack@c-api.service[96843]: DEBUG cinder.volume.api [None req-59538ac3-904b-4164-be1f-bf4b51906e66 tempest-TaggedBootDevicesTest_v242-1520525366 tempest-TaggedBootDevicesTest_v242-1520525366-project-member] Flow 'volume_create_api' (766ed7b6-c843-4470-99a0-bb35fcfb8004) transitioned into state 'RUNNING' from state 'PENDING' {{(pid=96843) _flow_receiver /opt/stack/data/venv/lib/python3.12/site-packages/taskflow/listeners/logging.py:160}}
Jul 03 14:52:30.049147 np0000004433 devstack@c-api.service[96843]: DEBUG cinder.volume.api [None req-59538ac3-904b-4164-be1f-bf4b51906e66 tempest-TaggedBootDevicesTest_v242-1520525366 tempest-TaggedBootDevicesTest_v242-1520525366-project-member] Task 'cinder.volume.flows.api.create_volume.ExtractVolumeRequestTask;volume:create' (16cd80e1-537b-4ac2-9e38-1a23cb988d2d) transitioned into state 'RUNNING' from state 'PENDING' {{(pid=96843) _task_receiver /opt/stack/data/venv/lib/python3.12/site-packages/taskflow/listeners/logging.py:242}}
Jul 03 14:52:30.050711 np0000004433 devstack@c-api.service[96843]: DEBUG cinder.volume.flows.api.create_volume [None req-59538ac3-904b-4164-be1f-bf4b51906e66 tempest-TaggedBootDevicesTest_v242-1520525366 tempest-TaggedBootDevicesTest_v242-1520525366-project-member] Validating volume size '1' using validate_int {{(pid=96843) _extract_size /opt/stack/cinder/cinder/volume/flows/api/create_volume.py:226}}
Jul 03 14:52:30.109151 np0000004433 devstack@c-api.service[96843]: DEBUG cinder.volume.api [None req-59538ac3-904b-4164-be1f-bf4b51906e66 tempest-TaggedBootDevicesTest_v242-1520525366 tempest-TaggedBootDevicesTest_v242-1520525366-project-member] Task 'cinder.volume.flows.api.create_volume.ExtractVolumeRequestTask;volume:create' (16cd80e1-537b-4ac2-9e38-1a23cb988d2d) transitioned into state 'SUCCESS' from state 'RUNNING' with result '{'size': 1, 'snapshot_id': None, 'source_volid': None, 'volume_type': VolumeType(created_at=2026-07-03T14:48:33Z,deleted=False,deleted_at=None,description=None,extra_specs={volume_backend_name='storpool'},id=da4093a9-e4a9-4746-bb53-7ebaeef3cfb6,is_public=True,name='storpool',projects=[],qos_specs=,qos_specs_id=None,updated_at=None), 'volume_type_id': 'da4093a9-e4a9-4746-bb53-7ebaeef3cfb6', 'encryption_key_id': None, 'qos_specs': None, 'consistencygroup_id': None, 'cgsnapshot_id': None, 'group_id': None, 'replication_status': 'disabled', 'refresh_az': False, 'backup_id': None, 'multiattach': False, 'availability_zones': ['nova']}' {{(pid=96843) _task_receiver /opt/stack/data/venv/lib/python3.12/site-packages/taskflow/listeners/logging.py:218}}
Jul 03 14:52:30.110030 np0000004433 devstack@c-api.service[96843]: DEBUG cinder.volume.api [None req-59538ac3-904b-4164-be1f-bf4b51906e66 tempest-TaggedBootDevicesTest_v242-1520525366 tempest-TaggedBootDevicesTest_v242-1520525366-project-member] Task 'cinder.volume.flows.api.create_volume.QuotaReserveTask;volume:create' (2fb70d53-a82c-4463-aa0d-3712df24de9a) transitioned into state 'RUNNING' from state 'PENDING' {{(pid=96843) _task_receiver /opt/stack/data/venv/lib/python3.12/site-packages/taskflow/listeners/logging.py:242}}
Jul 03 14:52:30.185742 np0000004433 devstack@c-api.service[96843]: DEBUG cinder.quota [None req-59538ac3-904b-4164-be1f-bf4b51906e66 tempest-TaggedBootDevicesTest_v242-1520525366 tempest-TaggedBootDevicesTest_v242-1520525366-project-member] Created reservations ['9c074bb9-7a98-4156-9e3f-5accd590481f', 'ba51fb32-59de-4653-ac4f-bd25454a22f3', '9edb42cf-4cf9-4bfe-be1a-235f8bd96a6e', 'a12d5785-9978-4078-9771-cbc491a35b3e'] {{(pid=96843) reserve /opt/stack/cinder/cinder/quota.py:752}}
Jul 03 14:52:30.189115 np0000004433 devstack@c-api.service[96843]: DEBUG cinder.volume.api [None req-59538ac3-904b-4164-be1f-bf4b51906e66 tempest-TaggedBootDevicesTest_v242-1520525366 tempest-TaggedBootDevicesTest_v242-1520525366-project-member] Task 'cinder.volume.flows.api.create_volume.QuotaReserveTask;volume:create' (2fb70d53-a82c-4463-aa0d-3712df24de9a) transitioned into state 'SUCCESS' from state 'RUNNING' with result '{'reservations': ['9c074bb9-7a98-4156-9e3f-5accd590481f', 'ba51fb32-59de-4653-ac4f-bd25454a22f3', '9edb42cf-4cf9-4bfe-be1a-235f8bd96a6e', 'a12d5785-9978-4078-9771-cbc491a35b3e']}' {{(pid=96843) _task_receiver /opt/stack/data/venv/lib/python3.12/site-packages/taskflow/listeners/logging.py:218}}
Jul 03 14:52:30.192341 np0000004433 devstack@c-api.service[96843]: DEBUG cinder.volume.api [None req-59538ac3-904b-4164-be1f-bf4b51906e66 tempest-TaggedBootDevicesTest_v242-1520525366 tempest-TaggedBootDevicesTest_v242-1520525366-project-member] Task 'cinder.volume.flows.api.create_volume.EntryCreateTask;volume:create' (396f8d67-aafb-4d15-8ef3-9855e915ad47) transitioned into state 'RUNNING' from state 'PENDING' {{(pid=96843) _task_receiver /opt/stack/data/venv/lib/python3.12/site-packages/taskflow/listeners/logging.py:242}}
Jul 03 14:52:30.220283 np0000004433 devstack@c-api.service[96842]: DEBUG cinder.api.middleware.request_id [req-ba4722ba-99a4-4f10-95b5-a874f0521475 req-890eeca2-717d-4524-bcf7-7ffde8013e7e None None] RequestId filter calling following filter/app {{(pid=96842) _context_setter /opt/stack/cinder/cinder/api/middleware/request_id.py:62}}
Jul 03 14:52:30.225723 np0000004433 devstack@c-api.service[96843]: DEBUG cinder.volume.api [None req-59538ac3-904b-4164-be1f-bf4b51906e66 tempest-TaggedBootDevicesTest_v242-1520525366 tempest-TaggedBootDevicesTest_v242-1520525366-project-member] Task 'cinder.volume.flows.api.create_volume.EntryCreateTask;volume:create' (396f8d67-aafb-4d15-8ef3-9855e915ad47) transitioned into state 'SUCCESS' from state 'RUNNING' with result '{'volume_id': '49a272ca-1922-456e-80b6-fcc978eba798', 'volume_properties': VolumeProperties(attach_status='detached',availability_zone='nova',cgsnapshot_id=None,consistencygroup_id=None,display_description=None,display_name='tempest-TaggedBootDevicesTest_v242-volume-2091532571',encryption_key_id=None,group_id=None,group_type_id=,metadata={},multiattach=False,project_id='28ade8b3e4b740d4b1fb63c0a94fe4b7',qos_specs=None,replication_status=,reservations=['9c074bb9-7a98-4156-9e3f-5accd590481f','ba51fb32-59de-4653-ac4f-bd25454a22f3','9edb42cf-4cf9-4bfe-be1a-235f8bd96a6e','a12d5785-9978-4078-9771-cbc491a35b3e'],size=1,snapshot_id=None,source_replicaid=,source_volid=None,status='creating',user_id='49af0c1c23b04a21ab97278a972e2ea6',volume_type_id=da4093a9-e4a9-4746-bb53-7ebaeef3cfb6), 'volume': Volume(_name_id=None,admin_metadata=,attach_status='detached',availability_zone='nova',bootable=False,cluster=,cluster_name=None,consistencygroup=,consistencygroup_id=None,created_at=2026-07-03T14:52:30Z,deleted=False,deleted_at=None,display_description=None,display_name='tempest-TaggedBootDevicesTest_v242-volume-2091532571',ec2_id=None,encryption_key_id=None,glance_metadata=,group=,group_id=None,host=None,id=49a272ca-1922-456e-80b6-fcc978eba798,launched_at=None,metadata={},migration_status=None,multiattach=False,previous_status=None,project_id='28ade8b3e4b740d4b1fb63c0a94fe4b7',provider_auth=None,provider_geometry=None,provider_id=None,provider_location=None,replication_driver_data=None,replication_extended_status=None,replication_status=None,scheduled_at=None,service_uuid=None,shared_targets=True,size=1,snapshot_id=None,snapshots=,source_volid=None,status='creating',terminated_at=None,updated_at=None,use_quota=True,user_id='49af0c1c23b04a21ab97278a972e2ea6',volume_attachment=VolumeAttachmentList,volume_type=VolumeType(da4093a9-e4a9-4746-bb53-7ebaeef3cfb6),volume_type_id=da4093a9-e4a9-4746-bb53-7ebaeef3cfb6)}' {{(pid=96843) _task_receiver /opt/stack/data/venv/lib/python3.12/site-packages/taskflow/listeners/logging.py:218}}
Jul 03 14:52:30.227947 np0000004433 devstack@c-api.service[96842]: INFO cinder.api.openstack.wsgi [req-ba4722ba-99a4-4f10-95b5-a874f0521475 req-890eeca2-717d-4524-bcf7-7ffde8013e7e tempest-AttachSCSIVolumeTestJSON-1730953799 tempest-AttachSCSIVolumeTestJSON-1730953799-project-member] DELETE https://10.4.3.7/volume/v3/attachments/bc66c6d9-5064-4fde-b22b-af3e9478e170
Jul 03 14:52:30.227947 np0000004433 devstack@c-api.service[96842]: DEBUG cinder.api.openstack.wsgi [req-ba4722ba-99a4-4f10-95b5-a874f0521475 req-890eeca2-717d-4524-bcf7-7ffde8013e7e tempest-AttachSCSIVolumeTestJSON-1730953799 tempest-AttachSCSIVolumeTestJSON-1730953799-project-member] Empty body provided in request {{(pid=96842) get_body /opt/stack/cinder/cinder/api/openstack/wsgi.py:725}}
Jul 03 14:52:30.228090 np0000004433 devstack@c-api.service[96843]: DEBUG cinder.volume.api [None req-59538ac3-904b-4164-be1f-bf4b51906e66 tempest-TaggedBootDevicesTest_v242-1520525366 tempest-TaggedBootDevicesTest_v242-1520525366-project-member] Task 'cinder.volume.flows.api.create_volume.QuotaCommitTask;volume:create' (c79ba60c-c421-47fe-b5cb-22bbe46ab644) transitioned into state 'RUNNING' from state 'PENDING' {{(pid=96843) _task_receiver /opt/stack/data/venv/lib/python3.12/site-packages/taskflow/listeners/logging.py:242}}
Jul 03 14:52:30.228222 np0000004433 devstack@c-api.service[96842]: DEBUG cinder.api.openstack.wsgi [req-ba4722ba-99a4-4f10-95b5-a874f0521475 req-890eeca2-717d-4524-bcf7-7ffde8013e7e tempest-AttachSCSIVolumeTestJSON-1730953799 tempest-AttachSCSIVolumeTestJSON-1730953799-project-member] Calling method 'version_select' {{(pid=96842) _process_stack /opt/stack/cinder/cinder/api/openstack/wsgi.py:878}}
Jul 03 14:52:30.241753 np0000004433 devstack@c-api.service[96842]: /opt/stack/data/venv/lib/python3.12/site-packages/oslo_context/context.py:102: DeprecationWarning: Policy enforcement is depending on the value of is_admin. This key is deprecated. Please update your policy file to use the standard policy values.
Jul 03 14:52:30.241753 np0000004433 devstack@c-api.service[96842]: warnings.warn(
Jul 03 14:52:30.264976 np0000004433 devstack@c-api.service[96843]: DEBUG cinder.volume.api [None req-59538ac3-904b-4164-be1f-bf4b51906e66 tempest-TaggedBootDevicesTest_v242-1520525366 tempest-TaggedBootDevicesTest_v242-1520525366-project-member] Task 'cinder.volume.flows.api.create_volume.QuotaCommitTask;volume:create' (c79ba60c-c421-47fe-b5cb-22bbe46ab644) transitioned into state 'SUCCESS' from state 'RUNNING' with result '{'volume_properties': VolumeProperties(attach_status='detached',availability_zone='nova',cgsnapshot_id=None,consistencygroup_id=None,display_description=None,display_name='tempest-TaggedBootDevicesTest_v242-volume-2091532571',encryption_key_id=None,group_id=None,group_type_id=,metadata={},multiattach=False,project_id='28ade8b3e4b740d4b1fb63c0a94fe4b7',qos_specs=None,replication_status=,reservations=['9c074bb9-7a98-4156-9e3f-5accd590481f','ba51fb32-59de-4653-ac4f-bd25454a22f3','9edb42cf-4cf9-4bfe-be1a-235f8bd96a6e','a12d5785-9978-4078-9771-cbc491a35b3e'],size=1,snapshot_id=None,source_replicaid=,source_volid=None,status='creating',user_id='49af0c1c23b04a21ab97278a972e2ea6',volume_type_id=da4093a9-e4a9-4746-bb53-7ebaeef3cfb6)}' {{(pid=96843) _task_receiver /opt/stack/data/venv/lib/python3.12/site-packages/taskflow/listeners/logging.py:218}}
Jul 03 14:52:30.265826 np0000004433 devstack@c-api.service[96843]: DEBUG cinder.volume.api [None req-59538ac3-904b-4164-be1f-bf4b51906e66 tempest-TaggedBootDevicesTest_v242-1520525366 tempest-TaggedBootDevicesTest_v242-1520525366-project-member] Task 'cinder.volume.flows.api.create_volume.VolumeCastTask;volume:create' (6be778e4-2714-4a45-b94b-4418d6e366be) transitioned into state 'RUNNING' from state 'PENDING' {{(pid=96843) _task_receiver /opt/stack/data/venv/lib/python3.12/site-packages/taskflow/listeners/logging.py:242}}
Jul 03 14:52:30.280488 np0000004433 devstack@c-api.service[96843]: DEBUG cinder.volume.api [None req-59538ac3-904b-4164-be1f-bf4b51906e66 tempest-TaggedBootDevicesTest_v242-1520525366 tempest-TaggedBootDevicesTest_v242-1520525366-project-member] Task 'cinder.volume.flows.api.create_volume.VolumeCastTask;volume:create' (6be778e4-2714-4a45-b94b-4418d6e366be) transitioned into state 'SUCCESS' from state 'RUNNING' with result 'None' {{(pid=96843) _task_receiver /opt/stack/data/venv/lib/python3.12/site-packages/taskflow/listeners/logging.py:218}}
Jul 03 14:52:30.281771 np0000004433 devstack@c-api.service[96843]: DEBUG cinder.volume.api [None req-59538ac3-904b-4164-be1f-bf4b51906e66 tempest-TaggedBootDevicesTest_v242-1520525366 tempest-TaggedBootDevicesTest_v242-1520525366-project-member] Flow 'volume_create_api' (766ed7b6-c843-4470-99a0-bb35fcfb8004) transitioned into state 'SUCCESS' from state 'RUNNING' {{(pid=96843) _flow_receiver /opt/stack/data/venv/lib/python3.12/site-packages/taskflow/listeners/logging.py:160}}
Jul 03 14:52:30.282213 np0000004433 devstack@c-api.service[96843]: INFO cinder.volume.api [None req-59538ac3-904b-4164-be1f-bf4b51906e66 tempest-TaggedBootDevicesTest_v242-1520525366 tempest-TaggedBootDevicesTest_v242-1520525366-project-member] Create volume request issued successfully.
Jul 03 14:52:30.283187 np0000004433 devstack@c-api.service[96843]: INFO cinder.api.openstack.wsgi [None req-59538ac3-904b-4164-be1f-bf4b51906e66 tempest-TaggedBootDevicesTest_v242-1520525366 tempest-TaggedBootDevicesTest_v242-1520525366-project-member] https://10.4.3.7/volume/v3/volumes returned with HTTP 202
Jul 03 14:52:30.283824 np0000004433 devstack@c-api.service[96843]: [pid: 96843|app: 0|req: 62/188] 10.4.3.7 () {68 vars in 1244 bytes} [Fri Jul 3 14:52:30 2026] POST /volume/v3/volumes => generated 753 bytes in 260 msecs (HTTP/1.1 202) 7 headers in 291 bytes (1 switches on core 0)
Jul 03 14:52:30.303293 np0000004433 devstack@c-api.service[96844]: DEBUG cinder.api.middleware.request_id [None req-db3514f5-a0cc-4e53-9c86-367d32c0dbef None None] RequestId filter calling following filter/app {{(pid=96844) _context_setter /opt/stack/cinder/cinder/api/middleware/request_id.py:62}}
Jul 03 14:52:30.306149 np0000004433 devstack@c-api.service[96844]: INFO cinder.api.openstack.wsgi [None req-db3514f5-a0cc-4e53-9c86-367d32c0dbef tempest-TaggedBootDevicesTest_v242-1520525366 tempest-TaggedBootDevicesTest_v242-1520525366-project-member] GET https://10.4.3.7/volume/v3/volumes/49a272ca-1922-456e-80b6-fcc978eba798
Jul 03 14:52:30.306149 np0000004433 devstack@c-api.service[96844]: DEBUG cinder.api.openstack.wsgi [None req-db3514f5-a0cc-4e53-9c86-367d32c0dbef tempest-TaggedBootDevicesTest_v242-1520525366 tempest-TaggedBootDevicesTest_v242-1520525366-project-member] Empty body provided in request {{(pid=96844) get_body /opt/stack/cinder/cinder/api/openstack/wsgi.py:725}}
Jul 03 14:52:30.306149 np0000004433 devstack@c-api.service[96844]: DEBUG cinder.api.openstack.wsgi [None req-db3514f5-a0cc-4e53-9c86-367d32c0dbef tempest-TaggedBootDevicesTest_v242-1520525366 tempest-TaggedBootDevicesTest_v242-1520525366-project-member] Calling method 'show' {{(pid=96844) _process_stack /opt/stack/cinder/cinder/api/openstack/wsgi.py:878}}
Jul 03 14:52:30.316573 np0000004433 devstack@c-api.service[96844]: /opt/stack/data/venv/lib/python3.12/site-packages/oslo_context/context.py:102: DeprecationWarning: Policy enforcement is depending on the value of is_admin. This key is deprecated. Please update your policy file to use the standard policy values.
Jul 03 14:52:30.316573 np0000004433 devstack@c-api.service[96844]: warnings.warn(
Jul 03 14:52:30.324243 np0000004433 devstack@c-api.service[96844]: INFO cinder.volume.api [None req-db3514f5-a0cc-4e53-9c86-367d32c0dbef tempest-TaggedBootDevicesTest_v242-1520525366 tempest-TaggedBootDevicesTest_v242-1520525366-project-member] Volume info retrieved successfully.
Jul 03 14:52:30.328682 np0000004433 devstack@c-api.service[96844]: INFO cinder.api.openstack.wsgi [None req-db3514f5-a0cc-4e53-9c86-367d32c0dbef tempest-TaggedBootDevicesTest_v242-1520525366 tempest-TaggedBootDevicesTest_v242-1520525366-project-member] https://10.4.3.7/volume/v3/volumes/49a272ca-1922-456e-80b6-fcc978eba798 returned with HTTP 200
Jul 03 14:52:30.329146 np0000004433 devstack@c-api.service[96844]: [pid: 96844|app: 0|req: 63/189] 10.4.3.7 () {66 vars in 1334 bytes} [Fri Jul 3 14:52:30 2026] GET /volume/v3/volumes/49a272ca-1922-456e-80b6-fcc978eba798 => generated 821 bytes in 27 msecs (HTTP/1.1 200) 7 headers in 285 bytes (1 switches on core 0)
Jul 03 14:52:30.549986 np0000004433 devstack@c-api.service[96843]: DEBUG cinder.api.middleware.request_id [req-fbeae0c5-999b-42e5-b1d4-2a1325735ffa req-757ccf96-0761-477b-a55e-97cbc0c47f9f None None] RequestId filter calling following filter/app {{(pid=96843) _context_setter /opt/stack/cinder/cinder/api/middleware/request_id.py:62}}
Jul 03 14:52:30.552402 np0000004433 devstack@c-api.service[96843]: INFO cinder.api.openstack.wsgi [req-fbeae0c5-999b-42e5-b1d4-2a1325735ffa req-757ccf96-0761-477b-a55e-97cbc0c47f9f tempest-VolumesAssistedSnapshotsTest-539335520 tempest-VolumesAssistedSnapshotsTest-539335520-project-admin] DELETE https://10.4.3.7/volume/v3/attachments/fc237790-ff87-460d-bfb3-ffa9aaeac978
Jul 03 14:52:30.552690 np0000004433 devstack@c-api.service[96843]: DEBUG cinder.api.openstack.wsgi [req-fbeae0c5-999b-42e5-b1d4-2a1325735ffa req-757ccf96-0761-477b-a55e-97cbc0c47f9f tempest-VolumesAssistedSnapshotsTest-539335520 tempest-VolumesAssistedSnapshotsTest-539335520-project-admin] Empty body provided in request {{(pid=96843) get_body /opt/stack/cinder/cinder/api/openstack/wsgi.py:725}}
Jul 03 14:52:30.552908 np0000004433 devstack@c-api.service[96843]: DEBUG cinder.api.openstack.wsgi [req-fbeae0c5-999b-42e5-b1d4-2a1325735ffa req-757ccf96-0761-477b-a55e-97cbc0c47f9f tempest-VolumesAssistedSnapshotsTest-539335520 tempest-VolumesAssistedSnapshotsTest-539335520-project-admin] Calling method 'version_select' {{(pid=96843) _process_stack /opt/stack/cinder/cinder/api/openstack/wsgi.py:878}}
Jul 03 14:52:30.574354 np0000004433 devstack@c-api.service[96843]: /opt/stack/data/venv/lib/python3.12/site-packages/oslo_context/context.py:102: DeprecationWarning: Policy enforcement is depending on the value of is_admin. This key is deprecated. Please update your policy file to use the standard policy values.
Jul 03 14:52:30.574354 np0000004433 devstack@c-api.service[96843]: warnings.warn(
Jul 03 14:52:30.794449 np0000004433 devstack@c-api.service[96842]: INFO cinder.api.openstack.wsgi [req-ba4722ba-99a4-4f10-95b5-a874f0521475 req-890eeca2-717d-4524-bcf7-7ffde8013e7e tempest-AttachSCSIVolumeTestJSON-1730953799 tempest-AttachSCSIVolumeTestJSON-1730953799-project-member] https://10.4.3.7/volume/v3/attachments/bc66c6d9-5064-4fde-b22b-af3e9478e170 returned with HTTP 200
Jul 03 14:52:30.794942 np0000004433 devstack@c-api.service[96842]: [pid: 96842|app: 0|req: 65/190] 10.4.3.7 () {72 vars in 1659 bytes} [Fri Jul 3 14:52:30 2026] DELETE /volume/v3/attachments/bc66c6d9-5064-4fde-b22b-af3e9478e170 => generated 19 bytes in 575 msecs (HTTP/1.1 200) 7 headers in 285 bytes (1 switches on core 0)
Jul 03 14:52:30.954405 np0000004433 devstack@c-api.service[96844]: DEBUG cinder.api.middleware.request_id [req-9192a9de-298a-4312-84a9-8659a3f2c016 req-43cf58d1-3850-4b5f-b3bb-4465499dfd09 None None] RequestId filter calling following filter/app {{(pid=96844) _context_setter /opt/stack/cinder/cinder/api/middleware/request_id.py:62}}
Jul 03 14:52:30.956984 np0000004433 devstack@c-api.service[96844]: INFO cinder.api.openstack.wsgi [req-9192a9de-298a-4312-84a9-8659a3f2c016 req-43cf58d1-3850-4b5f-b3bb-4465499dfd09 tempest-TaggedAttachmentsTest-2116869956 tempest-TaggedAttachmentsTest-2116869956-project-member] GET https://10.4.3.7/volume/v3/volumes/58589445-b77d-44f9-afcd-22b4b9ce9f45
Jul 03 14:52:30.957218 np0000004433 devstack@c-api.service[96844]: DEBUG cinder.api.openstack.wsgi [req-9192a9de-298a-4312-84a9-8659a3f2c016 req-43cf58d1-3850-4b5f-b3bb-4465499dfd09 tempest-TaggedAttachmentsTest-2116869956 tempest-TaggedAttachmentsTest-2116869956-project-member] Empty body provided in request {{(pid=96844) get_body /opt/stack/cinder/cinder/api/openstack/wsgi.py:725}}
Jul 03 14:52:30.957926 np0000004433 devstack@c-api.service[96844]: DEBUG cinder.api.openstack.wsgi [req-9192a9de-298a-4312-84a9-8659a3f2c016 req-43cf58d1-3850-4b5f-b3bb-4465499dfd09 tempest-TaggedAttachmentsTest-2116869956 tempest-TaggedAttachmentsTest-2116869956-project-member] Calling method 'show' {{(pid=96844) _process_stack /opt/stack/cinder/cinder/api/openstack/wsgi.py:878}}
Jul 03 14:52:30.966798 np0000004433 devstack@c-api.service[96844]: /opt/stack/data/venv/lib/python3.12/site-packages/oslo_context/context.py:102: DeprecationWarning: Policy enforcement is depending on the value of is_admin. This key is deprecated. Please update your policy file to use the standard policy values.
Jul 03 14:52:30.966798 np0000004433 devstack@c-api.service[96844]: warnings.warn(
Jul 03 14:52:30.971805 np0000004433 devstack@c-api.service[96844]: INFO cinder.volume.api [req-9192a9de-298a-4312-84a9-8659a3f2c016 req-43cf58d1-3850-4b5f-b3bb-4465499dfd09 tempest-TaggedAttachmentsTest-2116869956 tempest-TaggedAttachmentsTest-2116869956-project-member] Volume info retrieved successfully.
Jul 03 14:52:30.978872 np0000004433 devstack@c-api.service[96844]: INFO cinder.api.openstack.wsgi [req-9192a9de-298a-4312-84a9-8659a3f2c016 req-43cf58d1-3850-4b5f-b3bb-4465499dfd09 tempest-TaggedAttachmentsTest-2116869956 tempest-TaggedAttachmentsTest-2116869956-project-member] https://10.4.3.7/volume/v3/volumes/58589445-b77d-44f9-afcd-22b4b9ce9f45 returned with HTTP 200
Jul 03 14:52:30.979261 np0000004433 devstack@c-api.service[96844]: [pid: 96844|app: 0|req: 64/191] 10.4.3.7 () {68 vars in 1584 bytes} [Fri Jul 3 14:52:30 2026] GET /volume/v3/volumes/58589445-b77d-44f9-afcd-22b4b9ce9f45 => generated 841 bytes in 26 msecs (HTTP/1.1 200) 7 headers in 285 bytes (1 switches on core 0)
Jul 03 14:52:31.002583 np0000004433 devstack@c-api.service[96842]: DEBUG cinder.api.middleware.request_id [None req-1bded5a4-893e-4f2d-9a76-a199239d3975 None None] RequestId filter calling following filter/app {{(pid=96842) _context_setter /opt/stack/cinder/cinder/api/middleware/request_id.py:62}}
Jul 03 14:52:31.006124 np0000004433 devstack@c-api.service[96842]: INFO cinder.api.openstack.wsgi [None req-1bded5a4-893e-4f2d-9a76-a199239d3975 tempest-AttachSCSIVolumeTestJSON-1730953799 tempest-AttachSCSIVolumeTestJSON-1730953799-project-reader] GET https://10.4.3.7/volume/v3/volumes/5683045e-8862-4946-bae4-67543f30a36e
Jul 03 14:52:31.006575 np0000004433 devstack@c-api.service[96842]: DEBUG cinder.api.openstack.wsgi [None req-1bded5a4-893e-4f2d-9a76-a199239d3975 tempest-AttachSCSIVolumeTestJSON-1730953799 tempest-AttachSCSIVolumeTestJSON-1730953799-project-reader] Empty body provided in request {{(pid=96842) get_body /opt/stack/cinder/cinder/api/openstack/wsgi.py:725}}
Jul 03 14:52:31.009539 np0000004433 devstack@c-api.service[96842]: DEBUG cinder.api.openstack.wsgi [None req-1bded5a4-893e-4f2d-9a76-a199239d3975 tempest-AttachSCSIVolumeTestJSON-1730953799 tempest-AttachSCSIVolumeTestJSON-1730953799-project-reader] Calling method 'show' {{(pid=96842) _process_stack /opt/stack/cinder/cinder/api/openstack/wsgi.py:878}}
Jul 03 14:52:31.024117 np0000004433 devstack@c-api.service[96842]: /opt/stack/data/venv/lib/python3.12/site-packages/oslo_context/context.py:102: DeprecationWarning: Policy enforcement is depending on the value of is_admin. This key is deprecated. Please update your policy file to use the standard policy values.
Jul 03 14:52:31.024117 np0000004433 devstack@c-api.service[96842]: warnings.warn(
Jul 03 14:52:31.030732 np0000004433 devstack@c-api.service[96842]: INFO cinder.volume.api [None req-1bded5a4-893e-4f2d-9a76-a199239d3975 tempest-AttachSCSIVolumeTestJSON-1730953799 tempest-AttachSCSIVolumeTestJSON-1730953799-project-reader] Volume info retrieved successfully.
Jul 03 14:52:31.040676 np0000004433 devstack@c-api.service[96842]: INFO cinder.api.openstack.wsgi [None req-1bded5a4-893e-4f2d-9a76-a199239d3975 tempest-AttachSCSIVolumeTestJSON-1730953799 tempest-AttachSCSIVolumeTestJSON-1730953799-project-reader] https://10.4.3.7/volume/v3/volumes/5683045e-8862-4946-bae4-67543f30a36e returned with HTTP 200
Jul 03 14:52:31.041246 np0000004433 devstack@c-api.service[96842]: [pid: 96842|app: 0|req: 66/192] 10.4.3.7 () {66 vars in 1334 bytes} [Fri Jul 3 14:52:31 2026] GET /volume/v3/volumes/5683045e-8862-4946-bae4-67543f30a36e => generated 844 bytes in 39 msecs (HTTP/1.1 200) 7 headers in 285 bytes (1 switches on core 0)
Jul 03 14:52:31.133614 np0000004433 devstack@c-api.service[96843]: INFO cinder.api.openstack.wsgi [req-fbeae0c5-999b-42e5-b1d4-2a1325735ffa req-757ccf96-0761-477b-a55e-97cbc0c47f9f tempest-VolumesAssistedSnapshotsTest-539335520 tempest-VolumesAssistedSnapshotsTest-539335520-project-admin] https://10.4.3.7/volume/v3/attachments/fc237790-ff87-460d-bfb3-ffa9aaeac978 returned with HTTP 200
Jul 03 14:52:31.134847 np0000004433 devstack@c-api.service[96843]: [pid: 96843|app: 0|req: 63/193] 10.4.3.7 () {72 vars in 1659 bytes} [Fri Jul 3 14:52:30 2026] DELETE /volume/v3/attachments/fc237790-ff87-460d-bfb3-ffa9aaeac978 => generated 19 bytes in 585 msecs (HTTP/1.1 200) 7 headers in 285 bytes (1 switches on core 0)
Jul 03 14:52:31.350599 np0000004433 devstack@c-api.service[96844]: DEBUG cinder.api.middleware.request_id [None req-4df13f11-1b7e-4f32-89d3-049b9918c768 None None] RequestId filter calling following filter/app {{(pid=96844) _context_setter /opt/stack/cinder/cinder/api/middleware/request_id.py:62}}
Jul 03 14:52:31.353670 np0000004433 devstack@c-api.service[96844]: INFO cinder.api.openstack.wsgi [None req-4df13f11-1b7e-4f32-89d3-049b9918c768 tempest-TaggedBootDevicesTest_v242-1520525366 tempest-TaggedBootDevicesTest_v242-1520525366-project-member] GET https://10.4.3.7/volume/v3/volumes/49a272ca-1922-456e-80b6-fcc978eba798
Jul 03 14:52:31.354453 np0000004433 devstack@c-api.service[96844]: DEBUG cinder.api.openstack.wsgi [None req-4df13f11-1b7e-4f32-89d3-049b9918c768 tempest-TaggedBootDevicesTest_v242-1520525366 tempest-TaggedBootDevicesTest_v242-1520525366-project-member] Empty body provided in request {{(pid=96844) get_body /opt/stack/cinder/cinder/api/openstack/wsgi.py:725}}
Jul 03 14:52:31.354453 np0000004433 devstack@c-api.service[96844]: DEBUG cinder.api.openstack.wsgi [None req-4df13f11-1b7e-4f32-89d3-049b9918c768 tempest-TaggedBootDevicesTest_v242-1520525366 tempest-TaggedBootDevicesTest_v242-1520525366-project-member] Calling method 'show' {{(pid=96844) _process_stack /opt/stack/cinder/cinder/api/openstack/wsgi.py:878}}
Jul 03 14:52:31.365789 np0000004433 devstack@c-api.service[96844]: /opt/stack/data/venv/lib/python3.12/site-packages/oslo_context/context.py:102: DeprecationWarning: Policy enforcement is depending on the value of is_admin. This key is deprecated. Please update your policy file to use the standard policy values.
Jul 03 14:52:31.365789 np0000004433 devstack@c-api.service[96844]: warnings.warn(
Jul 03 14:52:31.373887 np0000004433 devstack@c-api.service[96844]: INFO cinder.volume.api [None req-4df13f11-1b7e-4f32-89d3-049b9918c768 tempest-TaggedBootDevicesTest_v242-1520525366 tempest-TaggedBootDevicesTest_v242-1520525366-project-member] Volume info retrieved successfully.
Jul 03 14:52:31.382473 np0000004433 devstack@c-api.service[96844]: INFO cinder.api.openstack.wsgi [None req-4df13f11-1b7e-4f32-89d3-049b9918c768 tempest-TaggedBootDevicesTest_v242-1520525366 tempest-TaggedBootDevicesTest_v242-1520525366-project-member] https://10.4.3.7/volume/v3/volumes/49a272ca-1922-456e-80b6-fcc978eba798 returned with HTTP 200
Jul 03 14:52:31.383064 np0000004433 devstack@c-api.service[96844]: [pid: 96844|app: 0|req: 65/194] 10.4.3.7 () {66 vars in 1334 bytes} [Fri Jul 3 14:52:31 2026] GET /volume/v3/volumes/49a272ca-1922-456e-80b6-fcc978eba798 => generated 846 bytes in 34 msecs (HTTP/1.1 200) 7 headers in 285 bytes (1 switches on core 0)
