Jul 03 14:53:15.940140 np0000004433 devstack@c-api.service[96842]: DEBUG cinder.api.middleware.request_id [None req-23c7e7f7-c54a-4d87-8db5-fcb542493bea None None] RequestId filter calling following filter/app {{(pid=96842) _context_setter /opt/stack/cinder/cinder/api/middleware/request_id.py:62}}
Jul 03 14:53:15.948224 np0000004433 devstack@c-api.service[96842]: INFO cinder.api.openstack.wsgi [None req-23c7e7f7-c54a-4d87-8db5-fcb542493bea tempest-GroupSnapshotsV319Test-1310879902 tempest-GroupSnapshotsV319Test-1310879902-project-member] GET https://10.4.3.7/volume/v3/snapshots/78a41b46-9bf0-47b0-8d5a-3cb62e7373af
Jul 03 14:53:15.951168 np0000004433 devstack@c-api.service[96844]: /opt/stack/data/venv/lib/python3.12/site-packages/oslo_context/context.py:102: DeprecationWarning: Policy enforcement is depending on the value of is_admin. This key is deprecated. Please update your policy file to use the standard policy values.
Jul 03 14:53:15.951168 np0000004433 devstack@c-api.service[96844]: warnings.warn(
Jul 03 14:53:15.951741 np0000004433 devstack@c-api.service[96844]: DEBUG cinder.api.contrib.admin_actions [None req-78deea70-5045-43be-8c1e-3637bf341dad tempest-VolumesActionsTest-961062840 tempest-VolumesActionsTest-961062840-project-admin] Updating volume '4807348d-033a-4180-a6a4-788f41fac40a' with '{'status': 'maintenance'}' {{(pid=96844) _reset_status /opt/stack/cinder/cinder/api/contrib/admin_actions.py:109}}
Jul 03 14:53:15.952947 np0000004433 devstack@c-api.service[96842]: DEBUG cinder.api.openstack.wsgi [None req-23c7e7f7-c54a-4d87-8db5-fcb542493bea tempest-GroupSnapshotsV319Test-1310879902 tempest-GroupSnapshotsV319Test-1310879902-project-member] Empty body provided in request {{(pid=96842) get_body /opt/stack/cinder/cinder/api/openstack/wsgi.py:725}}
Jul 03 14:53:15.953296 np0000004433 devstack@c-api.service[96842]: DEBUG cinder.api.openstack.wsgi [None req-23c7e7f7-c54a-4d87-8db5-fcb542493bea tempest-GroupSnapshotsV319Test-1310879902 tempest-GroupSnapshotsV319Test-1310879902-project-member] Calling method 'show' {{(pid=96842) _process_stack /opt/stack/cinder/cinder/api/openstack/wsgi.py:878}}
Jul 03 14:53:15.960242 np0000004433 devstack@c-api.service[96842]: INFO cinder.api.openstack.wsgi [None req-23c7e7f7-c54a-4d87-8db5-fcb542493bea tempest-GroupSnapshotsV319Test-1310879902 tempest-GroupSnapshotsV319Test-1310879902-project-member] https://10.4.3.7/volume/v3/snapshots/78a41b46-9bf0-47b0-8d5a-3cb62e7373af returned with HTTP 404
Jul 03 14:53:15.960762 np0000004433 devstack@c-api.service[96842]: [pid: 96842|app: 0|req: 126/389] 10.4.3.7 () {66 vars in 1340 bytes} [Fri Jul 3 14:53:15 2026] GET /volume/v3/snapshots/78a41b46-9bf0-47b0-8d5a-3cb62e7373af => generated 111 bytes in 22 msecs (HTTP/1.1 404) 7 headers in 292 bytes (1 switches on core 0)
Jul 03 14:53:15.972106 np0000004433 devstack@c-api.service[96843]: DEBUG cinder.api.middleware.request_id [None req-e0fb2288-ce5d-4b19-90c9-53a4d6da667f None None] RequestId filter calling following filter/app {{(pid=96843) _context_setter /opt/stack/cinder/cinder/api/middleware/request_id.py:62}}
Jul 03 14:53:15.975774 np0000004433 devstack@c-api.service[96843]: INFO cinder.api.openstack.wsgi [None req-e0fb2288-ce5d-4b19-90c9-53a4d6da667f tempest-GroupSnapshotsV319Test-1310879902 tempest-GroupSnapshotsV319Test-1310879902-project-member] GET https://10.4.3.7/volume/v3/group_snapshots/a3a262d7-5e3c-48c6-a6e4-53b730b5c72d
Jul 03 14:53:15.976143 np0000004433 devstack@c-api.service[96843]: DEBUG cinder.api.openstack.wsgi [None req-e0fb2288-ce5d-4b19-90c9-53a4d6da667f tempest-GroupSnapshotsV319Test-1310879902 tempest-GroupSnapshotsV319Test-1310879902-project-member] Empty body provided in request {{(pid=96843) get_body /opt/stack/cinder/cinder/api/openstack/wsgi.py:725}}
Jul 03 14:53:15.976687 np0000004433 devstack@c-api.service[96843]: DEBUG cinder.api.openstack.wsgi [None req-e0fb2288-ce5d-4b19-90c9-53a4d6da667f tempest-GroupSnapshotsV319Test-1310879902 tempest-GroupSnapshotsV319Test-1310879902-project-member] Calling method 'version_select' {{(pid=96843) _process_stack /opt/stack/cinder/cinder/api/openstack/wsgi.py:878}}
Jul 03 14:53:15.977200 np0000004433 devstack@c-api.service[96843]: DEBUG cinder.api.v3.group_snapshots [None req-e0fb2288-ce5d-4b19-90c9-53a4d6da667f tempest-GroupSnapshotsV319Test-1310879902 tempest-GroupSnapshotsV319Test-1310879902-project-member] show called for member a3a262d7-5e3c-48c6-a6e4-53b730b5c72d {{(pid=96843) show /opt/stack/cinder/cinder/api/v3/group_snapshots.py:58}}
Jul 03 14:53:15.982094 np0000004433 devstack@c-api.service[96843]: INFO cinder.api.openstack.wsgi [None req-e0fb2288-ce5d-4b19-90c9-53a4d6da667f tempest-GroupSnapshotsV319Test-1310879902 tempest-GroupSnapshotsV319Test-1310879902-project-member] https://10.4.3.7/volume/v3/group_snapshots/a3a262d7-5e3c-48c6-a6e4-53b730b5c72d returned with HTTP 404
Jul 03 14:53:15.982903 np0000004433 devstack@c-api.service[96843]: [pid: 96843|app: 0|req: 130/390] 10.4.3.7 () {68 vars in 1399 bytes} [Fri Jul 3 14:53:15 2026] GET /volume/v3/group_snapshots/a3a262d7-5e3c-48c6-a6e4-53b730b5c72d => generated 116 bytes in 11 msecs (HTTP/1.1 404) 7 headers in 293 bytes (1 switches on core 0)
Jul 03 14:53:15.998689 np0000004433 devstack@c-api.service[96842]: DEBUG cinder.api.middleware.request_id [None req-800b970f-bf14-4017-88c0-f0ea9cee5e01 None None] RequestId filter calling following filter/app {{(pid=96842) _context_setter /opt/stack/cinder/cinder/api/middleware/request_id.py:62}}
Jul 03 14:53:16.003429 np0000004433 devstack@c-api.service[96844]: INFO cinder.api.openstack.wsgi [None req-78deea70-5045-43be-8c1e-3637bf341dad tempest-VolumesActionsTest-961062840 tempest-VolumesActionsTest-961062840-project-admin] https://10.4.3.7/volume/v3/volumes/4807348d-033a-4180-a6a4-788f41fac40a/action returned with HTTP 202
Jul 03 14:53:16.003429 np0000004433 devstack@c-api.service[96844]: [pid: 96844|app: 0|req: 135/391] 10.4.3.7 () {68 vars in 1376 bytes} [Fri Jul 3 14:53:15 2026] POST /volume/v3/volumes/4807348d-033a-4180-a6a4-788f41fac40a/action => generated 0 bytes in 82 msecs (HTTP/1.1 202) 7 headers in 289 bytes (1 switches on core 0)
Jul 03 14:53:16.004256 np0000004433 devstack@c-api.service[96842]: INFO cinder.api.openstack.wsgi [None req-800b970f-bf14-4017-88c0-f0ea9cee5e01 tempest-GroupSnapshotsV319Test-1310879902 tempest-GroupSnapshotsV319Test-1310879902-project-member] GET https://10.4.3.7/volume/v3/volumes/detail
Jul 03 14:53:16.004829 np0000004433 devstack@c-api.service[96842]: DEBUG cinder.api.openstack.wsgi [None req-800b970f-bf14-4017-88c0-f0ea9cee5e01 tempest-GroupSnapshotsV319Test-1310879902 tempest-GroupSnapshotsV319Test-1310879902-project-member] Empty body provided in request {{(pid=96842) get_body /opt/stack/cinder/cinder/api/openstack/wsgi.py:725}}
Jul 03 14:53:16.005997 np0000004433 devstack@c-api.service[96842]: DEBUG cinder.api.openstack.wsgi [None req-800b970f-bf14-4017-88c0-f0ea9cee5e01 tempest-GroupSnapshotsV319Test-1310879902 tempest-GroupSnapshotsV319Test-1310879902-project-member] Calling method 'detail' {{(pid=96842) _process_stack /opt/stack/cinder/cinder/api/openstack/wsgi.py:878}}
Jul 03 14:53:16.006683 np0000004433 devstack@c-api.service[96842]: DEBUG cinder.api.api_utils [None req-800b970f-bf14-4017-88c0-f0ea9cee5e01 tempest-GroupSnapshotsV319Test-1310879902 tempest-GroupSnapshotsV319Test-1310879902-project-member] Removing options '' from query. {{(pid=96842) remove_invalid_filter_options /opt/stack/cinder/cinder/api/api_utils.py:82}}
Jul 03 14:53:16.009980 np0000004433 devstack@c-api.service[96842]: /opt/stack/data/venv/lib/python3.12/site-packages/oslo_context/context.py:102: DeprecationWarning: Policy enforcement is depending on the value of is_admin. This key is deprecated. Please update your policy file to use the standard policy values.
Jul 03 14:53:16.009980 np0000004433 devstack@c-api.service[96842]: warnings.warn(
Jul 03 14:53:16.011148 np0000004433 devstack@c-api.service[96842]: DEBUG cinder.volume.api [None req-800b970f-bf14-4017-88c0-f0ea9cee5e01 tempest-GroupSnapshotsV319Test-1310879902 tempest-GroupSnapshotsV319Test-1310879902-project-member] Searching by: MultiDict([('no_migration_targets', True)]). {{(pid=96842) get_all /opt/stack/cinder/cinder/volume/api.py:664}}
Jul 03 14:53:16.016196 np0000004433 devstack@c-api.service[96843]: DEBUG cinder.api.middleware.request_id [None req-03e6a43b-b556-41d3-9277-f5837c84dbdd None None] RequestId filter calling following filter/app {{(pid=96843) _context_setter /opt/stack/cinder/cinder/api/middleware/request_id.py:62}}
Jul 03 14:53:16.018691 np0000004433 devstack@c-api.service[96843]: INFO cinder.api.openstack.wsgi [None req-03e6a43b-b556-41d3-9277-f5837c84dbdd tempest-VolumesActionsTest-1272714683 tempest-VolumesActionsTest-1272714683-project-member] GET https://10.4.3.7/volume/v3/volumes/4807348d-033a-4180-a6a4-788f41fac40a
Jul 03 14:53:16.018837 np0000004433 devstack@c-api.service[96843]: DEBUG cinder.api.openstack.wsgi [None req-03e6a43b-b556-41d3-9277-f5837c84dbdd tempest-VolumesActionsTest-1272714683 tempest-VolumesActionsTest-1272714683-project-member] Empty body provided in request {{(pid=96843) get_body /opt/stack/cinder/cinder/api/openstack/wsgi.py:725}}
Jul 03 14:53:16.019064 np0000004433 devstack@c-api.service[96843]: DEBUG cinder.api.openstack.wsgi [None req-03e6a43b-b556-41d3-9277-f5837c84dbdd tempest-VolumesActionsTest-1272714683 tempest-VolumesActionsTest-1272714683-project-member] Calling method 'show' {{(pid=96843) _process_stack /opt/stack/cinder/cinder/api/openstack/wsgi.py:878}}
Jul 03 14:53:16.025023 np0000004433 devstack@c-api.service[96842]: INFO cinder.volume.api [None req-800b970f-bf14-4017-88c0-f0ea9cee5e01 tempest-GroupSnapshotsV319Test-1310879902 tempest-GroupSnapshotsV319Test-1310879902-project-member] Get all volumes completed successfully.
Jul 03 14:53:16.026209 np0000004433 devstack@c-api.service[96842]: WARNING stevedore.named [None req-800b970f-bf14-4017-88c0-f0ea9cee5e01 tempest-GroupSnapshotsV319Test-1310879902 tempest-GroupSnapshotsV319Test-1310879902-project-member] Could not load cinder.keymgr.conf_key_mgr.ConfKeyManager
Jul 03 14:53:16.026445 np0000004433 devstack@c-api.service[96842]: WARNING castellan.key_manager [None req-800b970f-bf14-4017-88c0-f0ea9cee5e01 tempest-GroupSnapshotsV319Test-1310879902 tempest-GroupSnapshotsV319Test-1310879902-project-member] Deprecation Warning : cinder.keymgr.conf_key_mgr.ConfKeyManager is not a stevedore based driver, trying to load it as a class: stevedore.exception.NoMatches: No 'castellan.drivers' driver found, looking for 'cinder.keymgr.conf_key_mgr.ConfKeyManager'
Jul 03 14:53:16.027145 np0000004433 devstack@c-api.service[96843]: /opt/stack/data/venv/lib/python3.12/site-packages/oslo_context/context.py:102: DeprecationWarning: Policy enforcement is depending on the value of is_admin. This key is deprecated. Please update your policy file to use the standard policy values.
Jul 03 14:53:16.027145 np0000004433 devstack@c-api.service[96843]: warnings.warn(
Jul 03 14:53:16.034943 np0000004433 devstack@c-api.service[96843]: INFO cinder.volume.api [None req-03e6a43b-b556-41d3-9277-f5837c84dbdd tempest-VolumesActionsTest-1272714683 tempest-VolumesActionsTest-1272714683-project-member] Volume info retrieved successfully.
Jul 03 14:53:16.044626 np0000004433 devstack@c-api.service[96843]: INFO cinder.api.openstack.wsgi [None req-03e6a43b-b556-41d3-9277-f5837c84dbdd tempest-VolumesActionsTest-1272714683 tempest-VolumesActionsTest-1272714683-project-member] https://10.4.3.7/volume/v3/volumes/4807348d-033a-4180-a6a4-788f41fac40a returned with HTTP 200
Jul 03 14:53:16.044626 np0000004433 devstack@c-api.service[96843]: [pid: 96843|app: 0|req: 131/392] 10.4.3.7 () {66 vars in 1334 bytes} [Fri Jul 3 14:53:16 2026] GET /volume/v3/volumes/4807348d-033a-4180-a6a4-788f41fac40a => generated 839 bytes in 29 msecs (HTTP/1.1 200) 7 headers in 285 bytes (1 switches on core 0)
Jul 03 14:53:16.066866 np0000004433 devstack@c-api.service[96844]: DEBUG cinder.api.middleware.request_id [None req-17fdb6e9-ae38-49de-bf0c-de18d8816ac0 None None] RequestId filter calling following filter/app {{(pid=96844) _context_setter /opt/stack/cinder/cinder/api/middleware/request_id.py:62}}
Jul 03 14:53:16.069082 np0000004433 devstack@c-api.service[96844]: INFO cinder.api.openstack.wsgi [None req-17fdb6e9-ae38-49de-bf0c-de18d8816ac0 tempest-VolumesActionsTest-961062840 tempest-VolumesActionsTest-961062840-project-admin] POST https://10.4.3.7/volume/v3/volumes/4807348d-033a-4180-a6a4-788f41fac40a/action
Jul 03 14:53:16.069410 np0000004433 devstack@c-api.service[96844]: DEBUG cinder.api.openstack.wsgi [None req-17fdb6e9-ae38-49de-bf0c-de18d8816ac0 tempest-VolumesActionsTest-961062840 tempest-VolumesActionsTest-961062840-project-admin] Action body: b'{"os-reset_status": {"status": "available"}}' {{(pid=96844) get_method /opt/stack/cinder/cinder/api/openstack/wsgi.py:993}}
Jul 03 14:53:16.069586 np0000004433 devstack@c-api.service[96844]: DEBUG cinder.api.openstack.wsgi [None req-17fdb6e9-ae38-49de-bf0c-de18d8816ac0 tempest-VolumesActionsTest-961062840 tempest-VolumesActionsTest-961062840-project-admin] Action: 'action', calling method: _reset_status, body: {"os-reset_status": {"status": "available"}} {{(pid=96844) _process_stack /opt/stack/cinder/cinder/api/openstack/wsgi.py:876}}
Jul 03 14:53:16.073052 np0000004433 devstack@c-api.service[96842]: DEBUG oslo_db.sqlalchemy.engines [None req-800b970f-bf14-4017-88c0-f0ea9cee5e01 tempest-GroupSnapshotsV319Test-1310879902 tempest-GroupSnapshotsV319Test-1310879902-project-member] MySQL server mode set to STRICT_TRANS_TABLES,STRICT_ALL_TABLES,NO_ZERO_IN_DATE,NO_ZERO_DATE,ERROR_FOR_DIVISION_BY_ZERO,TRADITIONAL,NO_ENGINE_SUBSTITUTION {{(pid=96842) _check_effective_sql_mode /opt/stack/data/venv/lib/python3.12/site-packages/oslo_db/sqlalchemy/engines.py:325}}
Jul 03 14:53:16.077980 np0000004433 devstack@c-api.service[96842]: /opt/stack/data/venv/lib/python3.12/site-packages/oslo_context/context.py:102: DeprecationWarning: Policy enforcement is depending on the value of is_admin. This key is deprecated. Please update your policy file to use the standard policy values.
Jul 03 14:53:16.077980 np0000004433 devstack@c-api.service[96842]: warnings.warn(
Jul 03 14:53:16.084648 np0000004433 devstack@c-api.service[96844]: /opt/stack/data/venv/lib/python3.12/site-packages/oslo_context/context.py:102: DeprecationWarning: Policy enforcement is depending on the value of is_admin. This key is deprecated. Please update your policy file to use the standard policy values.
Jul 03 14:53:16.084648 np0000004433 devstack@c-api.service[96844]: warnings.warn(
Jul 03 14:53:16.086261 np0000004433 devstack@c-api.service[96844]: DEBUG cinder.api.contrib.admin_actions [None req-17fdb6e9-ae38-49de-bf0c-de18d8816ac0 tempest-VolumesActionsTest-961062840 tempest-VolumesActionsTest-961062840-project-admin] Updating volume '4807348d-033a-4180-a6a4-788f41fac40a' with '{'status': 'available'}' {{(pid=96844) _reset_status /opt/stack/cinder/cinder/api/contrib/admin_actions.py:109}}
Jul 03 14:53:16.095158 np0000004433 devstack@c-api.service[96842]: INFO cinder.api.openstack.wsgi [None req-800b970f-bf14-4017-88c0-f0ea9cee5e01 tempest-GroupSnapshotsV319Test-1310879902 tempest-GroupSnapshotsV319Test-1310879902-project-member] https://10.4.3.7/volume/v3/volumes/detail returned with HTTP 200
Jul 03 14:53:16.095583 np0000004433 devstack@c-api.service[96842]: [pid: 96842|app: 0|req: 127/393] 10.4.3.7 () {68 vars in 1285 bytes} [Fri Jul 3 14:53:15 2026] GET /volume/v3/volumes/detail => generated 918 bytes in 98 msecs (HTTP/1.1 200) 7 headers in 286 bytes (1 switches on core 0)
Jul 03 14:53:16.115672 np0000004433 devstack@c-api.service[96843]: DEBUG cinder.api.middleware.request_id [None req-6079fd8a-7338-432d-99fe-fcddc1949cc2 None None] RequestId filter calling following filter/app {{(pid=96843) _context_setter /opt/stack/cinder/cinder/api/middleware/request_id.py:62}}
Jul 03 14:53:16.118415 np0000004433 devstack@c-api.service[96843]: INFO cinder.api.openstack.wsgi [None req-6079fd8a-7338-432d-99fe-fcddc1949cc2 tempest-GroupSnapshotsV319Test-1310879902 tempest-GroupSnapshotsV319Test-1310879902-project-member] POST https://10.4.3.7/volume/v3/groups/63aeff39-dc64-407b-a647-2faae0c6039c/action
Jul 03 14:53:16.118738 np0000004433 devstack@c-api.service[96844]: INFO cinder.api.openstack.wsgi [None req-17fdb6e9-ae38-49de-bf0c-de18d8816ac0 tempest-VolumesActionsTest-961062840 tempest-VolumesActionsTest-961062840-project-admin] https://10.4.3.7/volume/v3/volumes/4807348d-033a-4180-a6a4-788f41fac40a/action returned with HTTP 202
Jul 03 14:53:16.118890 np0000004433 devstack@c-api.service[96843]: DEBUG cinder.api.openstack.wsgi [None req-6079fd8a-7338-432d-99fe-fcddc1949cc2 tempest-GroupSnapshotsV319Test-1310879902 tempest-GroupSnapshotsV319Test-1310879902-project-member] Action body: b'{"delete": {"delete-volumes": true}}' {{(pid=96843) get_method /opt/stack/cinder/cinder/api/openstack/wsgi.py:993}}
Jul 03 14:53:16.119013 np0000004433 devstack@c-api.service[96843]: DEBUG cinder.api.openstack.wsgi [None req-6079fd8a-7338-432d-99fe-fcddc1949cc2 tempest-GroupSnapshotsV319Test-1310879902 tempest-GroupSnapshotsV319Test-1310879902-project-member] Action: 'action', calling method: version_select, body: {"delete": {"delete-volumes": true}} {{(pid=96843) _process_stack /opt/stack/cinder/cinder/api/openstack/wsgi.py:876}}
Jul 03 14:53:16.119517 np0000004433 devstack@c-api.service[96844]: [pid: 96844|app: 0|req: 136/394] 10.4.3.7 () {68 vars in 1376 bytes} [Fri Jul 3 14:53:16 2026] POST /volume/v3/volumes/4807348d-033a-4180-a6a4-788f41fac40a/action => generated 0 bytes in 53 msecs (HTTP/1.1 202) 7 headers in 289 bytes (1 switches on core 0)
Jul 03 14:53:16.120487 np0000004433 devstack@c-api.service[96843]: DEBUG cinder.api.v3.groups [None req-6079fd8a-7338-432d-99fe-fcddc1949cc2 tempest-GroupSnapshotsV319Test-1310879902 tempest-GroupSnapshotsV319Test-1310879902-project-member] delete called for group 63aeff39-dc64-407b-a647-2faae0c6039c {{(pid=96843) _delete /opt/stack/cinder/cinder/api/v3/groups.py:117}}
Jul 03 14:53:16.121095 np0000004433 devstack@c-api.service[96843]: INFO cinder.api.v3.groups [None req-6079fd8a-7338-432d-99fe-fcddc1949cc2 tempest-GroupSnapshotsV319Test-1310879902 tempest-GroupSnapshotsV319Test-1310879902-project-member] Delete group with id: 63aeff39-dc64-407b-a647-2faae0c6039c
Jul 03 14:53:16.127950 np0000004433 devstack@c-api.service[96843]: /opt/stack/data/venv/lib/python3.12/site-packages/oslo_context/context.py:102: DeprecationWarning: Policy enforcement is depending on the value of is_admin. This key is deprecated. Please update your policy file to use the standard policy values.
Jul 03 14:53:16.127950 np0000004433 devstack@c-api.service[96843]: warnings.warn(
Jul 03 14:53:16.129908 np0000004433 devstack@c-api.service[96842]: DEBUG cinder.api.middleware.request_id [None req-b6f367c2-8926-4c29-bb91-965c59fcc752 None None] RequestId filter calling following filter/app {{(pid=96842) _context_setter /opt/stack/cinder/cinder/api/middleware/request_id.py:62}}
Jul 03 14:53:16.133780 np0000004433 devstack@c-api.service[96842]: INFO cinder.api.openstack.wsgi [None req-b6f367c2-8926-4c29-bb91-965c59fcc752 tempest-VolumesActionsTest-1272714683 tempest-VolumesActionsTest-1272714683-project-member] GET https://10.4.3.7/volume/v3/volumes/4807348d-033a-4180-a6a4-788f41fac40a
Jul 03 14:53:16.134078 np0000004433 devstack@c-api.service[96842]: DEBUG cinder.api.openstack.wsgi [None req-b6f367c2-8926-4c29-bb91-965c59fcc752 tempest-VolumesActionsTest-1272714683 tempest-VolumesActionsTest-1272714683-project-member] Empty body provided in request {{(pid=96842) get_body /opt/stack/cinder/cinder/api/openstack/wsgi.py:725}}
Jul 03 14:53:16.134356 np0000004433 devstack@c-api.service[96842]: DEBUG cinder.api.openstack.wsgi [None req-b6f367c2-8926-4c29-bb91-965c59fcc752 tempest-VolumesActionsTest-1272714683 tempest-VolumesActionsTest-1272714683-project-member] Calling method 'show' {{(pid=96842) _process_stack /opt/stack/cinder/cinder/api/openstack/wsgi.py:878}}
Jul 03 14:53:16.150727 np0000004433 devstack@c-api.service[96842]: /opt/stack/data/venv/lib/python3.12/site-packages/oslo_context/context.py:102: DeprecationWarning: Policy enforcement is depending on the value of is_admin. This key is deprecated. Please update your policy file to use the standard policy values.
Jul 03 14:53:16.150727 np0000004433 devstack@c-api.service[96842]: warnings.warn(
Jul 03 14:53:16.157088 np0000004433 devstack@c-api.service[96842]: INFO cinder.volume.api [None req-b6f367c2-8926-4c29-bb91-965c59fcc752 tempest-VolumesActionsTest-1272714683 tempest-VolumesActionsTest-1272714683-project-member] Volume info retrieved successfully.
Jul 03 14:53:16.162759 np0000004433 devstack@c-api.service[96842]: INFO cinder.api.openstack.wsgi [None req-b6f367c2-8926-4c29-bb91-965c59fcc752 tempest-VolumesActionsTest-1272714683 tempest-VolumesActionsTest-1272714683-project-member] https://10.4.3.7/volume/v3/volumes/4807348d-033a-4180-a6a4-788f41fac40a returned with HTTP 200
Jul 03 14:53:16.163263 np0000004433 devstack@c-api.service[96842]: [pid: 96842|app: 0|req: 128/395] 10.4.3.7 () {66 vars in 1334 bytes} [Fri Jul 3 14:53:16 2026] GET /volume/v3/volumes/4807348d-033a-4180-a6a4-788f41fac40a => generated 837 bytes in 34 msecs (HTTP/1.1 200) 7 headers in 285 bytes (1 switches on core 0)
Jul 03 14:53:16.181319 np0000004433 devstack@c-api.service[96844]: DEBUG cinder.api.middleware.request_id [None req-a9d41a9d-9d3d-4bf0-ae4b-8d35805fa266 None None] RequestId filter calling following filter/app {{(pid=96844) _context_setter /opt/stack/cinder/cinder/api/middleware/request_id.py:62}}
Jul 03 14:53:16.183954 np0000004433 devstack@c-api.service[96844]: INFO cinder.api.openstack.wsgi [None req-a9d41a9d-9d3d-4bf0-ae4b-8d35805fa266 tempest-VolumesActionsTest-1272714683 tempest-VolumesActionsTest-1272714683-project-member] GET https://10.4.3.7/volume/v3/volumes/4807348d-033a-4180-a6a4-788f41fac40a
Jul 03 14:53:16.183954 np0000004433 devstack@c-api.service[96844]: DEBUG cinder.api.openstack.wsgi [None req-a9d41a9d-9d3d-4bf0-ae4b-8d35805fa266 tempest-VolumesActionsTest-1272714683 tempest-VolumesActionsTest-1272714683-project-member] Empty body provided in request {{(pid=96844) get_body /opt/stack/cinder/cinder/api/openstack/wsgi.py:725}}
Jul 03 14:53:16.184152 np0000004433 devstack@c-api.service[96844]: DEBUG cinder.api.openstack.wsgi [None req-a9d41a9d-9d3d-4bf0-ae4b-8d35805fa266 tempest-VolumesActionsTest-1272714683 tempest-VolumesActionsTest-1272714683-project-member] Calling method 'show' {{(pid=96844) _process_stack /opt/stack/cinder/cinder/api/openstack/wsgi.py:878}}
Jul 03 14:53:16.195012 np0000004433 devstack@c-api.service[96844]: /opt/stack/data/venv/lib/python3.12/site-packages/oslo_context/context.py:102: DeprecationWarning: Policy enforcement is depending on the value of is_admin. This key is deprecated. Please update your policy file to use the standard policy values.
Jul 03 14:53:16.195012 np0000004433 devstack@c-api.service[96844]: warnings.warn(
Jul 03 14:53:16.198404 np0000004433 devstack@c-api.service[96843]: INFO cinder.api.openstack.wsgi [None req-6079fd8a-7338-432d-99fe-fcddc1949cc2 tempest-GroupSnapshotsV319Test-1310879902 tempest-GroupSnapshotsV319Test-1310879902-project-member] https://10.4.3.7/volume/v3/groups/63aeff39-dc64-407b-a647-2faae0c6039c/action returned with HTTP 202
Jul 03 14:53:16.198898 np0000004433 devstack@c-api.service[96843]: [pid: 96843|app: 0|req: 132/396] 10.4.3.7 () {70 vars in 1414 bytes} [Fri Jul 3 14:53:16 2026] POST /volume/v3/groups/63aeff39-dc64-407b-a647-2faae0c6039c/action => generated 0 bytes in 84 msecs (HTTP/1.1 202) 6 headers in 234 bytes (1 switches on core 0)
Jul 03 14:53:16.203668 np0000004433 devstack@c-api.service[96844]: INFO cinder.volume.api [None req-a9d41a9d-9d3d-4bf0-ae4b-8d35805fa266 tempest-VolumesActionsTest-1272714683 tempest-VolumesActionsTest-1272714683-project-member] Volume info retrieved successfully.
Jul 03 14:53:16.209030 np0000004433 devstack@c-api.service[96842]: DEBUG cinder.api.middleware.request_id [None req-8a800b0c-be1c-4d89-910b-71204b677016 None None] RequestId filter calling following filter/app {{(pid=96842) _context_setter /opt/stack/cinder/cinder/api/middleware/request_id.py:62}}
Jul 03 14:53:16.211098 np0000004433 devstack@c-api.service[96842]: INFO cinder.api.openstack.wsgi [None req-8a800b0c-be1c-4d89-910b-71204b677016 tempest-GroupSnapshotsV319Test-1310879902 tempest-GroupSnapshotsV319Test-1310879902-project-member] GET https://10.4.3.7/volume/v3/volumes/0a73e8c5-b8fd-4391-9ce1-dc2f5a7fa770
Jul 03 14:53:16.211366 np0000004433 devstack@c-api.service[96842]: DEBUG cinder.api.openstack.wsgi [None req-8a800b0c-be1c-4d89-910b-71204b677016 tempest-GroupSnapshotsV319Test-1310879902 tempest-GroupSnapshotsV319Test-1310879902-project-member] Empty body provided in request {{(pid=96842) get_body /opt/stack/cinder/cinder/api/openstack/wsgi.py:725}}
Jul 03 14:53:16.211613 np0000004433 devstack@c-api.service[96842]: DEBUG cinder.api.openstack.wsgi [None req-8a800b0c-be1c-4d89-910b-71204b677016 tempest-GroupSnapshotsV319Test-1310879902 tempest-GroupSnapshotsV319Test-1310879902-project-member] Calling method 'show' {{(pid=96842) _process_stack /opt/stack/cinder/cinder/api/openstack/wsgi.py:878}}
Jul 03 14:53:16.212150 np0000004433 devstack@c-api.service[96844]: INFO cinder.api.openstack.wsgi [None req-a9d41a9d-9d3d-4bf0-ae4b-8d35805fa266 tempest-VolumesActionsTest-1272714683 tempest-VolumesActionsTest-1272714683-project-member] https://10.4.3.7/volume/v3/volumes/4807348d-033a-4180-a6a4-788f41fac40a returned with HTTP 200
Jul 03 14:53:16.213174 np0000004433 devstack@c-api.service[96844]: [pid: 96844|app: 0|req: 137/397] 10.4.3.7 () {66 vars in 1334 bytes} [Fri Jul 3 14:53:16 2026] GET /volume/v3/volumes/4807348d-033a-4180-a6a4-788f41fac40a => generated 837 bytes in 32 msecs (HTTP/1.1 200) 7 headers in 285 bytes (1 switches on core 0)
Jul 03 14:53:16.220230 np0000004433 devstack@c-api.service[96842]: /opt/stack/data/venv/lib/python3.12/site-packages/oslo_context/context.py:102: DeprecationWarning: Policy enforcement is depending on the value of is_admin. This key is deprecated. Please update your policy file to use the standard policy values.
Jul 03 14:53:16.220230 np0000004433 devstack@c-api.service[96842]: warnings.warn(
Jul 03 14:53:16.227854 np0000004433 devstack@c-api.service[96842]: INFO cinder.volume.api [None req-8a800b0c-be1c-4d89-910b-71204b677016 tempest-GroupSnapshotsV319Test-1310879902 tempest-GroupSnapshotsV319Test-1310879902-project-member] Volume info retrieved successfully.
Jul 03 14:53:16.228869 np0000004433 devstack@c-api.service[96842]: WARNING stevedore.named [None req-8a800b0c-be1c-4d89-910b-71204b677016 tempest-GroupSnapshotsV319Test-1310879902 tempest-GroupSnapshotsV319Test-1310879902-project-member] Could not load cinder.keymgr.conf_key_mgr.ConfKeyManager
Jul 03 14:53:16.228869 np0000004433 devstack@c-api.service[96842]: WARNING castellan.key_manager [None req-8a800b0c-be1c-4d89-910b-71204b677016 tempest-GroupSnapshotsV319Test-1310879902 tempest-GroupSnapshotsV319Test-1310879902-project-member] Deprecation Warning : cinder.keymgr.conf_key_mgr.ConfKeyManager is not a stevedore based driver, trying to load it as a class: stevedore.exception.NoMatches: No 'castellan.drivers' driver found, looking for 'cinder.keymgr.conf_key_mgr.ConfKeyManager'
Jul 03 14:53:16.234825 np0000004433 devstack@c-api.service[96843]: DEBUG cinder.api.middleware.request_id [None req-eb9f0071-fd2c-4cda-bd5b-413ad92c4be4 None None] RequestId filter calling following filter/app {{(pid=96843) _context_setter /opt/stack/cinder/cinder/api/middleware/request_id.py:62}}
Jul 03 14:53:16.237771 np0000004433 devstack@c-api.service[96843]: INFO cinder.api.openstack.wsgi [None req-eb9f0071-fd2c-4cda-bd5b-413ad92c4be4 tempest-VolumesActionsTest-1272714683 tempest-VolumesActionsTest-1272714683-project-member] DELETE https://10.4.3.7/volume/v3/volumes/4807348d-033a-4180-a6a4-788f41fac40a
Jul 03 14:53:16.237771 np0000004433 devstack@c-api.service[96843]: DEBUG cinder.api.openstack.wsgi [None req-eb9f0071-fd2c-4cda-bd5b-413ad92c4be4 tempest-VolumesActionsTest-1272714683 tempest-VolumesActionsTest-1272714683-project-member] Empty body provided in request {{(pid=96843) get_body /opt/stack/cinder/cinder/api/openstack/wsgi.py:725}}
Jul 03 14:53:16.238141 np0000004433 devstack@c-api.service[96843]: DEBUG cinder.api.openstack.wsgi [None req-eb9f0071-fd2c-4cda-bd5b-413ad92c4be4 tempest-VolumesActionsTest-1272714683 tempest-VolumesActionsTest-1272714683-project-member] Calling method 'delete' {{(pid=96843) _process_stack /opt/stack/cinder/cinder/api/openstack/wsgi.py:878}}
Jul 03 14:53:16.238394 np0000004433 devstack@c-api.service[96843]: INFO cinder.api.v3.volumes [None req-eb9f0071-fd2c-4cda-bd5b-413ad92c4be4 tempest-VolumesActionsTest-1272714683 tempest-VolumesActionsTest-1272714683-project-member] Delete volume with id: 4807348d-033a-4180-a6a4-788f41fac40a
Jul 03 14:53:16.246895 np0000004433 devstack@c-api.service[96843]: /opt/stack/data/venv/lib/python3.12/site-packages/oslo_context/context.py:102: DeprecationWarning: Policy enforcement is depending on the value of is_admin. This key is deprecated. Please update your policy file to use the standard policy values.
Jul 03 14:53:16.246895 np0000004433 devstack@c-api.service[96843]: warnings.warn(
Jul 03 14:53:16.247376 np0000004433 devstack@c-api.service[96843]: INFO cinder.volume.api [None req-eb9f0071-fd2c-4cda-bd5b-413ad92c4be4 tempest-VolumesActionsTest-1272714683 tempest-VolumesActionsTest-1272714683-project-member] Volume info retrieved successfully.
Jul 03 14:53:16.268214 np0000004433 devstack@c-api.service[96842]: DEBUG oslo_db.sqlalchemy.engines [None req-8a800b0c-be1c-4d89-910b-71204b677016 tempest-GroupSnapshotsV319Test-1310879902 tempest-GroupSnapshotsV319Test-1310879902-project-member] MySQL server mode set to STRICT_TRANS_TABLES,STRICT_ALL_TABLES,NO_ZERO_IN_DATE,NO_ZERO_DATE,ERROR_FOR_DIVISION_BY_ZERO,TRADITIONAL,NO_ENGINE_SUBSTITUTION {{(pid=96842) _check_effective_sql_mode /opt/stack/data/venv/lib/python3.12/site-packages/oslo_db/sqlalchemy/engines.py:325}}
Jul 03 14:53:16.275227 np0000004433 devstack@c-api.service[96842]: /opt/stack/data/venv/lib/python3.12/site-packages/oslo_context/context.py:102: DeprecationWarning: Policy enforcement is depending on the value of is_admin. This key is deprecated. Please update your policy file to use the standard policy values.
Jul 03 14:53:16.275227 np0000004433 devstack@c-api.service[96842]: warnings.warn(
Jul 03 14:53:16.298362 np0000004433 devstack@c-api.service[96842]: INFO cinder.api.openstack.wsgi [None req-8a800b0c-be1c-4d89-910b-71204b677016 tempest-GroupSnapshotsV319Test-1310879902 tempest-GroupSnapshotsV319Test-1310879902-project-member] https://10.4.3.7/volume/v3/volumes/0a73e8c5-b8fd-4391-9ce1-dc2f5a7fa770 returned with HTTP 200
Jul 03 14:53:16.298896 np0000004433 devstack@c-api.service[96842]: [pid: 96842|app: 0|req: 129/398] 10.4.3.7 () {68 vars in 1375 bytes} [Fri Jul 3 14:53:16 2026] GET /volume/v3/volumes/0a73e8c5-b8fd-4391-9ce1-dc2f5a7fa770 => generated 914 bytes in 90 msecs (HTTP/1.1 200) 7 headers in 286 bytes (1 switches on core 0)
Jul 03 14:53:16.317019 np0000004433 devstack@c-api.service[96843]: INFO cinder.volume.api [None req-eb9f0071-fd2c-4cda-bd5b-413ad92c4be4 tempest-VolumesActionsTest-1272714683 tempest-VolumesActionsTest-1272714683-project-member] Delete volume request issued successfully.
Jul 03 14:53:16.317317 np0000004433 devstack@c-api.service[96843]: INFO cinder.api.openstack.wsgi [None req-eb9f0071-fd2c-4cda-bd5b-413ad92c4be4 tempest-VolumesActionsTest-1272714683 tempest-VolumesActionsTest-1272714683-project-member] https://10.4.3.7/volume/v3/volumes/4807348d-033a-4180-a6a4-788f41fac40a returned with HTTP 202
Jul 03 14:53:16.317963 np0000004433 devstack@c-api.service[96843]: [pid: 96843|app: 0|req: 133/399] 10.4.3.7 () {66 vars in 1337 bytes} [Fri Jul 3 14:53:16 2026] DELETE /volume/v3/volumes/4807348d-033a-4180-a6a4-788f41fac40a => generated 0 bytes in 85 msecs (HTTP/1.1 202) 6 headers in 233 bytes (1 switches on core 0)
Jul 03 14:53:16.327386 np0000004433 devstack@c-api.service[96844]: DEBUG cinder.api.middleware.request_id [None req-41f86f52-b175-46ae-b9cc-47e2f67c26a9 None None] RequestId filter calling following filter/app {{(pid=96844) _context_setter /opt/stack/cinder/cinder/api/middleware/request_id.py:62}}
Jul 03 14:53:16.330184 np0000004433 devstack@c-api.service[96844]: INFO cinder.api.openstack.wsgi [None req-41f86f52-b175-46ae-b9cc-47e2f67c26a9 tempest-VolumesActionsTest-1272714683 tempest-VolumesActionsTest-1272714683-project-member] GET https://10.4.3.7/volume/v3/volumes/4807348d-033a-4180-a6a4-788f41fac40a
Jul 03 14:53:16.330874 np0000004433 devstack@c-api.service[96844]: DEBUG cinder.api.openstack.wsgi [None req-41f86f52-b175-46ae-b9cc-47e2f67c26a9 tempest-VolumesActionsTest-1272714683 tempest-VolumesActionsTest-1272714683-project-member] Empty body provided in request {{(pid=96844) get_body /opt/stack/cinder/cinder/api/openstack/wsgi.py:725}}
Jul 03 14:53:16.331043 np0000004433 devstack@c-api.service[96844]: DEBUG cinder.api.openstack.wsgi [None req-41f86f52-b175-46ae-b9cc-47e2f67c26a9 tempest-VolumesActionsTest-1272714683 tempest-VolumesActionsTest-1272714683-project-member] Calling method 'show' {{(pid=96844) _process_stack /opt/stack/cinder/cinder/api/openstack/wsgi.py:878}}
Jul 03 14:53:16.341807 np0000004433 devstack@c-api.service[96844]: /opt/stack/data/venv/lib/python3.12/site-packages/oslo_context/context.py:102: DeprecationWarning: Policy enforcement is depending on the value of is_admin. This key is deprecated. Please update your policy file to use the standard policy values.
Jul 03 14:53:16.341807 np0000004433 devstack@c-api.service[96844]: warnings.warn(
Jul 03 14:53:16.346859 np0000004433 devstack@c-api.service[96844]: INFO cinder.volume.api [None req-41f86f52-b175-46ae-b9cc-47e2f67c26a9 tempest-VolumesActionsTest-1272714683 tempest-VolumesActionsTest-1272714683-project-member] Volume info retrieved successfully.
Jul 03 14:53:16.354202 np0000004433 devstack@c-api.service[96844]: INFO cinder.api.openstack.wsgi [None req-41f86f52-b175-46ae-b9cc-47e2f67c26a9 tempest-VolumesActionsTest-1272714683 tempest-VolumesActionsTest-1272714683-project-member] https://10.4.3.7/volume/v3/volumes/4807348d-033a-4180-a6a4-788f41fac40a returned with HTTP 200
Jul 03 14:53:16.355008 np0000004433 devstack@c-api.service[96844]: [pid: 96844|app: 0|req: 138/400] 10.4.3.7 () {66 vars in 1334 bytes} [Fri Jul 3 14:53:16 2026] GET /volume/v3/volumes/4807348d-033a-4180-a6a4-788f41fac40a => generated 836 bytes in 28 msecs (HTTP/1.1 200) 7 headers in 285 bytes (1 switches on core 0)
Jul 03 14:53:17.313891 np0000004433 devstack@c-api.service[96842]: DEBUG cinder.api.middleware.request_id [None req-00eb899f-f78f-40a3-94ee-4dafe2f64f57 None None] RequestId filter calling following filter/app {{(pid=96842) _context_setter /opt/stack/cinder/cinder/api/middleware/request_id.py:62}}
Jul 03 14:53:17.317172 np0000004433 devstack@c-api.service[96842]: INFO cinder.api.openstack.wsgi [None req-00eb899f-f78f-40a3-94ee-4dafe2f64f57 tempest-GroupSnapshotsV319Test-1310879902 tempest-GroupSnapshotsV319Test-1310879902-project-member] GET https://10.4.3.7/volume/v3/volumes/0a73e8c5-b8fd-4391-9ce1-dc2f5a7fa770
Jul 03 14:53:17.317172 np0000004433 devstack@c-api.service[96842]: DEBUG cinder.api.openstack.wsgi [None req-00eb899f-f78f-40a3-94ee-4dafe2f64f57 tempest-GroupSnapshotsV319Test-1310879902 tempest-GroupSnapshotsV319Test-1310879902-project-member] Empty body provided in request {{(pid=96842) get_body /opt/stack/cinder/cinder/api/openstack/wsgi.py:725}}
Jul 03 14:53:17.317340 np0000004433 devstack@c-api.service[96842]: DEBUG cinder.api.openstack.wsgi [None req-00eb899f-f78f-40a3-94ee-4dafe2f64f57 tempest-GroupSnapshotsV319Test-1310879902 tempest-GroupSnapshotsV319Test-1310879902-project-member] Calling method 'show' {{(pid=96842) _process_stack /opt/stack/cinder/cinder/api/openstack/wsgi.py:878}}
Jul 03 14:53:17.325789 np0000004433 devstack@c-api.service[96842]: INFO cinder.api.openstack.wsgi [None req-00eb899f-f78f-40a3-94ee-4dafe2f64f57 tempest-GroupSnapshotsV319Test-1310879902 tempest-GroupSnapshotsV319Test-1310879902-project-member] https://10.4.3.7/volume/v3/volumes/0a73e8c5-b8fd-4391-9ce1-dc2f5a7fa770 returned with HTTP 404
Jul 03 14:53:17.326829 np0000004433 devstack@c-api.service[96842]: [pid: 96842|app: 0|req: 130/401] 10.4.3.7 () {68 vars in 1375 bytes} [Fri Jul 3 14:53:17 2026] GET /volume/v3/volumes/0a73e8c5-b8fd-4391-9ce1-dc2f5a7fa770 => generated 109 bytes in 13 msecs (HTTP/1.1 404) 7 headers in 293 bytes (1 switches on core 0)
Jul 03 14:53:17.340094 np0000004433 devstack@c-api.service[96843]: DEBUG cinder.api.middleware.request_id [None req-0c0fe39b-997a-4396-b612-57926087a2d9 None None] RequestId filter calling following filter/app {{(pid=96843) _context_setter /opt/stack/cinder/cinder/api/middleware/request_id.py:62}}
Jul 03 14:53:17.342067 np0000004433 devstack@c-api.service[96843]: INFO cinder.api.openstack.wsgi [None req-0c0fe39b-997a-4396-b612-57926087a2d9 tempest-GroupSnapshotsV319Test-1310879902 tempest-GroupSnapshotsV319Test-1310879902-project-member] GET https://10.4.3.7/volume/v3/groups/63aeff39-dc64-407b-a647-2faae0c6039c
Jul 03 14:53:17.342384 np0000004433 devstack@c-api.service[96843]: DEBUG cinder.api.openstack.wsgi [None req-0c0fe39b-997a-4396-b612-57926087a2d9 tempest-GroupSnapshotsV319Test-1310879902 tempest-GroupSnapshotsV319Test-1310879902-project-member] Empty body provided in request {{(pid=96843) get_body /opt/stack/cinder/cinder/api/openstack/wsgi.py:725}}
Jul 03 14:53:17.342688 np0000004433 devstack@c-api.service[96843]: DEBUG cinder.api.openstack.wsgi [None req-0c0fe39b-997a-4396-b612-57926087a2d9 tempest-GroupSnapshotsV319Test-1310879902 tempest-GroupSnapshotsV319Test-1310879902-project-member] Calling method 'version_select' {{(pid=96843) _process_stack /opt/stack/cinder/cinder/api/openstack/wsgi.py:878}}
Jul 03 14:53:17.342882 np0000004433 devstack@c-api.service[96843]: DEBUG cinder.api.v3.groups [None req-0c0fe39b-997a-4396-b612-57926087a2d9 tempest-GroupSnapshotsV319Test-1310879902 tempest-GroupSnapshotsV319Test-1310879902-project-member] show called for member 63aeff39-dc64-407b-a647-2faae0c6039c {{(pid=96843) show /opt/stack/cinder/cinder/api/v3/groups.py:58}}
Jul 03 14:53:17.346835 np0000004433 devstack@c-api.service[96843]: INFO cinder.api.openstack.wsgi [None req-0c0fe39b-997a-4396-b612-57926087a2d9 tempest-GroupSnapshotsV319Test-1310879902 tempest-GroupSnapshotsV319Test-1310879902-project-member] https://10.4.3.7/volume/v3/groups/63aeff39-dc64-407b-a647-2faae0c6039c returned with HTTP 404
Jul 03 14:53:17.347524 np0000004433 devstack@c-api.service[96843]: [pid: 96843|app: 0|req: 134/402] 10.4.3.7 () {68 vars in 1372 bytes} [Fri Jul 3 14:53:17 2026] GET /volume/v3/groups/63aeff39-dc64-407b-a647-2faae0c6039c => generated 108 bytes in 8 msecs (HTTP/1.1 404) 7 headers in 293 bytes (1 switches on core 0)
Jul 03 14:53:17.358574 np0000004433 devstack@c-api.service[96844]: DEBUG cinder.api.middleware.request_id [None req-c5aa0406-2a79-4cea-ae63-4ea9813ce98b None None] RequestId filter calling following filter/app {{(pid=96844) _context_setter /opt/stack/cinder/cinder/api/middleware/request_id.py:62}}
Jul 03 14:53:17.359209 np0000004433 devstack@c-api.service[96844]: INFO cinder.api.openstack.wsgi [None req-c5aa0406-2a79-4cea-ae63-4ea9813ce98b tempest-GroupSnapshotsV319Test-971728320 tempest-GroupSnapshotsV319Test-971728320-project-admin] DELETE https://10.4.3.7/volume/v3/group_types/a0f5e77f-b90d-4ac0-8266-fa05b5020f2c
Jul 03 14:53:17.359460 np0000004433 devstack@c-api.service[96844]: DEBUG cinder.api.openstack.wsgi [None req-c5aa0406-2a79-4cea-ae63-4ea9813ce98b tempest-GroupSnapshotsV319Test-971728320 tempest-GroupSnapshotsV319Test-971728320-project-admin] Empty body provided in request {{(pid=96844) get_body /opt/stack/cinder/cinder/api/openstack/wsgi.py:725}}
Jul 03 14:53:17.359726 np0000004433 devstack@c-api.service[96844]: DEBUG cinder.api.openstack.wsgi [None req-c5aa0406-2a79-4cea-ae63-4ea9813ce98b tempest-GroupSnapshotsV319Test-971728320 tempest-GroupSnapshotsV319Test-971728320-project-admin] Calling method 'version_select' {{(pid=96844) _process_stack /opt/stack/cinder/cinder/api/openstack/wsgi.py:878}}
Jul 03 14:53:17.375898 np0000004433 devstack@c-api.service[96842]: DEBUG cinder.api.middleware.request_id [None req-c4e76339-ca09-45e5-b124-74d71331d6ca None None] RequestId filter calling following filter/app {{(pid=96842) _context_setter /opt/stack/cinder/cinder/api/middleware/request_id.py:62}}
Jul 03 14:53:17.381813 np0000004433 devstack@c-api.service[96842]: INFO cinder.api.openstack.wsgi [None req-c4e76339-ca09-45e5-b124-74d71331d6ca tempest-VolumesActionsTest-1272714683 tempest-VolumesActionsTest-1272714683-project-member] GET https://10.4.3.7/volume/v3/volumes/4807348d-033a-4180-a6a4-788f41fac40a
Jul 03 14:53:17.382091 np0000004433 devstack@c-api.service[96842]: DEBUG cinder.api.openstack.wsgi [None req-c4e76339-ca09-45e5-b124-74d71331d6ca tempest-VolumesActionsTest-1272714683 tempest-VolumesActionsTest-1272714683-project-member] Empty body provided in request {{(pid=96842) get_body /opt/stack/cinder/cinder/api/openstack/wsgi.py:725}}
Jul 03 14:53:17.383003 np0000004433 devstack@c-api.service[96842]: DEBUG cinder.api.openstack.wsgi [None req-c4e76339-ca09-45e5-b124-74d71331d6ca tempest-VolumesActionsTest-1272714683 tempest-VolumesActionsTest-1272714683-project-member] Calling method 'show' {{(pid=96842) _process_stack /opt/stack/cinder/cinder/api/openstack/wsgi.py:878}}
Jul 03 14:53:17.396735 np0000004433 devstack@c-api.service[96844]: INFO cinder.api.openstack.wsgi [None req-c5aa0406-2a79-4cea-ae63-4ea9813ce98b tempest-GroupSnapshotsV319Test-971728320 tempest-GroupSnapshotsV319Test-971728320-project-admin] https://10.4.3.7/volume/v3/group_types/a0f5e77f-b90d-4ac0-8266-fa05b5020f2c returned with HTTP 202
Jul 03 14:53:17.397185 np0000004433 devstack@c-api.service[96844]: [pid: 96844|app: 0|req: 139/403] 10.4.3.7 () {68 vars in 1390 bytes} [Fri Jul 3 14:53:17 2026] DELETE /volume/v3/group_types/a0f5e77f-b90d-4ac0-8266-fa05b5020f2c => generated 0 bytes in 41 msecs (HTTP/1.1 202) 6 headers in 234 bytes (1 switches on core 0)
Jul 03 14:53:17.400391 np0000004433 devstack@c-api.service[96842]: INFO cinder.api.openstack.wsgi [None req-c4e76339-ca09-45e5-b124-74d71331d6ca tempest-VolumesActionsTest-1272714683 tempest-VolumesActionsTest-1272714683-project-member] https://10.4.3.7/volume/v3/volumes/4807348d-033a-4180-a6a4-788f41fac40a returned with HTTP 404
Jul 03 14:53:17.401588 np0000004433 devstack@c-api.service[96842]: [pid: 96842|app: 0|req: 131/404] 10.4.3.7 () {66 vars in 1334 bytes} [Fri Jul 3 14:53:17 2026] GET /volume/v3/volumes/4807348d-033a-4180-a6a4-788f41fac40a => generated 109 bytes in 26 msecs (HTTP/1.1 404) 7 headers in 292 bytes (1 switches on core 0)
Jul 03 14:53:17.405678 np0000004433 devstack@c-api.service[96843]: DEBUG cinder.api.middleware.request_id [None req-464eaaa2-8909-437c-bca9-390c0fb565b3 None None] RequestId filter calling following filter/app {{(pid=96843) _context_setter /opt/stack/cinder/cinder/api/middleware/request_id.py:62}}
Jul 03 14:53:17.407571 np0000004433 devstack@c-api.service[96843]: INFO cinder.api.openstack.wsgi [None req-464eaaa2-8909-437c-bca9-390c0fb565b3 tempest-GroupSnapshotsV319Test-971728320 tempest-GroupSnapshotsV319Test-971728320-project-admin] DELETE https://10.4.3.7/volume/v3/types/ba7826d8-cac9-4105-a496-c5db75859c6d
Jul 03 14:53:17.407801 np0000004433 devstack@c-api.service[96843]: DEBUG cinder.api.openstack.wsgi [None req-464eaaa2-8909-437c-bca9-390c0fb565b3 tempest-GroupSnapshotsV319Test-971728320 tempest-GroupSnapshotsV319Test-971728320-project-admin] Empty body provided in request {{(pid=96843) get_body /opt/stack/cinder/cinder/api/openstack/wsgi.py:725}}
Jul 03 14:53:17.408023 np0000004433 devstack@c-api.service[96843]: DEBUG cinder.api.openstack.wsgi [None req-464eaaa2-8909-437c-bca9-390c0fb565b3 tempest-GroupSnapshotsV319Test-971728320 tempest-GroupSnapshotsV319Test-971728320-project-admin] Calling method '_delete' {{(pid=96843) _process_stack /opt/stack/cinder/cinder/api/openstack/wsgi.py:878}}
Jul 03 14:53:17.447171 np0000004433 devstack@c-api.service[96843]: INFO cinder.api.openstack.wsgi [None req-464eaaa2-8909-437c-bca9-390c0fb565b3 tempest-GroupSnapshotsV319Test-971728320 tempest-GroupSnapshotsV319Test-971728320-project-admin] https://10.4.3.7/volume/v3/types/ba7826d8-cac9-4105-a496-c5db75859c6d returned with HTTP 202
Jul 03 14:53:17.447765 np0000004433 devstack@c-api.service[96843]: [pid: 96843|app: 0|req: 135/405] 10.4.3.7 () {66 vars in 1331 bytes} [Fri Jul 3 14:53:17 2026] DELETE /volume/v3/types/ba7826d8-cac9-4105-a496-c5db75859c6d => generated 0 bytes in 42 msecs (HTTP/1.1 202) 6 headers in 233 bytes (1 switches on core 0)
Jul 03 14:53:17.456927 np0000004433 devstack@c-api.service[96844]: DEBUG cinder.api.middleware.request_id [None req-c488b030-0c3a-4bd4-a99d-480287136f63 None None] RequestId filter calling following filter/app {{(pid=96844) _context_setter /opt/stack/cinder/cinder/api/middleware/request_id.py:62}}
Jul 03 14:53:17.460986 np0000004433 devstack@c-api.service[96844]: INFO cinder.api.openstack.wsgi [None req-c488b030-0c3a-4bd4-a99d-480287136f63 tempest-GroupSnapshotsV319Test-971728320 tempest-GroupSnapshotsV319Test-971728320-project-admin] GET https://10.4.3.7/volume/v3/types/ba7826d8-cac9-4105-a496-c5db75859c6d
Jul 03 14:53:17.460986 np0000004433 devstack@c-api.service[96844]: DEBUG cinder.api.openstack.wsgi [None req-c488b030-0c3a-4bd4-a99d-480287136f63 tempest-GroupSnapshotsV319Test-971728320 tempest-GroupSnapshotsV319Test-971728320-project-admin] Empty body provided in request {{(pid=96844) get_body /opt/stack/cinder/cinder/api/openstack/wsgi.py:725}}
Jul 03 14:53:17.460986 np0000004433 devstack@c-api.service[96844]: DEBUG cinder.api.openstack.wsgi [None req-c488b030-0c3a-4bd4-a99d-480287136f63 tempest-GroupSnapshotsV319Test-971728320 tempest-GroupSnapshotsV319Test-971728320-project-admin] Calling method 'show' {{(pid=96844) _process_stack /opt/stack/cinder/cinder/api/openstack/wsgi.py:878}}
Jul 03 14:53:17.467476 np0000004433 devstack@c-api.service[96844]: INFO cinder.api.openstack.wsgi [None req-c488b030-0c3a-4bd4-a99d-480287136f63 tempest-GroupSnapshotsV319Test-971728320 tempest-GroupSnapshotsV319Test-971728320-project-admin] https://10.4.3.7/volume/v3/types/ba7826d8-cac9-4105-a496-c5db75859c6d returned with HTTP 404
Jul 03 14:53:17.468331 np0000004433 devstack@c-api.service[96844]: [pid: 96844|app: 0|req: 140/406] 10.4.3.7 () {66 vars in 1328 bytes} [Fri Jul 3 14:53:17 2026] GET /volume/v3/types/ba7826d8-cac9-4105-a496-c5db75859c6d => generated 114 bytes in 12 msecs (HTTP/1.1 404) 7 headers in 292 bytes (1 switches on core 0)
Jul 03 14:53:20.672605 np0000004433 devstack@c-api.service[96842]: DEBUG cinder.api.middleware.request_id [None req-ee5f6a65-991a-4a6d-bfcb-dc28c6f5703c None None] RequestId filter calling following filter/app {{(pid=96842) _context_setter /opt/stack/cinder/cinder/api/middleware/request_id.py:62}}
Jul 03 14:53:20.807295 np0000004433 devstack@c-api.service[96842]: INFO cinder.api.openstack.wsgi [None req-ee5f6a65-991a-4a6d-bfcb-dc28c6f5703c tempest-GroupTypesTest-828750697 tempest-GroupTypesTest-828750697-project-admin] POST https://10.4.3.7/volume/v3/group_types
Jul 03 14:53:20.807295 np0000004433 devstack@c-api.service[96842]: DEBUG cinder.api.openstack.wsgi [None req-ee5f6a65-991a-4a6d-bfcb-dc28c6f5703c tempest-GroupTypesTest-828750697 tempest-GroupTypesTest-828750697-project-admin] Action: 'create', calling method: version_select, body: {"group_type": {"name": "tempest-GroupTypesTest-group-type-2118318189", "description": "tempest-group-type-description-1481391072", "group_specs": {"consistent_group_snapshot_enabled": " False"}, "is_public": true}} {{(pid=96842) _process_stack /opt/stack/cinder/cinder/api/openstack/wsgi.py:876}}
Jul 03 14:53:20.815117 np0000004433 devstack@c-api.service[96842]: DEBUG dbcounter [-] [96842] Writing DB stats cinder:SELECT=362,cinder:UPDATE=65,cinder:INSERT=32,cinder:DELETE=2 {{(pid=96842) stat_writer /opt/stack/data/venv/lib/python3.12/site-packages/dbcounter.py:115}}
Jul 03 14:53:20.837642 np0000004433 devstack@c-api.service[96842]: INFO cinder.api.openstack.wsgi [None req-ee5f6a65-991a-4a6d-bfcb-dc28c6f5703c tempest-GroupTypesTest-828750697 tempest-GroupTypesTest-828750697-project-admin] https://10.4.3.7/volume/v3/group_types returned with HTTP 202
Jul 03 14:53:20.837642 np0000004433 devstack@c-api.service[96842]: [pid: 96842|app: 0|req: 132/407] 10.4.3.7 () {70 vars in 1298 bytes} [Fri Jul 3 14:53:20 2026] POST /volume/v3/group_types => generated 265 bytes in 160 msecs (HTTP/1.1 202) 7 headers in 292 bytes (1 switches on core 0)
Jul 03 14:53:20.841367 np0000004433 devstack@c-api.service[96843]: DEBUG cinder.api.middleware.request_id [None req-3c9fecd8-fa0d-40b6-8f4f-e5aa6157317c None None] RequestId filter calling following filter/app {{(pid=96843) _context_setter /opt/stack/cinder/cinder/api/middleware/request_id.py:62}}
Jul 03 14:53:20.844049 np0000004433 devstack@c-api.service[96843]: INFO cinder.api.openstack.wsgi [None req-3c9fecd8-fa0d-40b6-8f4f-e5aa6157317c tempest-GroupTypesTest-828750697 tempest-GroupTypesTest-828750697-project-admin] GET https://10.4.3.7/volume/v3/group_types
