Jul 03 14:54:44.654515 np0000004433 devstack@g-api.service[99574]: DEBUG glance.api.middleware.version_negotiation [None req-84c86443-07c3-47ac-bb8d-93d12d30f82e tempest-ServerActionsTestOtherA-878900024 tempest-ServerActionsTestOtherA-878900024-project-member] Matched version: v2 {{(pid=99574) process_request /opt/stack/glance/glance/api/middleware/version_negotiation.py:69}}
Jul 03 14:54:44.654515 np0000004433 devstack@g-api.service[99574]: DEBUG glance.api.middleware.version_negotiation [None req-84c86443-07c3-47ac-bb8d-93d12d30f82e tempest-ServerActionsTestOtherA-878900024 tempest-ServerActionsTestOtherA-878900024-project-member] new path /v2/images/91ffe730-de98-47b9-9ffc-d2e99f9d738f {{(pid=99574) process_request /opt/stack/glance/glance/api/middleware/version_negotiation.py:70}}
Jul 03 14:54:44.666294 np0000004433 devstack@g-api.service[99574]: [pid: 99574|app: 0|req: 65/190] 127.0.0.1 () {44 vars in 1107 bytes} [Fri Jul 3 14:54:44 2026] GET /v2/images/91ffe730-de98-47b9-9ffc-d2e99f9d738f => generated 1044 bytes in 12 msecs (HTTP/1.1 200) 4 headers in 158 bytes (1 switches on core 0)
Jul 03 14:54:44.715863 np0000004433 devstack@g-api.service[99572]: DEBUG glance.api.middleware.version_negotiation [None req-e3f42346-0cee-4760-9714-8ace230ff364 tempest-VolumesActionsTest-1668884237 tempest-VolumesActionsTest-1668884237-project-member] Determining version of request: GET /v2/images/91ffe730-de98-47b9-9ffc-d2e99f9d738f/file Accept: */* {{(pid=99572) process_request /opt/stack/glance/glance/api/middleware/version_negotiation.py:44}}
Jul 03 14:54:44.716115 np0000004433 devstack@g-api.service[99572]: DEBUG glance.api.middleware.version_negotiation [None req-e3f42346-0cee-4760-9714-8ace230ff364 tempest-VolumesActionsTest-1668884237 tempest-VolumesActionsTest-1668884237-project-member] Using url versioning {{(pid=99572) process_request /opt/stack/glance/glance/api/middleware/version_negotiation.py:57}}
Jul 03 14:54:44.716262 np0000004433 devstack@g-api.service[99572]: DEBUG glance.api.middleware.version_negotiation [None req-e3f42346-0cee-4760-9714-8ace230ff364 tempest-VolumesActionsTest-1668884237 tempest-VolumesActionsTest-1668884237-project-member] Matched version: v2 {{(pid=99572) process_request /opt/stack/glance/glance/api/middleware/version_negotiation.py:69}}
Jul 03 14:54:44.716428 np0000004433 devstack@g-api.service[99572]: DEBUG glance.api.middleware.version_negotiation [None req-e3f42346-0cee-4760-9714-8ace230ff364 tempest-VolumesActionsTest-1668884237 tempest-VolumesActionsTest-1668884237-project-member] new path /v2/images/91ffe730-de98-47b9-9ffc-d2e99f9d738f/file {{(pid=99572) process_request /opt/stack/glance/glance/api/middleware/version_negotiation.py:70}}
Jul 03 14:54:44.727111 np0000004433 devstack@g-api.service[99572]: DEBUG glance.api.middleware.cache [None req-84c86443-07c3-47ac-bb8d-93d12d30f82e tempest-ServerActionsTestOtherA-878900024 tempest-ServerActionsTestOtherA-878900024-project-member] Cache hit for image '91ffe730-de98-47b9-9ffc-d2e99f9d738f' {{(pid=99572) process_request /opt/stack/glance/glance/api/middleware/cache.py:160}}
Jul 03 14:54:44.804834 np0000004433 devstack@g-api.service[99572]: [pid: 99572|app: 0|req: 67/191] 127.0.0.1 () {44 vars in 1117 bytes} [Fri Jul 3 14:54:44 2026] GET /v2/images/91ffe730-de98-47b9-9ffc-d2e99f9d738f/file => generated 21233664 bytes in 89 msecs (HTTP/1.1 200) 5 headers in 217 bytes (327 switches on core 0)
Jul 03 14:54:44.930034 np0000004433 devstack@g-api.service[99574]: DEBUG glance.api.middleware.version_negotiation [None req-84c86443-07c3-47ac-bb8d-93d12d30f82e tempest-ServerActionsTestOtherA-878900024 tempest-ServerActionsTestOtherA-878900024-project-member] Determining version of request: GET /v2/images/91ffe730-de98-47b9-9ffc-d2e99f9d738f Accept: */* {{(pid=99574) process_request /opt/stack/glance/glance/api/middleware/version_negotiation.py:44}}
Jul 03 14:54:44.932328 np0000004433 devstack@g-api.service[99574]: DEBUG glance.api.middleware.version_negotiation [None req-84c86443-07c3-47ac-bb8d-93d12d30f82e tempest-ServerActionsTestOtherA-878900024 tempest-ServerActionsTestOtherA-878900024-project-member] Using url versioning {{(pid=99574) process_request /opt/stack/glance/glance/api/middleware/version_negotiation.py:57}}
Jul 03 14:54:44.932496 np0000004433 devstack@g-api.service[99574]: DEBUG glance.api.middleware.version_negotiation [None req-84c86443-07c3-47ac-bb8d-93d12d30f82e tempest-ServerActionsTestOtherA-878900024 tempest-ServerActionsTestOtherA-878900024-project-member] Matched version: v2 {{(pid=99574) process_request /opt/stack/glance/glance/api/middleware/version_negotiation.py:69}}
Jul 03 14:54:44.932707 np0000004433 devstack@g-api.service[99574]: DEBUG glance.api.middleware.version_negotiation [None req-84c86443-07c3-47ac-bb8d-93d12d30f82e tempest-ServerActionsTestOtherA-878900024 tempest-ServerActionsTestOtherA-878900024-project-member] new path /v2/images/91ffe730-de98-47b9-9ffc-d2e99f9d738f {{(pid=99574) process_request /opt/stack/glance/glance/api/middleware/version_negotiation.py:70}}
Jul 03 14:54:44.954059 np0000004433 devstack@g-api.service[99574]: [pid: 99574|app: 0|req: 66/192] 127.0.0.1 () {44 vars in 1107 bytes} [Fri Jul 3 14:54:44 2026] GET /v2/images/91ffe730-de98-47b9-9ffc-d2e99f9d738f => generated 1044 bytes in 24 msecs (HTTP/1.1 200) 4 headers in 158 bytes (1 switches on core 0)
Jul 03 14:54:44.992099 np0000004433 devstack@g-api.service[99572]: DEBUG glance.api.middleware.version_negotiation [None req-84c86443-07c3-47ac-bb8d-93d12d30f82e tempest-ServerActionsTestOtherA-878900024 tempest-ServerActionsTestOtherA-878900024-project-member] Determining version of request: GET /v2/schemas/image Accept: */* {{(pid=99572) process_request /opt/stack/glance/glance/api/middleware/version_negotiation.py:44}}
Jul 03 14:54:44.992326 np0000004433 devstack@g-api.service[99572]: DEBUG glance.api.middleware.version_negotiation [None req-84c86443-07c3-47ac-bb8d-93d12d30f82e tempest-ServerActionsTestOtherA-878900024 tempest-ServerActionsTestOtherA-878900024-project-member] Using url versioning {{(pid=99572) process_request /opt/stack/glance/glance/api/middleware/version_negotiation.py:57}}
Jul 03 14:54:44.992527 np0000004433 devstack@g-api.service[99572]: DEBUG glance.api.middleware.version_negotiation [None req-84c86443-07c3-47ac-bb8d-93d12d30f82e tempest-ServerActionsTestOtherA-878900024 tempest-ServerActionsTestOtherA-878900024-project-member] Matched version: v2 {{(pid=99572) process_request /opt/stack/glance/glance/api/middleware/version_negotiation.py:69}}
Jul 03 14:54:44.992755 np0000004433 devstack@g-api.service[99572]: DEBUG glance.api.middleware.version_negotiation [None req-84c86443-07c3-47ac-bb8d-93d12d30f82e tempest-ServerActionsTestOtherA-878900024 tempest-ServerActionsTestOtherA-878900024-project-member] new path /v2/schemas/image {{(pid=99572) process_request /opt/stack/glance/glance/api/middleware/version_negotiation.py:70}}
Jul 03 14:54:45.000100 np0000004433 devstack@g-api.service[99572]: [pid: 99572|app: 0|req: 68/193] 127.0.0.1 () {44 vars in 1047 bytes} [Fri Jul 3 14:54:44 2026] GET /v2/schemas/image => generated 6083 bytes in 8 msecs (HTTP/1.1 200) 4 headers in 158 bytes (1 switches on core 0)
Jul 03 14:54:45.053809 np0000004433 devstack@g-api.service[99573]: [pid: 99573|app: 0|req: 60/194] 127.0.0.1 () {46 vars in 1047 bytes} [Fri Jul 3 14:54:44 2026] POST /v2/images => generated 650 bytes in 643 msecs (HTTP/1.1 201) 6 headers in 315 bytes (1 switches on core 0)
Jul 03 14:54:45.063482 np0000004433 devstack@g-api.service[99574]: DEBUG glance.api.middleware.version_negotiation [None req-84c86443-07c3-47ac-bb8d-93d12d30f82e tempest-ServerActionsTestOtherA-878900024 tempest-ServerActionsTestOtherA-878900024-project-member] Determining version of request: GET /v2/schemas/image Accept: */* {{(pid=99574) process_request /opt/stack/glance/glance/api/middleware/version_negotiation.py:44}}
Jul 03 14:54:45.063622 np0000004433 devstack@g-api.service[99574]: DEBUG glance.api.middleware.version_negotiation [None req-84c86443-07c3-47ac-bb8d-93d12d30f82e tempest-ServerActionsTestOtherA-878900024 tempest-ServerActionsTestOtherA-878900024-project-member] Using url versioning {{(pid=99574) process_request /opt/stack/glance/glance/api/middleware/version_negotiation.py:57}}
Jul 03 14:54:45.063784 np0000004433 devstack@g-api.service[99574]: DEBUG glance.api.middleware.version_negotiation [None req-84c86443-07c3-47ac-bb8d-93d12d30f82e tempest-ServerActionsTestOtherA-878900024 tempest-ServerActionsTestOtherA-878900024-project-member] Matched version: v2 {{(pid=99574) process_request /opt/stack/glance/glance/api/middleware/version_negotiation.py:69}}
Jul 03 14:54:45.063868 np0000004433 devstack@g-api.service[99574]: DEBUG glance.api.middleware.version_negotiation [None req-84c86443-07c3-47ac-bb8d-93d12d30f82e tempest-ServerActionsTestOtherA-878900024 tempest-ServerActionsTestOtherA-878900024-project-member] new path /v2/schemas/image {{(pid=99574) process_request /opt/stack/glance/glance/api/middleware/version_negotiation.py:70}}
Jul 03 14:54:45.066505 np0000004433 devstack@g-api.service[99574]: [pid: 99574|app: 0|req: 67/195] 127.0.0.1 () {44 vars in 1047 bytes} [Fri Jul 3 14:54:45 2026] GET /v2/schemas/image => generated 6083 bytes in 3 msecs (HTTP/1.1 200) 4 headers in 158 bytes (1 switches on core 0)
Jul 03 14:54:45.082791 np0000004433 devstack@g-api.service[99572]: DEBUG glance.api.middleware.version_negotiation [None req-84c86443-07c3-47ac-bb8d-93d12d30f82e tempest-ServerActionsTestOtherA-878900024 tempest-ServerActionsTestOtherA-878900024-project-member] Determining version of request: GET /v2/images/0ca56619-7c37-44b5-98b9-abac8abf4789 Accept: application/json {{(pid=99572) process_request /opt/stack/glance/glance/api/middleware/version_negotiation.py:44}}
Jul 03 14:54:45.082990 np0000004433 devstack@g-api.service[99572]: DEBUG glance.api.middleware.version_negotiation [None req-84c86443-07c3-47ac-bb8d-93d12d30f82e tempest-ServerActionsTestOtherA-878900024 tempest-ServerActionsTestOtherA-878900024-project-member] Using url versioning {{(pid=99572) process_request /opt/stack/glance/glance/api/middleware/version_negotiation.py:57}}
Jul 03 14:54:45.083180 np0000004433 devstack@g-api.service[99572]: DEBUG glance.api.middleware.version_negotiation [None req-84c86443-07c3-47ac-bb8d-93d12d30f82e tempest-ServerActionsTestOtherA-878900024 tempest-ServerActionsTestOtherA-878900024-project-member] Matched version: v2 {{(pid=99572) process_request /opt/stack/glance/glance/api/middleware/version_negotiation.py:69}}
Jul 03 14:54:45.083302 np0000004433 devstack@g-api.service[99572]: DEBUG glance.api.middleware.version_negotiation [None req-84c86443-07c3-47ac-bb8d-93d12d30f82e tempest-ServerActionsTestOtherA-878900024 tempest-ServerActionsTestOtherA-878900024-project-member] new path /v2/images/0ca56619-7c37-44b5-98b9-abac8abf4789 {{(pid=99572) process_request /opt/stack/glance/glance/api/middleware/version_negotiation.py:70}}
Jul 03 14:54:45.098617 np0000004433 devstack@g-api.service[99572]: [pid: 99572|app: 0|req: 69/196] 127.0.0.1 () {40 vars in 830 bytes} [Fri Jul 3 14:54:45 2026] GET /v2/images/0ca56619-7c37-44b5-98b9-abac8abf4789 => generated 650 bytes in 17 msecs (HTTP/1.1 200) 4 headers in 157 bytes (1 switches on core 0)
Jul 03 14:54:45.724081 np0000004433 devstack@g-api.service[99573]: DEBUG glance.api.middleware.version_negotiation [None req-e3f42346-0cee-4760-9714-8ace230ff364 tempest-VolumesActionsTest-1668884237 tempest-VolumesActionsTest-1668884237-project-member] Determining version of request: PUT /v2/images/0ca56619-7c37-44b5-98b9-abac8abf4789/file Accept: */* {{(pid=99573) process_request /opt/stack/glance/glance/api/middleware/version_negotiation.py:44}}
Jul 03 14:54:45.724849 np0000004433 devstack@g-api.service[99573]: DEBUG glance.api.middleware.version_negotiation [None req-e3f42346-0cee-4760-9714-8ace230ff364 tempest-VolumesActionsTest-1668884237 tempest-VolumesActionsTest-1668884237-project-member] Using url versioning {{(pid=99573) process_request /opt/stack/glance/glance/api/middleware/version_negotiation.py:57}}
Jul 03 14:54:45.724849 np0000004433 devstack@g-api.service[99573]: DEBUG glance.api.middleware.version_negotiation [None req-e3f42346-0cee-4760-9714-8ace230ff364 tempest-VolumesActionsTest-1668884237 tempest-VolumesActionsTest-1668884237-project-member] Matched version: v2 {{(pid=99573) process_request /opt/stack/glance/glance/api/middleware/version_negotiation.py:69}}
Jul 03 14:54:45.724849 np0000004433 devstack@g-api.service[99573]: DEBUG glance.api.middleware.version_negotiation [None req-e3f42346-0cee-4760-9714-8ace230ff364 tempest-VolumesActionsTest-1668884237 tempest-VolumesActionsTest-1668884237-project-member] new path /v2/images/0ca56619-7c37-44b5-98b9-abac8abf4789/file {{(pid=99573) process_request /opt/stack/glance/glance/api/middleware/version_negotiation.py:70}}
Jul 03 14:54:46.107745 np0000004433 devstack@g-api.service[99574]: DEBUG glance.api.middleware.version_negotiation [None req-e3f42346-0cee-4760-9714-8ace230ff364 tempest-VolumesActionsTest-1668884237 tempest-VolumesActionsTest-1668884237-project-member] Determining version of request: GET /v2/images/0ca56619-7c37-44b5-98b9-abac8abf4789 Accept: application/json {{(pid=99574) process_request /opt/stack/glance/glance/api/middleware/version_negotiation.py:44}}
Jul 03 14:54:46.108172 np0000004433 devstack@g-api.service[99574]: DEBUG glance.api.middleware.version_negotiation [None req-e3f42346-0cee-4760-9714-8ace230ff364 tempest-VolumesActionsTest-1668884237 tempest-VolumesActionsTest-1668884237-project-member] Using url versioning {{(pid=99574) process_request /opt/stack/glance/glance/api/middleware/version_negotiation.py:57}}
Jul 03 14:54:46.108172 np0000004433 devstack@g-api.service[99574]: DEBUG glance.api.middleware.version_negotiation [None req-e3f42346-0cee-4760-9714-8ace230ff364 tempest-VolumesActionsTest-1668884237 tempest-VolumesActionsTest-1668884237-project-member] Matched version: v2 {{(pid=99574) process_request /opt/stack/glance/glance/api/middleware/version_negotiation.py:69}}
Jul 03 14:54:46.111577 np0000004433 devstack@g-api.service[99574]: DEBUG glance.api.middleware.version_negotiation [None req-e3f42346-0cee-4760-9714-8ace230ff364 tempest-VolumesActionsTest-1668884237 tempest-VolumesActionsTest-1668884237-project-member] new path /v2/images/0ca56619-7c37-44b5-98b9-abac8abf4789 {{(pid=99574) process_request /opt/stack/glance/glance/api/middleware/version_negotiation.py:70}}
Jul 03 14:54:46.124117 np0000004433 devstack@g-api.service[99574]: [pid: 99574|app: 0|req: 68/197] 127.0.0.1 () {40 vars in 830 bytes} [Fri Jul 3 14:54:46 2026] GET /v2/images/0ca56619-7c37-44b5-98b9-abac8abf4789 => generated 650 bytes in 16 msecs (HTTP/1.1 200) 4 headers in 157 bytes (1 switches on core 0)
Jul 03 14:54:46.262189 np0000004433 devstack@g-api.service[99573]: INFO glance.api.v2.image_data [None req-e3f42346-0cee-4760-9714-8ace230ff364 tempest-VolumesActionsTest-1668884237 tempest-VolumesActionsTest-1668884237-project-member] Unable to create trust: no such option collect_timing in group [keystone_authtoken] Use the existing user token.
Jul 03 14:54:47.038872 np0000004433 devstack@g-api.service[99573]: DEBUG glance.location [None req-e3f42346-0cee-4760-9714-8ace230ff364 tempest-VolumesActionsTest-1668884237 tempest-VolumesActionsTest-1668884237-project-member] Enabling in-flight format inspection for raw {{(pid=99573) set_data /opt/stack/glance/glance/location.py:596}}
Jul 03 14:54:47.039319 np0000004433 devstack@g-api.service[99573]: DEBUG glance_store.backend [None req-e3f42346-0cee-4760-9714-8ace230ff364 tempest-VolumesActionsTest-1668884237 tempest-VolumesActionsTest-1668884237-project-member] Attempting to import store swift {{(pid=99573) _load_store /opt/stack/data/venv/lib/python3.12/site-packages/glance_store/backend.py:215}}
Jul 03 14:54:47.040753 np0000004433 devstack@g-api.service[99573]: DEBUG glance_store.capabilities [None req-e3f42346-0cee-4760-9714-8ace230ff364 tempest-VolumesActionsTest-1668884237 tempest-VolumesActionsTest-1668884237-project-member] Store glance_store._drivers.swift.store.SingleTenantStore doesn't support updating dynamic storage capabilities. Please overwrite 'update_capabilities' method of the store to implement updating logics if needed. {{(pid=99573) update_capabilities /opt/stack/data/venv/lib/python3.12/site-packages/glance_store/capabilities.py:91}}
Jul 03 14:54:47.040883 np0000004433 devstack@g-api.service[99573]: DEBUG glance_store.driver [None req-e3f42346-0cee-4760-9714-8ace230ff364 tempest-VolumesActionsTest-1668884237 tempest-VolumesActionsTest-1668884237-project-member] Late loading location class glance_store._drivers.swift.store.StoreLocation {{(pid=99573) get_store_location_class /opt/stack/data/venv/lib/python3.12/site-packages/glance_store/driver.py:134}}
Jul 03 14:54:47.040984 np0000004433 devstack@g-api.service[99573]: DEBUG glance_store.location [None req-e3f42346-0cee-4760-9714-8ace230ff364 tempest-VolumesActionsTest-1668884237 tempest-VolumesActionsTest-1668884237-project-member] Registering scheme swift+https with {'store': , 'location_class': , 'store_entry': 'swift'} {{(pid=99573) register_scheme_map /opt/stack/data/venv/lib/python3.12/site-packages/glance_store/location.py:146}}
Jul 03 14:54:47.041075 np0000004433 devstack@g-api.service[99573]: DEBUG glance_store.location [None req-e3f42346-0cee-4760-9714-8ace230ff364 tempest-VolumesActionsTest-1668884237 tempest-VolumesActionsTest-1668884237-project-member] Registering scheme swift+https with {'store': , 'location_class': , 'store_entry': 'swift'} {{(pid=99573) register_scheme_map /opt/stack/data/venv/lib/python3.12/site-packages/glance_store/location.py:146}}
Jul 03 14:54:47.041151 np0000004433 devstack@g-api.service[99573]: DEBUG glance_store.location [None req-e3f42346-0cee-4760-9714-8ace230ff364 tempest-VolumesActionsTest-1668884237 tempest-VolumesActionsTest-1668884237-project-member] Registering scheme swift with {'store': , 'location_class': , 'store_entry': 'swift'} {{(pid=99573) register_scheme_map /opt/stack/data/venv/lib/python3.12/site-packages/glance_store/location.py:146}}
Jul 03 14:54:47.041254 np0000004433 devstack@g-api.service[99573]: DEBUG glance_store.location [None req-e3f42346-0cee-4760-9714-8ace230ff364 tempest-VolumesActionsTest-1668884237 tempest-VolumesActionsTest-1668884237-project-member] Registering scheme swift+https with {'store': , 'location_class': , 'store_entry': 'swift'} {{(pid=99573) register_scheme_map /opt/stack/data/venv/lib/python3.12/site-packages/glance_store/location.py:146}}
Jul 03 14:54:47.041321 np0000004433 devstack@g-api.service[99573]: DEBUG glance_store.location [None req-e3f42346-0cee-4760-9714-8ace230ff364 tempest-VolumesActionsTest-1668884237 tempest-VolumesActionsTest-1668884237-project-member] Registering scheme swift with {'store': , 'location_class': , 'store_entry': 'swift'} {{(pid=99573) register_scheme_map /opt/stack/data/venv/lib/python3.12/site-packages/glance_store/location.py:146}}
Jul 03 14:54:47.041403 np0000004433 devstack@g-api.service[99573]: DEBUG glance_store.location [None req-e3f42346-0cee-4760-9714-8ace230ff364 tempest-VolumesActionsTest-1668884237 tempest-VolumesActionsTest-1668884237-project-member] Registering scheme swift+http with {'store': , 'location_class': , 'store_entry': 'swift'} {{(pid=99573) register_scheme_map /opt/stack/data/venv/lib/python3.12/site-packages/glance_store/location.py:146}}
Jul 03 14:54:47.041577 np0000004433 devstack@g-api.service[99573]: DEBUG glance_store.location [None req-e3f42346-0cee-4760-9714-8ace230ff364 tempest-VolumesActionsTest-1668884237 tempest-VolumesActionsTest-1668884237-project-member] Registering scheme swift+https with {'store': , 'location_class': , 'store_entry': 'swift'} {{(pid=99573) register_scheme_map /opt/stack/data/venv/lib/python3.12/site-packages/glance_store/location.py:146}}
Jul 03 14:54:47.041783 np0000004433 devstack@g-api.service[99573]: DEBUG glance_store.location [None req-e3f42346-0cee-4760-9714-8ace230ff364 tempest-VolumesActionsTest-1668884237 tempest-VolumesActionsTest-1668884237-project-member] Registering scheme swift with {'store': , 'location_class': , 'store_entry': 'swift'} {{(pid=99573) register_scheme_map /opt/stack/data/venv/lib/python3.12/site-packages/glance_store/location.py:146}}
Jul 03 14:54:47.041891 np0000004433 devstack@g-api.service[99573]: DEBUG glance_store.location [None req-e3f42346-0cee-4760-9714-8ace230ff364 tempest-VolumesActionsTest-1668884237 tempest-VolumesActionsTest-1668884237-project-member] Registering scheme swift+http with {'store': , 'location_class': , 'store_entry': 'swift'} {{(pid=99573) register_scheme_map /opt/stack/data/venv/lib/python3.12/site-packages/glance_store/location.py:146}}
Jul 03 14:54:47.041996 np0000004433 devstack@g-api.service[99573]: DEBUG glance_store.location [None req-e3f42346-0cee-4760-9714-8ace230ff364 tempest-VolumesActionsTest-1668884237 tempest-VolumesActionsTest-1668884237-project-member] Registering scheme swift+config with {'store': , 'location_class': , 'store_entry': 'swift'} {{(pid=99573) register_scheme_map /opt/stack/data/venv/lib/python3.12/site-packages/glance_store/location.py:146}}
Jul 03 14:54:47.134966 np0000004433 devstack@g-api.service[99572]: DEBUG glance.api.middleware.version_negotiation [None req-16d4ca44-34f3-498f-80f1-beaf8cde8c3a tempest-VolumesActionsTest-1668884237 tempest-VolumesActionsTest-1668884237-project-member] Determining version of request: GET /v2/images/0ca56619-7c37-44b5-98b9-abac8abf4789 Accept: application/json {{(pid=99572) process_request /opt/stack/glance/glance/api/middleware/version_negotiation.py:44}}
Jul 03 14:54:47.135423 np0000004433 devstack@g-api.service[99572]: DEBUG glance.api.middleware.version_negotiation [None req-16d4ca44-34f3-498f-80f1-beaf8cde8c3a tempest-VolumesActionsTest-1668884237 tempest-VolumesActionsTest-1668884237-project-member] Using url versioning {{(pid=99572) process_request /opt/stack/glance/glance/api/middleware/version_negotiation.py:57}}
Jul 03 14:54:47.135423 np0000004433 devstack@g-api.service[99572]: DEBUG glance.api.middleware.version_negotiation [None req-16d4ca44-34f3-498f-80f1-beaf8cde8c3a tempest-VolumesActionsTest-1668884237 tempest-VolumesActionsTest-1668884237-project-member] Matched version: v2 {{(pid=99572) process_request /opt/stack/glance/glance/api/middleware/version_negotiation.py:69}}
Jul 03 14:54:47.135638 np0000004433 devstack@g-api.service[99572]: DEBUG glance.api.middleware.version_negotiation [None req-16d4ca44-34f3-498f-80f1-beaf8cde8c3a tempest-VolumesActionsTest-1668884237 tempest-VolumesActionsTest-1668884237-project-member] new path /v2/images/0ca56619-7c37-44b5-98b9-abac8abf4789 {{(pid=99572) process_request /opt/stack/glance/glance/api/middleware/version_negotiation.py:70}}
Jul 03 14:54:47.152182 np0000004433 devstack@g-api.service[99572]: [pid: 99572|app: 0|req: 70/198] 127.0.0.1 () {40 vars in 830 bytes} [Fri Jul 3 14:54:47 2026] GET /v2/images/0ca56619-7c37-44b5-98b9-abac8abf4789 => generated 650 bytes in 14 msecs (HTTP/1.1 200) 4 headers in 157 bytes (1 switches on core 0)
Jul 03 14:54:47.335096 np0000004433 devstack@g-api.service[99573]: DEBUG swiftclient [None req-e3f42346-0cee-4760-9714-8ace230ff364 tempest-VolumesActionsTest-1668884237 tempest-VolumesActionsTest-1668884237-project-member] REQ: curl -i https://10.4.3.7:8080/v1/AUTH_31386a68e69c4131a2dc992ef32a3dfe/glance -I -H "X-Auth-Token: gAAAAABqR803g8Gb..." {{(pid=99573) http_log /opt/stack/data/venv/lib/python3.12/site-packages/swiftclient/client.py:160}}
Jul 03 14:54:47.335177 np0000004433 devstack@g-api.service[99573]: DEBUG swiftclient [None req-e3f42346-0cee-4760-9714-8ace230ff364 tempest-VolumesActionsTest-1668884237 tempest-VolumesActionsTest-1668884237-project-member] RESP STATUS: 204 No Content {{(pid=99573) http_log /opt/stack/data/venv/lib/python3.12/site-packages/swiftclient/client.py:161}}
Jul 03 14:54:47.335323 np0000004433 devstack@g-api.service[99573]: DEBUG swiftclient [None req-e3f42346-0cee-4760-9714-8ace230ff364 tempest-VolumesActionsTest-1668884237 tempest-VolumesActionsTest-1668884237-project-member] RESP HEADERS: {'Date': 'Fri, 03 Jul 2026 14:54:47 GMT', 'Server': 'Apache/2.4.58 (Ubuntu)', 'Content-Type': 'text/plain; charset=utf-8', 'X-Container-Object-Count': '3', 'X-Container-Bytes-Used': '64356352', 'X-Timestamp': '1783090124.37681', 'Last-Modified': 'Fri, 03 Jul 2026 14:48:45 GMT', 'Accept-Ranges': 'bytes', 'X-Storage-Policy': 'Policy-0', 'X-Container-Sharding': 'False', 'Vary': 'Accept', 'X-Trans-Id': 'tx5d396bac132b49e688cad-006a47cd37', 'X-Openstack-Request-Id': 'tx5d396bac132b49e688cad-006a47cd37', 'Connection': 'close'} {{(pid=99573) http_log /opt/stack/data/venv/lib/python3.12/site-packages/swiftclient/client.py:162}}
Jul 03 14:54:47.335482 np0000004433 devstack@g-api.service[99573]: DEBUG glance_store._drivers.swift.store [None req-e3f42346-0cee-4760-9714-8ace230ff364 tempest-VolumesActionsTest-1668884237 tempest-VolumesActionsTest-1668884237-project-member] Adding image object '0ca56619-7c37-44b5-98b9-abac8abf4789' to Swift {{(pid=99573) add /opt/stack/data/venv/lib/python3.12/site-packages/glance_store/_drivers/swift/store.py:970}}
Jul 03 14:54:47.335639 np0000004433 devstack@g-api.service[99573]: DEBUG glance_store._drivers.swift.store [None req-e3f42346-0cee-4760-9714-8ace230ff364 tempest-VolumesActionsTest-1668884237 tempest-VolumesActionsTest-1668884237-project-member] Cannot determine image size because it is either not provided in the request or chunked-transfer encoding is used. Adding image as a segmented object to Swift. {{(pid=99573) add /opt/stack/data/venv/lib/python3.12/site-packages/glance_store/_drivers/swift/store.py:994}}
Jul 03 14:54:47.340881 np0000004433 devstack@g-api.service[99573]: DEBUG oslo_utils.imageutils.format_inspector [None req-e3f42346-0cee-4760-9714-8ace230ff364 tempest-VolumesActionsTest-1668884237 tempest-VolumesActionsTest-1668884237-project-member] Format inspector for vmdk does not match, excluding from consideration (Signature KDMV not found: b'\x00\x00\x00\x00') {{(pid=99573) _process_chunk /opt/stack/data/venv/lib/python3.12/site-packages/oslo_utils/imageutils/format_inspector.py:1758}}
Jul 03 14:54:47.344496 np0000004433 devstack@g-api.service[99573]: DEBUG oslo_utils.imageutils.format_inspector [None req-e3f42346-0cee-4760-9714-8ace230ff364 tempest-VolumesActionsTest-1668884237 tempest-VolumesActionsTest-1668884237-project-member] Format inspector for vhdx does not match, excluding from consideration (Region signature not found at 30000) {{(pid=99573) _process_chunk /opt/stack/data/venv/lib/python3.12/site-packages/oslo_utils/imageutils/format_inspector.py:1758}}
Jul 03 14:54:48.160359 np0000004433 devstack@g-api.service[99574]: DEBUG glance.api.middleware.version_negotiation [None req-ad7e0650-7f7f-46b6-8c65-4548270fed44 tempest-VolumesActionsTest-1668884237 tempest-VolumesActionsTest-1668884237-project-member] Determining version of request: GET /v2/images/0ca56619-7c37-44b5-98b9-abac8abf4789 Accept: application/json {{(pid=99574) process_request /opt/stack/glance/glance/api/middleware/version_negotiation.py:44}}
Jul 03 14:54:48.160765 np0000004433 devstack@g-api.service[99574]: DEBUG glance.api.middleware.version_negotiation [None req-ad7e0650-7f7f-46b6-8c65-4548270fed44 tempest-VolumesActionsTest-1668884237 tempest-VolumesActionsTest-1668884237-project-member] Using url versioning {{(pid=99574) process_request /opt/stack/glance/glance/api/middleware/version_negotiation.py:57}}
Jul 03 14:54:48.160815 np0000004433 devstack@g-api.service[99574]: DEBUG glance.api.middleware.version_negotiation [None req-ad7e0650-7f7f-46b6-8c65-4548270fed44 tempest-VolumesActionsTest-1668884237 tempest-VolumesActionsTest-1668884237-project-member] Matched version: v2 {{(pid=99574) process_request /opt/stack/glance/glance/api/middleware/version_negotiation.py:69}}
Jul 03 14:54:48.160965 np0000004433 devstack@g-api.service[99574]: DEBUG glance.api.middleware.version_negotiation [None req-ad7e0650-7f7f-46b6-8c65-4548270fed44 tempest-VolumesActionsTest-1668884237 tempest-VolumesActionsTest-1668884237-project-member] new path /v2/images/0ca56619-7c37-44b5-98b9-abac8abf4789 {{(pid=99574) process_request /opt/stack/glance/glance/api/middleware/version_negotiation.py:70}}
Jul 03 14:54:48.178430 np0000004433 devstack@g-api.service[99574]: [pid: 99574|app: 0|req: 69/199] 127.0.0.1 () {40 vars in 830 bytes} [Fri Jul 3 14:54:48 2026] GET /v2/images/0ca56619-7c37-44b5-98b9-abac8abf4789 => generated 650 bytes in 18 msecs (HTTP/1.1 200) 4 headers in 157 bytes (1 switches on core 0)
Jul 03 14:54:49.189579 np0000004433 devstack@g-api.service[99572]: DEBUG glance.api.middleware.version_negotiation [None req-04401027-ee8d-4519-9a66-232320e8d494 tempest-VolumesActionsTest-1668884237 tempest-VolumesActionsTest-1668884237-project-member] Determining version of request: GET /v2/images/0ca56619-7c37-44b5-98b9-abac8abf4789 Accept: application/json {{(pid=99572) process_request /opt/stack/glance/glance/api/middleware/version_negotiation.py:44}}
Jul 03 14:54:49.190079 np0000004433 devstack@g-api.service[99572]: DEBUG glance.api.middleware.version_negotiation [None req-04401027-ee8d-4519-9a66-232320e8d494 tempest-VolumesActionsTest-1668884237 tempest-VolumesActionsTest-1668884237-project-member] Using url versioning {{(pid=99572) process_request /opt/stack/glance/glance/api/middleware/version_negotiation.py:57}}
Jul 03 14:54:49.190079 np0000004433 devstack@g-api.service[99572]: DEBUG glance.api.middleware.version_negotiation [None req-04401027-ee8d-4519-9a66-232320e8d494 tempest-VolumesActionsTest-1668884237 tempest-VolumesActionsTest-1668884237-project-member] Matched version: v2 {{(pid=99572) process_request /opt/stack/glance/glance/api/middleware/version_negotiation.py:69}}
Jul 03 14:54:49.190832 np0000004433 devstack@g-api.service[99572]: DEBUG glance.api.middleware.version_negotiation [None req-04401027-ee8d-4519-9a66-232320e8d494 tempest-VolumesActionsTest-1668884237 tempest-VolumesActionsTest-1668884237-project-member] new path /v2/images/0ca56619-7c37-44b5-98b9-abac8abf4789 {{(pid=99572) process_request /opt/stack/glance/glance/api/middleware/version_negotiation.py:70}}
Jul 03 14:54:49.209607 np0000004433 devstack@g-api.service[99572]: [pid: 99572|app: 0|req: 71/200] 127.0.0.1 () {40 vars in 830 bytes} [Fri Jul 3 14:54:49 2026] GET /v2/images/0ca56619-7c37-44b5-98b9-abac8abf4789 => generated 650 bytes in 18 msecs (HTTP/1.1 200) 4 headers in 157 bytes (1 switches on core 0)
Jul 03 14:54:49.779445 np0000004433 devstack@g-api.service[99574]: DEBUG glance.api.middleware.version_negotiation [None req-049f933b-9077-4f9c-a4fa-6d2e40dd564d tempest-VolumesActionsTest-1668884237 tempest-VolumesActionsTest-1668884237-project-member] Determining version of request: GET /v2/images/639773b4-4f7c-4fa0-9b8e-59d685d23f8b Accept: */* {{(pid=99574) process_request /opt/stack/glance/glance/api/middleware/version_negotiation.py:44}}
Jul 03 14:54:49.780237 np0000004433 devstack@g-api.service[99574]: DEBUG glance.api.middleware.version_negotiation [None req-049f933b-9077-4f9c-a4fa-6d2e40dd564d tempest-VolumesActionsTest-1668884237 tempest-VolumesActionsTest-1668884237-project-member] Using url versioning {{(pid=99574) process_request /opt/stack/glance/glance/api/middleware/version_negotiation.py:57}}
Jul 03 14:54:49.780237 np0000004433 devstack@g-api.service[99574]: DEBUG glance.api.middleware.version_negotiation [None req-049f933b-9077-4f9c-a4fa-6d2e40dd564d tempest-VolumesActionsTest-1668884237 tempest-VolumesActionsTest-1668884237-project-member] Matched version: v2 {{(pid=99574) process_request /opt/stack/glance/glance/api/middleware/version_negotiation.py:69}}
Jul 03 14:54:49.780237 np0000004433 devstack@g-api.service[99574]: DEBUG glance.api.middleware.version_negotiation [None req-049f933b-9077-4f9c-a4fa-6d2e40dd564d tempest-VolumesActionsTest-1668884237 tempest-VolumesActionsTest-1668884237-project-member] new path /v2/images/639773b4-4f7c-4fa0-9b8e-59d685d23f8b {{(pid=99574) process_request /opt/stack/glance/glance/api/middleware/version_negotiation.py:70}}
Jul 03 14:54:49.796772 np0000004433 devstack@g-api.service[99574]: [pid: 99574|app: 0|req: 70/201] 127.0.0.1 () {44 vars in 1107 bytes} [Fri Jul 3 14:54:49 2026] GET /v2/images/639773b4-4f7c-4fa0-9b8e-59d685d23f8b => generated 1044 bytes in 17 msecs (HTTP/1.1 200) 4 headers in 158 bytes (1 switches on core 0)
Jul 03 14:54:49.813706 np0000004433 devstack@g-api.service[99573]: DEBUG swiftclient [None req-e3f42346-0cee-4760-9714-8ace230ff364 tempest-VolumesActionsTest-1668884237 tempest-VolumesActionsTest-1668884237-project-member] REQ: curl -i https://10.4.3.7:8080/v1/AUTH_31386a68e69c4131a2dc992ef32a3dfe/glance/0ca56619-7c37-44b5-98b9-abac8abf4789-00001 -X PUT -H "X-Auth-Token: gAAAAABqR803g8Gb..." {{(pid=99573) http_log /opt/stack/data/venv/lib/python3.12/site-packages/swiftclient/client.py:160}}
Jul 03 14:54:49.813991 np0000004433 devstack@g-api.service[99573]: DEBUG swiftclient [None req-e3f42346-0cee-4760-9714-8ace230ff364 tempest-VolumesActionsTest-1668884237 tempest-VolumesActionsTest-1668884237-project-member] RESP STATUS: 201 Created {{(pid=99573) http_log /opt/stack/data/venv/lib/python3.12/site-packages/swiftclient/client.py:161}}
Jul 03 14:54:49.813991 np0000004433 devstack@g-api.service[99573]: DEBUG swiftclient [None req-e3f42346-0cee-4760-9714-8ace230ff364 tempest-VolumesActionsTest-1668884237 tempest-VolumesActionsTest-1668884237-project-member] RESP HEADERS: {'Date': 'Fri, 03 Jul 2026 14:54:49 GMT', 'Server': 'Apache/2.4.58 (Ubuntu)', 'Content-Type': 'text/html; charset=UTF-8', 'Content-Length': '0', 'Etag': 'eda9a9889837ac4bc81d6387d92c1bec', 'Last-Modified': 'Fri, 03 Jul 2026 14:54:48 GMT', 'X-Trans-Id': 'txf3efa70b1d4e4dbdb1674-006a47cd37', 'X-Openstack-Request-Id': 'txf3efa70b1d4e4dbdb1674-006a47cd37', 'Connection': 'close'} {{(pid=99573) http_log /opt/stack/data/venv/lib/python3.12/site-packages/swiftclient/client.py:162}}
Jul 03 14:54:49.814128 np0000004433 devstack@g-api.service[99573]: DEBUG glance_store._drivers.swift.store [None req-e3f42346-0cee-4760-9714-8ace230ff364 tempest-VolumesActionsTest-1668884237 tempest-VolumesActionsTest-1668884237-project-member] Wrote chunk 0ca56619-7c37-44b5-98b9-abac8abf4789-00001 (1/?) of length 204800000 to Swift returning MD5 of content: eda9a9889837ac4bc81d6387d92c1bec {{(pid=99573) add /opt/stack/data/venv/lib/python3.12/site-packages/glance_store/_drivers/swift/store.py:1059}}
Jul 03 14:54:49.840794 np0000004433 devstack@g-api.service[99572]: DEBUG glance.api.middleware.version_negotiation [None req-d21536ba-71d3-4073-b39a-348148d14b26 tempest-VolumesActionsTest-1668884237 tempest-VolumesActionsTest-1668884237-project-member] Determining version of request: GET /v2/schemas/image Accept: */* {{(pid=99572) process_request /opt/stack/glance/glance/api/middleware/version_negotiation.py:44}}
Jul 03 14:54:49.841999 np0000004433 devstack@g-api.service[99572]: DEBUG glance.api.middleware.version_negotiation [None req-d21536ba-71d3-4073-b39a-348148d14b26 tempest-VolumesActionsTest-1668884237 tempest-VolumesActionsTest-1668884237-project-member] Using url versioning {{(pid=99572) process_request /opt/stack/glance/glance/api/middleware/version_negotiation.py:57}}
Jul 03 14:54:49.841999 np0000004433 devstack@g-api.service[99572]: DEBUG glance.api.middleware.version_negotiation [None req-d21536ba-71d3-4073-b39a-348148d14b26 tempest-VolumesActionsTest-1668884237 tempest-VolumesActionsTest-1668884237-project-member] Matched version: v2 {{(pid=99572) process_request /opt/stack/glance/glance/api/middleware/version_negotiation.py:69}}
Jul 03 14:54:49.841999 np0000004433 devstack@g-api.service[99572]: DEBUG glance.api.middleware.version_negotiation [None req-d21536ba-71d3-4073-b39a-348148d14b26 tempest-VolumesActionsTest-1668884237 tempest-VolumesActionsTest-1668884237-project-member] new path /v2/schemas/image {{(pid=99572) process_request /opt/stack/glance/glance/api/middleware/version_negotiation.py:70}}
Jul 03 14:54:49.845462 np0000004433 devstack@g-api.service[99572]: [pid: 99572|app: 0|req: 72/202] 127.0.0.1 () {44 vars in 1047 bytes} [Fri Jul 3 14:54:49 2026] GET /v2/schemas/image => generated 6083 bytes in 5 msecs (HTTP/1.1 200) 4 headers in 158 bytes (1 switches on core 0)
Jul 03 14:54:50.216518 np0000004433 devstack@g-api.service[99574]: DEBUG glance.api.middleware.version_negotiation [None req-8778cf0d-f410-47e3-8d83-53309448d566 tempest-AttachVolumeShelveTestJSON-1906440131 tempest-AttachVolumeShelveTestJSON-1906440131-project-member] Determining version of request: GET /v2/images/0ca56619-7c37-44b5-98b9-abac8abf4789 Accept: application/json {{(pid=99574) process_request /opt/stack/glance/glance/api/middleware/version_negotiation.py:44}}
Jul 03 14:54:50.216771 np0000004433 devstack@g-api.service[99574]: DEBUG glance.api.middleware.version_negotiation [None req-8778cf0d-f410-47e3-8d83-53309448d566 tempest-AttachVolumeShelveTestJSON-1906440131 tempest-AttachVolumeShelveTestJSON-1906440131-project-member] Using url versioning {{(pid=99574) process_request /opt/stack/glance/glance/api/middleware/version_negotiation.py:57}}
Jul 03 14:54:50.216965 np0000004433 devstack@g-api.service[99574]: DEBUG glance.api.middleware.version_negotiation [None req-8778cf0d-f410-47e3-8d83-53309448d566 tempest-AttachVolumeShelveTestJSON-1906440131 tempest-AttachVolumeShelveTestJSON-1906440131-project-member] Matched version: v2 {{(pid=99574) process_request /opt/stack/glance/glance/api/middleware/version_negotiation.py:69}}
Jul 03 14:54:50.217126 np0000004433 devstack@g-api.service[99574]: DEBUG glance.api.middleware.version_negotiation [None req-8778cf0d-f410-47e3-8d83-53309448d566 tempest-AttachVolumeShelveTestJSON-1906440131 tempest-AttachVolumeShelveTestJSON-1906440131-project-member] new path /v2/images/0ca56619-7c37-44b5-98b9-abac8abf4789 {{(pid=99574) process_request /opt/stack/glance/glance/api/middleware/version_negotiation.py:70}}
Jul 03 14:54:50.234161 np0000004433 devstack@g-api.service[99574]: [pid: 99574|app: 0|req: 71/203] 127.0.0.1 () {40 vars in 830 bytes} [Fri Jul 3 14:54:50 2026] GET /v2/images/0ca56619-7c37-44b5-98b9-abac8abf4789 => generated 650 bytes in 18 msecs (HTTP/1.1 200) 4 headers in 157 bytes (1 switches on core 0)
Jul 03 14:54:51.253489 np0000004433 devstack@g-api.service[99572]: DEBUG glance.api.middleware.version_negotiation [None req-8778cf0d-f410-47e3-8d83-53309448d566 tempest-AttachVolumeShelveTestJSON-1906440131 tempest-AttachVolumeShelveTestJSON-1906440131-project-member] Determining version of request: GET /v2/images/0ca56619-7c37-44b5-98b9-abac8abf4789 Accept: application/json {{(pid=99572) process_request /opt/stack/glance/glance/api/middleware/version_negotiation.py:44}}
Jul 03 14:54:51.253489 np0000004433 devstack@g-api.service[99572]: DEBUG glance.api.middleware.version_negotiation [None req-8778cf0d-f410-47e3-8d83-53309448d566 tempest-AttachVolumeShelveTestJSON-1906440131 tempest-AttachVolumeShelveTestJSON-1906440131-project-member] Using url versioning {{(pid=99572) process_request /opt/stack/glance/glance/api/middleware/version_negotiation.py:57}}
Jul 03 14:54:51.254575 np0000004433 devstack@g-api.service[99572]: DEBUG glance.api.middleware.version_negotiation [None req-8778cf0d-f410-47e3-8d83-53309448d566 tempest-AttachVolumeShelveTestJSON-1906440131 tempest-AttachVolumeShelveTestJSON-1906440131-project-member] Matched version: v2 {{(pid=99572) process_request /opt/stack/glance/glance/api/middleware/version_negotiation.py:69}}
Jul 03 14:54:51.254575 np0000004433 devstack@g-api.service[99572]: DEBUG glance.api.middleware.version_negotiation [None req-8778cf0d-f410-47e3-8d83-53309448d566 tempest-AttachVolumeShelveTestJSON-1906440131 tempest-AttachVolumeShelveTestJSON-1906440131-project-member] new path /v2/images/0ca56619-7c37-44b5-98b9-abac8abf4789 {{(pid=99572) process_request /opt/stack/glance/glance/api/middleware/version_negotiation.py:70}}
Jul 03 14:54:51.271236 np0000004433 devstack@g-api.service[99572]: [pid: 99572|app: 0|req: 73/204] 127.0.0.1 () {40 vars in 830 bytes} [Fri Jul 3 14:54:51 2026] GET /v2/images/0ca56619-7c37-44b5-98b9-abac8abf4789 => generated 650 bytes in 18 msecs (HTTP/1.1 200) 4 headers in 157 bytes (1 switches on core 0)
Jul 03 14:54:52.288154 np0000004433 devstack@g-api.service[99574]: DEBUG glance.api.middleware.version_negotiation [None req-d90e7eeb-785c-4b3f-859a-0c88b47fd6a5 tempest-VolumesActionsTest-1668884237 tempest-VolumesActionsTest-1668884237-project-member] Determining version of request: GET /v2/images/0ca56619-7c37-44b5-98b9-abac8abf4789 Accept: application/json {{(pid=99574) process_request /opt/stack/glance/glance/api/middleware/version_negotiation.py:44}}
Jul 03 14:54:52.288154 np0000004433 devstack@g-api.service[99574]: DEBUG glance.api.middleware.version_negotiation [None req-d90e7eeb-785c-4b3f-859a-0c88b47fd6a5 tempest-VolumesActionsTest-1668884237 tempest-VolumesActionsTest-1668884237-project-member] Using url versioning {{(pid=99574) process_request /opt/stack/glance/glance/api/middleware/version_negotiation.py:57}}
Jul 03 14:54:52.288772 np0000004433 devstack@g-api.service[99574]: DEBUG glance.api.middleware.version_negotiation [None req-d90e7eeb-785c-4b3f-859a-0c88b47fd6a5 tempest-VolumesActionsTest-1668884237 tempest-VolumesActionsTest-1668884237-project-member] Matched version: v2 {{(pid=99574) process_request /opt/stack/glance/glance/api/middleware/version_negotiation.py:69}}
Jul 03 14:54:52.288772 np0000004433 devstack@g-api.service[99574]: DEBUG glance.api.middleware.version_negotiation [None req-d90e7eeb-785c-4b3f-859a-0c88b47fd6a5 tempest-VolumesActionsTest-1668884237 tempest-VolumesActionsTest-1668884237-project-member] new path /v2/images/0ca56619-7c37-44b5-98b9-abac8abf4789 {{(pid=99574) process_request /opt/stack/glance/glance/api/middleware/version_negotiation.py:70}}
Jul 03 14:54:52.311640 np0000004433 devstack@g-api.service[99574]: [pid: 99574|app: 0|req: 72/205] 127.0.0.1 () {40 vars in 830 bytes} [Fri Jul 3 14:54:52 2026] GET /v2/images/0ca56619-7c37-44b5-98b9-abac8abf4789 => generated 650 bytes in 24 msecs (HTTP/1.1 200) 4 headers in 157 bytes (1 switches on core 0)
Jul 03 14:54:52.756524 np0000004433 devstack@g-api.service[99573]: DEBUG swiftclient [None req-e3f42346-0cee-4760-9714-8ace230ff364 tempest-VolumesActionsTest-1668884237 tempest-VolumesActionsTest-1668884237-project-member] REQ: curl -i https://10.4.3.7:8080/v1/AUTH_31386a68e69c4131a2dc992ef32a3dfe/glance/0ca56619-7c37-44b5-98b9-abac8abf4789-00002 -X PUT -H "X-Auth-Token: gAAAAABqR803g8Gb..." {{(pid=99573) http_log /opt/stack/data/venv/lib/python3.12/site-packages/swiftclient/client.py:160}}
Jul 03 14:54:52.756989 np0000004433 devstack@g-api.service[99573]: DEBUG swiftclient [None req-e3f42346-0cee-4760-9714-8ace230ff364 tempest-VolumesActionsTest-1668884237 tempest-VolumesActionsTest-1668884237-project-member] RESP STATUS: 201 Created {{(pid=99573) http_log /opt/stack/data/venv/lib/python3.12/site-packages/swiftclient/client.py:161}}
Jul 03 14:54:52.756989 np0000004433 devstack@g-api.service[99573]: DEBUG swiftclient [None req-e3f42346-0cee-4760-9714-8ace230ff364 tempest-VolumesActionsTest-1668884237 tempest-VolumesActionsTest-1668884237-project-member] RESP HEADERS: {'Date': 'Fri, 03 Jul 2026 14:54:52 GMT', 'Server': 'Apache/2.4.58 (Ubuntu)', 'Content-Type': 'text/html; charset=UTF-8', 'Content-Length': '0', 'Etag': 'eda9a9889837ac4bc81d6387d92c1bec', 'Last-Modified': 'Fri, 03 Jul 2026 14:54:50 GMT', 'X-Trans-Id': 'tx1bb1d7562e704e7ca9b3e-006a47cd39', 'X-Openstack-Request-Id': 'tx1bb1d7562e704e7ca9b3e-006a47cd39', 'Connection': 'close'} {{(pid=99573) http_log /opt/stack/data/venv/lib/python3.12/site-packages/swiftclient/client.py:162}}
Jul 03 14:54:52.757128 np0000004433 devstack@g-api.service[99573]: DEBUG glance_store._drivers.swift.store [None req-e3f42346-0cee-4760-9714-8ace230ff364 tempest-VolumesActionsTest-1668884237 tempest-VolumesActionsTest-1668884237-project-member] Wrote chunk 0ca56619-7c37-44b5-98b9-abac8abf4789-00002 (2/?) of length 204800000 to Swift returning MD5 of content: eda9a9889837ac4bc81d6387d92c1bec {{(pid=99573) add /opt/stack/data/venv/lib/python3.12/site-packages/glance_store/_drivers/swift/store.py:1059}}
Jul 03 14:54:53.326961 np0000004433 devstack@g-api.service[99572]: DEBUG glance.api.middleware.version_negotiation [None req-87550a8f-9863-49a8-96d2-29c7213be5a2 tempest-VolumesActionsTest-1668884237 tempest-VolumesActionsTest-1668884237-project-member] Determining version of request: GET /v2/images/0ca56619-7c37-44b5-98b9-abac8abf4789 Accept: application/json {{(pid=99572) process_request /opt/stack/glance/glance/api/middleware/version_negotiation.py:44}}
Jul 03 14:54:53.326961 np0000004433 devstack@g-api.service[99572]: DEBUG glance.api.middleware.version_negotiation [None req-87550a8f-9863-49a8-96d2-29c7213be5a2 tempest-VolumesActionsTest-1668884237 tempest-VolumesActionsTest-1668884237-project-member] Using url versioning {{(pid=99572) process_request /opt/stack/glance/glance/api/middleware/version_negotiation.py:57}}
Jul 03 14:54:53.327506 np0000004433 devstack@g-api.service[99572]: DEBUG glance.api.middleware.version_negotiation [None req-87550a8f-9863-49a8-96d2-29c7213be5a2 tempest-VolumesActionsTest-1668884237 tempest-VolumesActionsTest-1668884237-project-member] Matched version: v2 {{(pid=99572) process_request /opt/stack/glance/glance/api/middleware/version_negotiation.py:69}}
Jul 03 14:54:53.327506 np0000004433 devstack@g-api.service[99572]: DEBUG glance.api.middleware.version_negotiation [None req-87550a8f-9863-49a8-96d2-29c7213be5a2 tempest-VolumesActionsTest-1668884237 tempest-VolumesActionsTest-1668884237-project-member] new path /v2/images/0ca56619-7c37-44b5-98b9-abac8abf4789 {{(pid=99572) process_request /opt/stack/glance/glance/api/middleware/version_negotiation.py:70}}
Jul 03 14:54:53.345432 np0000004433 devstack@g-api.service[99572]: [pid: 99572|app: 0|req: 74/206] 127.0.0.1 () {40 vars in 830 bytes} [Fri Jul 3 14:54:53 2026] GET /v2/images/0ca56619-7c37-44b5-98b9-abac8abf4789 => generated 650 bytes in 22 msecs (HTTP/1.1 200) 4 headers in 157 bytes (1 switches on core 0)
Jul 03 14:54:54.358273 np0000004433 devstack@g-api.service[99574]: DEBUG glance.api.middleware.version_negotiation [None req-ac4555a4-c673-4fc8-99d6-ebb65e2ecc9c tempest-VolumesActionsTest-1668884237 tempest-VolumesActionsTest-1668884237-project-member] Determining version of request: GET /v2/images/0ca56619-7c37-44b5-98b9-abac8abf4789 Accept: application/json {{(pid=99574) process_request /opt/stack/glance/glance/api/middleware/version_negotiation.py:44}}
Jul 03 14:54:54.358777 np0000004433 devstack@g-api.service[99574]: DEBUG glance.api.middleware.version_negotiation [None req-ac4555a4-c673-4fc8-99d6-ebb65e2ecc9c tempest-VolumesActionsTest-1668884237 tempest-VolumesActionsTest-1668884237-project-member] Using url versioning {{(pid=99574) process_request /opt/stack/glance/glance/api/middleware/version_negotiation.py:57}}
Jul 03 14:54:54.358777 np0000004433 devstack@g-api.service[99574]: DEBUG glance.api.middleware.version_negotiation [None req-ac4555a4-c673-4fc8-99d6-ebb65e2ecc9c tempest-VolumesActionsTest-1668884237 tempest-VolumesActionsTest-1668884237-project-member] Matched version: v2 {{(pid=99574) process_request /opt/stack/glance/glance/api/middleware/version_negotiation.py:69}}
Jul 03 14:54:54.358852 np0000004433 devstack@g-api.service[99574]: DEBUG glance.api.middleware.version_negotiation [None req-ac4555a4-c673-4fc8-99d6-ebb65e2ecc9c tempest-VolumesActionsTest-1668884237 tempest-VolumesActionsTest-1668884237-project-member] new path /v2/images/0ca56619-7c37-44b5-98b9-abac8abf4789 {{(pid=99574) process_request /opt/stack/glance/glance/api/middleware/version_negotiation.py:70}}
Jul 03 14:54:54.373488 np0000004433 devstack@g-api.service[99574]: [pid: 99574|app: 0|req: 73/207] 127.0.0.1 () {40 vars in 830 bytes} [Fri Jul 3 14:54:54 2026] GET /v2/images/0ca56619-7c37-44b5-98b9-abac8abf4789 => generated 650 bytes in 15 msecs (HTTP/1.1 200) 4 headers in 157 bytes (1 switches on core 0)
Jul 03 14:54:55.386719 np0000004433 devstack@g-api.service[99572]: DEBUG glance.api.middleware.version_negotiation [None req-e098d426-02f5-4605-98f6-3e167806e6e1 tempest-VolumesActionsTest-1668884237 tempest-VolumesActionsTest-1668884237-project-member] Determining version of request: GET /v2/images/0ca56619-7c37-44b5-98b9-abac8abf4789 Accept: application/json {{(pid=99572) process_request /opt/stack/glance/glance/api/middleware/version_negotiation.py:44}}
Jul 03 14:54:55.386719 np0000004433 devstack@g-api.service[99572]: DEBUG glance.api.middleware.version_negotiation [None req-e098d426-02f5-4605-98f6-3e167806e6e1 tempest-VolumesActionsTest-1668884237 tempest-VolumesActionsTest-1668884237-project-member] Using url versioning {{(pid=99572) process_request /opt/stack/glance/glance/api/middleware/version_negotiation.py:57}}
Jul 03 14:54:55.387252 np0000004433 devstack@g-api.service[99572]: DEBUG glance.api.middleware.version_negotiation [None req-e098d426-02f5-4605-98f6-3e167806e6e1 tempest-VolumesActionsTest-1668884237 tempest-VolumesActionsTest-1668884237-project-member] Matched version: v2 {{(pid=99572) process_request /opt/stack/glance/glance/api/middleware/version_negotiation.py:69}}
Jul 03 14:54:55.389069 np0000004433 devstack@g-api.service[99572]: DEBUG glance.api.middleware.version_negotiation [None req-e098d426-02f5-4605-98f6-3e167806e6e1 tempest-VolumesActionsTest-1668884237 tempest-VolumesActionsTest-1668884237-project-member] new path /v2/images/0ca56619-7c37-44b5-98b9-abac8abf4789 {{(pid=99572) process_request /opt/stack/glance/glance/api/middleware/version_negotiation.py:70}}
