Jul 03 14:47:54.732207 np0000004433 devstack@neutron-api.service[87428]: DEBUG neutron_lib.callbacks.manager [None req-9aa38e40-4715-4075-82c1-8ef8328f0104 admin admin] Publish callbacks ['neutron.plugins.ml2.plugin.SecurityGroupDbMixin._ensure_default_security_group_handler-796046'] for network (None), before_create {{(pid=87428) _notify_loop /opt/stack/data/venv/lib/python3.12/site-packages/neutron_lib/callbacks/manager.py:184}}
Jul 03 14:47:54.779149 np0000004433 devstack@neutron-api.service[87428]: DEBUG neutron.plugins.ml2.drivers.type_flat [None req-9aa38e40-4715-4075-82c1-8ef8328f0104 admin admin] Reserving flat network on physical network public {{(pid=87428) reserve_provider_segment /opt/stack/neutron/neutron/plugins/ml2/drivers/type_flat.py:100}}
Jul 03 14:47:54.795338 np0000004433 devstack@neutron-api.service[87428]: DEBUG neutron_lib.callbacks.manager [None req-9aa38e40-4715-4075-82c1-8ef8328f0104 admin admin] Publish callbacks ['neutron.services.segments.db._add_segment_host_mapping_for_segment-8601084445556', 'neutron.plugins.ml2.plugin.Ml2Plugin._handle_segment_change-553858'] for segment (d078246f-4676-4a15-ac45-a74682a3bc3d), precommit_create {{(pid=87428) _notify_loop /opt/stack/data/venv/lib/python3.12/site-packages/neutron_lib/callbacks/manager.py:184}}
Jul 03 14:47:54.795730 np0000004433 devstack@neutron-api.service[87428]: DEBUG neutron_lib.callbacks.manager [None req-9aa38e40-4715-4075-82c1-8ef8328f0104 admin admin] Unsubscribe: segment precommit_create {{(pid=87428) unsubscribe /opt/stack/data/venv/lib/python3.12/site-packages/neutron_lib/callbacks/manager.py:90}}
Jul 03 14:47:54.796046 np0000004433 devstack@neutron-api.service[87428]: INFO neutron.db.segments_db [None req-9aa38e40-4715-4075-82c1-8ef8328f0104 admin admin] Added segment d078246f-4676-4a15-ac45-a74682a3bc3d of type flat for network 55d84c34-a623-4941-90bd-632256cdd2e8
Jul 03 14:47:54.850763 np0000004433 devstack@neutron-api.service[87428]: DEBUG neutron_lib.callbacks.manager [None req-9aa38e40-4715-4075-82c1-8ef8328f0104 admin admin] Publish callbacks ['neutron.services.auto_allocate.db._ensure_external_network_default_value_callback-8601083109700'] for network (55d84c34-a623-4941-90bd-632256cdd2e8), precommit_create {{(pid=87428) _notify_loop /opt/stack/data/venv/lib/python3.12/site-packages/neutron_lib/callbacks/manager.py:184}}
Jul 03 14:47:54.879628 np0000004433 devstack@neutron-api.service[87428]: DEBUG neutron.plugins.ml2.drivers.ovn.mech_driver.mech_driver [None req-9aa38e40-4715-4075-82c1-8ef8328f0104 admin admin] Validating network segment with type flat, segmentation ID None, physical network public {{(pid=87428) _validate_network_segments /opt/stack/neutron/neutron/plugins/ml2/drivers/ovn/mech_driver/mech_driver.py:646}}
Jul 03 14:47:54.879902 np0000004433 devstack@neutron-api.service[87428]: DEBUG neutron.db.ovn_revision_numbers_db [None req-9aa38e40-4715-4075-82c1-8ef8328f0104 admin admin] create_initial_revision uuid=55d84c34-a623-4941-90bd-632256cdd2e8, type=networks, rev=-1 {{(pid=87428) create_initial_revision /opt/stack/neutron/neutron/db/ovn_revision_numbers_db.py:98}}
Jul 03 14:47:54.906348 np0000004433 devstack@neutron-api.service[87428]: DEBUG neutron_lib.callbacks.manager [None req-9aa38e40-4715-4075-82c1-8ef8328f0104 admin admin] Publish callbacks ['neutron.plugins.ml2.ovo_rpc._ObjectChangeHandler.handle_event-15262189'] for network (55d84c34-a623-4941-90bd-632256cdd2e8), after_create {{(pid=87428) _notify_loop /opt/stack/data/venv/lib/python3.12/site-packages/neutron_lib/callbacks/manager.py:184}}
Jul 03 14:47:54.968646 np0000004433 devstack@neutron-api.service[87428]: DEBUG neutron.api.rpc.handlers.resources_rpc [None req-9aa38e40-4715-4075-82c1-8ef8328f0104 admin admin] Pushing event updated for resources: {'Network': ['ID=55d84c34-a623-4941-90bd-632256cdd2e8,revision_number=1']} {{(pid=87428) push /opt/stack/neutron/neutron/api/rpc/handlers/resources_rpc.py:237}}
Jul 03 14:47:54.977483 np0000004433 devstack@neutron-api.service[87428]: DEBUG neutron.api.rpc.callbacks.version_manager [None req-9aa38e40-4715-4075-82c1-8ef8328f0104 admin admin] Tracked resource versions report:
Jul 03 14:47:54.977483 np0000004433 devstack@neutron-api.service[87428]: pushed versions:
Jul 03 14:47:54.977483 np0000004433 devstack@neutron-api.service[87428]: { 'AddressGroup': {'1.2'},
Jul 03 14:47:54.977483 np0000004433 devstack@neutron-api.service[87428]: 'Agent': {'1.1'},
Jul 03 14:47:54.977483 np0000004433 devstack@neutron-api.service[87428]: 'ConntrackHelper': {'1.0'},
Jul 03 14:47:54.977483 np0000004433 devstack@neutron-api.service[87428]: 'LocalIPAssociation': {'1.0'},
Jul 03 14:47:54.977483 np0000004433 devstack@neutron-api.service[87428]: 'Log': {'1.0'},
Jul 03 14:47:54.977483 np0000004433 devstack@neutron-api.service[87428]: 'NDPProxy': {'1.0'},
Jul 03 14:47:54.977483 np0000004433 devstack@neutron-api.service[87428]: 'Network': {'1.3'},
Jul 03 14:47:54.977483 np0000004433 devstack@neutron-api.service[87428]: 'Port': {'1.11'},
Jul 03 14:47:54.977483 np0000004433 devstack@neutron-api.service[87428]: 'PortForwarding': {'1.3'},
Jul 03 14:47:54.977483 np0000004433 devstack@neutron-api.service[87428]: 'QosPolicy': {'1.10'},
Jul 03 14:47:54.977483 np0000004433 devstack@neutron-api.service[87428]: 'SecurityGroup': {'1.6'},
Jul 03 14:47:54.977483 np0000004433 devstack@neutron-api.service[87428]: 'SecurityGroupRule': {'1.3'},
Jul 03 14:47:54.977483 np0000004433 devstack@neutron-api.service[87428]: 'SubPort': {'1.0'},
Jul 03 14:47:54.977483 np0000004433 devstack@neutron-api.service[87428]: 'Subnet': {'1.2'},
Jul 03 14:47:54.977483 np0000004433 devstack@neutron-api.service[87428]: 'Trunk': {'1.1'}}
Jul 03 14:47:54.977483 np0000004433 devstack@neutron-api.service[87428]: consumer versions:
Jul 03 14:47:54.977483 np0000004433 devstack@neutron-api.service[87428]: { OVN Controller Gateway agent@np0000004433: {},
Jul 03 14:47:54.977483 np0000004433 devstack@neutron-api.service[87428]: OVN Neutron agent@np0000004433: {}}
Jul 03 14:47:54.977483 np0000004433 devstack@neutron-api.service[87428]: {{(pid=87428) report /opt/stack/neutron/neutron/api/rpc/callbacks/version_manager.py:183}}
Jul 03 14:47:54.998643 np0000004433 devstack@neutron-api.service[87428]: DEBUG ovsdbapp.backend.ovs_idl.transaction [-] Running txn n=1 command(idx=0): AddNetworkCommand(_result=None, network_uuid=55d84c34-a623-4941-90bd-632256cdd2e8, may_exist=True, columns={'external_ids': {'neutron:network_name': 'public', 'neutron:mtu': '1430', 'neutron:revision_number': '1', 'neutron:availability_zone_hints': '', 'neutron:provnet-network-type': 'flat', 'neutron:provnet-physical-network': 'public'}, 'other_config': {'mcast_snoop': 'false', 'mcast_flood_unregistered': 'false', 'vlan-passthru': 'false', 'fdb_age_threshold': '300', 'broadcast-arps-to-all-routers': 'true'}}) {{(pid=87428) do_commit /opt/stack/data/venv/lib/python3.12/site-packages/ovsdbapp/backend/ovs_idl/transaction.py:89}}
Jul 03 14:47:54.999131 np0000004433 devstack@neutron-api.service[87428]: DEBUG neutron.common.ovn.utils [-] OVS persist_uuid supported=True {{(pid=87428) ovs_persist_uuid_supported /opt/stack/neutron/neutron/common/ovn/utils.py:1562}}
Jul 03 14:47:54.999467 np0000004433 devstack@neutron-api.service[87428]: DEBUG ovsdbapp.backend.ovs_idl.transaction [-] Running txn n=1 command(idx=1): AddLSwitchPortCommand(_result=None, lport=provnet-d078246f-4676-4a15-ac45-a74682a3bc3d, lswitch=neutron-55d84c34-a623-4941-90bd-632256cdd2e8, may_exist=True, network_uuid=55d84c34-a623-4941-90bd-632256cdd2e8, columns={'addresses': ['unknown'], 'external_ids': {'neutron:provnet-physical-network': 'public'}, 'type': 'localnet', 'tag_request': [], 'options': {'network_name': 'public', 'mcast_flood_reports': 'true', 'mcast_flood': 'false', 'localnet_learn_fdb': 'false'}}) {{(pid=87428) do_commit /opt/stack/data/venv/lib/python3.12/site-packages/ovsdbapp/backend/ovs_idl/transaction.py:89}}
Jul 03 14:47:55.014238 np0000004433 devstack@neutron-api.service[87430]: DEBUG neutron.plugins.ml2.drivers.ovn.mech_driver.ovsdb.ovsdb_monitor [-] Hash Ring: Node c420e6cc0ca95afca51b24178a18c239 (host: np0000004433) handling event "create" for row 55d84c34-a623-4941-90bd-632256cdd2e8 (table: Logical_Switch) {{(pid=87430) notify /opt/stack/neutron/neutron/plugins/ml2/drivers/ovn/mech_driver/ovsdb/ovsdb_monitor.py:1015}}
Jul 03 14:47:55.015918 np0000004433 devstack@neutron-api.service[87428]: DEBUG neutron.plugins.ml2.drivers.ovn.mech_driver.ovsdb.ovsdb_monitor [-] Hash Ring: Node a41aa7abafba5a2e87d38a3abe057543 (host: np0000004433) handling event "create" for row cd1725b7-2424-4b0b-9cf0-6ce9870d29f5 (table: Logical_Switch_Port) {{(pid=87428) notify /opt/stack/neutron/neutron/plugins/ml2/drivers/ovn/mech_driver/ovsdb/ovsdb_monitor.py:1015}}
Jul 03 14:47:55.018362 np0000004433 devstack@neutron-api.service[87430]: DEBUG neutron.plugins.ml2.drivers.ovn.mech_driver.ovsdb.ovsdb_monitor [-] Hash Ring: Node c420e6cc0ca95afca51b24178a18c239 (host: np0000004433) handling event "create" for row cd1725b7-2424-4b0b-9cf0-6ce9870d29f5 (table: Logical_Switch_Port) {{(pid=87430) notify /opt/stack/neutron/neutron/plugins/ml2/drivers/ovn/mech_driver/ovsdb/ovsdb_monitor.py:1015}}
Jul 03 14:47:55.018862 np0000004433 devstack@neutron-api.service[87428]: DEBUG neutron.plugins.ml2.drivers.ovn.mech_driver.ovsdb.ovsdb_monitor [-] Hash Ring: Node a41aa7abafba5a2e87d38a3abe057543 (host: np0000004433) handling event "update" for row cd1725b7-2424-4b0b-9cf0-6ce9870d29f5 (table: Logical_Switch_Port) {{(pid=87428) notify /opt/stack/neutron/neutron/plugins/ml2/drivers/ovn/mech_driver/ovsdb/ovsdb_monitor.py:1015}}
Jul 03 14:47:55.019048 np0000004433 devstack@neutron-api.service[87430]: DEBUG neutron.plugins.ml2.drivers.ovn.mech_driver.ovsdb.ovsdb_monitor [-] Hash Ring: Node c420e6cc0ca95afca51b24178a18c239 (host: np0000004433) handling event "update" for row cd1725b7-2424-4b0b-9cf0-6ce9870d29f5 (table: Logical_Switch_Port) {{(pid=87430) notify /opt/stack/neutron/neutron/plugins/ml2/drivers/ovn/mech_driver/ovsdb/ovsdb_monitor.py:1015}}
Jul 03 14:47:55.019684 np0000004433 devstack@neutron-api.service[87428]: DEBUG neutron.plugins.ml2.drivers.ovn.mech_driver.ovsdb.ovsdb_monitor [-] Hash Ring: Node a41aa7abafba5a2e87d38a3abe057543 (host: np0000004433) handling event "create" for row 902fde81-e9c7-454c-a961-d206b34b1729 (table: Datapath_Binding) {{(pid=87428) notify /opt/stack/neutron/neutron/plugins/ml2/drivers/ovn/mech_driver/ovsdb/ovsdb_monitor.py:1015}}
Jul 03 14:47:55.022471 np0000004433 devstack@neutron-api.service[87430]: DEBUG neutron.plugins.ml2.drivers.ovn.mech_driver.ovsdb.ovsdb_monitor [-] Hash Ring: Node c420e6cc0ca95afca51b24178a18c239 (host: np0000004433) handling event "create" for row 902fde81-e9c7-454c-a961-d206b34b1729 (table: Datapath_Binding) {{(pid=87430) notify /opt/stack/neutron/neutron/plugins/ml2/drivers/ovn/mech_driver/ovsdb/ovsdb_monitor.py:1015}}
Jul 03 14:47:55.022471 np0000004433 devstack@neutron-api.service[87430]: DEBUG neutron.plugins.ml2.drivers.ovn.mech_driver.ovsdb.ovsdb_monitor [-] Hash Ring: Node c420e6cc0ca95afca51b24178a18c239 (host: np0000004433) handling event "create" for row f2c51616-41f5-432a-ab0e-5a03d5c8c5ab (table: Port_Binding) {{(pid=87430) notify /opt/stack/neutron/neutron/plugins/ml2/drivers/ovn/mech_driver/ovsdb/ovsdb_monitor.py:1015}}
Jul 03 14:47:55.060702 np0000004433 devstack@neutron-api.service[87428]: INFO neutron.db.ovn_revision_numbers_db [None req-9aa38e40-4715-4075-82c1-8ef8328f0104 admin admin] Successfully bumped revision number for resource 55d84c34-a623-4941-90bd-632256cdd2e8 (type: networks) to 1
Jul 03 14:47:55.118676 np0000004433 devstack@neutron-api.service[87428]: DEBUG neutron_lib.callbacks.manager [None req-9aa38e40-4715-4075-82c1-8ef8328f0104 admin admin] Publish callbacks ['neutron.plugins.ml2.plugin.SecurityGroupDbMixin._ensure_default_security_group_handler-796046'] for port (None), before_create {{(pid=87428) _notify_loop /opt/stack/data/venv/lib/python3.12/site-packages/neutron_lib/callbacks/manager.py:184}}
Jul 03 14:47:55.415408 np0000004433 devstack@neutron-api.service[87428]: DEBUG neutron_lib.callbacks.manager [None req-9aa38e40-4715-4075-82c1-8ef8328f0104 admin admin] Publish callbacks ['neutron.plugins.ml2.drivers.ovn.mech_driver.mech_driver.OVNMechanismDriver._validate_allowed_address_pairs-1880492'] for allowed_address_pair (2f3fee55-de25-41fc-8703-204631b5ced9), before_create {{(pid=87428) _notify_loop /opt/stack/data/venv/lib/python3.12/site-packages/neutron_lib/callbacks/manager.py:184}}
Jul 03 14:47:55.416292 np0000004433 devstack@neutron-api.service[87428]: DEBUG neutron_lib.callbacks.manager [None req-9aa38e40-4715-4075-82c1-8ef8328f0104 admin admin] Publish callbacks [] for port (2f3fee55-de25-41fc-8703-204631b5ced9), precommit_create {{(pid=87428) _notify_loop /opt/stack/data/venv/lib/python3.12/site-packages/neutron_lib/callbacks/manager.py:184}}
Jul 03 14:47:55.416557 np0000004433 devstack@neutron-api.service[87428]: DEBUG neutron.plugins.ml2.drivers.ovn.mech_driver.mech_driver [None req-9aa38e40-4715-4075-82c1-8ef8328f0104 admin admin] No provisioning block for port 2f3fee55-de25-41fc-8703-204631b5ced9 since it does not have a host {{(pid=87428) _is_port_provisioning_required /opt/stack/neutron/neutron/plugins/ml2/drivers/ovn/mech_driver/mech_driver.py:899}}
Jul 03 14:47:55.416734 np0000004433 devstack@neutron-api.service[87428]: DEBUG neutron.db.ovn_revision_numbers_db [None req-9aa38e40-4715-4075-82c1-8ef8328f0104 admin admin] create_initial_revision uuid=2f3fee55-de25-41fc-8703-204631b5ced9, type=ports, rev=-1 {{(pid=87428) create_initial_revision /opt/stack/neutron/neutron/db/ovn_revision_numbers_db.py:98}}
Jul 03 14:47:55.477389 np0000004433 devstack@neutron-api.service[87428]: DEBUG neutron_lib.callbacks.manager [None req-9aa38e40-4715-4075-82c1-8ef8328f0104 admin admin] Publish callbacks ['neutron.plugins.ml2.ovo_rpc._ObjectChangeHandler.handle_event-15262172'] for port (2f3fee55-de25-41fc-8703-204631b5ced9), after_create {{(pid=87428) _notify_loop /opt/stack/data/venv/lib/python3.12/site-packages/neutron_lib/callbacks/manager.py:184}}
Jul 03 14:47:55.541360 np0000004433 devstack@neutron-api.service[87428]: DEBUG neutron.api.rpc.handlers.resources_rpc [None req-9aa38e40-4715-4075-82c1-8ef8328f0104 admin admin] Pushing event updated for resources: {'Port': ['ID=2f3fee55-de25-41fc-8703-204631b5ced9,revision_number=1']} {{(pid=87428) push /opt/stack/neutron/neutron/api/rpc/handlers/resources_rpc.py:237}}
Jul 03 14:47:55.583082 np0000004433 devstack@neutron-api.service[87428]: DEBUG neutron.plugins.ml2.drivers.ovn.mech_driver.ovsdb.commands [None req-9aa38e40-4715-4075-82c1-8ef8328f0104 admin admin] Converting tag [] to a tag_request {{(pid=87428) _tag_column_to_tag_request /opt/stack/neutron/neutron/plugins/ml2/drivers/ovn/mech_driver/ovsdb/commands.py:205}}
Jul 03 14:47:55.583797 np0000004433 devstack@neutron-api.service[87428]: DEBUG ovsdbapp.backend.ovs_idl.transaction [-] Running txn n=1 command(idx=0): AddLSwitchPortCommand(_result=None, lport=2f3fee55-de25-41fc-8703-204631b5ced9, lswitch=neutron-55d84c34-a623-4941-90bd-632256cdd2e8, may_exist=True, network_uuid=55d84c34-a623-4941-90bd-632256cdd2e8, columns={'addresses': ['fa:16:3e:68:40:19'], 'external_ids': {'neutron:port_name': '', 'neutron:device_id': 'ovnmeta-55d84c34-a623-4941-90bd-632256cdd2e8', 'neutron:project_id': 'c983bc1eeefb48239cf717e7e5297ee2', 'neutron:cidrs': '', 'neutron:device_owner': 'network:distributed', 'neutron:subnet_pool_addr_scope4': '', 'neutron:subnet_pool_addr_scope6': '', 'neutron:network_name': 'neutron-55d84c34-a623-4941-90bd-632256cdd2e8', 'neutron:security_group_ids': '', 'neutron:revision_number': '1', 'neutron:vnic_type': 'normal', 'neutron:port_capabilities': '', 'neutron:mtu': '1430'}, 'parent_name': [], 'enabled': True, 'options': {}, 'type': 'localport', 'port_security': [], 'dhcpv4_options': [], 'dhcpv6_options': [], 'tag_request': []}) {{(pid=87428) do_commit /opt/stack/data/venv/lib/python3.12/site-packages/ovsdbapp/backend/ovs_idl/transaction.py:89}}
Jul 03 14:47:55.584274 np0000004433 devstack@neutron-api.service[87428]: DEBUG ovsdbapp.backend.ovs_idl.transaction [-] Running txn n=1 command(idx=1): QoSDelCommand(_result=None, switch=neutron-55d84c34-a623-4941-90bd-632256cdd2e8, conditions=[('direction', '=', 'to-lport'), ('priority', '=', 2002), ('match', '=', 'outport == "2f3fee55-de25-41fc-8703-204631b5ced9"')], if_exists=True) {{(pid=87428) do_commit /opt/stack/data/venv/lib/python3.12/site-packages/ovsdbapp/backend/ovs_idl/transaction.py:89}}
Jul 03 14:47:55.584488 np0000004433 devstack@neutron-api.service[87428]: DEBUG ovsdbapp.backend.ovs_idl.transaction [-] Running txn n=1 command(idx=2): QoSDelCommand(_result=None, switch=neutron-55d84c34-a623-4941-90bd-632256cdd2e8, conditions=[('direction', '=', 'from-lport'), ('priority', '=', 2002), ('match', '=', 'inport == "2f3fee55-de25-41fc-8703-204631b5ced9"')], if_exists=True) {{(pid=87428) do_commit /opt/stack/data/venv/lib/python3.12/site-packages/ovsdbapp/backend/ovs_idl/transaction.py:89}}
Jul 03 14:47:55.584781 np0000004433 devstack@neutron-api.service[87428]: DEBUG ovsdbapp.backend.ovs_idl.transaction [-] Running txn n=1 command(idx=3): UpdateLSwitchPortQosOptionsCommand(_result=None, lport=AddLSwitchPortCommand(_result=0ebd5fdd-0650-4785-80ed-eb988c285f4e, lport=2f3fee55-de25-41fc-8703-204631b5ced9, lswitch=neutron-55d84c34-a623-4941-90bd-632256cdd2e8, may_exist=True, network_uuid=55d84c34-a623-4941-90bd-632256cdd2e8, columns={'addresses': ['fa:16:3e:68:40:19'], 'external_ids': {'neutron:port_name': '', 'neutron:device_id': 'ovnmeta-55d84c34-a623-4941-90bd-632256cdd2e8', 'neutron:project_id': 'c983bc1eeefb48239cf717e7e5297ee2', 'neutron:cidrs': '', 'neutron:device_owner': 'network:distributed', 'neutron:subnet_pool_addr_scope4': '', 'neutron:subnet_pool_addr_scope6': '', 'neutron:network_name': 'neutron-55d84c34-a623-4941-90bd-632256cdd2e8', 'neutron:security_group_ids': '', 'neutron:revision_number': '1', 'neutron:vnic_type': 'normal', 'neutron:port_capabilities': '', 'neutron:mtu': '1430'}, 'parent_name': [], 'enabled': True, 'options': {}, 'type': 'localport', 'port_security': [], 'tag_request': []}), if_exists=True, qos={'qos_max_rate': None, 'qos_burst': None, 'qos_min_rate': None}) {{(pid=87428) do_commit /opt/stack/data/venv/lib/python3.12/site-packages/ovsdbapp/backend/ovs_idl/transaction.py:89}}
Jul 03 14:47:55.589775 np0000004433 devstack@neutron-api.service[87430]: DEBUG neutron.plugins.ml2.drivers.ovn.mech_driver.ovsdb.ovsdb_monitor [-] Hash Ring: Node c420e6cc0ca95afca51b24178a18c239 (host: np0000004433) handling event "update" for row 55d84c34-a623-4941-90bd-632256cdd2e8 (table: Logical_Switch) {{(pid=87430) notify /opt/stack/neutron/neutron/plugins/ml2/drivers/ovn/mech_driver/ovsdb/ovsdb_monitor.py:1015}}
Jul 03 14:47:55.589775 np0000004433 devstack@neutron-api.service[87430]: DEBUG neutron.plugins.ml2.drivers.ovn.mech_driver.ovsdb.ovsdb_monitor [-] Hash Ring: Node c420e6cc0ca95afca51b24178a18c239 (host: np0000004433) handling event "create" for row 24a99420-acbc-4af2-a3c5-1c2d206efb10 (table: Logical_Switch_Port) {{(pid=87430) notify /opt/stack/neutron/neutron/plugins/ml2/drivers/ovn/mech_driver/ovsdb/ovsdb_monitor.py:1015}}
Jul 03 14:47:55.590454 np0000004433 devstack@neutron-api.service[87430]: DEBUG ovsdbapp.backend.ovs_idl.event [-] Matched CREATE: LogicalSwitchPortCreateEvent(events=('create',), table='Logical_Switch_Port', conditions=[], old_conditions=None), priority=20 to row=Logical_Switch_Port(uuid=24a99420-acbc-4af2-a3c5-1c2d206efb10, addresses=['fa:16:3e:68:40:19'], dhcpv4_options=[], dhcpv6_options=[], dynamic_addresses=[], enabled=True, external_ids={'neutron:cidrs': '', 'neutron:device_id': 'ovnmeta-55d84c34-a623-4941-90bd-632256cdd2e8', 'neutron:device_owner': 'network:distributed', 'neutron:mtu': '1430', 'neutron:network_name': 'neutron-55d84c34-a623-4941-90bd-632256cdd2e8', 'neutron:port_capabilities': '', 'neutron:port_name': '', 'neutron:project_id': 'c983bc1eeefb48239cf717e7e5297ee2', 'neutron:revision_number': '1', 'neutron:security_group_ids': '', 'neutron:subnet_pool_addr_scope4': '', 'neutron:subnet_pool_addr_scope6': '', 'neutron:vnic_type': 'normal'}, ha_chassis_group=[], mirror_rules=[], name='2f3fee55-de25-41fc-8703-204631b5ced9', options={}, parent_name=[], port_security=[], tag=[], tag_request=[], type='localport', up=[]) old= {{(pid=87430) matches /opt/stack/data/venv/lib/python3.12/site-packages/ovsdbapp/backend/ovs_idl/event.py:55}}
Jul 03 14:47:55.595975 np0000004433 devstack@neutron-api.service[87430]: INFO neutron.plugins.ml2.drivers.ovn.mech_driver.mech_driver [None req-c7503d35-292c-4fcc-a05b-836229120a11 None None] OVN reports status down for port: 2f3fee55-de25-41fc-8703-204631b5ced9
Jul 03 14:47:55.596142 np0000004433 devstack@neutron-api.service[87429]: DEBUG neutron.plugins.ml2.drivers.ovn.mech_driver.ovsdb.ovsdb_monitor [-] Hash Ring: Node 1dc4f86d03745a8ca3397746a0bd2991 (host: np0000004433) handling event "create" for row 24a99420-acbc-4af2-a3c5-1c2d206efb10 (table: Logical_Switch_Port) {{(pid=87429) notify /opt/stack/neutron/neutron/plugins/ml2/drivers/ovn/mech_driver/ovsdb/ovsdb_monitor.py:1015}}
Jul 03 14:47:55.596680 np0000004433 devstack@neutron-api.service[87430]: DEBUG neutron.plugins.ml2.drivers.ovn.mech_driver.ovsdb.ovsdb_monitor [-] Hash Ring: Node c420e6cc0ca95afca51b24178a18c239 (host: np0000004433) handling event "update" for row 24a99420-acbc-4af2-a3c5-1c2d206efb10 (table: Logical_Switch_Port) {{(pid=87430) notify /opt/stack/neutron/neutron/plugins/ml2/drivers/ovn/mech_driver/ovsdb/ovsdb_monitor.py:1015}}
Jul 03 14:47:55.596680 np0000004433 devstack@neutron-api.service[87430]: DEBUG neutron.plugins.ml2.drivers.ovn.mech_driver.ovsdb.ovsdb_monitor [-] Hash Ring: Node c420e6cc0ca95afca51b24178a18c239 (host: np0000004433) handling event "create" for row af0d8075-6287-4ec7-9e23-f7b35f52d213 (table: Port_Binding) {{(pid=87430) notify /opt/stack/neutron/neutron/plugins/ml2/drivers/ovn/mech_driver/ovsdb/ovsdb_monitor.py:1015}}
Jul 03 14:47:55.596934 np0000004433 devstack@neutron-api.service[87429]: DEBUG ovsdbapp.backend.ovs_idl.event [-] Matched CREATE: LogicalSwitchPortCreateEvent(events=('create',), table='Logical_Switch_Port', conditions=[], old_conditions=None), priority=20 to row=Logical_Switch_Port(uuid=24a99420-acbc-4af2-a3c5-1c2d206efb10, addresses=['fa:16:3e:68:40:19'], dhcpv4_options=[], dhcpv6_options=[], dynamic_addresses=[], enabled=True, external_ids={'neutron:cidrs': '', 'neutron:device_id': 'ovnmeta-55d84c34-a623-4941-90bd-632256cdd2e8', 'neutron:device_owner': 'network:distributed', 'neutron:mtu': '1430', 'neutron:network_name': 'neutron-55d84c34-a623-4941-90bd-632256cdd2e8', 'neutron:port_capabilities': '', 'neutron:port_name': '', 'neutron:project_id': 'c983bc1eeefb48239cf717e7e5297ee2', 'neutron:revision_number': '1', 'neutron:security_group_ids': '', 'neutron:subnet_pool_addr_scope4': '', 'neutron:subnet_pool_addr_scope6': '', 'neutron:vnic_type': 'normal'}, ha_chassis_group=[], mirror_rules=[], name='2f3fee55-de25-41fc-8703-204631b5ced9', options={}, parent_name=[], port_security=[], tag=[], tag_request=[], type='localport', up=[]) old= {{(pid=87429) matches /opt/stack/data/venv/lib/python3.12/site-packages/ovsdbapp/backend/ovs_idl/event.py:55}}
Jul 03 14:47:55.599789 np0000004433 devstack@neutron-api.service[87429]: INFO neutron.plugins.ml2.drivers.ovn.mech_driver.mech_driver [-] OVN reports status down for port: 2f3fee55-de25-41fc-8703-204631b5ced9
Jul 03 14:47:55.601145 np0000004433 devstack@neutron-api.service[87429]: DEBUG neutron.plugins.ml2.drivers.ovn.mech_driver.ovsdb.ovsdb_monitor [-] Hash Ring: Node 1dc4f86d03745a8ca3397746a0bd2991 (host: np0000004433) handling event "update" for row 24a99420-acbc-4af2-a3c5-1c2d206efb10 (table: Logical_Switch_Port) {{(pid=87429) notify /opt/stack/neutron/neutron/plugins/ml2/drivers/ovn/mech_driver/ovsdb/ovsdb_monitor.py:1015}}
Jul 03 14:47:55.628769 np0000004433 devstack@neutron-api.service[87430]: DEBUG neutron.db.provisioning_blocks [None req-c7503d35-292c-4fcc-a05b-836229120a11 None None] Transition to ACTIVE for port object 2f3fee55-de25-41fc-8703-204631b5ced9 will not be triggered until provisioned by entity L2. {{(pid=87430) add_provisioning_component /opt/stack/neutron/neutron/db/provisioning_blocks.py:74}}
Jul 03 14:47:55.648430 np0000004433 devstack@neutron-api.service[87428]: INFO neutron.db.ovn_revision_numbers_db [None req-9aa38e40-4715-4075-82c1-8ef8328f0104 admin admin] Successfully bumped revision number for resource 2f3fee55-de25-41fc-8703-204631b5ced9 (type: ports) to 1
Jul 03 14:47:55.657928 np0000004433 devstack@neutron-api.service[87430]: DEBUG neutron.plugins.ml2.plugin [None req-c7503d35-292c-4fcc-a05b-836229120a11 None None] Current status of the port 2f3fee55-de25-41fc-8703-204631b5ced9 is: DOWN; New status is: DOWN {{(pid=87430) _update_individual_port_db_status /opt/stack/neutron/neutron/plugins/ml2/plugin.py:2473}}
Jul 03 14:47:55.659183 np0000004433 devstack@neutron-api.service[87430]: DEBUG ovsdbapp.backend.ovs_idl.transaction [-] Running txn n=1 command(idx=0): DbRemoveCommand(_result=None, table=Logical_Switch_Port, record=2f3fee55-de25-41fc-8703-204631b5ced9, column=external_ids, values=('neutron:host_id',), keyvalues={}, if_exists=True) {{(pid=87430) do_commit /opt/stack/data/venv/lib/python3.12/site-packages/ovsdbapp/backend/ovs_idl/transaction.py:89}}
Jul 03 14:47:55.663515 np0000004433 devstack@neutron-api.service[87428]: DEBUG neutron.pecan_wsgi.hooks.policy_enforcement [None req-9aa38e40-4715-4075-82c1-8ef8328f0104 admin admin] Attributes excluded by policy engine: ['standard_attr_id'] {{(pid=87428) _exclude_attributes_by_policy /opt/stack/neutron/neutron/pecan_wsgi/hooks/policy_enforcement.py:259}}
Jul 03 14:47:55.664081 np0000004433 devstack@neutron-api.service[87428]: DEBUG neutron_lib.callbacks.manager [None req-9aa38e40-4715-4075-82c1-8ef8328f0104 admin admin] Publish callbacks [] for network (None), before_response {{(pid=87428) _notify_loop /opt/stack/data/venv/lib/python3.12/site-packages/neutron_lib/callbacks/manager.py:184}}
Jul 03 14:47:55.676190 np0000004433 devstack@neutron-api.service[87428]: [pid: 87428|app: 0|req: 5/16] 10.4.3.7 () {68 vars in 1313 bytes} [Fri Jul 3 14:47:54 2026] POST /networking/v2.0/networks => generated 679 bytes in 974 msecs (HTTP/1.1 201) 4 headers in 162 bytes (1 switches on core 0)
Jul 03 14:47:55.678163 np0000004433 devstack@neutron-api.service[87429]: DEBUG neutron.db.provisioning_blocks [None req-033ac2eb-c53d-43d1-a137-5b175248f354 None None] Ignored duplicate provisioning block setup for port 2f3fee55-de25-41fc-8703-204631b5ced9 by entity L2. {{(pid=87429) add_provisioning_component /opt/stack/neutron/neutron/db/provisioning_blocks.py:69}}
Jul 03 14:47:55.723119 np0000004433 devstack@neutron-api.service[87429]: DEBUG neutron.plugins.ml2.plugin [None req-033ac2eb-c53d-43d1-a137-5b175248f354 None None] Current status of the port 2f3fee55-de25-41fc-8703-204631b5ced9 is: DOWN; New status is: DOWN {{(pid=87429) _update_individual_port_db_status /opt/stack/neutron/neutron/plugins/ml2/plugin.py:2473}}
Jul 03 14:47:55.723910 np0000004433 devstack@neutron-api.service[87429]: INFO neutron.plugins.ml2.drivers.ovn.mech_driver.ovsdb.extensions.qos [None req-033ac2eb-c53d-43d1-a137-5b175248f354 None None] Starting OVNClientQosExtension
Jul 03 14:47:55.724051 np0000004433 devstack@neutron-api.service[87429]: INFO neutron.plugins.ml2.drivers.ovn.mech_driver.ovsdb.extensions.placement [None req-033ac2eb-c53d-43d1-a137-5b175248f354 None None] Starting OVNClientPlacementExtension
Jul 03 14:47:55.725039 np0000004433 devstack@neutron-api.service[87429]: DEBUG ovsdbapp.backend.ovs_idl.transaction [-] Running txn n=1 command(idx=0): DbRemoveCommand(_result=None, table=Logical_Switch_Port, record=2f3fee55-de25-41fc-8703-204631b5ced9, column=external_ids, values=('neutron:host_id',), keyvalues={}, if_exists=True) {{(pid=87429) do_commit /opt/stack/data/venv/lib/python3.12/site-packages/ovsdbapp/backend/ovs_idl/transaction.py:89}}
Jul 03 14:47:55.973638 np0000004433 devstack@neutron-api.service[87430]: DEBUG neutron.pecan_wsgi.hooks.policy_enforcement [None req-f47579c3-0791-4c06-a530-acbbcf9f5777 admin admin] Attributes excluded by policy engine: ['standard_attr_id', 'shared'] {{(pid=87430) _exclude_attributes_by_policy /opt/stack/neutron/neutron/pecan_wsgi/hooks/policy_enforcement.py:259}}
Jul 03 14:47:55.974022 np0000004433 devstack@neutron-api.service[87430]: [pid: 87430|app: 0|req: 7/17] 10.4.3.7 () {64 vars in 1367 bytes} [Fri Jul 3 14:47:55 2026] GET /networking/v2.0/subnets/54114c5d-0820-48f9-bf62-8de399a36e84 => generated 666 bytes in 23 msecs (HTTP/1.1 200) 4 headers in 157 bytes (1 switches on core 0)
Jul 03 14:47:55.985059 np0000004433 devstack@neutron-api.service[87429]: DEBUG neutron.api.wsgi [None req-b802c3ae-1be1-46f8-85fd-cb94f2e99405 admin admin] Missing Content-Type {{(pid=87429) get_content_type /opt/stack/neutron/neutron/api/wsgi.py:80}}
Jul 03 14:47:56.277999 np0000004433 devstack@neutron-api.service[87429]: [pid: 87429|app: 0|req: 6/18] 10.4.3.7 () {64 vars in 1367 bytes} [Fri Jul 3 14:47:55 2026] GET /networking/v2.0/routers/6593f381-e8c0-4bb4-9dc2-11c3d26bdfb8 => generated 599 bytes in 295 msecs (HTTP/1.1 200) 4 headers in 157 bytes (1 switches on core 0)
Jul 03 14:47:56.468035 np0000004433 devstack@neutron-api.service[87428]: DEBUG neutron_lib.callbacks.manager [None req-a07ec56a-d4c1-4387-a935-fbef84125e55 admin admin] Publish callbacks ['neutron.plugins.ml2.plugin.SecurityGroupDbMixin._ensure_default_security_group_handler-796046'] for port (None), before_create {{(pid=87428) _notify_loop /opt/stack/data/venv/lib/python3.12/site-packages/neutron_lib/callbacks/manager.py:184}}
Jul 03 14:47:56.623041 np0000004433 devstack@neutron-api.service[87428]: DEBUG neutron.db.db_base_plugin_common [None req-a07ec56a-d4c1-4387-a935-fbef84125e55 admin admin] Allocated IP 10.1.0.1 (83766a79-0354-4515-a355-05f637f4a445/54114c5d-0820-48f9-bf62-8de399a36e84/fba4e0f7-0592-4140-8f3e-01dbf85fdfb7) {{(pid=87428) _store_ip_allocation /opt/stack/neutron/neutron/db/db_base_plugin_common.py:131}}
Jul 03 14:47:56.624249 np0000004433 devstack@neutron-api.service[87430]: DEBUG futurist.periodics [-] Submitting periodic callback 'neutron.plugins.ml2.drivers.ovn.mech_driver.ovsdb.maintenance.HashRingHealthCheckPeriodics.touch_hash_ring_node' {{(pid=87430) _process_scheduled /opt/stack/data/venv/lib/python3.12/site-packages/futurist/periodics.py:784}}
Jul 03 14:47:56.625261 np0000004433 devstack@neutron-api.service[87430]: DEBUG neutron.plugins.ml2.drivers.ovn.mech_driver.ovsdb.maintenance [-] Touching Hash Ring node "c420e6cc0ca95afca51b24178a18c239" from periodic health check thread {{(pid=87430) touch_hash_ring_node /opt/stack/neutron/neutron/plugins/ml2/drivers/ovn/mech_driver/ovsdb/maintenance.py:1419}}
Jul 03 14:47:56.713721 np0000004433 devstack@neutron-api.service[87428]: DEBUG neutron_lib.callbacks.manager [None req-a07ec56a-d4c1-4387-a935-fbef84125e55 admin admin] Publish callbacks ['neutron.plugins.ml2.drivers.ovn.mech_driver.mech_driver.OVNMechanismDriver._validate_allowed_address_pairs-1880492'] for allowed_address_pair (fba4e0f7-0592-4140-8f3e-01dbf85fdfb7), before_create {{(pid=87428) _notify_loop /opt/stack/data/venv/lib/python3.12/site-packages/neutron_lib/callbacks/manager.py:184}}
Jul 03 14:47:56.714420 np0000004433 devstack@neutron-api.service[87428]: DEBUG neutron_lib.callbacks.manager [None req-a07ec56a-d4c1-4387-a935-fbef84125e55 admin admin] Publish callbacks [] for port (fba4e0f7-0592-4140-8f3e-01dbf85fdfb7), precommit_create {{(pid=87428) _notify_loop /opt/stack/data/venv/lib/python3.12/site-packages/neutron_lib/callbacks/manager.py:184}}
Jul 03 14:47:56.714683 np0000004433 devstack@neutron-api.service[87428]: DEBUG neutron.plugins.ml2.drivers.ovn.mech_driver.mech_driver [None req-a07ec56a-d4c1-4387-a935-fbef84125e55 admin admin] No provisioning block for port fba4e0f7-0592-4140-8f3e-01dbf85fdfb7 since it does not have a host {{(pid=87428) _is_port_provisioning_required /opt/stack/neutron/neutron/plugins/ml2/drivers/ovn/mech_driver/mech_driver.py:899}}
Jul 03 14:47:56.714813 np0000004433 devstack@neutron-api.service[87428]: DEBUG neutron.db.ovn_revision_numbers_db [None req-a07ec56a-d4c1-4387-a935-fbef84125e55 admin admin] create_initial_revision uuid=fba4e0f7-0592-4140-8f3e-01dbf85fdfb7, type=ports, rev=-1 {{(pid=87428) create_initial_revision /opt/stack/neutron/neutron/db/ovn_revision_numbers_db.py:98}}
Jul 03 14:47:56.795174 np0000004433 devstack@neutron-api.service[87428]: DEBUG neutron.db.ovn_revision_numbers_db [None req-a07ec56a-d4c1-4387-a935-fbef84125e55 admin admin] create_initial_revision uuid=fba4e0f7-0592-4140-8f3e-01dbf85fdfb7, type=router_ports, rev=-1 {{(pid=87428) create_initial_revision /opt/stack/neutron/neutron/db/ovn_revision_numbers_db.py:98}}
Jul 03 14:47:56.824862 np0000004433 devstack@neutron-api.service[87428]: DEBUG neutron_lib.callbacks.manager [None req-a07ec56a-d4c1-4387-a935-fbef84125e55 admin admin] Publish callbacks ['neutron.plugins.ml2.ovo_rpc._ObjectChangeHandler.handle_event-15262172'] for port (fba4e0f7-0592-4140-8f3e-01dbf85fdfb7), after_create {{(pid=87428) _notify_loop /opt/stack/data/venv/lib/python3.12/site-packages/neutron_lib/callbacks/manager.py:184}}
Jul 03 14:47:56.858046 np0000004433 devstack@neutron-api.service[87428]: DEBUG neutron.api.rpc.handlers.resources_rpc [None req-a07ec56a-d4c1-4387-a935-fbef84125e55 admin admin] Pushing event updated for resources: {'Port': ['ID=fba4e0f7-0592-4140-8f3e-01dbf85fdfb7,revision_number=1']} {{(pid=87428) push /opt/stack/neutron/neutron/api/rpc/handlers/resources_rpc.py:237}}
Jul 03 14:47:56.927292 np0000004433 devstack@neutron-api.service[87428]: DEBUG neutron.plugins.ml2.drivers.ovn.mech_driver.ovsdb.commands [None req-a07ec56a-d4c1-4387-a935-fbef84125e55 admin admin] Converting tag [] to a tag_request {{(pid=87428) _tag_column_to_tag_request /opt/stack/neutron/neutron/plugins/ml2/drivers/ovn/mech_driver/ovsdb/commands.py:205}}
Jul 03 14:47:56.928023 np0000004433 devstack@neutron-api.service[87428]: DEBUG ovsdbapp.backend.ovs_idl.transaction [-] Running txn n=1 command(idx=0): AddLSwitchPortCommand(_result=None, lport=fba4e0f7-0592-4140-8f3e-01dbf85fdfb7, lswitch=neutron-83766a79-0354-4515-a355-05f637f4a445, may_exist=True, network_uuid=83766a79-0354-4515-a355-05f637f4a445, columns={'addresses': ['unknown'], 'external_ids': {'neutron:port_name': '', 'neutron:device_id': '6593f381-e8c0-4bb4-9dc2-11c3d26bdfb8', 'neutron:project_id': 'c983bc1eeefb48239cf717e7e5297ee2', 'neutron:cidrs': '10.1.0.1/26', 'neutron:device_owner': 'network:router_interface', 'neutron:subnet_pool_addr_scope4': '', 'neutron:subnet_pool_addr_scope6': '', 'neutron:network_name': 'neutron-83766a79-0354-4515-a355-05f637f4a445', 'neutron:security_group_ids': '', 'neutron:revision_number': '1', 'neutron:vnic_type': 'normal', 'neutron:port_capabilities': '', 'neutron:mtu': ''}, 'parent_name': [], 'enabled': True, 'options': {}, 'type': '', 'port_security': [], 'dhcpv4_options': [], 'dhcpv6_options': [], 'tag_request': []}) {{(pid=87428) do_commit /opt/stack/data/venv/lib/python3.12/site-packages/ovsdbapp/backend/ovs_idl/transaction.py:89}}
Jul 03 14:47:56.928540 np0000004433 devstack@neutron-api.service[87428]: DEBUG ovsdbapp.backend.ovs_idl.transaction [-] Running txn n=1 command(idx=1): QoSDelCommand(_result=None, switch=neutron-83766a79-0354-4515-a355-05f637f4a445, conditions=[('direction', '=', 'to-lport'), ('priority', '=', 2002), ('match', '=', 'outport == "fba4e0f7-0592-4140-8f3e-01dbf85fdfb7"')], if_exists=True) {{(pid=87428) do_commit /opt/stack/data/venv/lib/python3.12/site-packages/ovsdbapp/backend/ovs_idl/transaction.py:89}}
Jul 03 14:47:56.928735 np0000004433 devstack@neutron-api.service[87428]: DEBUG ovsdbapp.backend.ovs_idl.transaction [-] Running txn n=1 command(idx=2): QoSDelCommand(_result=None, switch=neutron-83766a79-0354-4515-a355-05f637f4a445, conditions=[('direction', '=', 'from-lport'), ('priority', '=', 2002), ('match', '=', 'inport == "fba4e0f7-0592-4140-8f3e-01dbf85fdfb7"')], if_exists=True) {{(pid=87428) do_commit /opt/stack/data/venv/lib/python3.12/site-packages/ovsdbapp/backend/ovs_idl/transaction.py:89}}
Jul 03 14:47:56.932137 np0000004433 devstack@neutron-api.service[87430]: DEBUG neutron.plugins.ml2.drivers.ovn.mech_driver.ovsdb.ovsdb_monitor [-] Hash Ring: Node c420e6cc0ca95afca51b24178a18c239 (host: np0000004433) handling event "update" for row 83766a79-0354-4515-a355-05f637f4a445 (table: Logical_Switch) {{(pid=87430) notify /opt/stack/neutron/neutron/plugins/ml2/drivers/ovn/mech_driver/ovsdb/ovsdb_monitor.py:1015}}
Jul 03 14:47:56.932980 np0000004433 devstack@neutron-api.service[87430]: DEBUG neutron.plugins.ml2.drivers.ovn.mech_driver.ovsdb.ovsdb_monitor [-] Hash Ring: Node c420e6cc0ca95afca51b24178a18c239 (host: np0000004433) handling event "create" for row 1e903d2b-c7bf-4fd2-a7bf-9e7d1b64c090 (table: Logical_Switch_Port) {{(pid=87430) notify /opt/stack/neutron/neutron/plugins/ml2/drivers/ovn/mech_driver/ovsdb/ovsdb_monitor.py:1015}}
Jul 03 14:47:56.936326 np0000004433 devstack@neutron-api.service[87430]: DEBUG ovsdbapp.backend.ovs_idl.event [-] Matched CREATE: LogicalSwitchPortCreateEvent(events=('create',), table='Logical_Switch_Port', conditions=[], old_conditions=None), priority=20 to row=Logical_Switch_Port(uuid=1e903d2b-c7bf-4fd2-a7bf-9e7d1b64c090, addresses=['unknown'], dhcpv4_options=[], dhcpv6_options=[], dynamic_addresses=[], enabled=True, external_ids={'neutron:cidrs': '10.1.0.1/26', 'neutron:device_id': '6593f381-e8c0-4bb4-9dc2-11c3d26bdfb8', 'neutron:device_owner': 'network:router_interface', 'neutron:mtu': '', 'neutron:network_name': 'neutron-83766a79-0354-4515-a355-05f637f4a445', 'neutron:port_capabilities': '', 'neutron:port_name': '', 'neutron:project_id': 'c983bc1eeefb48239cf717e7e5297ee2', 'neutron:revision_number': '1', 'neutron:security_group_ids': '', 'neutron:subnet_pool_addr_scope4': '', 'neutron:subnet_pool_addr_scope6': '', 'neutron:vnic_type': 'normal'}, ha_chassis_group=[], mirror_rules=[], name='fba4e0f7-0592-4140-8f3e-01dbf85fdfb7', options={}, parent_name=[], port_security=[], tag=[], tag_request=[], type='', up=[]) old= {{(pid=87430) matches /opt/stack/data/venv/lib/python3.12/site-packages/ovsdbapp/backend/ovs_idl/event.py:55}}
Jul 03 14:47:56.937512 np0000004433 devstack@neutron-api.service[87428]: DEBUG neutron.plugins.ml2.drivers.ovn.mech_driver.ovsdb.ovsdb_monitor [-] Hash Ring: Node a41aa7abafba5a2e87d38a3abe057543 (host: np0000004433) handling event "create" for row 7adae04a-7f24-4d0d-9579-4f4cbea47540 (table: Port_Binding) {{(pid=87428) notify /opt/stack/neutron/neutron/plugins/ml2/drivers/ovn/mech_driver/ovsdb/ovsdb_monitor.py:1015}}
Jul 03 14:47:56.938195 np0000004433 devstack@neutron-api.service[87430]: INFO neutron.plugins.ml2.drivers.ovn.mech_driver.mech_driver [None req-c7503d35-292c-4fcc-a05b-836229120a11 None None] OVN reports status down for port: fba4e0f7-0592-4140-8f3e-01dbf85fdfb7
Jul 03 14:47:56.938766 np0000004433 devstack@neutron-api.service[87430]: DEBUG neutron.plugins.ml2.drivers.ovn.mech_driver.ovsdb.ovsdb_monitor [-] Hash Ring: Node c420e6cc0ca95afca51b24178a18c239 (host: np0000004433) handling event "update" for row 1e903d2b-c7bf-4fd2-a7bf-9e7d1b64c090 (table: Logical_Switch_Port) {{(pid=87430) notify /opt/stack/neutron/neutron/plugins/ml2/drivers/ovn/mech_driver/ovsdb/ovsdb_monitor.py:1015}}
Jul 03 14:47:56.944885 np0000004433 devstack@neutron-api.service[87429]: DEBUG neutron.plugins.ml2.drivers.ovn.mech_driver.ovsdb.ovsdb_monitor [-] Hash Ring: Node 1dc4f86d03745a8ca3397746a0bd2991 (host: np0000004433) handling event "update" for row 83766a79-0354-4515-a355-05f637f4a445 (table: Logical_Switch) {{(pid=87429) notify /opt/stack/neutron/neutron/plugins/ml2/drivers/ovn/mech_driver/ovsdb/ovsdb_monitor.py:1015}}
Jul 03 14:47:56.944885 np0000004433 devstack@neutron-api.service[87429]: DEBUG neutron.plugins.ml2.drivers.ovn.mech_driver.ovsdb.ovsdb_monitor [-] Hash Ring: Node 1dc4f86d03745a8ca3397746a0bd2991 (host: np0000004433) handling event "create" for row 1e903d2b-c7bf-4fd2-a7bf-9e7d1b64c090 (table: Logical_Switch_Port) {{(pid=87429) notify /opt/stack/neutron/neutron/plugins/ml2/drivers/ovn/mech_driver/ovsdb/ovsdb_monitor.py:1015}}
Jul 03 14:47:56.944885 np0000004433 devstack@neutron-api.service[87429]: DEBUG ovsdbapp.backend.ovs_idl.event [-] Matched CREATE: LogicalSwitchPortCreateEvent(events=('create',), table='Logical_Switch_Port', conditions=[], old_conditions=None), priority=20 to row=Logical_Switch_Port(uuid=1e903d2b-c7bf-4fd2-a7bf-9e7d1b64c090, addresses=['unknown'], dhcpv4_options=[], dhcpv6_options=[], dynamic_addresses=[], enabled=True, external_ids={'neutron:cidrs': '10.1.0.1/26', 'neutron:device_id': '6593f381-e8c0-4bb4-9dc2-11c3d26bdfb8', 'neutron:device_owner': 'network:router_interface', 'neutron:mtu': '', 'neutron:network_name': 'neutron-83766a79-0354-4515-a355-05f637f4a445', 'neutron:port_capabilities': '', 'neutron:port_name': '', 'neutron:project_id': 'c983bc1eeefb48239cf717e7e5297ee2', 'neutron:revision_number': '1', 'neutron:security_group_ids': '', 'neutron:subnet_pool_addr_scope4': '', 'neutron:subnet_pool_addr_scope6': '', 'neutron:vnic_type': 'normal'}, ha_chassis_group=[], mirror_rules=[], name='fba4e0f7-0592-4140-8f3e-01dbf85fdfb7', options={}, parent_name=[], port_security=[], tag=[], tag_request=[], type='', up=[]) old= {{(pid=87429) matches /opt/stack/data/venv/lib/python3.12/site-packages/ovsdbapp/backend/ovs_idl/event.py:55}}
Jul 03 14:47:56.945748 np0000004433 devstack@neutron-api.service[87429]: INFO neutron.plugins.ml2.drivers.ovn.mech_driver.mech_driver [None req-033ac2eb-c53d-43d1-a137-5b175248f354 None None] OVN reports status down for port: fba4e0f7-0592-4140-8f3e-01dbf85fdfb7
Jul 03 14:47:56.948127 np0000004433 devstack@neutron-api.service[87430]: DEBUG neutron.plugins.ml2.drivers.ovn.mech_driver.ovsdb.ovsdb_monitor [-] Hash Ring: Node c420e6cc0ca95afca51b24178a18c239 (host: np0000004433) handling event "create" for row 7adae04a-7f24-4d0d-9579-4f4cbea47540 (table: Port_Binding) {{(pid=87430) notify /opt/stack/neutron/neutron/plugins/ml2/drivers/ovn/mech_driver/ovsdb/ovsdb_monitor.py:1015}}
Jul 03 14:47:56.948720 np0000004433 devstack@neutron-api.service[87429]: DEBUG neutron.plugins.ml2.drivers.ovn.mech_driver.ovsdb.ovsdb_monitor [-] Hash Ring: Node 1dc4f86d03745a8ca3397746a0bd2991 (host: np0000004433) handling event "update" for row 1e903d2b-c7bf-4fd2-a7bf-9e7d1b64c090 (table: Logical_Switch_Port) {{(pid=87429) notify /opt/stack/neutron/neutron/plugins/ml2/drivers/ovn/mech_driver/ovsdb/ovsdb_monitor.py:1015}}
Jul 03 14:47:56.971297 np0000004433 devstack@neutron-api.service[87428]: INFO neutron.db.ovn_revision_numbers_db [None req-a07ec56a-d4c1-4387-a935-fbef84125e55 admin admin] Successfully bumped revision number for resource fba4e0f7-0592-4140-8f3e-01dbf85fdfb7 (type: ports) to 1
Jul 03 14:47:56.972922 np0000004433 devstack@neutron-api.service[87430]: DEBUG neutron.db.provisioning_blocks [None req-c7503d35-292c-4fcc-a05b-836229120a11 None None] Transition to ACTIVE for port object fba4e0f7-0592-4140-8f3e-01dbf85fdfb7 will not be triggered until provisioned by entity L2. {{(pid=87430) add_provisioning_component /opt/stack/neutron/neutron/db/provisioning_blocks.py:74}}
Jul 03 14:47:56.976268 np0000004433 devstack@neutron-api.service[87428]: DEBUG neutron_lib.callbacks.manager [None req-a07ec56a-d4c1-4387-a935-fbef84125e55 admin admin] Publish callbacks [] for router_interface (6593f381-e8c0-4bb4-9dc2-11c3d26bdfb8), before_create {{(pid=87428) _notify_loop /opt/stack/data/venv/lib/python3.12/site-packages/neutron_lib/callbacks/manager.py:184}}
Jul 03 14:47:56.978791 np0000004433 devstack@neutron-api.service[87429]: DEBUG neutron_lib.db.api [None req-033ac2eb-c53d-43d1-a137-5b175248f354 None None] Retry wrapper got retriable exception: Failed to create a duplicate ProvisioningBlock: for attribute(s) ['provisioningblocks.PRIMARY'] with value(s) 21-L2 {{(pid=87429) wrapped /opt/stack/data/venv/lib/python3.12/site-packages/neutron_lib/db/api.py:185}}
Jul 03 14:47:56.979024 np0000004433 devstack@neutron-api.service[87429]: DEBUG oslo_db.api [None req-033ac2eb-c53d-43d1-a137-5b175248f354 None None] Performing DB retry for function neutron.db.provisioning_blocks.add_provisioning_component {{(pid=87429) wrapper /opt/stack/data/venv/lib/python3.12/site-packages/oslo_db/api.py:155}}
Jul 03 14:47:56.998942 np0000004433 devstack@neutron-api.service[87430]: DEBUG neutron.plugins.ml2.plugin [None req-c7503d35-292c-4fcc-a05b-836229120a11 None None] Current status of the port fba4e0f7-0592-4140-8f3e-01dbf85fdfb7 is: DOWN; New status is: DOWN {{(pid=87430) _update_individual_port_db_status /opt/stack/neutron/neutron/plugins/ml2/plugin.py:2473}}
Jul 03 14:47:57.000114 np0000004433 devstack@neutron-api.service[87430]: DEBUG ovsdbapp.backend.ovs_idl.transaction [-] Running txn n=1 command(idx=0): DbRemoveCommand(_result=None, table=Logical_Switch_Port, record=fba4e0f7-0592-4140-8f3e-01dbf85fdfb7, column=external_ids, values=('neutron:host_id',), keyvalues={}, if_exists=True) {{(pid=87430) do_commit /opt/stack/data/venv/lib/python3.12/site-packages/ovsdbapp/backend/ovs_idl/transaction.py:89}}
Jul 03 14:47:57.186255 np0000004433 devstack@neutron-api.service[87428]: DEBUG neutron_lib.callbacks.manager [None req-a07ec56a-d4c1-4387-a935-fbef84125e55 admin admin] Publish callbacks ['neutron.plugins.ml2.plugin.SecurityGroupDbMixin._ensure_default_security_group_handler-796046', 'neutron.services.ovn_l3.plugin.OVNL3RouterPlugin._port_update-8601083101898', 'neutron.db.l3_db.L3_NAT_dbonly_mixin._prevent_internal_ip_change_for_fip-8601084310952'] for port (fba4e0f7-0592-4140-8f3e-01dbf85fdfb7), before_update {{(pid=87428) _notify_loop /opt/stack/data/venv/lib/python3.12/site-packages/neutron_lib/callbacks/manager.py:184}}
Jul 03 14:47:57.325807 np0000004433 devstack@neutron-api.service[87428]: DEBUG neutron_lib.callbacks.manager [None req-a07ec56a-d4c1-4387-a935-fbef84125e55 admin admin] Publish callbacks [] for port (fba4e0f7-0592-4140-8f3e-01dbf85fdfb7), precommit_update {{(pid=87428) _notify_loop /opt/stack/data/venv/lib/python3.12/site-packages/neutron_lib/callbacks/manager.py:184}}
Jul 03 14:47:57.326058 np0000004433 devstack@neutron-api.service[87428]: DEBUG neutron.plugins.ml2.drivers.ovn.mech_driver.mech_driver [None req-a07ec56a-d4c1-4387-a935-fbef84125e55 admin admin] No provisioning block for port fba4e0f7-0592-4140-8f3e-01dbf85fdfb7 since it does not have a host {{(pid=87428) _is_port_provisioning_required /opt/stack/neutron/neutron/plugins/ml2/drivers/ovn/mech_driver/mech_driver.py:899}}
Jul 03 14:47:57.389530 np0000004433 devstack@neutron-api.service[87428]: DEBUG neutron_lib.callbacks.manager [None req-a07ec56a-d4c1-4387-a935-fbef84125e55 admin admin] Publish callbacks ['neutron.plugins.ml2.ovo_rpc._ObjectChangeHandler.handle_event-15262172', 'neutron.services.ovn_l3.plugin.OVNL3RouterPlugin._port_update-8601083101898'] for port (fba4e0f7-0592-4140-8f3e-01dbf85fdfb7), after_update {{(pid=87428) _notify_loop /opt/stack/data/venv/lib/python3.12/site-packages/neutron_lib/callbacks/manager.py:184}}
Jul 03 14:47:57.427977 np0000004433 devstack@neutron-api.service[87428]: DEBUG neutron.api.rpc.handlers.resources_rpc [None req-a07ec56a-d4c1-4387-a935-fbef84125e55 admin admin] Pushing event updated for resources: {'Port': ['ID=fba4e0f7-0592-4140-8f3e-01dbf85fdfb7,revision_number=1']} {{(pid=87428) push /opt/stack/neutron/neutron/api/rpc/handlers/resources_rpc.py:237}}
Jul 03 14:47:57.480346 np0000004433 devstack@neutron-api.service[87429]: DEBUG futurist.periodics [-] Submitting periodic callback 'neutron.plugins.ml2.drivers.ovn.mech_driver.ovsdb.maintenance.HashRingHealthCheckPeriodics.touch_hash_ring_node' {{(pid=87429) _process_scheduled /opt/stack/data/venv/lib/python3.12/site-packages/futurist/periodics.py:784}}
Jul 03 14:47:57.481960 np0000004433 devstack@neutron-api.service[87429]: DEBUG neutron.plugins.ml2.drivers.ovn.mech_driver.ovsdb.maintenance [-] Touching Hash Ring node "1dc4f86d03745a8ca3397746a0bd2991" from periodic health check thread {{(pid=87429) touch_hash_ring_node /opt/stack/neutron/neutron/plugins/ml2/drivers/ovn/mech_driver/ovsdb/maintenance.py:1419}}
Jul 03 14:47:57.488221 np0000004433 devstack@neutron-api.service[87429]: DEBUG neutron.db.provisioning_blocks [None req-033ac2eb-c53d-43d1-a137-5b175248f354 None None] Ignored duplicate provisioning block setup for port fba4e0f7-0592-4140-8f3e-01dbf85fdfb7 by entity L2. {{(pid=87429) add_provisioning_component /opt/stack/neutron/neutron/db/provisioning_blocks.py:69}}
Jul 03 14:47:57.508343 np0000004433 devstack@neutron-api.service[87429]: DEBUG neutron.plugins.ml2.plugin [None req-033ac2eb-c53d-43d1-a137-5b175248f354 None None] Current status of the port fba4e0f7-0592-4140-8f3e-01dbf85fdfb7 is: DOWN; New status is: DOWN {{(pid=87429) _update_individual_port_db_status /opt/stack/neutron/neutron/plugins/ml2/plugin.py:2473}}
Jul 03 14:47:57.509578 np0000004433 devstack@neutron-api.service[87429]: DEBUG ovsdbapp.backend.ovs_idl.transaction [-] Running txn n=1 command(idx=0): DbRemoveCommand(_result=None, table=Logical_Switch_Port, record=fba4e0f7-0592-4140-8f3e-01dbf85fdfb7, column=external_ids, values=('neutron:host_id',), keyvalues={}, if_exists=True) {{(pid=87429) do_commit /opt/stack/data/venv/lib/python3.12/site-packages/ovsdbapp/backend/ovs_idl/transaction.py:89}}
