Aug 03 15:05:22.276578 np0000006356 devstack@g-api.service[103064]: [pid: 103064|app: 0|req: 105/395] 127.0.0.1 () {40 vars in 834 bytes} [Mon Aug 3 15:05:22 2026] GET /v2/images/562e7194-cca3-4d6e-9231-75161ef3f40b => generated 648 bytes in 23 msecs (HTTP/1.1 200) 4 headers in 157 bytes (1 switches on core 0)
Aug 03 15:05:23.293757 np0000006356 devstack@g-api.service[103065]: DEBUG glance.api.middleware.version_negotiation [None req-6141c538-c70b-4e4e-89a2-d5955b50c198 tempest-VolumesExtendTest-1540720553 tempest-VolumesExtendTest-1540720553-project-member] Determining version of request: GET /v2/images/562e7194-cca3-4d6e-9231-75161ef3f40b Accept: application/json {{(pid=103065) process_request /opt/stack/glance/glance/api/middleware/version_negotiation.py:44}}
Aug 03 15:05:23.294144 np0000006356 devstack@g-api.service[103065]: DEBUG glance.api.middleware.version_negotiation [None req-6141c538-c70b-4e4e-89a2-d5955b50c198 tempest-VolumesExtendTest-1540720553 tempest-VolumesExtendTest-1540720553-project-member] Using url versioning {{(pid=103065) process_request /opt/stack/glance/glance/api/middleware/version_negotiation.py:57}}
Aug 03 15:05:23.294144 np0000006356 devstack@g-api.service[103065]: DEBUG glance.api.middleware.version_negotiation [None req-6141c538-c70b-4e4e-89a2-d5955b50c198 tempest-VolumesExtendTest-1540720553 tempest-VolumesExtendTest-1540720553-project-member] Matched version: v2 {{(pid=103065) process_request /opt/stack/glance/glance/api/middleware/version_negotiation.py:69}}
Aug 03 15:05:23.294413 np0000006356 devstack@g-api.service[103065]: DEBUG glance.api.middleware.version_negotiation [None req-6141c538-c70b-4e4e-89a2-d5955b50c198 tempest-VolumesExtendTest-1540720553 tempest-VolumesExtendTest-1540720553-project-member] new path /v2/images/562e7194-cca3-4d6e-9231-75161ef3f40b {{(pid=103065) process_request /opt/stack/glance/glance/api/middleware/version_negotiation.py:70}}
Aug 03 15:05:23.314166 np0000006356 devstack@g-api.service[103065]: [pid: 103065|app: 0|req: 102/396] 127.0.0.1 () {40 vars in 834 bytes} [Mon Aug 3 15:05:23 2026] GET /v2/images/562e7194-cca3-4d6e-9231-75161ef3f40b => generated 648 bytes in 21 msecs (HTTP/1.1 200) 4 headers in 157 bytes (1 switches on core 0)
Aug 03 15:05:23.748631 np0000006356 devstack@g-api.service[103067]: DEBUG dbcounter [-] [103067] Writing DB stats glance:SELECT=18,glance:UPDATE=1 {{(pid=103067) stat_writer /opt/stack/data/venv/lib/python3.12/site-packages/dbcounter.py:115}}
Aug 03 15:05:24.325719 np0000006356 devstack@g-api.service[103066]: DEBUG glance.api.middleware.version_negotiation [None req-6141c538-c70b-4e4e-89a2-d5955b50c198 tempest-VolumesExtendTest-1540720553 tempest-VolumesExtendTest-1540720553-project-member] Determining version of request: GET /v2/images/562e7194-cca3-4d6e-9231-75161ef3f40b Accept: application/json {{(pid=103066) process_request /opt/stack/glance/glance/api/middleware/version_negotiation.py:44}}
Aug 03 15:05:24.325719 np0000006356 devstack@g-api.service[103066]: DEBUG glance.api.middleware.version_negotiation [None req-6141c538-c70b-4e4e-89a2-d5955b50c198 tempest-VolumesExtendTest-1540720553 tempest-VolumesExtendTest-1540720553-project-member] Using url versioning {{(pid=103066) process_request /opt/stack/glance/glance/api/middleware/version_negotiation.py:57}}
Aug 03 15:05:24.327891 np0000006356 devstack@g-api.service[103066]: DEBUG glance.api.middleware.version_negotiation [None req-6141c538-c70b-4e4e-89a2-d5955b50c198 tempest-VolumesExtendTest-1540720553 tempest-VolumesExtendTest-1540720553-project-member] Matched version: v2 {{(pid=103066) process_request /opt/stack/glance/glance/api/middleware/version_negotiation.py:69}}
Aug 03 15:05:24.327891 np0000006356 devstack@g-api.service[103066]: DEBUG glance.api.middleware.version_negotiation [None req-6141c538-c70b-4e4e-89a2-d5955b50c198 tempest-VolumesExtendTest-1540720553 tempest-VolumesExtendTest-1540720553-project-member] new path /v2/images/562e7194-cca3-4d6e-9231-75161ef3f40b {{(pid=103066) process_request /opt/stack/glance/glance/api/middleware/version_negotiation.py:70}}
Aug 03 15:05:24.353590 np0000006356 devstack@g-api.service[103066]: [pid: 103066|app: 0|req: 103/397] 127.0.0.1 () {40 vars in 834 bytes} [Mon Aug 3 15:05:24 2026] GET /v2/images/562e7194-cca3-4d6e-9231-75161ef3f40b => generated 648 bytes in 28 msecs (HTTP/1.1 200) 4 headers in 157 bytes (1 switches on core 0)
Aug 03 15:05:24.527497 np0000006356 devstack@g-api.service[103067]: DEBUG swiftclient [None req-ef8e1008-a97f-4c34-9b05-348978f0a73a tempest-TestImageHashVerification-1364381139 tempest-TestImageHashVerification-1364381139-project-member] REQ: curl -i https://10.4.3.52:8080/v1/AUTH_dc581662f9a94ee49141023701713512/glance/562e7194-cca3-4d6e-9231-75161ef3f40b-00004 -X PUT -H "X-Auth-Token: gAAAAABqcK4pf6X0..." {{(pid=103067) http_log /opt/stack/data/venv/lib/python3.12/site-packages/swiftclient/client.py:160}}
Aug 03 15:05:24.527497 np0000006356 devstack@g-api.service[103067]: DEBUG swiftclient [None req-ef8e1008-a97f-4c34-9b05-348978f0a73a tempest-TestImageHashVerification-1364381139 tempest-TestImageHashVerification-1364381139-project-member] RESP STATUS: 201 Created {{(pid=103067) http_log /opt/stack/data/venv/lib/python3.12/site-packages/swiftclient/client.py:161}}
Aug 03 15:05:24.527497 np0000006356 devstack@g-api.service[103067]: DEBUG swiftclient [None req-ef8e1008-a97f-4c34-9b05-348978f0a73a tempest-TestImageHashVerification-1364381139 tempest-TestImageHashVerification-1364381139-project-member] RESP HEADERS: {'Date': 'Mon, 03 Aug 2026 15:05:24 GMT', 'Server': 'Apache/2.4.58 (Ubuntu)', 'Content-Type': 'text/html; charset=UTF-8', 'Content-Length': '0', 'Etag': 'eda9a9889837ac4bc81d6387d92c1bec', 'Last-Modified': 'Mon, 03 Aug 2026 15:05:22 GMT', 'X-Trans-Id': 'tx254a524ef11a42e0b3c6a-006a70ae31', 'X-Openstack-Request-Id': 'tx254a524ef11a42e0b3c6a-006a70ae31', 'Connection': 'close'} {{(pid=103067) http_log /opt/stack/data/venv/lib/python3.12/site-packages/swiftclient/client.py:162}}
Aug 03 15:05:24.527497 np0000006356 devstack@g-api.service[103067]: DEBUG glance_store._drivers.swift.store [None req-ef8e1008-a97f-4c34-9b05-348978f0a73a tempest-TestImageHashVerification-1364381139 tempest-TestImageHashVerification-1364381139-project-member] Wrote chunk 562e7194-cca3-4d6e-9231-75161ef3f40b-00004 (4/?) of length 204800000 to Swift returning MD5 of content: eda9a9889837ac4bc81d6387d92c1bec {{(pid=103067) add /opt/stack/data/venv/lib/python3.12/site-packages/glance_store/_drivers/swift/store.py:1059}}
Aug 03 15:05:25.366074 np0000006356 devstack@g-api.service[103064]: DEBUG glance.api.middleware.version_negotiation [None req-b36b5edf-69a2-448e-996d-61e407d1bc6c tempest-TestImageHashVerification-1364381139 tempest-TestImageHashVerification-1364381139-project-member] Determining version of request: GET /v2/images/562e7194-cca3-4d6e-9231-75161ef3f40b Accept: application/json {{(pid=103064) process_request /opt/stack/glance/glance/api/middleware/version_negotiation.py:44}}
Aug 03 15:05:25.367127 np0000006356 devstack@g-api.service[103064]: DEBUG glance.api.middleware.version_negotiation [None req-b36b5edf-69a2-448e-996d-61e407d1bc6c tempest-TestImageHashVerification-1364381139 tempest-TestImageHashVerification-1364381139-project-member] Using url versioning {{(pid=103064) process_request /opt/stack/glance/glance/api/middleware/version_negotiation.py:57}}
Aug 03 15:05:25.368052 np0000006356 devstack@g-api.service[103064]: DEBUG glance.api.middleware.version_negotiation [None req-b36b5edf-69a2-448e-996d-61e407d1bc6c tempest-TestImageHashVerification-1364381139 tempest-TestImageHashVerification-1364381139-project-member] Matched version: v2 {{(pid=103064) process_request /opt/stack/glance/glance/api/middleware/version_negotiation.py:69}}
Aug 03 15:05:25.368251 np0000006356 devstack@g-api.service[103064]: DEBUG glance.api.middleware.version_negotiation [None req-b36b5edf-69a2-448e-996d-61e407d1bc6c tempest-TestImageHashVerification-1364381139 tempest-TestImageHashVerification-1364381139-project-member] new path /v2/images/562e7194-cca3-4d6e-9231-75161ef3f40b {{(pid=103064) process_request /opt/stack/glance/glance/api/middleware/version_negotiation.py:70}}
Aug 03 15:05:25.387871 np0000006356 devstack@g-api.service[103064]: [pid: 103064|app: 0|req: 106/398] 127.0.0.1 () {40 vars in 834 bytes} [Mon Aug 3 15:05:25 2026] GET /v2/images/562e7194-cca3-4d6e-9231-75161ef3f40b => generated 648 bytes in 22 msecs (HTTP/1.1 200) 4 headers in 157 bytes (1 switches on core 0)
Aug 03 15:05:26.401321 np0000006356 devstack@g-api.service[103065]: DEBUG glance.api.middleware.version_negotiation [None req-00d298b6-e723-42b8-8166-f8e2297d8060 tempest-TestImageHashVerification-1364381139 tempest-TestImageHashVerification-1364381139-project-member] Determining version of request: GET /v2/images/562e7194-cca3-4d6e-9231-75161ef3f40b Accept: application/json {{(pid=103065) process_request /opt/stack/glance/glance/api/middleware/version_negotiation.py:44}}
Aug 03 15:05:26.401321 np0000006356 devstack@g-api.service[103065]: DEBUG glance.api.middleware.version_negotiation [None req-00d298b6-e723-42b8-8166-f8e2297d8060 tempest-TestImageHashVerification-1364381139 tempest-TestImageHashVerification-1364381139-project-member] Using url versioning {{(pid=103065) process_request /opt/stack/glance/glance/api/middleware/version_negotiation.py:57}}
Aug 03 15:05:26.401321 np0000006356 devstack@g-api.service[103065]: DEBUG glance.api.middleware.version_negotiation [None req-00d298b6-e723-42b8-8166-f8e2297d8060 tempest-TestImageHashVerification-1364381139 tempest-TestImageHashVerification-1364381139-project-member] Matched version: v2 {{(pid=103065) process_request /opt/stack/glance/glance/api/middleware/version_negotiation.py:69}}
Aug 03 15:05:26.401321 np0000006356 devstack@g-api.service[103065]: DEBUG glance.api.middleware.version_negotiation [None req-00d298b6-e723-42b8-8166-f8e2297d8060 tempest-TestImageHashVerification-1364381139 tempest-TestImageHashVerification-1364381139-project-member] new path /v2/images/562e7194-cca3-4d6e-9231-75161ef3f40b {{(pid=103065) process_request /opt/stack/glance/glance/api/middleware/version_negotiation.py:70}}
Aug 03 15:05:26.419492 np0000006356 devstack@g-api.service[103065]: [pid: 103065|app: 0|req: 103/399] 127.0.0.1 () {40 vars in 834 bytes} [Mon Aug 3 15:05:26 2026] GET /v2/images/562e7194-cca3-4d6e-9231-75161ef3f40b => generated 648 bytes in 17 msecs (HTTP/1.1 200) 4 headers in 157 bytes (1 switches on core 0)
Aug 03 15:05:26.643949 np0000006356 devstack@g-api.service[103066]: DEBUG glance.api.middleware.version_negotiation [None req-40d73810-3906-4644-9249-586a275d269b tempest-TestImageHashVerification-1364381139 tempest-TestImageHashVerification-1364381139-project-member] Determining version of request: GET /v2/schemas/image Accept: */* {{(pid=103066) process_request /opt/stack/glance/glance/api/middleware/version_negotiation.py:44}}
Aug 03 15:05:26.645226 np0000006356 devstack@g-api.service[103066]: DEBUG glance.api.middleware.version_negotiation [None req-40d73810-3906-4644-9249-586a275d269b tempest-TestImageHashVerification-1364381139 tempest-TestImageHashVerification-1364381139-project-member] Using url versioning {{(pid=103066) process_request /opt/stack/glance/glance/api/middleware/version_negotiation.py:57}}
Aug 03 15:05:26.645226 np0000006356 devstack@g-api.service[103066]: DEBUG glance.api.middleware.version_negotiation [None req-40d73810-3906-4644-9249-586a275d269b tempest-TestImageHashVerification-1364381139 tempest-TestImageHashVerification-1364381139-project-member] Matched version: v2 {{(pid=103066) process_request /opt/stack/glance/glance/api/middleware/version_negotiation.py:69}}
Aug 03 15:05:26.645226 np0000006356 devstack@g-api.service[103066]: DEBUG glance.api.middleware.version_negotiation [None req-40d73810-3906-4644-9249-586a275d269b tempest-TestImageHashVerification-1364381139 tempest-TestImageHashVerification-1364381139-project-member] new path /v2/schemas/image {{(pid=103066) process_request /opt/stack/glance/glance/api/middleware/version_negotiation.py:70}}
Aug 03 15:05:26.648789 np0000006356 devstack@g-api.service[103066]: [pid: 103066|app: 0|req: 104/400] 127.0.0.1 () {44 vars in 1051 bytes} [Mon Aug 3 15:05:26 2026] GET /v2/schemas/image => generated 6083 bytes in 5 msecs (HTTP/1.1 200) 4 headers in 158 bytes (1 switches on core 0)
Aug 03 15:05:26.717394 np0000006356 devstack@g-api.service[103064]: DEBUG glance.api.middleware.version_negotiation [None req-c2e74f3d-064e-4633-87f7-eaf659238403 tempest-TestImageHashVerification-1364381139 tempest-TestImageHashVerification-1364381139-project-member] Determining version of request: POST /v2/images Accept: */* {{(pid=103064) process_request /opt/stack/glance/glance/api/middleware/version_negotiation.py:44}}
Aug 03 15:05:26.717394 np0000006356 devstack@g-api.service[103064]: DEBUG glance.api.middleware.version_negotiation [None req-c2e74f3d-064e-4633-87f7-eaf659238403 tempest-TestImageHashVerification-1364381139 tempest-TestImageHashVerification-1364381139-project-member] Using url versioning {{(pid=103064) process_request /opt/stack/glance/glance/api/middleware/version_negotiation.py:57}}
Aug 03 15:05:26.717394 np0000006356 devstack@g-api.service[103064]: DEBUG glance.api.middleware.version_negotiation [None req-c2e74f3d-064e-4633-87f7-eaf659238403 tempest-TestImageHashVerification-1364381139 tempest-TestImageHashVerification-1364381139-project-member] Matched version: v2 {{(pid=103064) process_request /opt/stack/glance/glance/api/middleware/version_negotiation.py:69}}
Aug 03 15:05:26.718703 np0000006356 devstack@g-api.service[103064]: DEBUG glance.api.middleware.version_negotiation [None req-c2e74f3d-064e-4633-87f7-eaf659238403 tempest-TestImageHashVerification-1364381139 tempest-TestImageHashVerification-1364381139-project-member] new path /v2/images {{(pid=103064) process_request /opt/stack/glance/glance/api/middleware/version_negotiation.py:70}}
Aug 03 15:05:26.992470 np0000006356 devstack@g-api.service[103067]: DEBUG swiftclient [None req-ef8e1008-a97f-4c34-9b05-348978f0a73a tempest-TestImageHashVerification-1364381139 tempest-TestImageHashVerification-1364381139-project-member] REQ: curl -i https://10.4.3.52:8080/v1/AUTH_dc581662f9a94ee49141023701713512/glance/562e7194-cca3-4d6e-9231-75161ef3f40b-00005 -X PUT -H "X-Auth-Token: gAAAAABqcK4pf6X0..." {{(pid=103067) http_log /opt/stack/data/venv/lib/python3.12/site-packages/swiftclient/client.py:160}}
Aug 03 15:05:26.992470 np0000006356 devstack@g-api.service[103067]: DEBUG swiftclient [None req-ef8e1008-a97f-4c34-9b05-348978f0a73a tempest-TestImageHashVerification-1364381139 tempest-TestImageHashVerification-1364381139-project-member] RESP STATUS: 201 Created {{(pid=103067) http_log /opt/stack/data/venv/lib/python3.12/site-packages/swiftclient/client.py:161}}
Aug 03 15:05:26.993557 np0000006356 devstack@g-api.service[103067]: DEBUG swiftclient [None req-ef8e1008-a97f-4c34-9b05-348978f0a73a tempest-TestImageHashVerification-1364381139 tempest-TestImageHashVerification-1364381139-project-member] RESP HEADERS: {'Date': 'Mon, 03 Aug 2026 15:05:26 GMT', 'Server': 'Apache/2.4.58 (Ubuntu)', 'Content-Type': 'text/html; charset=UTF-8', 'Content-Length': '0', 'Etag': 'eda9a9889837ac4bc81d6387d92c1bec', 'Last-Modified': 'Mon, 03 Aug 2026 15:05:25 GMT', 'X-Trans-Id': 'tx3fa7ffaaf98c49018a6f3-006a70ae34', 'X-Openstack-Request-Id': 'tx3fa7ffaaf98c49018a6f3-006a70ae34', 'Connection': 'close'} {{(pid=103067) http_log /opt/stack/data/venv/lib/python3.12/site-packages/swiftclient/client.py:162}}
Aug 03 15:05:26.993557 np0000006356 devstack@g-api.service[103067]: DEBUG glance_store._drivers.swift.store [None req-ef8e1008-a97f-4c34-9b05-348978f0a73a tempest-TestImageHashVerification-1364381139 tempest-TestImageHashVerification-1364381139-project-member] Wrote chunk 562e7194-cca3-4d6e-9231-75161ef3f40b-00005 (5/?) of length 204800000 to Swift returning MD5 of content: eda9a9889837ac4bc81d6387d92c1bec {{(pid=103067) add /opt/stack/data/venv/lib/python3.12/site-packages/glance_store/_drivers/swift/store.py:1059}}
Aug 03 15:05:27.433671 np0000006356 devstack@g-api.service[103065]: DEBUG glance.api.middleware.version_negotiation [None req-5599c682-210e-4ff0-86c1-e4fd95c5c590 tempest-TestImageHashVerification-1364381139 tempest-TestImageHashVerification-1364381139-project-member] Determining version of request: GET /v2/images/562e7194-cca3-4d6e-9231-75161ef3f40b Accept: application/json {{(pid=103065) process_request /opt/stack/glance/glance/api/middleware/version_negotiation.py:44}}
Aug 03 15:05:27.433671 np0000006356 devstack@g-api.service[103065]: DEBUG glance.api.middleware.version_negotiation [None req-5599c682-210e-4ff0-86c1-e4fd95c5c590 tempest-TestImageHashVerification-1364381139 tempest-TestImageHashVerification-1364381139-project-member] Using url versioning {{(pid=103065) process_request /opt/stack/glance/glance/api/middleware/version_negotiation.py:57}}
Aug 03 15:05:27.434086 np0000006356 devstack@g-api.service[103065]: DEBUG glance.api.middleware.version_negotiation [None req-5599c682-210e-4ff0-86c1-e4fd95c5c590 tempest-TestImageHashVerification-1364381139 tempest-TestImageHashVerification-1364381139-project-member] Matched version: v2 {{(pid=103065) process_request /opt/stack/glance/glance/api/middleware/version_negotiation.py:69}}
Aug 03 15:05:27.434086 np0000006356 devstack@g-api.service[103065]: DEBUG glance.api.middleware.version_negotiation [None req-5599c682-210e-4ff0-86c1-e4fd95c5c590 tempest-TestImageHashVerification-1364381139 tempest-TestImageHashVerification-1364381139-project-member] new path /v2/images/562e7194-cca3-4d6e-9231-75161ef3f40b {{(pid=103065) process_request /opt/stack/glance/glance/api/middleware/version_negotiation.py:70}}
Aug 03 15:05:27.454105 np0000006356 devstack@g-api.service[103065]: [pid: 103065|app: 0|req: 104/401] 127.0.0.1 () {40 vars in 834 bytes} [Mon Aug 3 15:05:27 2026] GET /v2/images/562e7194-cca3-4d6e-9231-75161ef3f40b => generated 648 bytes in 21 msecs (HTTP/1.1 200) 4 headers in 157 bytes (1 switches on core 0)
Aug 03 15:05:27.576487 np0000006356 devstack@g-api.service[103067]: DEBUG swiftclient [None req-ef8e1008-a97f-4c34-9b05-348978f0a73a tempest-TestImageHashVerification-1364381139 tempest-TestImageHashVerification-1364381139-project-member] REQ: curl -i https://10.4.3.52:8080/v1/AUTH_dc581662f9a94ee49141023701713512/glance/562e7194-cca3-4d6e-9231-75161ef3f40b-00006 -X PUT -H "X-Auth-Token: gAAAAABqcK4pf6X0..." {{(pid=103067) http_log /opt/stack/data/venv/lib/python3.12/site-packages/swiftclient/client.py:160}}
Aug 03 15:05:27.576627 np0000006356 devstack@g-api.service[103067]: DEBUG swiftclient [None req-ef8e1008-a97f-4c34-9b05-348978f0a73a tempest-TestImageHashVerification-1364381139 tempest-TestImageHashVerification-1364381139-project-member] RESP STATUS: 201 Created {{(pid=103067) http_log /opt/stack/data/venv/lib/python3.12/site-packages/swiftclient/client.py:161}}
Aug 03 15:05:27.576866 np0000006356 devstack@g-api.service[103067]: DEBUG swiftclient [None req-ef8e1008-a97f-4c34-9b05-348978f0a73a tempest-TestImageHashVerification-1364381139 tempest-TestImageHashVerification-1364381139-project-member] RESP HEADERS: {'Date': 'Mon, 03 Aug 2026 15:05:27 GMT', 'Server': 'Apache/2.4.58 (Ubuntu)', 'Content-Type': 'text/html; charset=UTF-8', 'Content-Length': '0', 'Etag': '708761f3b8777ec77058e63da08eeeb6', 'Last-Modified': 'Mon, 03 Aug 2026 15:05:28 GMT', 'X-Trans-Id': 'tx9ce59c0b73264e9c8b725-006a70ae37', 'X-Openstack-Request-Id': 'tx9ce59c0b73264e9c8b725-006a70ae37', 'Connection': 'close'} {{(pid=103067) http_log /opt/stack/data/venv/lib/python3.12/site-packages/swiftclient/client.py:162}}
Aug 03 15:05:27.576975 np0000006356 devstack@g-api.service[103067]: DEBUG glance_store._drivers.swift.store [None req-ef8e1008-a97f-4c34-9b05-348978f0a73a tempest-TestImageHashVerification-1364381139 tempest-TestImageHashVerification-1364381139-project-member] Wrote chunk 562e7194-cca3-4d6e-9231-75161ef3f40b-00006 (6/?) of length 49741824 to Swift returning MD5 of content: 708761f3b8777ec77058e63da08eeeb6 {{(pid=103067) add /opt/stack/data/venv/lib/python3.12/site-packages/glance_store/_drivers/swift/store.py:1059}}
Aug 03 15:05:27.577233 np0000006356 devstack@g-api.service[103067]: DEBUG glance_store._drivers.swift.store [None req-ef8e1008-a97f-4c34-9b05-348978f0a73a tempest-TestImageHashVerification-1364381139 tempest-TestImageHashVerification-1364381139-project-member] Not writing zero-length chunk. {{(pid=103067) add /opt/stack/data/venv/lib/python3.12/site-packages/glance_store/_drivers/swift/store.py:1028}}
Aug 03 15:05:27.596591 np0000006356 devstack@g-api.service[103064]: [pid: 103064|app: 0|req: 107/402] 127.0.0.1 () {46 vars in 1051 bytes} [Mon Aug 3 15:05:26 2026] POST /v2/images => generated 1357 bytes in 880 msecs (HTTP/1.1 201) 6 headers in 316 bytes (1 switches on core 0)
Aug 03 15:05:27.612495 np0000006356 devstack@g-api.service[103067]: DEBUG swiftclient [None req-ef8e1008-a97f-4c34-9b05-348978f0a73a tempest-TestImageHashVerification-1364381139 tempest-TestImageHashVerification-1364381139-project-member] REQ: curl -i https://10.4.3.52:8080/v1/AUTH_dc581662f9a94ee49141023701713512/glance/562e7194-cca3-4d6e-9231-75161ef3f40b -X PUT -H "X-Object-Manifest: glance/562e7194-cca3-4d6e-9231-75161ef3f40b-" -H "X-Auth-Token: gAAAAABqcK4pf6X0..." -H "Content-Length: 0" {{(pid=103067) http_log /opt/stack/data/venv/lib/python3.12/site-packages/swiftclient/client.py:160}}
Aug 03 15:05:27.613527 np0000006356 devstack@g-api.service[103067]: DEBUG swiftclient [None req-ef8e1008-a97f-4c34-9b05-348978f0a73a tempest-TestImageHashVerification-1364381139 tempest-TestImageHashVerification-1364381139-project-member] RESP STATUS: 201 Created {{(pid=103067) http_log /opt/stack/data/venv/lib/python3.12/site-packages/swiftclient/client.py:161}}
Aug 03 15:05:27.613527 np0000006356 devstack@g-api.service[103067]: DEBUG swiftclient [None req-ef8e1008-a97f-4c34-9b05-348978f0a73a tempest-TestImageHashVerification-1364381139 tempest-TestImageHashVerification-1364381139-project-member] RESP HEADERS: {'Date': 'Mon, 03 Aug 2026 15:05:27 GMT', 'Server': 'Apache/2.4.58 (Ubuntu)', 'Content-Type': 'text/html; charset=UTF-8', 'Content-Length': '0', 'Etag': 'd41d8cd98f00b204e9800998ecf8427e', 'Last-Modified': 'Mon, 03 Aug 2026 15:05:28 GMT', 'X-Trans-Id': 'txb38be014413a4268bbfc5-006a70ae37', 'X-Openstack-Request-Id': 'txb38be014413a4268bbfc5-006a70ae37', 'Connection': 'close'} {{(pid=103067) http_log /opt/stack/data/venv/lib/python3.12/site-packages/swiftclient/client.py:162}}
Aug 03 15:05:27.613907 np0000006356 devstack@g-api.service[103067]: INFO glance.location [None req-ef8e1008-a97f-4c34-9b05-348978f0a73a tempest-TestImageHashVerification-1364381139 tempest-TestImageHashVerification-1364381139-project-member] Image format matched and virtual size computed: 1073741824
Aug 03 15:05:27.657130 np0000006356 devstack@g-api.service[103067]: DEBUG glance_store.backend [None req-ef8e1008-a97f-4c34-9b05-348978f0a73a tempest-TestImageHashVerification-1364381139 tempest-TestImageHashVerification-1364381139-project-member] Attempting to import store swift {{(pid=103067) _load_store /opt/stack/data/venv/lib/python3.12/site-packages/glance_store/backend.py:215}}
Aug 03 15:05:27.660951 np0000006356 devstack@g-api.service[103067]: DEBUG glance_store.capabilities [None req-ef8e1008-a97f-4c34-9b05-348978f0a73a tempest-TestImageHashVerification-1364381139 tempest-TestImageHashVerification-1364381139-project-member] Store glance_store._drivers.swift.store.SingleTenantStore doesn't support updating dynamic storage capabilities. Please overwrite 'update_capabilities' method of the store to implement updating logics if needed. {{(pid=103067) update_capabilities /opt/stack/data/venv/lib/python3.12/site-packages/glance_store/capabilities.py:91}}
Aug 03 15:05:27.660951 np0000006356 devstack@g-api.service[103067]: DEBUG glance_store.driver [None req-ef8e1008-a97f-4c34-9b05-348978f0a73a tempest-TestImageHashVerification-1364381139 tempest-TestImageHashVerification-1364381139-project-member] Late loading location class glance_store._drivers.swift.store.StoreLocation {{(pid=103067) get_store_location_class /opt/stack/data/venv/lib/python3.12/site-packages/glance_store/driver.py:134}}
Aug 03 15:05:27.660951 np0000006356 devstack@g-api.service[103067]: DEBUG glance_store.location [None req-ef8e1008-a97f-4c34-9b05-348978f0a73a tempest-TestImageHashVerification-1364381139 tempest-TestImageHashVerification-1364381139-project-member] Registering scheme swift+https with {'store': , 'location_class': , 'store_entry': 'swift'} {{(pid=103067) register_scheme_map /opt/stack/data/venv/lib/python3.12/site-packages/glance_store/location.py:146}}
Aug 03 15:05:27.660951 np0000006356 devstack@g-api.service[103067]: DEBUG glance_store.location [None req-ef8e1008-a97f-4c34-9b05-348978f0a73a tempest-TestImageHashVerification-1364381139 tempest-TestImageHashVerification-1364381139-project-member] Registering scheme swift+https with {'store': , 'location_class': , 'store_entry': 'swift'} {{(pid=103067) register_scheme_map /opt/stack/data/venv/lib/python3.12/site-packages/glance_store/location.py:146}}
Aug 03 15:05:27.660951 np0000006356 devstack@g-api.service[103067]: DEBUG glance_store.location [None req-ef8e1008-a97f-4c34-9b05-348978f0a73a tempest-TestImageHashVerification-1364381139 tempest-TestImageHashVerification-1364381139-project-member] Registering scheme swift with {'store': , 'location_class': , 'store_entry': 'swift'} {{(pid=103067) register_scheme_map /opt/stack/data/venv/lib/python3.12/site-packages/glance_store/location.py:146}}
Aug 03 15:05:27.660951 np0000006356 devstack@g-api.service[103067]: DEBUG glance_store.location [None req-ef8e1008-a97f-4c34-9b05-348978f0a73a tempest-TestImageHashVerification-1364381139 tempest-TestImageHashVerification-1364381139-project-member] Registering scheme swift+https with {'store': , 'location_class': , 'store_entry': 'swift'} {{(pid=103067) register_scheme_map /opt/stack/data/venv/lib/python3.12/site-packages/glance_store/location.py:146}}
Aug 03 15:05:27.660951 np0000006356 devstack@g-api.service[103067]: DEBUG glance_store.location [None req-ef8e1008-a97f-4c34-9b05-348978f0a73a tempest-TestImageHashVerification-1364381139 tempest-TestImageHashVerification-1364381139-project-member] Registering scheme swift with {'store': , 'location_class': , 'store_entry': 'swift'} {{(pid=103067) register_scheme_map /opt/stack/data/venv/lib/python3.12/site-packages/glance_store/location.py:146}}
Aug 03 15:05:27.660951 np0000006356 devstack@g-api.service[103067]: DEBUG glance_store.location [None req-ef8e1008-a97f-4c34-9b05-348978f0a73a tempest-TestImageHashVerification-1364381139 tempest-TestImageHashVerification-1364381139-project-member] Registering scheme swift+http with {'store': , 'location_class': , 'store_entry': 'swift'} {{(pid=103067) register_scheme_map /opt/stack/data/venv/lib/python3.12/site-packages/glance_store/location.py:146}}
Aug 03 15:05:27.660951 np0000006356 devstack@g-api.service[103067]: DEBUG glance_store.location [None req-ef8e1008-a97f-4c34-9b05-348978f0a73a tempest-TestImageHashVerification-1364381139 tempest-TestImageHashVerification-1364381139-project-member] Registering scheme swift+https with {'store': , 'location_class': , 'store_entry': 'swift'} {{(pid=103067) register_scheme_map /opt/stack/data/venv/lib/python3.12/site-packages/glance_store/location.py:146}}
Aug 03 15:05:27.660951 np0000006356 devstack@g-api.service[103067]: DEBUG glance_store.location [None req-ef8e1008-a97f-4c34-9b05-348978f0a73a tempest-TestImageHashVerification-1364381139 tempest-TestImageHashVerification-1364381139-project-member] Registering scheme swift with {'store': , 'location_class': , 'store_entry': 'swift'} {{(pid=103067) register_scheme_map /opt/stack/data/venv/lib/python3.12/site-packages/glance_store/location.py:146}}
Aug 03 15:05:27.661417 np0000006356 devstack@g-api.service[103067]: DEBUG glance_store.location [None req-ef8e1008-a97f-4c34-9b05-348978f0a73a tempest-TestImageHashVerification-1364381139 tempest-TestImageHashVerification-1364381139-project-member] Registering scheme swift+http with {'store': , 'location_class': , 'store_entry': 'swift'} {{(pid=103067) register_scheme_map /opt/stack/data/venv/lib/python3.12/site-packages/glance_store/location.py:146}}
Aug 03 15:05:27.661417 np0000006356 devstack@g-api.service[103067]: DEBUG glance_store.location [None req-ef8e1008-a97f-4c34-9b05-348978f0a73a tempest-TestImageHashVerification-1364381139 tempest-TestImageHashVerification-1364381139-project-member] Registering scheme swift+config with {'store': , 'location_class': , 'store_entry': 'swift'} {{(pid=103067) register_scheme_map /opt/stack/data/venv/lib/python3.12/site-packages/glance_store/location.py:146}}
Aug 03 15:05:27.661417 np0000006356 devstack@g-api.service[103067]: DEBUG glance_store.backend [None req-ef8e1008-a97f-4c34-9b05-348978f0a73a tempest-TestImageHashVerification-1364381139 tempest-TestImageHashVerification-1364381139-project-member] Skipping store.set_acls... not implemented. {{(pid=103067) set_acls /opt/stack/data/venv/lib/python3.12/site-packages/glance_store/backend.py:507}}
Aug 03 15:05:27.663904 np0000006356 devstack@g-api.service[103067]: [pid: 103067|app: 0|req: 88/403] 127.0.0.1 () {46 vars in 1154 bytes} [Mon Aug 3 15:05:12 2026] PUT /v2/images/562e7194-cca3-4d6e-9231-75161ef3f40b/file => generated 0 bytes in 15593 msecs (HTTP/1.1 204) 4 headers in 171 bytes (1 switches on core 0)
Aug 03 15:05:27.678060 np0000006356 devstack@g-api.service[103066]: DEBUG glance.api.middleware.version_negotiation [None req-d84db918-c926-49e9-ad6a-6d1dab517707 tempest-ServerBootFromVolumeStableRescueTest-545147611 tempest-ServerBootFromVolumeStableRescueTest-545147611-project-member] Determining version of request: GET /v2/images/562e7194-cca3-4d6e-9231-75161ef3f40b Accept: */* {{(pid=103066) process_request /opt/stack/glance/glance/api/middleware/version_negotiation.py:44}}
Aug 03 15:05:27.679263 np0000006356 devstack@g-api.service[103066]: DEBUG glance.api.middleware.version_negotiation [None req-d84db918-c926-49e9-ad6a-6d1dab517707 tempest-ServerBootFromVolumeStableRescueTest-545147611 tempest-ServerBootFromVolumeStableRescueTest-545147611-project-member] Using url versioning {{(pid=103066) process_request /opt/stack/glance/glance/api/middleware/version_negotiation.py:57}}
Aug 03 15:05:27.679263 np0000006356 devstack@g-api.service[103066]: DEBUG glance.api.middleware.version_negotiation [None req-d84db918-c926-49e9-ad6a-6d1dab517707 tempest-ServerBootFromVolumeStableRescueTest-545147611 tempest-ServerBootFromVolumeStableRescueTest-545147611-project-member] Matched version: v2 {{(pid=103066) process_request /opt/stack/glance/glance/api/middleware/version_negotiation.py:69}}
Aug 03 15:05:27.679263 np0000006356 devstack@g-api.service[103066]: DEBUG glance.api.middleware.version_negotiation [None req-d84db918-c926-49e9-ad6a-6d1dab517707 tempest-ServerBootFromVolumeStableRescueTest-545147611 tempest-ServerBootFromVolumeStableRescueTest-545147611-project-member] new path /v2/images/562e7194-cca3-4d6e-9231-75161ef3f40b {{(pid=103066) process_request /opt/stack/glance/glance/api/middleware/version_negotiation.py:70}}
Aug 03 15:05:27.680029 np0000006356 devstack@g-api.service[103065]: DEBUG glance.api.middleware.version_negotiation [None req-c412a5e4-47e7-4fe9-bdd7-5bc3a29fb467 tempest-TestImageHashVerification-1364381139 tempest-TestImageHashVerification-1364381139-project-member] Determining version of request: GET /v2/images/be715bea-8501-4597-87e2-d306abb153e6 Accept: application/json {{(pid=103065) process_request /opt/stack/glance/glance/api/middleware/version_negotiation.py:44}}
Aug 03 15:05:27.680029 np0000006356 devstack@g-api.service[103065]: DEBUG glance.api.middleware.version_negotiation [None req-c412a5e4-47e7-4fe9-bdd7-5bc3a29fb467 tempest-TestImageHashVerification-1364381139 tempest-TestImageHashVerification-1364381139-project-member] Using url versioning {{(pid=103065) process_request /opt/stack/glance/glance/api/middleware/version_negotiation.py:57}}
Aug 03 15:05:27.680029 np0000006356 devstack@g-api.service[103065]: DEBUG glance.api.middleware.version_negotiation [None req-c412a5e4-47e7-4fe9-bdd7-5bc3a29fb467 tempest-TestImageHashVerification-1364381139 tempest-TestImageHashVerification-1364381139-project-member] Matched version: v2 {{(pid=103065) process_request /opt/stack/glance/glance/api/middleware/version_negotiation.py:69}}
Aug 03 15:05:27.680183 np0000006356 devstack@g-api.service[103065]: DEBUG glance.api.middleware.version_negotiation [None req-c412a5e4-47e7-4fe9-bdd7-5bc3a29fb467 tempest-TestImageHashVerification-1364381139 tempest-TestImageHashVerification-1364381139-project-member] new path /v2/images/be715bea-8501-4597-87e2-d306abb153e6 {{(pid=103065) process_request /opt/stack/glance/glance/api/middleware/version_negotiation.py:70}}
Aug 03 15:05:27.696447 np0000006356 devstack@g-api.service[103066]: [pid: 103066|app: 0|req: 105/404] 127.0.0.1 () {44 vars in 1111 bytes} [Mon Aug 3 15:05:27 2026] GET /v2/images/562e7194-cca3-4d6e-9231-75161ef3f40b => generated 820 bytes in 18 msecs (HTTP/1.1 200) 4 headers in 157 bytes (1 switches on core 0)
Aug 03 15:05:27.705241 np0000006356 devstack@g-api.service[103065]: [pid: 103065|app: 0|req: 105/405] 127.0.0.1 () {40 vars in 834 bytes} [Mon Aug 3 15:05:27 2026] GET /v2/images/be715bea-8501-4597-87e2-d306abb153e6 => generated 1357 bytes in 26 msecs (HTTP/1.1 200) 4 headers in 158 bytes (1 switches on core 0)
Aug 03 15:05:27.707613 np0000006356 devstack@g-api.service[103064]: DEBUG glance.api.middleware.version_negotiation [None req-d84db918-c926-49e9-ad6a-6d1dab517707 tempest-ServerBootFromVolumeStableRescueTest-545147611 tempest-ServerBootFromVolumeStableRescueTest-545147611-project-member] Determining version of request: GET /v2/schemas/image Accept: */* {{(pid=103064) process_request /opt/stack/glance/glance/api/middleware/version_negotiation.py:44}}
Aug 03 15:05:27.707946 np0000006356 devstack@g-api.service[103064]: DEBUG glance.api.middleware.version_negotiation [None req-d84db918-c926-49e9-ad6a-6d1dab517707 tempest-ServerBootFromVolumeStableRescueTest-545147611 tempest-ServerBootFromVolumeStableRescueTest-545147611-project-member] Using url versioning {{(pid=103064) process_request /opt/stack/glance/glance/api/middleware/version_negotiation.py:57}}
Aug 03 15:05:27.708138 np0000006356 devstack@g-api.service[103064]: DEBUG glance.api.middleware.version_negotiation [None req-d84db918-c926-49e9-ad6a-6d1dab517707 tempest-ServerBootFromVolumeStableRescueTest-545147611 tempest-ServerBootFromVolumeStableRescueTest-545147611-project-member] Matched version: v2 {{(pid=103064) process_request /opt/stack/glance/glance/api/middleware/version_negotiation.py:69}}
Aug 03 15:05:27.708272 np0000006356 devstack@g-api.service[103064]: DEBUG glance.api.middleware.version_negotiation [None req-d84db918-c926-49e9-ad6a-6d1dab517707 tempest-ServerBootFromVolumeStableRescueTest-545147611 tempest-ServerBootFromVolumeStableRescueTest-545147611-project-member] new path /v2/schemas/image {{(pid=103064) process_request /opt/stack/glance/glance/api/middleware/version_negotiation.py:70}}
Aug 03 15:05:27.712007 np0000006356 devstack@g-api.service[103064]: [pid: 103064|app: 0|req: 108/406] 127.0.0.1 () {44 vars in 1051 bytes} [Mon Aug 3 15:05:27 2026] GET /v2/schemas/image => generated 6083 bytes in 5 msecs (HTTP/1.1 200) 4 headers in 158 bytes (1 switches on core 0)
Aug 03 15:05:27.728028 np0000006356 devstack@g-api.service[103067]: DEBUG glance.api.middleware.version_negotiation [None req-ef8e1008-a97f-4c34-9b05-348978f0a73a tempest-TestImageHashVerification-1364381139 tempest-TestImageHashVerification-1364381139-project-member] Determining version of request: GET /v2/schemas/image Accept: */* {{(pid=103067) process_request /opt/stack/glance/glance/api/middleware/version_negotiation.py:44}}
Aug 03 15:05:27.728236 np0000006356 devstack@g-api.service[103067]: DEBUG glance.api.middleware.version_negotiation [None req-ef8e1008-a97f-4c34-9b05-348978f0a73a tempest-TestImageHashVerification-1364381139 tempest-TestImageHashVerification-1364381139-project-member] Using url versioning {{(pid=103067) process_request /opt/stack/glance/glance/api/middleware/version_negotiation.py:57}}
Aug 03 15:05:27.728364 np0000006356 devstack@g-api.service[103067]: DEBUG glance.api.middleware.version_negotiation [None req-ef8e1008-a97f-4c34-9b05-348978f0a73a tempest-TestImageHashVerification-1364381139 tempest-TestImageHashVerification-1364381139-project-member] Matched version: v2 {{(pid=103067) process_request /opt/stack/glance/glance/api/middleware/version_negotiation.py:69}}
Aug 03 15:05:27.729236 np0000006356 devstack@g-api.service[103067]: DEBUG glance.api.middleware.version_negotiation [None req-ef8e1008-a97f-4c34-9b05-348978f0a73a tempest-TestImageHashVerification-1364381139 tempest-TestImageHashVerification-1364381139-project-member] new path /v2/schemas/image {{(pid=103067) process_request /opt/stack/glance/glance/api/middleware/version_negotiation.py:70}}
Aug 03 15:05:27.733506 np0000006356 devstack@g-api.service[103067]: [pid: 103067|app: 0|req: 89/407] 127.0.0.1 () {44 vars in 1051 bytes} [Mon Aug 3 15:05:27 2026] GET /v2/schemas/image => generated 6083 bytes in 6 msecs (HTTP/1.1 200) 4 headers in 158 bytes (1 switches on core 0)
Aug 03 15:05:27.846670 np0000006356 devstack@g-api.service[103066]: DEBUG glance.api.middleware.version_negotiation [None req-ef8e1008-a97f-4c34-9b05-348978f0a73a tempest-TestImageHashVerification-1364381139 tempest-TestImageHashVerification-1364381139-project-member] Determining version of request: GET /v2/images/be715bea-8501-4597-87e2-d306abb153e6 Accept: */* {{(pid=103066) process_request /opt/stack/glance/glance/api/middleware/version_negotiation.py:44}}
Aug 03 15:05:27.846888 np0000006356 devstack@g-api.service[103066]: DEBUG glance.api.middleware.version_negotiation [None req-ef8e1008-a97f-4c34-9b05-348978f0a73a tempest-TestImageHashVerification-1364381139 tempest-TestImageHashVerification-1364381139-project-member] Using url versioning {{(pid=103066) process_request /opt/stack/glance/glance/api/middleware/version_negotiation.py:57}}
Aug 03 15:05:27.847107 np0000006356 devstack@g-api.service[103066]: DEBUG glance.api.middleware.version_negotiation [None req-ef8e1008-a97f-4c34-9b05-348978f0a73a tempest-TestImageHashVerification-1364381139 tempest-TestImageHashVerification-1364381139-project-member] Matched version: v2 {{(pid=103066) process_request /opt/stack/glance/glance/api/middleware/version_negotiation.py:69}}
Aug 03 15:05:27.847107 np0000006356 devstack@g-api.service[103066]: DEBUG glance.api.middleware.version_negotiation [None req-ef8e1008-a97f-4c34-9b05-348978f0a73a tempest-TestImageHashVerification-1364381139 tempest-TestImageHashVerification-1364381139-project-member] new path /v2/images/be715bea-8501-4597-87e2-d306abb153e6 {{(pid=103066) process_request /opt/stack/glance/glance/api/middleware/version_negotiation.py:70}}
Aug 03 15:05:27.866707 np0000006356 devstack@g-api.service[103066]: [pid: 103066|app: 0|req: 106/408] 127.0.0.1 () {44 vars in 1111 bytes} [Mon Aug 3 15:05:27 2026] GET /v2/images/be715bea-8501-4597-87e2-d306abb153e6 => generated 1357 bytes in 20 msecs (HTTP/1.1 200) 4 headers in 158 bytes (1 switches on core 0)
Aug 03 15:05:27.921011 np0000006356 devstack@g-api.service[103065]: DEBUG glance.api.middleware.version_negotiation [None req-a418dd4d-c002-4ba0-87a2-6b0ed64a1c38 tempest-ServerBootFromVolumeStableRescueTest-545147611 tempest-ServerBootFromVolumeStableRescueTest-545147611-project-member] Determining version of request: GET /v2/schemas/image Accept: */* {{(pid=103065) process_request /opt/stack/glance/glance/api/middleware/version_negotiation.py:44}}
Aug 03 15:05:27.921213 np0000006356 devstack@g-api.service[103065]: DEBUG glance.api.middleware.version_negotiation [None req-a418dd4d-c002-4ba0-87a2-6b0ed64a1c38 tempest-ServerBootFromVolumeStableRescueTest-545147611 tempest-ServerBootFromVolumeStableRescueTest-545147611-project-member] Using url versioning {{(pid=103065) process_request /opt/stack/glance/glance/api/middleware/version_negotiation.py:57}}
Aug 03 15:05:27.921349 np0000006356 devstack@g-api.service[103065]: DEBUG glance.api.middleware.version_negotiation [None req-a418dd4d-c002-4ba0-87a2-6b0ed64a1c38 tempest-ServerBootFromVolumeStableRescueTest-545147611 tempest-ServerBootFromVolumeStableRescueTest-545147611-project-member] Matched version: v2 {{(pid=103065) process_request /opt/stack/glance/glance/api/middleware/version_negotiation.py:69}}
Aug 03 15:05:27.921464 np0000006356 devstack@g-api.service[103065]: DEBUG glance.api.middleware.version_negotiation [None req-a418dd4d-c002-4ba0-87a2-6b0ed64a1c38 tempest-ServerBootFromVolumeStableRescueTest-545147611 tempest-ServerBootFromVolumeStableRescueTest-545147611-project-member] new path /v2/schemas/image {{(pid=103065) process_request /opt/stack/glance/glance/api/middleware/version_negotiation.py:70}}
Aug 03 15:05:27.928684 np0000006356 devstack@g-api.service[103065]: [pid: 103065|app: 0|req: 106/409] 127.0.0.1 () {44 vars in 1051 bytes} [Mon Aug 3 15:05:27 2026] GET /v2/schemas/image => generated 6083 bytes in 8 msecs (HTTP/1.1 200) 4 headers in 158 bytes (1 switches on core 0)
Aug 03 15:05:28.469375 np0000006356 devstack@g-api.service[103064]: DEBUG glance.api.middleware.version_negotiation [None req-ef8e1008-a97f-4c34-9b05-348978f0a73a tempest-TestImageHashVerification-1364381139 tempest-TestImageHashVerification-1364381139-project-member] Determining version of request: GET /v2/images/562e7194-cca3-4d6e-9231-75161ef3f40b Accept: application/json {{(pid=103064) process_request /opt/stack/glance/glance/api/middleware/version_negotiation.py:44}}
Aug 03 15:05:28.469375 np0000006356 devstack@g-api.service[103064]: DEBUG glance.api.middleware.version_negotiation [None req-ef8e1008-a97f-4c34-9b05-348978f0a73a tempest-TestImageHashVerification-1364381139 tempest-TestImageHashVerification-1364381139-project-member] Using url versioning {{(pid=103064) process_request /opt/stack/glance/glance/api/middleware/version_negotiation.py:57}}
Aug 03 15:05:28.469375 np0000006356 devstack@g-api.service[103064]: DEBUG glance.api.middleware.version_negotiation [None req-ef8e1008-a97f-4c34-9b05-348978f0a73a tempest-TestImageHashVerification-1364381139 tempest-TestImageHashVerification-1364381139-project-member] Matched version: v2 {{(pid=103064) process_request /opt/stack/glance/glance/api/middleware/version_negotiation.py:69}}
Aug 03 15:05:28.469805 np0000006356 devstack@g-api.service[103064]: DEBUG glance.api.middleware.version_negotiation [None req-ef8e1008-a97f-4c34-9b05-348978f0a73a tempest-TestImageHashVerification-1364381139 tempest-TestImageHashVerification-1364381139-project-member] new path /v2/images/562e7194-cca3-4d6e-9231-75161ef3f40b {{(pid=103064) process_request /opt/stack/glance/glance/api/middleware/version_negotiation.py:70}}
Aug 03 15:05:28.489359 np0000006356 devstack@g-api.service[103064]: [pid: 103064|app: 0|req: 109/410] 127.0.0.1 () {40 vars in 834 bytes} [Mon Aug 3 15:05:28 2026] GET /v2/images/562e7194-cca3-4d6e-9231-75161ef3f40b => generated 820 bytes in 19 msecs (HTTP/1.1 200) 4 headers in 157 bytes (1 switches on core 0)
Aug 03 15:05:28.718885 np0000006356 devstack@g-api.service[103067]: DEBUG glance.api.middleware.version_negotiation [None req-ef8e1008-a97f-4c34-9b05-348978f0a73a tempest-TestImageHashVerification-1364381139 tempest-TestImageHashVerification-1364381139-project-member] Determining version of request: GET /v2/images/be715bea-8501-4597-87e2-d306abb153e6 Accept: application/json {{(pid=103067) process_request /opt/stack/glance/glance/api/middleware/version_negotiation.py:44}}
Aug 03 15:05:28.719290 np0000006356 devstack@g-api.service[103067]: DEBUG glance.api.middleware.version_negotiation [None req-ef8e1008-a97f-4c34-9b05-348978f0a73a tempest-TestImageHashVerification-1364381139 tempest-TestImageHashVerification-1364381139-project-member] Using url versioning {{(pid=103067) process_request /opt/stack/glance/glance/api/middleware/version_negotiation.py:57}}
Aug 03 15:05:28.719290 np0000006356 devstack@g-api.service[103067]: DEBUG glance.api.middleware.version_negotiation [None req-ef8e1008-a97f-4c34-9b05-348978f0a73a tempest-TestImageHashVerification-1364381139 tempest-TestImageHashVerification-1364381139-project-member] Matched version: v2 {{(pid=103067) process_request /opt/stack/glance/glance/api/middleware/version_negotiation.py:69}}
Aug 03 15:05:28.719290 np0000006356 devstack@g-api.service[103067]: DEBUG glance.api.middleware.version_negotiation [None req-ef8e1008-a97f-4c34-9b05-348978f0a73a tempest-TestImageHashVerification-1364381139 tempest-TestImageHashVerification-1364381139-project-member] new path /v2/images/be715bea-8501-4597-87e2-d306abb153e6 {{(pid=103067) process_request /opt/stack/glance/glance/api/middleware/version_negotiation.py:70}}
Aug 03 15:05:28.739499 np0000006356 devstack@g-api.service[103067]: [pid: 103067|app: 0|req: 90/411] 127.0.0.1 () {40 vars in 834 bytes} [Mon Aug 3 15:05:28 2026] GET /v2/images/be715bea-8501-4597-87e2-d306abb153e6 => generated 1357 bytes in 21 msecs (HTTP/1.1 200) 4 headers in 158 bytes (1 switches on core 0)
Aug 03 15:05:29.192751 np0000006356 devstack@g-api.service[103066]: DEBUG glance.api.middleware.version_negotiation [None req-d84db918-c926-49e9-ad6a-6d1dab517707 tempest-ServerBootFromVolumeStableRescueTest-545147611 tempest-ServerBootFromVolumeStableRescueTest-545147611-project-member] Determining version of request: GET /v2/images/be715bea-8501-4597-87e2-d306abb153e6 Accept: */* {{(pid=103066) process_request /opt/stack/glance/glance/api/middleware/version_negotiation.py:44}}
Aug 03 15:05:29.192751 np0000006356 devstack@g-api.service[103066]: DEBUG glance.api.middleware.version_negotiation [None req-d84db918-c926-49e9-ad6a-6d1dab517707 tempest-ServerBootFromVolumeStableRescueTest-545147611 tempest-ServerBootFromVolumeStableRescueTest-545147611-project-member] Using url versioning {{(pid=103066) process_request /opt/stack/glance/glance/api/middleware/version_negotiation.py:57}}
Aug 03 15:05:29.192751 np0000006356 devstack@g-api.service[103066]: DEBUG glance.api.middleware.version_negotiation [None req-d84db918-c926-49e9-ad6a-6d1dab517707 tempest-ServerBootFromVolumeStableRescueTest-545147611 tempest-ServerBootFromVolumeStableRescueTest-545147611-project-member] Matched version: v2 {{(pid=103066) process_request /opt/stack/glance/glance/api/middleware/version_negotiation.py:69}}
Aug 03 15:05:29.192751 np0000006356 devstack@g-api.service[103066]: DEBUG glance.api.middleware.version_negotiation [None req-d84db918-c926-49e9-ad6a-6d1dab517707 tempest-ServerBootFromVolumeStableRescueTest-545147611 tempest-ServerBootFromVolumeStableRescueTest-545147611-project-member] new path /v2/images/be715bea-8501-4597-87e2-d306abb153e6 {{(pid=103066) process_request /opt/stack/glance/glance/api/middleware/version_negotiation.py:70}}
Aug 03 15:05:29.210529 np0000006356 devstack@g-api.service[103066]: [pid: 103066|app: 0|req: 107/412] 127.0.0.1 () {44 vars in 1111 bytes} [Mon Aug 3 15:05:29 2026] GET /v2/images/be715bea-8501-4597-87e2-d306abb153e6 => generated 1357 bytes in 18 msecs (HTTP/1.1 200) 4 headers in 158 bytes (1 switches on core 0)
Aug 03 15:05:29.269881 np0000006356 devstack@g-api.service[103065]: DEBUG glance.api.middleware.version_negotiation [None req-d84db918-c926-49e9-ad6a-6d1dab517707 tempest-ServerBootFromVolumeStableRescueTest-545147611 tempest-ServerBootFromVolumeStableRescueTest-545147611-project-member] Determining version of request: GET /v2/schemas/image Accept: */* {{(pid=103065) process_request /opt/stack/glance/glance/api/middleware/version_negotiation.py:44}}
Aug 03 15:05:29.270237 np0000006356 devstack@g-api.service[103065]: DEBUG glance.api.middleware.version_negotiation [None req-d84db918-c926-49e9-ad6a-6d1dab517707 tempest-ServerBootFromVolumeStableRescueTest-545147611 tempest-ServerBootFromVolumeStableRescueTest-545147611-project-member] Using url versioning {{(pid=103065) process_request /opt/stack/glance/glance/api/middleware/version_negotiation.py:57}}
Aug 03 15:05:29.270237 np0000006356 devstack@g-api.service[103065]: DEBUG glance.api.middleware.version_negotiation [None req-d84db918-c926-49e9-ad6a-6d1dab517707 tempest-ServerBootFromVolumeStableRescueTest-545147611 tempest-ServerBootFromVolumeStableRescueTest-545147611-project-member] Matched version: v2 {{(pid=103065) process_request /opt/stack/glance/glance/api/middleware/version_negotiation.py:69}}
Aug 03 15:05:29.270439 np0000006356 devstack@g-api.service[103065]: DEBUG glance.api.middleware.version_negotiation [None req-d84db918-c926-49e9-ad6a-6d1dab517707 tempest-ServerBootFromVolumeStableRescueTest-545147611 tempest-ServerBootFromVolumeStableRescueTest-545147611-project-member] new path /v2/schemas/image {{(pid=103065) process_request /opt/stack/glance/glance/api/middleware/version_negotiation.py:70}}
Aug 03 15:05:29.273715 np0000006356 devstack@g-api.service[103065]: [pid: 103065|app: 0|req: 107/413] 127.0.0.1 () {44 vars in 1051 bytes} [Mon Aug 3 15:05:29 2026] GET /v2/schemas/image => generated 6083 bytes in 5 msecs (HTTP/1.1 200) 4 headers in 158 bytes (1 switches on core 0)
Aug 03 15:05:29.338945 np0000006356 devstack@g-api.service[103064]: DEBUG glance.api.middleware.version_negotiation [None req-35ab589c-c419-4b22-b3b0-530dd47df07e tempest-TestImageHashVerification-1364381139 tempest-TestImageHashVerification-1364381139-project-member] Determining version of request: GET /v2/schemas/image Accept: */* {{(pid=103064) process_request /opt/stack/glance/glance/api/middleware/version_negotiation.py:44}}
