Aug 03 14:56:46.393954 np0000006356 systemd[1]: Starting devstack@n-api-meta.service - Devstack devstack@n-api-meta.service...
Aug 03 14:56:46.399002 np0000006356 devstack@n-api-meta.service[96038]: [uWSGI] getting INI configuration from /etc/nova/nova-metadata-uwsgi.ini
Aug 03 14:56:46.401145 np0000006356 devstack@n-api-meta.service[96038]: *** Starting uWSGI 2.0.24-debian (64bit) on [Mon Aug 3 14:56:46 2026] ***
Aug 03 14:56:46.401145 np0000006356 devstack@n-api-meta.service[96038]: compiled with version: 13.2.0 on 17 April 2024 16:23:48
Aug 03 14:56:46.401145 np0000006356 devstack@n-api-meta.service[96038]: os: Linux-6.8.0-100-generic #100-Ubuntu SMP PREEMPT_DYNAMIC Tue Jan 13 16:40:06 UTC 2026
Aug 03 14:56:46.401145 np0000006356 devstack@n-api-meta.service[96038]: nodename: np0000006356
Aug 03 14:56:46.401145 np0000006356 devstack@n-api-meta.service[96038]: machine: x86_64
Aug 03 14:56:46.401145 np0000006356 devstack@n-api-meta.service[96038]: clock source: unix
Aug 03 14:56:46.401145 np0000006356 devstack@n-api-meta.service[96038]: pcre jit disabled
Aug 03 14:56:46.401145 np0000006356 devstack@n-api-meta.service[96038]: detected number of CPU cores: 16
Aug 03 14:56:46.401145 np0000006356 devstack@n-api-meta.service[96038]: current working directory: /
Aug 03 14:56:46.401145 np0000006356 devstack@n-api-meta.service[96038]: detected binary path: /usr/bin/uwsgi-core
Aug 03 14:56:46.401145 np0000006356 devstack@n-api-meta.service[96038]: your processes number limit is 257052
Aug 03 14:56:46.401145 np0000006356 devstack@n-api-meta.service[96038]: your memory page size is 4096 bytes
Aug 03 14:56:46.401145 np0000006356 devstack@n-api-meta.service[96038]: detected max file descriptor number: 2048
Aug 03 14:56:46.401145 np0000006356 devstack@n-api-meta.service[96038]: lock engine: pthread robust mutexes
Aug 03 14:56:46.401536 np0000006356 devstack@n-api-meta.service[96038]: thunder lock: enabled
Aug 03 14:56:46.401536 np0000006356 devstack@n-api-meta.service[96038]: uWSGI http bound on 0.0.0.0:8775 fd 5
Aug 03 14:56:46.401597 np0000006356 devstack@n-api-meta.service[96038]: uwsgi socket 0 bound to TCP address 127.0.0.1:36579 (port auto-assigned) fd 4
Aug 03 14:56:46.401629 np0000006356 devstack@n-api-meta.service[96038]: Python version: 3.12.3 (main, Jun 19 2026, 12:46:00) [GCC 13.3.0]
Aug 03 14:56:46.401629 np0000006356 devstack@n-api-meta.service[96038]: PEP 405 virtualenv detected: /opt/stack/data/venv
Aug 03 14:56:46.401629 np0000006356 devstack@n-api-meta.service[96038]: Set PythonHome to /opt/stack/data/venv
Aug 03 14:56:46.435100 np0000006356 devstack@n-api-meta.service[96038]: Python main interpreter initialized at 0x7300e8ea4668
Aug 03 14:56:46.435100 np0000006356 devstack@n-api-meta.service[96038]: python threads support enabled
Aug 03 14:56:46.435100 np0000006356 devstack@n-api-meta.service[96038]: your server socket listen backlog is limited to 100 connections
Aug 03 14:56:46.435100 np0000006356 devstack@n-api-meta.service[96038]: your mercy for graceful operations on workers is 80 seconds
Aug 03 14:56:46.435654 np0000006356 devstack@n-api-meta.service[96038]: mapped 671795 bytes (656 KB) for 4 cores
Aug 03 14:56:46.435793 np0000006356 devstack@n-api-meta.service[96038]: *** Operational MODE: preforking ***
Aug 03 14:56:46.435995 np0000006356 devstack@n-api-meta.service[96038]: *** uWSGI is running in multiple interpreter mode ***
Aug 03 14:56:46.435995 np0000006356 devstack@n-api-meta.service[96038]: spawned uWSGI master process (pid: 96038)
Aug 03 14:56:46.436166 np0000006356 systemd[1]: Started devstack@n-api-meta.service - Devstack devstack@n-api-meta.service.
Aug 03 14:56:46.436655 np0000006356 devstack@n-api-meta.service[96038]: spawned uWSGI worker 1 (pid: 96041, cores: 1)
Aug 03 14:56:46.437171 np0000006356 devstack@n-api-meta.service[96038]: spawned uWSGI worker 2 (pid: 96042, cores: 1)
Aug 03 14:56:46.437653 np0000006356 devstack@n-api-meta.service[96038]: spawned uWSGI worker 3 (pid: 96043, cores: 1)
Aug 03 14:56:46.438044 np0000006356 devstack@n-api-meta.service[96038]: spawned uWSGI worker 4 (pid: 96044, cores: 1)
Aug 03 14:56:46.438755 np0000006356 devstack@n-api-meta.service[96038]: spawned uWSGI http 1 (pid: 96045)
Aug 03 14:56:46.438755 np0000006356 devstack@n-api-meta.service[96038]: running "unix_signal:15 gracefully_kill_them_all" (master-start)...
Aug 03 14:56:48.094168 np0000006356 devstack@n-api-meta.service[96044]: INFO dbcounter [None req-136ce9f6-34c1-4f3b-9071-b0ad157f592f None None] Registered counter for database nova_api
Aug 03 14:56:48.123343 np0000006356 devstack@n-api-meta.service[96042]: INFO dbcounter [None req-bcb44768-aa70-4ff7-940b-6d40c5c54c72 None None] Registered counter for database nova_api
Aug 03 14:56:48.128066 np0000006356 devstack@n-api-meta.service[96043]: INFO dbcounter [None req-a0dd3443-114d-4166-aeca-956a57f4924d None None] Registered counter for database nova_api
Aug 03 14:56:48.133723 np0000006356 devstack@n-api-meta.service[96041]: INFO dbcounter [None req-113443ed-9943-485a-a13b-5e3ff781115f None None] Registered counter for database nova_api
Aug 03 14:56:48.136188 np0000006356 devstack@n-api-meta.service[96044]: DEBUG oslo_db.sqlalchemy.engines [None req-136ce9f6-34c1-4f3b-9071-b0ad157f592f None None] MySQL server mode set to STRICT_TRANS_TABLES,STRICT_ALL_TABLES,NO_ZERO_IN_DATE,NO_ZERO_DATE,ERROR_FOR_DIVISION_BY_ZERO,TRADITIONAL,NO_ENGINE_SUBSTITUTION {{(pid=96044) _check_effective_sql_mode /opt/stack/data/venv/lib/python3.12/site-packages/oslo_db/sqlalchemy/engines.py:325}}
Aug 03 14:56:48.165179 np0000006356 devstack@n-api-meta.service[96044]: DEBUG dbcounter [-] [96044] Writer thread running {{(pid=96044) stat_writer /opt/stack/data/venv/lib/python3.12/site-packages/dbcounter.py:102}}
Aug 03 14:56:48.167492 np0000006356 devstack@n-api-meta.service[96044]: DEBUG nova.context [None req-136ce9f6-34c1-4f3b-9071-b0ad157f592f None None] Found 2 cells: 00000000-0000-0000-0000-000000000000(cell0),6dfb00a7-360d-4163-aa1d-3a1aede516f3(cell1) {{(pid=96044) load_cells /opt/stack/nova/nova/context.py:509}}
Aug 03 14:56:48.167799 np0000006356 devstack@n-api-meta.service[96044]: INFO nova.utils [None req-136ce9f6-34c1-4f3b-9071-b0ad157f592f None None] The cell worker thread pool MainProcess.cell_worker is initialized
Aug 03 14:56:48.168298 np0000006356 devstack@n-api-meta.service[96042]: DEBUG oslo_db.sqlalchemy.engines [None req-bcb44768-aa70-4ff7-940b-6d40c5c54c72 None None] MySQL server mode set to STRICT_TRANS_TABLES,STRICT_ALL_TABLES,NO_ZERO_IN_DATE,NO_ZERO_DATE,ERROR_FOR_DIVISION_BY_ZERO,TRADITIONAL,NO_ENGINE_SUBSTITUTION {{(pid=96042) _check_effective_sql_mode /opt/stack/data/venv/lib/python3.12/site-packages/oslo_db/sqlalchemy/engines.py:325}}
Aug 03 14:56:48.169436 np0000006356 devstack@n-api-meta.service[96044]: DEBUG oslo_concurrency.lockutils [None req-136ce9f6-34c1-4f3b-9071-b0ad157f592f None None] Acquiring lock "00000000-0000-0000-0000-000000000000" by "nova.context.set_target_cell..get_or_set_cached_cell_and_set_connections" {{(pid=96044) inner /opt/stack/data/venv/lib/python3.12/site-packages/oslo_concurrency/lockutils.py:512}}
Aug 03 14:56:48.169602 np0000006356 devstack@n-api-meta.service[96044]: DEBUG oslo_concurrency.lockutils [None req-136ce9f6-34c1-4f3b-9071-b0ad157f592f None None] Lock "00000000-0000-0000-0000-000000000000" acquired by "nova.context.set_target_cell..get_or_set_cached_cell_and_set_connections" :: waited 0.000s {{(pid=96044) inner /opt/stack/data/venv/lib/python3.12/site-packages/oslo_concurrency/lockutils.py:525}}
Aug 03 14:56:48.170001 np0000006356 devstack@n-api-meta.service[96044]: DEBUG oslo_concurrency.lockutils [None req-136ce9f6-34c1-4f3b-9071-b0ad157f592f None None] Lock "00000000-0000-0000-0000-000000000000" "released" by "nova.context.set_target_cell..get_or_set_cached_cell_and_set_connections" :: held 0.000s {{(pid=96044) inner /opt/stack/data/venv/lib/python3.12/site-packages/oslo_concurrency/lockutils.py:544}}
Aug 03 14:56:48.170567 np0000006356 devstack@n-api-meta.service[96044]: DEBUG oslo_concurrency.lockutils [None req-136ce9f6-34c1-4f3b-9071-b0ad157f592f None None] Acquiring lock "6dfb00a7-360d-4163-aa1d-3a1aede516f3" by "nova.context.set_target_cell..get_or_set_cached_cell_and_set_connections" {{(pid=96044) inner /opt/stack/data/venv/lib/python3.12/site-packages/oslo_concurrency/lockutils.py:512}}
Aug 03 14:56:48.171792 np0000006356 devstack@n-api-meta.service[96044]: INFO dbcounter [None req-136ce9f6-34c1-4f3b-9071-b0ad157f592f None None] Registered counter for database nova_cell0
Aug 03 14:56:48.172876 np0000006356 devstack@n-api-meta.service[96044]: DEBUG oslo_concurrency.lockutils [None req-136ce9f6-34c1-4f3b-9071-b0ad157f592f None None] Lock "6dfb00a7-360d-4163-aa1d-3a1aede516f3" acquired by "nova.context.set_target_cell..get_or_set_cached_cell_and_set_connections" :: waited 0.001s {{(pid=96044) inner /opt/stack/data/venv/lib/python3.12/site-packages/oslo_concurrency/lockutils.py:525}}
Aug 03 14:56:48.172944 np0000006356 devstack@n-api-meta.service[96043]: DEBUG oslo_db.sqlalchemy.engines [None req-a0dd3443-114d-4166-aeca-956a57f4924d None None] MySQL server mode set to STRICT_TRANS_TABLES,STRICT_ALL_TABLES,NO_ZERO_IN_DATE,NO_ZERO_DATE,ERROR_FOR_DIVISION_BY_ZERO,TRADITIONAL,NO_ENGINE_SUBSTITUTION {{(pid=96043) _check_effective_sql_mode /opt/stack/data/venv/lib/python3.12/site-packages/oslo_db/sqlalchemy/engines.py:325}}
Aug 03 14:56:48.173910 np0000006356 devstack@n-api-meta.service[96044]: DEBUG oslo_concurrency.lockutils [None req-136ce9f6-34c1-4f3b-9071-b0ad157f592f None None] Lock "6dfb00a7-360d-4163-aa1d-3a1aede516f3" "released" by "nova.context.set_target_cell..get_or_set_cached_cell_and_set_connections" :: held 0.002s {{(pid=96044) inner /opt/stack/data/venv/lib/python3.12/site-packages/oslo_concurrency/lockutils.py:544}}
Aug 03 14:56:48.175483 np0000006356 devstack@n-api-meta.service[96044]: INFO dbcounter [None req-136ce9f6-34c1-4f3b-9071-b0ad157f592f None None] Registered counter for database nova_cell1
Aug 03 14:56:48.175903 np0000006356 devstack@n-api-meta.service[96041]: DEBUG oslo_db.sqlalchemy.engines [None req-113443ed-9943-485a-a13b-5e3ff781115f None None] MySQL server mode set to STRICT_TRANS_TABLES,STRICT_ALL_TABLES,NO_ZERO_IN_DATE,NO_ZERO_DATE,ERROR_FOR_DIVISION_BY_ZERO,TRADITIONAL,NO_ENGINE_SUBSTITUTION {{(pid=96041) _check_effective_sql_mode /opt/stack/data/venv/lib/python3.12/site-packages/oslo_db/sqlalchemy/engines.py:325}}
Aug 03 14:56:48.197418 np0000006356 devstack@n-api-meta.service[96042]: DEBUG dbcounter [-] [96042] Writer thread running {{(pid=96042) stat_writer /opt/stack/data/venv/lib/python3.12/site-packages/dbcounter.py:102}}
Aug 03 14:56:48.199816 np0000006356 devstack@n-api-meta.service[96042]: DEBUG nova.context [None req-bcb44768-aa70-4ff7-940b-6d40c5c54c72 None None] Found 2 cells: 00000000-0000-0000-0000-000000000000(cell0),6dfb00a7-360d-4163-aa1d-3a1aede516f3(cell1) {{(pid=96042) load_cells /opt/stack/nova/nova/context.py:509}}
Aug 03 14:56:48.200064 np0000006356 devstack@n-api-meta.service[96042]: INFO nova.utils [None req-bcb44768-aa70-4ff7-940b-6d40c5c54c72 None None] The cell worker thread pool MainProcess.cell_worker is initialized
Aug 03 14:56:48.201707 np0000006356 devstack@n-api-meta.service[96042]: DEBUG oslo_concurrency.lockutils [None req-bcb44768-aa70-4ff7-940b-6d40c5c54c72 None None] Acquiring lock "00000000-0000-0000-0000-000000000000" by "nova.context.set_target_cell..get_or_set_cached_cell_and_set_connections" {{(pid=96042) inner /opt/stack/data/venv/lib/python3.12/site-packages/oslo_concurrency/lockutils.py:512}}
Aug 03 14:56:48.201867 np0000006356 devstack@n-api-meta.service[96042]: DEBUG oslo_concurrency.lockutils [None req-bcb44768-aa70-4ff7-940b-6d40c5c54c72 None None] Lock "00000000-0000-0000-0000-000000000000" acquired by "nova.context.set_target_cell..get_or_set_cached_cell_and_set_connections" :: waited 0.000s {{(pid=96042) inner /opt/stack/data/venv/lib/python3.12/site-packages/oslo_concurrency/lockutils.py:525}}
Aug 03 14:56:48.202225 np0000006356 devstack@n-api-meta.service[96042]: DEBUG oslo_concurrency.lockutils [None req-bcb44768-aa70-4ff7-940b-6d40c5c54c72 None None] Lock "00000000-0000-0000-0000-000000000000" "released" by "nova.context.set_target_cell..get_or_set_cached_cell_and_set_connections" :: held 0.000s {{(pid=96042) inner /opt/stack/data/venv/lib/python3.12/site-packages/oslo_concurrency/lockutils.py:544}}
Aug 03 14:56:48.202819 np0000006356 devstack@n-api-meta.service[96043]: DEBUG dbcounter [-] [96043] Writer thread running {{(pid=96043) stat_writer /opt/stack/data/venv/lib/python3.12/site-packages/dbcounter.py:102}}
Aug 03 14:56:48.203116 np0000006356 devstack@n-api-meta.service[96042]: DEBUG oslo_concurrency.lockutils [None req-bcb44768-aa70-4ff7-940b-6d40c5c54c72 None None] Acquiring lock "6dfb00a7-360d-4163-aa1d-3a1aede516f3" by "nova.context.set_target_cell..get_or_set_cached_cell_and_set_connections" {{(pid=96042) inner /opt/stack/data/venv/lib/python3.12/site-packages/oslo_concurrency/lockutils.py:512}}
Aug 03 14:56:48.204186 np0000006356 devstack@n-api-meta.service[96042]: DEBUG oslo_concurrency.lockutils [None req-bcb44768-aa70-4ff7-940b-6d40c5c54c72 None None] Lock "6dfb00a7-360d-4163-aa1d-3a1aede516f3" acquired by "nova.context.set_target_cell..get_or_set_cached_cell_and_set_connections" :: waited 0.000s {{(pid=96042) inner /opt/stack/data/venv/lib/python3.12/site-packages/oslo_concurrency/lockutils.py:525}}
Aug 03 14:56:48.204186 np0000006356 devstack@n-api-meta.service[96042]: DEBUG oslo_concurrency.lockutils [None req-bcb44768-aa70-4ff7-940b-6d40c5c54c72 None None] Lock "6dfb00a7-360d-4163-aa1d-3a1aede516f3" "released" by "nova.context.set_target_cell..get_or_set_cached_cell_and_set_connections" :: held 0.001s {{(pid=96042) inner /opt/stack/data/venv/lib/python3.12/site-packages/oslo_concurrency/lockutils.py:544}}
Aug 03 14:56:48.205106 np0000006356 devstack@n-api-meta.service[96041]: DEBUG dbcounter [-] [96041] Writer thread running {{(pid=96041) stat_writer /opt/stack/data/venv/lib/python3.12/site-packages/dbcounter.py:102}}
Aug 03 14:56:48.205558 np0000006356 devstack@n-api-meta.service[96043]: DEBUG nova.context [None req-a0dd3443-114d-4166-aeca-956a57f4924d None None] Found 2 cells: 00000000-0000-0000-0000-000000000000(cell0),6dfb00a7-360d-4163-aa1d-3a1aede516f3(cell1) {{(pid=96043) load_cells /opt/stack/nova/nova/context.py:509}}
Aug 03 14:56:48.205732 np0000006356 devstack@n-api-meta.service[96042]: INFO dbcounter [None req-bcb44768-aa70-4ff7-940b-6d40c5c54c72 None None] Registered counter for database nova_cell0
Aug 03 14:56:48.205883 np0000006356 devstack@n-api-meta.service[96043]: INFO nova.utils [None req-a0dd3443-114d-4166-aeca-956a57f4924d None None] The cell worker thread pool MainProcess.cell_worker is initialized
Aug 03 14:56:48.207868 np0000006356 devstack@n-api-meta.service[96041]: DEBUG nova.context [None req-113443ed-9943-485a-a13b-5e3ff781115f None None] Found 2 cells: 00000000-0000-0000-0000-000000000000(cell0),6dfb00a7-360d-4163-aa1d-3a1aede516f3(cell1) {{(pid=96041) load_cells /opt/stack/nova/nova/context.py:509}}
Aug 03 14:56:48.207868 np0000006356 devstack@n-api-meta.service[96041]: INFO nova.utils [None req-113443ed-9943-485a-a13b-5e3ff781115f None None] The cell worker thread pool MainProcess.cell_worker is initialized
Aug 03 14:56:48.207991 np0000006356 devstack@n-api-meta.service[96043]: DEBUG oslo_concurrency.lockutils [None req-a0dd3443-114d-4166-aeca-956a57f4924d None None] Acquiring lock "00000000-0000-0000-0000-000000000000" by "nova.context.set_target_cell..get_or_set_cached_cell_and_set_connections" {{(pid=96043) inner /opt/stack/data/venv/lib/python3.12/site-packages/oslo_concurrency/lockutils.py:512}}
Aug 03 14:56:48.208040 np0000006356 devstack@n-api-meta.service[96042]: INFO dbcounter [None req-bcb44768-aa70-4ff7-940b-6d40c5c54c72 None None] Registered counter for database nova_cell1
Aug 03 14:56:48.208081 np0000006356 devstack@n-api-meta.service[96043]: DEBUG oslo_concurrency.lockutils [None req-a0dd3443-114d-4166-aeca-956a57f4924d None None] Lock "00000000-0000-0000-0000-000000000000" acquired by "nova.context.set_target_cell..get_or_set_cached_cell_and_set_connections" :: waited 0.000s {{(pid=96043) inner /opt/stack/data/venv/lib/python3.12/site-packages/oslo_concurrency/lockutils.py:525}}
Aug 03 14:56:48.208289 np0000006356 devstack@n-api-meta.service[96043]: DEBUG oslo_concurrency.lockutils [None req-a0dd3443-114d-4166-aeca-956a57f4924d None None] Lock "00000000-0000-0000-0000-000000000000" "released" by "nova.context.set_target_cell..get_or_set_cached_cell_and_set_connections" :: held 0.000s {{(pid=96043) inner /opt/stack/data/venv/lib/python3.12/site-packages/oslo_concurrency/lockutils.py:544}}
Aug 03 14:56:48.208991 np0000006356 devstack@n-api-meta.service[96043]: DEBUG oslo_concurrency.lockutils [None req-a0dd3443-114d-4166-aeca-956a57f4924d None None] Acquiring lock "6dfb00a7-360d-4163-aa1d-3a1aede516f3" by "nova.context.set_target_cell..get_or_set_cached_cell_and_set_connections" {{(pid=96043) inner /opt/stack/data/venv/lib/python3.12/site-packages/oslo_concurrency/lockutils.py:512}}
Aug 03 14:56:48.209083 np0000006356 devstack@n-api-meta.service[96041]: DEBUG oslo_concurrency.lockutils [None req-113443ed-9943-485a-a13b-5e3ff781115f None None] Acquiring lock "00000000-0000-0000-0000-000000000000" by "nova.context.set_target_cell..get_or_set_cached_cell_and_set_connections" {{(pid=96041) inner /opt/stack/data/venv/lib/python3.12/site-packages/oslo_concurrency/lockutils.py:512}}
Aug 03 14:56:48.209171 np0000006356 devstack@n-api-meta.service[96043]: DEBUG oslo_concurrency.lockutils [None req-a0dd3443-114d-4166-aeca-956a57f4924d None None] Lock "6dfb00a7-360d-4163-aa1d-3a1aede516f3" acquired by "nova.context.set_target_cell..get_or_set_cached_cell_and_set_connections" :: waited 0.000s {{(pid=96043) inner /opt/stack/data/venv/lib/python3.12/site-packages/oslo_concurrency/lockutils.py:525}}
Aug 03 14:56:48.209232 np0000006356 devstack@n-api-meta.service[96041]: DEBUG oslo_concurrency.lockutils [None req-113443ed-9943-485a-a13b-5e3ff781115f None None] Lock "00000000-0000-0000-0000-000000000000" acquired by "nova.context.set_target_cell..get_or_set_cached_cell_and_set_connections" :: waited 0.000s {{(pid=96041) inner /opt/stack/data/venv/lib/python3.12/site-packages/oslo_concurrency/lockutils.py:525}}
Aug 03 14:56:48.209598 np0000006356 devstack@n-api-meta.service[96041]: DEBUG oslo_concurrency.lockutils [None req-113443ed-9943-485a-a13b-5e3ff781115f None None] Lock "00000000-0000-0000-0000-000000000000" "released" by "nova.context.set_target_cell..get_or_set_cached_cell_and_set_connections" :: held 0.000s {{(pid=96041) inner /opt/stack/data/venv/lib/python3.12/site-packages/oslo_concurrency/lockutils.py:544}}
Aug 03 14:56:48.210240 np0000006356 devstack@n-api-meta.service[96043]: DEBUG oslo_concurrency.lockutils [None req-a0dd3443-114d-4166-aeca-956a57f4924d None None] Lock "6dfb00a7-360d-4163-aa1d-3a1aede516f3" "released" by "nova.context.set_target_cell..get_or_set_cached_cell_and_set_connections" :: held 0.001s {{(pid=96043) inner /opt/stack/data/venv/lib/python3.12/site-packages/oslo_concurrency/lockutils.py:544}}
Aug 03 14:56:48.210318 np0000006356 devstack@n-api-meta.service[96041]: DEBUG oslo_concurrency.lockutils [None req-113443ed-9943-485a-a13b-5e3ff781115f None None] Acquiring lock "6dfb00a7-360d-4163-aa1d-3a1aede516f3" by "nova.context.set_target_cell..get_or_set_cached_cell_and_set_connections" {{(pid=96041) inner /opt/stack/data/venv/lib/python3.12/site-packages/oslo_concurrency/lockutils.py:512}}
Aug 03 14:56:48.210365 np0000006356 devstack@n-api-meta.service[96041]: DEBUG oslo_concurrency.lockutils [None req-113443ed-9943-485a-a13b-5e3ff781115f None None] Lock "6dfb00a7-360d-4163-aa1d-3a1aede516f3" acquired by "nova.context.set_target_cell..get_or_set_cached_cell_and_set_connections" :: waited 0.000s {{(pid=96041) inner /opt/stack/data/venv/lib/python3.12/site-packages/oslo_concurrency/lockutils.py:525}}
Aug 03 14:56:48.211163 np0000006356 devstack@n-api-meta.service[96041]: DEBUG oslo_concurrency.lockutils [None req-113443ed-9943-485a-a13b-5e3ff781115f None None] Lock "6dfb00a7-360d-4163-aa1d-3a1aede516f3" "released" by "nova.context.set_target_cell..get_or_set_cached_cell_and_set_connections" :: held 0.001s {{(pid=96041) inner /opt/stack/data/venv/lib/python3.12/site-packages/oslo_concurrency/lockutils.py:544}}
Aug 03 14:56:48.214663 np0000006356 devstack@n-api-meta.service[96043]: INFO dbcounter [None req-a0dd3443-114d-4166-aeca-956a57f4924d None None] Registered counter for database nova_cell0
Aug 03 14:56:48.214767 np0000006356 devstack@n-api-meta.service[96041]: INFO dbcounter [None req-113443ed-9943-485a-a13b-5e3ff781115f None None] Registered counter for database nova_cell0
Aug 03 14:56:48.216001 np0000006356 devstack@n-api-meta.service[96043]: INFO dbcounter [None req-a0dd3443-114d-4166-aeca-956a57f4924d None None] Registered counter for database nova_cell1
Aug 03 14:56:48.216552 np0000006356 devstack@n-api-meta.service[96041]: INFO dbcounter [None req-113443ed-9943-485a-a13b-5e3ff781115f None None] Registered counter for database nova_cell1
Aug 03 14:56:48.226680 np0000006356 devstack@n-api-meta.service[96044]: DEBUG oslo_db.sqlalchemy.engines [None req-136ce9f6-34c1-4f3b-9071-b0ad157f592f None None] MySQL server mode set to STRICT_TRANS_TABLES,STRICT_ALL_TABLES,NO_ZERO_IN_DATE,NO_ZERO_DATE,ERROR_FOR_DIVISION_BY_ZERO,TRADITIONAL,NO_ENGINE_SUBSTITUTION {{(pid=96044) _check_effective_sql_mode /opt/stack/data/venv/lib/python3.12/site-packages/oslo_db/sqlalchemy/engines.py:325}}
Aug 03 14:56:48.229050 np0000006356 devstack@n-api-meta.service[96044]: DEBUG oslo_db.sqlalchemy.engines [None req-136ce9f6-34c1-4f3b-9071-b0ad157f592f None None] MySQL server mode set to STRICT_TRANS_TABLES,STRICT_ALL_TABLES,NO_ZERO_IN_DATE,NO_ZERO_DATE,ERROR_FOR_DIVISION_BY_ZERO,TRADITIONAL,NO_ENGINE_SUBSTITUTION {{(pid=96044) _check_effective_sql_mode /opt/stack/data/venv/lib/python3.12/site-packages/oslo_db/sqlalchemy/engines.py:325}}
Aug 03 14:56:48.250715 np0000006356 devstack@n-api-meta.service[96042]: DEBUG oslo_db.sqlalchemy.engines [None req-bcb44768-aa70-4ff7-940b-6d40c5c54c72 None None] MySQL server mode set to STRICT_TRANS_TABLES,STRICT_ALL_TABLES,NO_ZERO_IN_DATE,NO_ZERO_DATE,ERROR_FOR_DIVISION_BY_ZERO,TRADITIONAL,NO_ENGINE_SUBSTITUTION {{(pid=96042) _check_effective_sql_mode /opt/stack/data/venv/lib/python3.12/site-packages/oslo_db/sqlalchemy/engines.py:325}}
Aug 03 14:56:48.254925 np0000006356 devstack@n-api-meta.service[96042]: DEBUG oslo_db.sqlalchemy.engines [None req-bcb44768-aa70-4ff7-940b-6d40c5c54c72 None None] MySQL server mode set to STRICT_TRANS_TABLES,STRICT_ALL_TABLES,NO_ZERO_IN_DATE,NO_ZERO_DATE,ERROR_FOR_DIVISION_BY_ZERO,TRADITIONAL,NO_ENGINE_SUBSTITUTION {{(pid=96042) _check_effective_sql_mode /opt/stack/data/venv/lib/python3.12/site-packages/oslo_db/sqlalchemy/engines.py:325}}
Aug 03 14:56:48.267528 np0000006356 devstack@n-api-meta.service[96041]: DEBUG oslo_db.sqlalchemy.engines [None req-113443ed-9943-485a-a13b-5e3ff781115f None None] MySQL server mode set to STRICT_TRANS_TABLES,STRICT_ALL_TABLES,NO_ZERO_IN_DATE,NO_ZERO_DATE,ERROR_FOR_DIVISION_BY_ZERO,TRADITIONAL,NO_ENGINE_SUBSTITUTION {{(pid=96041) _check_effective_sql_mode /opt/stack/data/venv/lib/python3.12/site-packages/oslo_db/sqlalchemy/engines.py:325}}
Aug 03 14:56:48.272564 np0000006356 devstack@n-api-meta.service[96043]: DEBUG oslo_db.sqlalchemy.engines [None req-a0dd3443-114d-4166-aeca-956a57f4924d None None] MySQL server mode set to STRICT_TRANS_TABLES,STRICT_ALL_TABLES,NO_ZERO_IN_DATE,NO_ZERO_DATE,ERROR_FOR_DIVISION_BY_ZERO,TRADITIONAL,NO_ENGINE_SUBSTITUTION {{(pid=96043) _check_effective_sql_mode /opt/stack/data/venv/lib/python3.12/site-packages/oslo_db/sqlalchemy/engines.py:325}}
Aug 03 14:56:48.323532 np0000006356 devstack@n-api-meta.service[96044]: DEBUG dbcounter [-] [96044] Writer thread running {{(pid=96044) stat_writer /opt/stack/data/venv/lib/python3.12/site-packages/dbcounter.py:102}}
Aug 03 14:56:48.328523 np0000006356 devstack@n-api-meta.service[96044]: DEBUG dbcounter [-] [96044] Writer thread running {{(pid=96044) stat_writer /opt/stack/data/venv/lib/python3.12/site-packages/dbcounter.py:102}}
Aug 03 14:56:48.332130 np0000006356 devstack@n-api-meta.service[96044]: INFO dbcounter [None req-136ce9f6-34c1-4f3b-9071-b0ad157f592f None None] Registered counter for database nova_cell0
Aug 03 14:56:48.344025 np0000006356 devstack@n-api-meta.service[96042]: DEBUG dbcounter [-] [96042] Writer thread running {{(pid=96042) stat_writer /opt/stack/data/venv/lib/python3.12/site-packages/dbcounter.py:102}}
Aug 03 14:56:48.347816 np0000006356 devstack@n-api-meta.service[96042]: DEBUG dbcounter [-] [96042] Writer thread running {{(pid=96042) stat_writer /opt/stack/data/venv/lib/python3.12/site-packages/dbcounter.py:102}}
Aug 03 14:56:48.350034 np0000006356 devstack@n-api-meta.service[96043]: DEBUG oslo_db.sqlalchemy.engines [None req-a0dd3443-114d-4166-aeca-956a57f4924d None None] MySQL server mode set to STRICT_TRANS_TABLES,STRICT_ALL_TABLES,NO_ZERO_IN_DATE,NO_ZERO_DATE,ERROR_FOR_DIVISION_BY_ZERO,TRADITIONAL,NO_ENGINE_SUBSTITUTION {{(pid=96043) _check_effective_sql_mode /opt/stack/data/venv/lib/python3.12/site-packages/oslo_db/sqlalchemy/engines.py:325}}
Aug 03 14:56:48.351059 np0000006356 devstack@n-api-meta.service[96042]: INFO dbcounter [None req-bcb44768-aa70-4ff7-940b-6d40c5c54c72 None None] Registered counter for database nova_cell0
Aug 03 14:56:48.354586 np0000006356 devstack@n-api-meta.service[96043]: DEBUG dbcounter [-] [96043] Writer thread running {{(pid=96043) stat_writer /opt/stack/data/venv/lib/python3.12/site-packages/dbcounter.py:102}}
Aug 03 14:56:48.355622 np0000006356 devstack@n-api-meta.service[96041]: DEBUG dbcounter [-] [96041] Writer thread running {{(pid=96041) stat_writer /opt/stack/data/venv/lib/python3.12/site-packages/dbcounter.py:102}}
Aug 03 14:56:48.360961 np0000006356 devstack@n-api-meta.service[96043]: DEBUG dbcounter [-] [96043] Writer thread running {{(pid=96043) stat_writer /opt/stack/data/venv/lib/python3.12/site-packages/dbcounter.py:102}}
Aug 03 14:56:48.361110 np0000006356 devstack@n-api-meta.service[96041]: DEBUG oslo_db.sqlalchemy.engines [None req-113443ed-9943-485a-a13b-5e3ff781115f None None] MySQL server mode set to STRICT_TRANS_TABLES,STRICT_ALL_TABLES,NO_ZERO_IN_DATE,NO_ZERO_DATE,ERROR_FOR_DIVISION_BY_ZERO,TRADITIONAL,NO_ENGINE_SUBSTITUTION {{(pid=96041) _check_effective_sql_mode /opt/stack/data/venv/lib/python3.12/site-packages/oslo_db/sqlalchemy/engines.py:325}}
Aug 03 14:56:48.365062 np0000006356 devstack@n-api-meta.service[96043]: INFO dbcounter [None req-a0dd3443-114d-4166-aeca-956a57f4924d None None] Registered counter for database nova_cell0
Aug 03 14:56:48.370130 np0000006356 devstack@n-api-meta.service[96041]: DEBUG dbcounter [-] [96041] Writer thread running {{(pid=96041) stat_writer /opt/stack/data/venv/lib/python3.12/site-packages/dbcounter.py:102}}
Aug 03 14:56:48.373136 np0000006356 devstack@n-api-meta.service[96041]: INFO dbcounter [None req-113443ed-9943-485a-a13b-5e3ff781115f None None] Registered counter for database nova_cell0
Aug 03 14:56:48.375910 np0000006356 devstack@n-api-meta.service[96044]: DEBUG oslo_db.sqlalchemy.engines [None req-136ce9f6-34c1-4f3b-9071-b0ad157f592f None None] MySQL server mode set to STRICT_TRANS_TABLES,STRICT_ALL_TABLES,NO_ZERO_IN_DATE,NO_ZERO_DATE,ERROR_FOR_DIVISION_BY_ZERO,TRADITIONAL,NO_ENGINE_SUBSTITUTION {{(pid=96044) _check_effective_sql_mode /opt/stack/data/venv/lib/python3.12/site-packages/oslo_db/sqlalchemy/engines.py:325}}
Aug 03 14:56:48.381490 np0000006356 devstack@n-api-meta.service[96044]: DEBUG dbcounter [-] [96044] Writer thread running {{(pid=96044) stat_writer /opt/stack/data/venv/lib/python3.12/site-packages/dbcounter.py:102}}
Aug 03 14:56:48.398992 np0000006356 devstack@n-api-meta.service[96043]: DEBUG oslo_db.sqlalchemy.engines [None req-a0dd3443-114d-4166-aeca-956a57f4924d None None] MySQL server mode set to STRICT_TRANS_TABLES,STRICT_ALL_TABLES,NO_ZERO_IN_DATE,NO_ZERO_DATE,ERROR_FOR_DIVISION_BY_ZERO,TRADITIONAL,NO_ENGINE_SUBSTITUTION {{(pid=96043) _check_effective_sql_mode /opt/stack/data/venv/lib/python3.12/site-packages/oslo_db/sqlalchemy/engines.py:325}}
Aug 03 14:56:48.402267 np0000006356 devstack@n-api-meta.service[96042]: DEBUG oslo_db.sqlalchemy.engines [None req-bcb44768-aa70-4ff7-940b-6d40c5c54c72 None None] MySQL server mode set to STRICT_TRANS_TABLES,STRICT_ALL_TABLES,NO_ZERO_IN_DATE,NO_ZERO_DATE,ERROR_FOR_DIVISION_BY_ZERO,TRADITIONAL,NO_ENGINE_SUBSTITUTION {{(pid=96042) _check_effective_sql_mode /opt/stack/data/venv/lib/python3.12/site-packages/oslo_db/sqlalchemy/engines.py:325}}
Aug 03 14:56:48.406304 np0000006356 devstack@n-api-meta.service[96043]: DEBUG dbcounter [-] [96043] Writer thread running {{(pid=96043) stat_writer /opt/stack/data/venv/lib/python3.12/site-packages/dbcounter.py:102}}
Aug 03 14:56:48.411660 np0000006356 devstack@n-api-meta.service[96042]: DEBUG dbcounter [-] [96042] Writer thread running {{(pid=96042) stat_writer /opt/stack/data/venv/lib/python3.12/site-packages/dbcounter.py:102}}
Aug 03 14:56:48.412338 np0000006356 devstack@n-api-meta.service[96041]: DEBUG oslo_db.sqlalchemy.engines [None req-113443ed-9943-485a-a13b-5e3ff781115f None None] MySQL server mode set to STRICT_TRANS_TABLES,STRICT_ALL_TABLES,NO_ZERO_IN_DATE,NO_ZERO_DATE,ERROR_FOR_DIVISION_BY_ZERO,TRADITIONAL,NO_ENGINE_SUBSTITUTION {{(pid=96041) _check_effective_sql_mode /opt/stack/data/venv/lib/python3.12/site-packages/oslo_db/sqlalchemy/engines.py:325}}
Aug 03 14:56:48.419679 np0000006356 devstack@n-api-meta.service[96041]: DEBUG dbcounter [-] [96041] Writer thread running {{(pid=96041) stat_writer /opt/stack/data/venv/lib/python3.12/site-packages/dbcounter.py:102}}
Aug 03 14:56:48.420734 np0000006356 devstack@n-api-meta.service[96044]: WARNING nova.api.metadata.handler [None req-136ce9f6-34c1-4f3b-9071-b0ad157f592f None None] metadata_proxy_shared_secret is not configured, the metadata information returned by the proxy cannot be trusted
Aug 03 14:56:48.423004 np0000006356 devstack@n-api-meta.service[96044]: DEBUG nova.api.openstack.wsgi_app [None req-136ce9f6-34c1-4f3b-9071-b0ad157f592f None None] ******************************************************************************** {{(pid=96044) log_opt_values /opt/stack/data/venv/lib/python3.12/site-packages/oslo_config/cfg.py:3518}}
Aug 03 14:56:48.423129 np0000006356 devstack@n-api-meta.service[96044]: DEBUG nova.api.openstack.wsgi_app [None req-136ce9f6-34c1-4f3b-9071-b0ad157f592f None None] Configuration options gathered from: {{(pid=96044) log_opt_values /opt/stack/data/venv/lib/python3.12/site-packages/oslo_config/cfg.py:3519}}
Aug 03 14:56:48.423239 np0000006356 devstack@n-api-meta.service[96044]: DEBUG nova.api.openstack.wsgi_app [None req-136ce9f6-34c1-4f3b-9071-b0ad157f592f None None] command line args: [] {{(pid=96044) log_opt_values /opt/stack/data/venv/lib/python3.12/site-packages/oslo_config/cfg.py:3520}}
Aug 03 14:56:48.423381 np0000006356 devstack@n-api-meta.service[96044]: DEBUG nova.api.openstack.wsgi_app [None req-136ce9f6-34c1-4f3b-9071-b0ad157f592f None None] config files: ['/etc/nova/api-paste.ini', '/etc/nova/nova.conf'] {{(pid=96044) log_opt_values /opt/stack/data/venv/lib/python3.12/site-packages/oslo_config/cfg.py:3521}}
Aug 03 14:56:48.423510 np0000006356 devstack@n-api-meta.service[96044]: DEBUG nova.api.openstack.wsgi_app [None req-136ce9f6-34c1-4f3b-9071-b0ad157f592f None None] ================================================================================ {{(pid=96044) log_opt_values /opt/stack/data/venv/lib/python3.12/site-packages/oslo_config/cfg.py:3526}}
Aug 03 14:56:48.423773 np0000006356 devstack@n-api-meta.service[96044]: DEBUG nova.api.openstack.wsgi_app [None req-136ce9f6-34c1-4f3b-9071-b0ad157f592f None None] allow_resize_to_same_host = True {{(pid=96044) log_opt_values /opt/stack/data/venv/lib/python3.12/site-packages/oslo_config/cfg.py:3534}}
Aug 03 14:56:48.423924 np0000006356 devstack@n-api-meta.service[96044]: DEBUG nova.api.openstack.wsgi_app [None req-136ce9f6-34c1-4f3b-9071-b0ad157f592f None None] arq_binding_timeout = 300 {{(pid=96044) log_opt_values /opt/stack/data/venv/lib/python3.12/site-packages/oslo_config/cfg.py:3534}}
Aug 03 14:56:48.424065 np0000006356 devstack@n-api-meta.service[96044]: DEBUG nova.api.openstack.wsgi_app [None req-136ce9f6-34c1-4f3b-9071-b0ad157f592f None None] block_device_allocate_retries = 60 {{(pid=96044) log_opt_values /opt/stack/data/venv/lib/python3.12/site-packages/oslo_config/cfg.py:3534}}
Aug 03 14:56:48.424192 np0000006356 devstack@n-api-meta.service[96044]: DEBUG nova.api.openstack.wsgi_app [None req-136ce9f6-34c1-4f3b-9071-b0ad157f592f None None] block_device_allocate_retries_interval = 3 {{(pid=96044) log_opt_values /opt/stack/data/venv/lib/python3.12/site-packages/oslo_config/cfg.py:3534}}
Aug 03 14:56:48.424309 np0000006356 devstack@n-api-meta.service[96044]: DEBUG nova.api.openstack.wsgi_app [None req-136ce9f6-34c1-4f3b-9071-b0ad157f592f None None] cell_worker_thread_pool_size = 5 {{(pid=96044) log_opt_values /opt/stack/data/venv/lib/python3.12/site-packages/oslo_config/cfg.py:3534}}
Aug 03 14:56:48.424432 np0000006356 devstack@n-api-meta.service[96044]: DEBUG nova.api.openstack.wsgi_app [None req-136ce9f6-34c1-4f3b-9071-b0ad157f592f None None] cert = self.pem {{(pid=96044) log_opt_values /opt/stack/data/venv/lib/python3.12/site-packages/oslo_config/cfg.py:3534}}
Aug 03 14:56:48.424584 np0000006356 devstack@n-api-meta.service[96044]: DEBUG nova.api.openstack.wsgi_app [None req-136ce9f6-34c1-4f3b-9071-b0ad157f592f None None] compute_driver = libvirt.LibvirtDriver {{(pid=96044) log_opt_values /opt/stack/data/venv/lib/python3.12/site-packages/oslo_config/cfg.py:3534}}
Aug 03 14:56:48.424744 np0000006356 devstack@n-api-meta.service[96044]: DEBUG nova.api.openstack.wsgi_app [None req-136ce9f6-34c1-4f3b-9071-b0ad157f592f None None] compute_monitors = [] {{(pid=96044) log_opt_values /opt/stack/data/venv/lib/python3.12/site-packages/oslo_config/cfg.py:3534}}
Aug 03 14:56:48.424868 np0000006356 devstack@n-api-meta.service[96044]: DEBUG nova.api.openstack.wsgi_app [None req-136ce9f6-34c1-4f3b-9071-b0ad157f592f None None] concurrency_backend = auto {{(pid=96044) log_opt_values /opt/stack/data/venv/lib/python3.12/site-packages/oslo_config/cfg.py:3534}}
Aug 03 14:56:48.425008 np0000006356 devstack@n-api-meta.service[96044]: DEBUG nova.api.openstack.wsgi_app [None req-136ce9f6-34c1-4f3b-9071-b0ad157f592f None None] config_dir = [] {{(pid=96044) log_opt_values /opt/stack/data/venv/lib/python3.12/site-packages/oslo_config/cfg.py:3534}}
Aug 03 14:56:48.425127 np0000006356 devstack@n-api-meta.service[96044]: DEBUG nova.api.openstack.wsgi_app [None req-136ce9f6-34c1-4f3b-9071-b0ad157f592f None None] config_drive_format = iso9660 {{(pid=96044) log_opt_values /opt/stack/data/venv/lib/python3.12/site-packages/oslo_config/cfg.py:3534}}
Aug 03 14:56:48.425221 np0000006356 devstack@n-api-meta.service[96044]: DEBUG nova.api.openstack.wsgi_app [None req-136ce9f6-34c1-4f3b-9071-b0ad157f592f None None] config_file = ['/etc/nova/api-paste.ini', '/etc/nova/nova.conf'] {{(pid=96044) log_opt_values /opt/stack/data/venv/lib/python3.12/site-packages/oslo_config/cfg.py:3534}}
Aug 03 14:56:48.425335 np0000006356 devstack@n-api-meta.service[96044]: DEBUG nova.api.openstack.wsgi_app [None req-136ce9f6-34c1-4f3b-9071-b0ad157f592f None None] config_source = [] {{(pid=96044) log_opt_values /opt/stack/data/venv/lib/python3.12/site-packages/oslo_config/cfg.py:3534}}
Aug 03 14:56:48.425459 np0000006356 devstack@n-api-meta.service[96044]: DEBUG nova.api.openstack.wsgi_app [None req-136ce9f6-34c1-4f3b-9071-b0ad157f592f None None] console_host = np0000006356 {{(pid=96044) log_opt_values /opt/stack/data/venv/lib/python3.12/site-packages/oslo_config/cfg.py:3534}}
Aug 03 14:56:48.425620 np0000006356 devstack@n-api-meta.service[96044]: DEBUG nova.api.openstack.wsgi_app [None req-136ce9f6-34c1-4f3b-9071-b0ad157f592f None None] control_exchange = nova {{(pid=96044) log_opt_values /opt/stack/data/venv/lib/python3.12/site-packages/oslo_config/cfg.py:3534}}
Aug 03 14:56:48.425773 np0000006356 devstack@n-api-meta.service[96044]: DEBUG nova.api.openstack.wsgi_app [None req-136ce9f6-34c1-4f3b-9071-b0ad157f592f None None] cpu_allocation_ratio = None {{(pid=96044) log_opt_values /opt/stack/data/venv/lib/python3.12/site-packages/oslo_config/cfg.py:3534}}
Aug 03 14:56:48.425889 np0000006356 devstack@n-api-meta.service[96044]: DEBUG nova.api.openstack.wsgi_app [None req-136ce9f6-34c1-4f3b-9071-b0ad157f592f None None] daemon = False {{(pid=96044) log_opt_values /opt/stack/data/venv/lib/python3.12/site-packages/oslo_config/cfg.py:3534}}
Aug 03 14:56:48.426027 np0000006356 devstack@n-api-meta.service[96044]: DEBUG nova.api.openstack.wsgi_app [None req-136ce9f6-34c1-4f3b-9071-b0ad157f592f None None] debug = True {{(pid=96044) log_opt_values /opt/stack/data/venv/lib/python3.12/site-packages/oslo_config/cfg.py:3534}}
Aug 03 14:56:48.426167 np0000006356 devstack@n-api-meta.service[96044]: DEBUG nova.api.openstack.wsgi_app [None req-136ce9f6-34c1-4f3b-9071-b0ad157f592f None None] default_access_ip_network_name = None {{(pid=96044) log_opt_values /opt/stack/data/venv/lib/python3.12/site-packages/oslo_config/cfg.py:3534}}
Aug 03 14:56:48.426291 np0000006356 devstack@n-api-meta.service[96044]: DEBUG nova.api.openstack.wsgi_app [None req-136ce9f6-34c1-4f3b-9071-b0ad157f592f None None] default_availability_zone = nova {{(pid=96044) log_opt_values /opt/stack/data/venv/lib/python3.12/site-packages/oslo_config/cfg.py:3534}}
Aug 03 14:56:48.426407 np0000006356 devstack@n-api-meta.service[96044]: DEBUG nova.api.openstack.wsgi_app [None req-136ce9f6-34c1-4f3b-9071-b0ad157f592f None None] default_ephemeral_format = ext4 {{(pid=96044) log_opt_values /opt/stack/data/venv/lib/python3.12/site-packages/oslo_config/cfg.py:3534}}
Aug 03 14:56:48.426519 np0000006356 devstack@n-api-meta.service[96044]: DEBUG nova.api.openstack.wsgi_app [None req-136ce9f6-34c1-4f3b-9071-b0ad157f592f None None] default_green_pool_size = 1000 {{(pid=96044) log_opt_values /opt/stack/data/venv/lib/python3.12/site-packages/oslo_config/cfg.py:3534}}
Aug 03 14:56:48.426755 np0000006356 devstack@n-api-meta.service[96044]: DEBUG nova.api.openstack.wsgi_app [None req-136ce9f6-34c1-4f3b-9071-b0ad157f592f None None] default_log_levels = ['amqp=WARN', 'boto=WARN', 'sqlalchemy=WARN', 'suds=INFO', 'oslo.messaging=INFO', 'oslo_messaging=INFO', 'iso8601=WARN', 'requests.packages.urllib3.connectionpool=WARN', 'urllib3.connectionpool=WARN', 'websocket=WARN', 'requests.packages.urllib3.util.retry=WARN', 'urllib3.util.retry=WARN', 'keystonemiddleware=WARN', 'routes.middleware=WARN', 'stevedore=WARN', 'taskflow=WARN', 'keystoneauth=WARN', 'oslo.cache=INFO', 'oslo_policy=INFO', 'dogpile.core.dogpile=INFO', 'glanceclient=WARN', 'oslo.privsep.daemon=INFO'] {{(pid=96044) log_opt_values /opt/stack/data/venv/lib/python3.12/site-packages/oslo_config/cfg.py:3534}}
Aug 03 14:56:48.426868 np0000006356 devstack@n-api-meta.service[96044]: DEBUG nova.api.openstack.wsgi_app [None req-136ce9f6-34c1-4f3b-9071-b0ad157f592f None None] default_schedule_zone = None {{(pid=96044) log_opt_values /opt/stack/data/venv/lib/python3.12/site-packages/oslo_config/cfg.py:3534}}
Aug 03 14:56:48.427000 np0000006356 devstack@n-api-meta.service[96044]: DEBUG nova.api.openstack.wsgi_app [None req-136ce9f6-34c1-4f3b-9071-b0ad157f592f None None] default_thread_pool_size = 10 {{(pid=96044) log_opt_values /opt/stack/data/venv/lib/python3.12/site-packages/oslo_config/cfg.py:3534}}
Aug 03 14:56:48.427123 np0000006356 devstack@n-api-meta.service[96044]: DEBUG nova.api.openstack.wsgi_app [None req-136ce9f6-34c1-4f3b-9071-b0ad157f592f None None] disk_allocation_ratio = None {{(pid=96044) log_opt_values /opt/stack/data/venv/lib/python3.12/site-packages/oslo_config/cfg.py:3534}}
Aug 03 14:56:48.427236 np0000006356 devstack@n-api-meta.service[96044]: DEBUG nova.api.openstack.wsgi_app [None req-136ce9f6-34c1-4f3b-9071-b0ad157f592f None None] enable_new_services = True {{(pid=96044) log_opt_values /opt/stack/data/venv/lib/python3.12/site-packages/oslo_config/cfg.py:3534}}
Aug 03 14:56:48.427349 np0000006356 devstack@n-api-meta.service[96044]: DEBUG nova.api.openstack.wsgi_app [None req-136ce9f6-34c1-4f3b-9071-b0ad157f592f None None] flat_injected = False {{(pid=96044) log_opt_values /opt/stack/data/venv/lib/python3.12/site-packages/oslo_config/cfg.py:3534}}
Aug 03 14:56:48.427467 np0000006356 devstack@n-api-meta.service[96044]: DEBUG nova.api.openstack.wsgi_app [None req-136ce9f6-34c1-4f3b-9071-b0ad157f592f None None] force_config_drive = True {{(pid=96044) log_opt_values /opt/stack/data/venv/lib/python3.12/site-packages/oslo_config/cfg.py:3534}}
Aug 03 14:56:48.427626 np0000006356 devstack@n-api-meta.service[96044]: DEBUG nova.api.openstack.wsgi_app [None req-136ce9f6-34c1-4f3b-9071-b0ad157f592f None None] force_raw_images = True {{(pid=96044) log_opt_values /opt/stack/data/venv/lib/python3.12/site-packages/oslo_config/cfg.py:3534}}
Aug 03 14:56:48.427787 np0000006356 devstack@n-api-meta.service[96044]: DEBUG nova.api.openstack.wsgi_app [None req-136ce9f6-34c1-4f3b-9071-b0ad157f592f None None] graceful_shutdown_timeout = 5 {{(pid=96044) log_opt_values /opt/stack/data/venv/lib/python3.12/site-packages/oslo_config/cfg.py:3534}}
Aug 03 14:56:48.427906 np0000006356 devstack@n-api-meta.service[96044]: DEBUG nova.api.openstack.wsgi_app [None req-136ce9f6-34c1-4f3b-9071-b0ad157f592f None None] heal_instance_info_cache_interval = -1 {{(pid=96044) log_opt_values /opt/stack/data/venv/lib/python3.12/site-packages/oslo_config/cfg.py:3534}}
Aug 03 14:56:48.428086 np0000006356 devstack@n-api-meta.service[96044]: DEBUG nova.api.openstack.wsgi_app [None req-136ce9f6-34c1-4f3b-9071-b0ad157f592f None None] host = np0000006356 {{(pid=96044) log_opt_values /opt/stack/data/venv/lib/python3.12/site-packages/oslo_config/cfg.py:3534}}
Aug 03 14:56:48.428211 np0000006356 devstack@n-api-meta.service[96044]: DEBUG nova.api.openstack.wsgi_app [None req-136ce9f6-34c1-4f3b-9071-b0ad157f592f None None] initial_cpu_allocation_ratio = 4.0 {{(pid=96044) log_opt_values /opt/stack/data/venv/lib/python3.12/site-packages/oslo_config/cfg.py:3534}}
Aug 03 14:56:48.428328 np0000006356 devstack@n-api-meta.service[96044]: DEBUG nova.api.openstack.wsgi_app [None req-136ce9f6-34c1-4f3b-9071-b0ad157f592f None None] initial_disk_allocation_ratio = 1.0 {{(pid=96044) log_opt_values /opt/stack/data/venv/lib/python3.12/site-packages/oslo_config/cfg.py:3534}}
Aug 03 14:56:48.428445 np0000006356 devstack@n-api-meta.service[96044]: DEBUG nova.api.openstack.wsgi_app [None req-136ce9f6-34c1-4f3b-9071-b0ad157f592f None None] initial_ram_allocation_ratio = 1.0 {{(pid=96044) log_opt_values /opt/stack/data/venv/lib/python3.12/site-packages/oslo_config/cfg.py:3534}}
Aug 03 14:56:48.428657 np0000006356 devstack@n-api-meta.service[96044]: DEBUG nova.api.openstack.wsgi_app [None req-136ce9f6-34c1-4f3b-9071-b0ad157f592f None None] injected_network_template = /opt/stack/nova/nova/virt/interfaces.template {{(pid=96044) log_opt_values /opt/stack/data/venv/lib/python3.12/site-packages/oslo_config/cfg.py:3534}}
Aug 03 14:56:48.428798 np0000006356 devstack@n-api-meta.service[96044]: DEBUG nova.api.openstack.wsgi_app [None req-136ce9f6-34c1-4f3b-9071-b0ad157f592f None None] instance_build_timeout = 0 {{(pid=96044) log_opt_values /opt/stack/data/venv/lib/python3.12/site-packages/oslo_config/cfg.py:3534}}
Aug 03 14:56:48.428915 np0000006356 devstack@n-api-meta.service[96044]: DEBUG nova.api.openstack.wsgi_app [None req-136ce9f6-34c1-4f3b-9071-b0ad157f592f None None] instance_delete_interval = 300 {{(pid=96044) log_opt_values /opt/stack/data/venv/lib/python3.12/site-packages/oslo_config/cfg.py:3534}}
Aug 03 14:56:48.429056 np0000006356 devstack@n-api-meta.service[96044]: DEBUG nova.api.openstack.wsgi_app [None req-136ce9f6-34c1-4f3b-9071-b0ad157f592f None None] instance_format = [instance: %(uuid)s] {{(pid=96044) log_opt_values /opt/stack/data/venv/lib/python3.12/site-packages/oslo_config/cfg.py:3534}}
Aug 03 14:56:48.429210 np0000006356 devstack@n-api-meta.service[96044]: DEBUG nova.api.openstack.wsgi_app [None req-136ce9f6-34c1-4f3b-9071-b0ad157f592f None None] instance_name_template = instance-%08x {{(pid=96044) log_opt_values /opt/stack/data/venv/lib/python3.12/site-packages/oslo_config/cfg.py:3534}}
Aug 03 14:56:48.429384 np0000006356 devstack@n-api-meta.service[96044]: DEBUG nova.api.openstack.wsgi_app [None req-136ce9f6-34c1-4f3b-9071-b0ad157f592f None None] instance_usage_audit = False {{(pid=96044) log_opt_values /opt/stack/data/venv/lib/python3.12/site-packages/oslo_config/cfg.py:3534}}
Aug 03 14:56:48.429599 np0000006356 devstack@n-api-meta.service[96044]: DEBUG nova.api.openstack.wsgi_app [None req-136ce9f6-34c1-4f3b-9071-b0ad157f592f None None] instance_usage_audit_period = month {{(pid=96044) log_opt_values /opt/stack/data/venv/lib/python3.12/site-packages/oslo_config/cfg.py:3534}}
Aug 03 14:56:48.429773 np0000006356 devstack@n-api-meta.service[96044]: DEBUG nova.api.openstack.wsgi_app [None req-136ce9f6-34c1-4f3b-9071-b0ad157f592f None None] instance_uuid_format = [instance: %(uuid)s] {{(pid=96044) log_opt_values /opt/stack/data/venv/lib/python3.12/site-packages/oslo_config/cfg.py:3534}}
Aug 03 14:56:48.429899 np0000006356 devstack@n-api-meta.service[96044]: DEBUG nova.api.openstack.wsgi_app [None req-136ce9f6-34c1-4f3b-9071-b0ad157f592f None None] instances_path = /opt/stack/data/nova/instances {{(pid=96044) log_opt_values /opt/stack/data/venv/lib/python3.12/site-packages/oslo_config/cfg.py:3534}}
Aug 03 14:56:48.430035 np0000006356 devstack@n-api-meta.service[96044]: DEBUG nova.api.openstack.wsgi_app [None req-136ce9f6-34c1-4f3b-9071-b0ad157f592f None None] internal_service_availability_zone = internal {{(pid=96044) log_opt_values /opt/stack/data/venv/lib/python3.12/site-packages/oslo_config/cfg.py:3534}}
Aug 03 14:56:48.430150 np0000006356 devstack@n-api-meta.service[96044]: DEBUG nova.api.openstack.wsgi_app [None req-136ce9f6-34c1-4f3b-9071-b0ad157f592f None None] key = None {{(pid=96044) log_opt_values /opt/stack/data/venv/lib/python3.12/site-packages/oslo_config/cfg.py:3534}}
Aug 03 14:56:48.430280 np0000006356 devstack@n-api-meta.service[96044]: DEBUG nova.api.openstack.wsgi_app [None req-136ce9f6-34c1-4f3b-9071-b0ad157f592f None None] live_migration_retry_count = 30 {{(pid=96044) log_opt_values /opt/stack/data/venv/lib/python3.12/site-packages/oslo_config/cfg.py:3534}}
Aug 03 14:56:48.430380 np0000006356 devstack@n-api-meta.service[96044]: DEBUG nova.api.openstack.wsgi_app [None req-136ce9f6-34c1-4f3b-9071-b0ad157f592f None None] log_color = False {{(pid=96044) log_opt_values /opt/stack/data/venv/lib/python3.12/site-packages/oslo_config/cfg.py:3534}}
Aug 03 14:56:48.430499 np0000006356 devstack@n-api-meta.service[96044]: DEBUG nova.api.openstack.wsgi_app [None req-136ce9f6-34c1-4f3b-9071-b0ad157f592f None None] log_config_append = None {{(pid=96044) log_opt_values /opt/stack/data/venv/lib/python3.12/site-packages/oslo_config/cfg.py:3534}}
Aug 03 14:56:48.430655 np0000006356 devstack@n-api-meta.service[96044]: DEBUG nova.api.openstack.wsgi_app [None req-136ce9f6-34c1-4f3b-9071-b0ad157f592f None None] log_date_format = %Y-%m-%d %H:%M:%S {{(pid=96044) log_opt_values /opt/stack/data/venv/lib/python3.12/site-packages/oslo_config/cfg.py:3534}}
Aug 03 14:56:48.430792 np0000006356 devstack@n-api-meta.service[96044]: DEBUG nova.api.openstack.wsgi_app [None req-136ce9f6-34c1-4f3b-9071-b0ad157f592f None None] log_dir = None {{(pid=96044) log_opt_values /opt/stack/data/venv/lib/python3.12/site-packages/oslo_config/cfg.py:3534}}
Aug 03 14:56:48.430904 np0000006356 devstack@n-api-meta.service[96044]: DEBUG nova.api.openstack.wsgi_app [None req-136ce9f6-34c1-4f3b-9071-b0ad157f592f None None] log_file = None {{(pid=96044) log_opt_values /opt/stack/data/venv/lib/python3.12/site-packages/oslo_config/cfg.py:3534}}
Aug 03 14:56:48.431003 np0000006356 devstack@n-api-meta.service[96044]: DEBUG nova.api.openstack.wsgi_app [None req-136ce9f6-34c1-4f3b-9071-b0ad157f592f None None] log_options = True {{(pid=96044) log_opt_values /opt/stack/data/venv/lib/python3.12/site-packages/oslo_config/cfg.py:3534}}
Aug 03 14:56:48.431119 np0000006356 devstack@n-api-meta.service[96044]: DEBUG nova.api.openstack.wsgi_app [None req-136ce9f6-34c1-4f3b-9071-b0ad157f592f None None] log_rotate_interval = 1 {{(pid=96044) log_opt_values /opt/stack/data/venv/lib/python3.12/site-packages/oslo_config/cfg.py:3534}}
Aug 03 14:56:48.431240 np0000006356 devstack@n-api-meta.service[96044]: DEBUG nova.api.openstack.wsgi_app [None req-136ce9f6-34c1-4f3b-9071-b0ad157f592f None None] log_rotate_interval_type = days {{(pid=96044) log_opt_values /opt/stack/data/venv/lib/python3.12/site-packages/oslo_config/cfg.py:3534}}
Aug 03 14:56:48.431356 np0000006356 devstack@n-api-meta.service[96044]: DEBUG nova.api.openstack.wsgi_app [None req-136ce9f6-34c1-4f3b-9071-b0ad157f592f None None] log_rotation_type = none {{(pid=96044) log_opt_values /opt/stack/data/venv/lib/python3.12/site-packages/oslo_config/cfg.py:3534}}
Aug 03 14:56:48.431446 np0000006356 devstack@n-api-meta.service[96044]: DEBUG nova.api.openstack.wsgi_app [None req-136ce9f6-34c1-4f3b-9071-b0ad157f592f None None] logging_context_format_string = %(color)s%(levelname)s %(name)s [%(global_request_id)s %(request_id)s %(project_name)s %(user_name)s%(color)s] %(instance)s%(color)s%(message)s {{(pid=96044) log_opt_values /opt/stack/data/venv/lib/python3.12/site-packages/oslo_config/cfg.py:3534}}
